[INFO] fetching crate saphyr-parser 0.2.1...
[INFO] testing saphyr-parser-0.2.1 against 1.99.0-beta.8+cargoflags=--release for beta-release-1.100-2
[INFO] extracting crate saphyr-parser 0.2.1 into /workspace/builds/worker-7-tc1/source
[INFO] removed /workspace/builds/worker-7-tc1/source/.cargo/config.toml
[INFO] started tweaking crates.io crate saphyr-parser 0.2.1
[INFO] removed 0 missing tests
[INFO] finished tweaking crates.io crate saphyr-parser 0.2.1
[INFO] tweaked toml for crates.io crate saphyr-parser 0.2.1 written to /workspace/builds/worker-7-tc1/source/Cargo.toml
[INFO] validating manifest of crates.io crate saphyr-parser 0.2.1 on toolchain 1.99.0-beta.8
[INFO] running `Command { std: CARGO_HOME="/workspace/cargo-home" RUSTUP_HOME="/workspace/rustup-home" "/workspace/cargo-home/bin/cargo" "+1.99.0-beta.8" "metadata" "--manifest-path" "Cargo.toml" "--no-deps", kill_on_drop: false }`
[INFO] crate crates.io crate saphyr-parser 0.2.1 already has a lockfile, it will not be regenerated
[INFO] running `Command { std: CARGO_HOME="/workspace/cargo-home" RUSTUP_HOME="/workspace/rustup-home" "/workspace/cargo-home/bin/cargo" "+1.99.0-beta.8" "fetch" "--manifest-path" "Cargo.toml", kill_on_drop: false }`
[INFO] [stderr]  Downloading crates ...
[INFO] [stderr]   Downloaded libtest-mimic v0.8.2
[INFO] [stderr]   Downloaded clap v4.5.39
[INFO] [stderr]   Downloaded escape8259 v0.5.3
[INFO] [stderr]   Downloaded clap_builder v4.5.39
[INFO] running `Command { std: "docker" "create" "-v" "/var/lib/crater-agent-workspace/builds/worker-7-tc1/source:/opt/rustwide/workdir:ro,Z" "-v" "/var/lib/crater-agent-workspace/builds/worker-7-tc1/target:/opt/rustwide/target:rw,Z" "-v" "/var/lib/crater-agent-workspace/cargo-home:/opt/rustwide/cargo-home:ro,Z" "-v" "/var/lib/crater-agent-workspace/rustup-home:/opt/rustwide/rustup-home:ro,Z" "-m" "1610612736" "--network" "none" "ghcr.io/rust-lang/crates-build-env/linux@sha256:77db811e55d90add9212f6832c23229e3de5f1c1f9905e8cb07319ea15df73ac" "sleep" "infinity", kill_on_drop: false }`
[INFO] [stdout] 7bc6b4ea540bd6c245b73df84ea605348ee956fadc88658315f3312d51c6cc1b
[INFO] running `Command { std: "docker" "start" "7bc6b4ea540bd6c245b73df84ea605348ee956fadc88658315f3312d51c6cc1b", kill_on_drop: false }`
[INFO] running `Command { std: "docker" "inspect" "7bc6b4ea540bd6c245b73df84ea605348ee956fadc88658315f3312d51c6cc1b", kill_on_drop: false }`
[INFO] running `Command { std: "docker" "exec" "-e" "SOURCE_DIR=/opt/rustwide/workdir" "-e" "CARGO_HOME=/opt/rustwide/cargo-home" "-e" "RUSTUP_HOME=/opt/rustwide/rustup-home" "-e" "CARGO_TARGET_DIR=/opt/rustwide/target" "-w" "/opt/rustwide/workdir" "--user" "0:0" "7bc6b4ea540bd6c245b73df84ea605348ee956fadc88658315f3312d51c6cc1b" "/opt/rustwide/cargo-home/bin/cargo" "+1.99.0-beta.8" "metadata" "--no-deps" "--format-version=1", kill_on_drop: false }`
[INFO] running `Command { std: "docker" "inspect" "7bc6b4ea540bd6c245b73df84ea605348ee956fadc88658315f3312d51c6cc1b", kill_on_drop: false }`
[INFO] running `Command { std: "docker" "exec" "-e" "SOURCE_DIR=/opt/rustwide/workdir" "-e" "CARGO_HOME=/opt/rustwide/cargo-home" "-e" "RUSTUP_HOME=/opt/rustwide/rustup-home" "-e" "CARGO_TARGET_DIR=/opt/rustwide/target" "-e" "CARGO_INCREMENTAL=0" "-e" "RUST_BACKTRACE=full" "-e" "RUSTFLAGS=--cap-lints=warn" "-e" "RUSTDOCFLAGS=--cap-lints=warn" "-w" "/opt/rustwide/workdir" "--user" "0:0" "7bc6b4ea540bd6c245b73df84ea605348ee956fadc88658315f3312d51c6cc1b" "/opt/rustwide/cargo-home/bin/cargo" "+1.99.0-beta.8" "build" "--frozen" "--message-format=json" "--release", kill_on_drop: false }`
[INFO] [stderr]    Compiling proc-macro2 v1.0.94
[INFO] [stderr]    Compiling thiserror v2.0.20
[INFO] [stderr]    Compiling arraydeque v0.5.1
[INFO] [stderr]    Compiling quote v1.0.40
[INFO] [stderr]    Compiling syn v3.0.3
[INFO] [stderr]    Compiling thiserror-impl v2.0.20
[INFO] [stderr]    Compiling saphyr-parser v0.2.1 (/opt/rustwide/workdir)
[INFO] [stderr]     Finished `release` profile [optimized] target(s) in 9.50s
[INFO] running `Command { std: "docker" "inspect" "7bc6b4ea540bd6c245b73df84ea605348ee956fadc88658315f3312d51c6cc1b", kill_on_drop: false }`
[INFO] running `Command { std: "docker" "exec" "-e" "SOURCE_DIR=/opt/rustwide/workdir" "-e" "CARGO_HOME=/opt/rustwide/cargo-home" "-e" "RUSTUP_HOME=/opt/rustwide/rustup-home" "-e" "CARGO_TARGET_DIR=/opt/rustwide/target" "-e" "CARGO_INCREMENTAL=0" "-e" "RUST_BACKTRACE=full" "-e" "RUSTFLAGS=--cap-lints=warn" "-e" "RUSTDOCFLAGS=--cap-lints=warn" "-w" "/opt/rustwide/workdir" "--user" "0:0" "7bc6b4ea540bd6c245b73df84ea605348ee956fadc88658315f3312d51c6cc1b" "/opt/rustwide/cargo-home/bin/cargo" "+1.99.0-beta.8" "test" "--frozen" "--no-run" "--message-format=json" "--release", kill_on_drop: false }`
[INFO] [stderr]    Compiling rustix v1.0.5
[INFO] [stderr]    Compiling bitflags v2.9.0
[INFO] [stderr]    Compiling syn v2.0.100
[INFO] [stderr]    Compiling linux-raw-sys v0.9.4
[INFO] [stderr]    Compiling object v0.36.7
[INFO] [stderr]    Compiling anstyle-query v1.1.3
[INFO] [stderr]    Compiling log v0.4.27
[INFO] [stderr]    Compiling regex-automata v0.4.9
[INFO] [stderr]    Compiling getrandom v0.4.3
[INFO] [stderr]    Compiling gimli v0.31.1
[INFO] [stderr]    Compiling nix v0.30.1
[INFO] [stderr]    Compiling miniz_oxide v0.8.8
[INFO] [stderr]    Compiling rustc-demangle v0.1.24
[INFO] [stderr]    Compiling unicode-width v0.2.0
[INFO] [stderr]    Compiling owo-colors v4.2.0
[INFO] [stderr]    Compiling smallvec v1.15.0
[INFO] [stderr]    Compiling anstream v0.6.19
[INFO] [stderr]    Compiling endian-type v0.1.2
[INFO] [stderr]    Compiling is_ci v1.2.0
[INFO] [stderr]    Compiling unicode-linebreak v0.1.5
[INFO] [stderr]    Compiling rand v0.10.2
[INFO] [stderr]    Compiling supports-color v3.0.2
[INFO] [stderr]    Compiling anstream v1.0.0
[INFO] [stderr]    Compiling nibble_vec v0.1.0
[INFO] [stderr]    Compiling supports-unicode v3.0.0
[INFO] [stderr]    Compiling clap_builder v4.5.39
[INFO] [stderr]    Compiling radix_trie v0.2.1
[INFO] [stderr]    Compiling textwrap v0.16.2
[INFO] [stderr]    Compiling supports-hyperlinks v3.1.0
[INFO] [stderr]    Compiling home v0.5.11
[INFO] [stderr]    Compiling escape8259 v0.5.3
[INFO] [stderr]    Compiling regex v1.11.1
[INFO] [stderr]    Compiling addr2line v0.24.2
[INFO] [stderr]    Compiling env_filter v1.0.0
[INFO] [stderr]    Compiling fd-lock v4.0.4
[INFO] [stderr]    Compiling terminal_size v0.4.2
[INFO] [stderr]    Compiling rustyline v17.0.2
[INFO] [stderr]    Compiling env_logger v0.11.9
[INFO] [stderr]    Compiling quickcheck v1.1.0
[INFO] [stderr]    Compiling clap_derive v4.5.32
[INFO] [stderr]    Compiling backtrace v0.3.74
[INFO] [stderr]    Compiling miette-derive v7.6.0
[INFO] [stderr]    Compiling backtrace-ext v0.2.1
[INFO] [stderr]    Compiling miette v7.6.0
[INFO] [stderr]    Compiling clap v4.5.39
[INFO] [stderr]    Compiling libtest-mimic v0.8.2
[INFO] [stderr]    Compiling saphyr-parser v0.2.1 (/opt/rustwide/workdir)
[INFO] [stdout] error[E0432]: unresolved import `saphyr`
[INFO] [stdout]  --> tests/issues.rs:1:5
[INFO] [stdout]   |
[INFO] [stdout] 1 | use saphyr::Marker;
[INFO] [stdout]   |     ^^^^^^ use of unresolved module or unlinked crate `saphyr`
[INFO] [stdout]   |
[INFO] [stdout]   = help: if you wanted to use a crate named `saphyr`, use `cargo add saphyr` to add it to your `Cargo.toml`
[INFO] [stdout] 
[INFO] [stdout] 
[INFO] [stdout] error[E0432]: unresolved import `saphyr`
[INFO] [stdout]  --> tests/yaml-test-suite.rs:9:5
[INFO] [stdout]   |
[INFO] [stdout] 9 | use saphyr::{LoadableYamlNode, Mapping, Scalar, Yaml};
[INFO] [stdout]   |     ^^^^^^ use of unresolved module or unlinked crate `saphyr`
[INFO] [stdout]   |
[INFO] [stdout]   = help: if you wanted to use a crate named `saphyr`, use `cargo add saphyr` to add it to your `Cargo.toml`
[INFO] [stdout] 
[INFO] [stdout] 
[INFO] [stdout] error[E0433]: cannot find module or crate `saphyr` in this scope
[INFO] [stdout]   --> tests/yaml-test-suite.rs:65:35
[INFO] [stdout]    |
[INFO] [stdout] 65 |             events_diff.err().map(saphyr::ScanError::marker),
[INFO] [stdout]    |                                   ^^^^^^ use of unresolved module or unlinked crate `saphyr`
[INFO] [stdout]    |
[INFO] [stdout]    = help: if you wanted to use a crate named `saphyr`, use `cargo add saphyr` to add it to your `Cargo.toml`
[INFO] [stdout] 
[INFO] [stdout] 
[INFO] [stdout] For more information about this error, try `rustc --explain E0432`.
[INFO] [stdout] 
[INFO] [stderr] error: could not compile `saphyr-parser` (test "issues") due to 1 previous error
[INFO] [stderr] warning: build failed, waiting for other jobs to finish...
[INFO] [stdout] Some errors have detailed explanations: E0432, E0433.
[INFO] [stdout] 
[INFO] [stdout] For more information about an error, try `rustc --explain E0432`.
[INFO] [stdout] 
[INFO] [stderr] error: could not compile `saphyr-parser` (test "yaml-test-suite") due to 2 previous errors
[INFO] running `Command { std: "docker" "inspect" "7bc6b4ea540bd6c245b73df84ea605348ee956fadc88658315f3312d51c6cc1b", kill_on_drop: false }`
[INFO] running `Command { std: "docker" "rm" "-f" "7bc6b4ea540bd6c245b73df84ea605348ee956fadc88658315f3312d51c6cc1b", kill_on_drop: false }`
[INFO] [stdout] 7bc6b4ea540bd6c245b73df84ea605348ee956fadc88658315f3312d51c6cc1b
