[INFO] fetching crate salvor-store 0.10.0...
[INFO] testing salvor-store-0.10.0 against 1.100.0-beta.1+cargoflags=--release for beta-release-1.100-2
[INFO] extracting crate salvor-store 0.10.0 into /workspace/builds/worker-4-tc2/source
[INFO] started tweaking crates.io crate salvor-store 0.10.0
[INFO] removed 0 missing tests
[INFO] finished tweaking crates.io crate salvor-store 0.10.0
[INFO] tweaked toml for crates.io crate salvor-store 0.10.0 written to /workspace/builds/worker-4-tc2/source/Cargo.toml
[INFO] validating manifest of crates.io crate salvor-store 0.10.0 on toolchain 1.100.0-beta.1
[INFO] running `Command { std: CARGO_HOME="/workspace/cargo-home" RUSTUP_HOME="/workspace/rustup-home" "/workspace/cargo-home/bin/cargo" "+1.100.0-beta.1" "metadata" "--manifest-path" "Cargo.toml" "--no-deps", kill_on_drop: false }`
[INFO] crate crates.io crate salvor-store 0.10.0 already has a lockfile, it will not be regenerated
[INFO] running `Command { std: CARGO_HOME="/workspace/cargo-home" RUSTUP_HOME="/workspace/rustup-home" "/workspace/cargo-home/bin/cargo" "+1.100.0-beta.1" "fetch" "--manifest-path" "Cargo.toml", kill_on_drop: false }`
[INFO] running `Command { std: "docker" "create" "-v" "/var/lib/crater-agent-workspace/builds/worker-4-tc2/source:/opt/rustwide/workdir:ro,Z" "-v" "/var/lib/crater-agent-workspace/builds/worker-4-tc2/target:/opt/rustwide/target:rw,Z" "-v" "/var/lib/crater-agent-workspace/cargo-home:/opt/rustwide/cargo-home:ro,Z" "-v" "/var/lib/crater-agent-workspace/rustup-home:/opt/rustwide/rustup-home:ro,Z" "-m" "1610612736" "--network" "none" "ghcr.io/rust-lang/crates-build-env/linux@sha256:77db811e55d90add9212f6832c23229e3de5f1c1f9905e8cb07319ea15df73ac" "sleep" "infinity", kill_on_drop: false }`
[INFO] [stdout] 06ce6d1944f34cf85423cff13405ae7232b128a7236bf96f3211a9908c0cef0a
[INFO] running `Command { std: "docker" "start" "06ce6d1944f34cf85423cff13405ae7232b128a7236bf96f3211a9908c0cef0a", kill_on_drop: false }`
[INFO] running `Command { std: "docker" "inspect" "06ce6d1944f34cf85423cff13405ae7232b128a7236bf96f3211a9908c0cef0a", kill_on_drop: false }`
[INFO] running `Command { std: "docker" "exec" "-e" "SOURCE_DIR=/opt/rustwide/workdir" "-e" "CARGO_HOME=/opt/rustwide/cargo-home" "-e" "RUSTUP_HOME=/opt/rustwide/rustup-home" "-e" "CARGO_TARGET_DIR=/opt/rustwide/target" "-w" "/opt/rustwide/workdir" "--user" "0:0" "06ce6d1944f34cf85423cff13405ae7232b128a7236bf96f3211a9908c0cef0a" "/opt/rustwide/cargo-home/bin/cargo" "+1.100.0-beta.1" "metadata" "--no-deps" "--format-version=1", kill_on_drop: false }`
[INFO] running `Command { std: "docker" "inspect" "06ce6d1944f34cf85423cff13405ae7232b128a7236bf96f3211a9908c0cef0a", kill_on_drop: false }`
[INFO] running `Command { std: "docker" "exec" "-e" "SOURCE_DIR=/opt/rustwide/workdir" "-e" "CARGO_HOME=/opt/rustwide/cargo-home" "-e" "RUSTUP_HOME=/opt/rustwide/rustup-home" "-e" "CARGO_TARGET_DIR=/opt/rustwide/target" "-e" "CARGO_INCREMENTAL=0" "-e" "RUST_BACKTRACE=full" "-e" "RUSTFLAGS=--cap-lints=warn" "-e" "RUSTDOCFLAGS=--cap-lints=warn" "-w" "/opt/rustwide/workdir" "--user" "0:0" "06ce6d1944f34cf85423cff13405ae7232b128a7236bf96f3211a9908c0cef0a" "/opt/rustwide/cargo-home/bin/cargo" "+1.100.0-beta.1" "build" "--frozen" "--message-format=json" "--release", kill_on_drop: false }`
[INFO] [stderr]    Compiling zerocopy v0.8.54
[INFO] [stderr]    Compiling syn v2.0.118
[INFO] [stderr]    Compiling libc v0.2.186
[INFO] [stderr]    Compiling cc v1.2.66
[INFO] [stderr]    Compiling serde_json v1.0.150
[INFO] [stderr]    Compiling once_cell v1.21.4
[INFO] [stderr]    Compiling time-macros v0.2.31
[INFO] [stderr]    Compiling deranged v0.5.8
[INFO] [stderr]    Compiling crypto-common v0.1.7
[INFO] [stderr]    Compiling digest v0.10.7
[INFO] [stderr]    Compiling fallible-iterator v0.3.0
[INFO] [stderr]    Compiling bitflags v2.13.0
[INFO] [stderr]    Compiling getrandom v0.4.3
[INFO] [stderr]    Compiling fallible-streaming-iterator v0.1.9
[INFO] [stderr]    Compiling uuid v1.23.4
[INFO] [stderr]    Compiling sha2 v0.10.9
[INFO] [stderr]    Compiling libsqlite3-sys v0.30.1
[INFO] [stderr]    Compiling time v0.3.53
[INFO] [stderr]    Compiling serde_derive v1.0.228
[INFO] [stderr]    Compiling thiserror-impl v2.0.18
[INFO] [stderr]    Compiling async-trait v0.1.89
[INFO] [stderr]    Compiling thiserror v2.0.18
[INFO] [stderr]    Compiling ahash v0.8.12
[INFO] [stderr]    Compiling hashbrown v0.14.5
[INFO] [stderr]    Compiling hashlink v0.9.1
[INFO] [stderr]    Compiling serde v1.0.228
[INFO] [stderr]    Compiling salvor-replay v0.10.0
[INFO] [stderr]    Compiling salvor-core v0.10.0
[INFO] [stderr]    Compiling rusqlite v0.32.1
[INFO] [stderr]    Compiling salvor-store v0.10.0 (/opt/rustwide/workdir)
[INFO] [stderr]     Finished `release` profile [optimized] target(s) in 2m 12s
[INFO] running `Command { std: "docker" "inspect" "06ce6d1944f34cf85423cff13405ae7232b128a7236bf96f3211a9908c0cef0a", kill_on_drop: false }`
[INFO] running `Command { std: "docker" "exec" "-e" "SOURCE_DIR=/opt/rustwide/workdir" "-e" "CARGO_HOME=/opt/rustwide/cargo-home" "-e" "RUSTUP_HOME=/opt/rustwide/rustup-home" "-e" "CARGO_TARGET_DIR=/opt/rustwide/target" "-e" "CARGO_INCREMENTAL=0" "-e" "RUST_BACKTRACE=full" "-e" "RUSTFLAGS=--cap-lints=warn" "-e" "RUSTDOCFLAGS=--cap-lints=warn" "-w" "/opt/rustwide/workdir" "--user" "0:0" "06ce6d1944f34cf85423cff13405ae7232b128a7236bf96f3211a9908c0cef0a" "/opt/rustwide/cargo-home/bin/cargo" "+1.100.0-beta.1" "test" "--frozen" "--no-run" "--message-format=json" "--release", kill_on_drop: false }`
[INFO] [stderr]    Compiling ahash v0.8.12
[INFO] [stderr]    Compiling tokio-macros v2.7.0
[INFO] [stderr]    Compiling tempfile v3.27.0
[INFO] [stderr]    Compiling hashbrown v0.14.5
[INFO] [stderr]    Compiling tokio v1.52.3
[INFO] [stderr]    Compiling hashlink v0.9.1
[INFO] [stderr]    Compiling rusqlite v0.32.1
[INFO] [stderr]    Compiling salvor-store v0.10.0 (/opt/rustwide/workdir)
[INFO] [stdout] error[E0432]: unresolved import `salvor_store_conformance`
[INFO] [stdout]   --> tests/event_store.rs:24:5
[INFO] [stdout]    |
[INFO] [stdout] 24 | use salvor_store_conformance::TamperHarness;
[INFO] [stdout]    |     ^^^^^^^^^^^^^^^^^^^^^^^^ use of unresolved module or unlinked crate `salvor_store_conformance`
[INFO] [stdout]    |
[INFO] [stdout]    = help: if you wanted to use a crate named `salvor_store_conformance`, use `cargo add salvor_store_conformance` to add it to your `Cargo.toml`
[INFO] [stdout] 
[INFO] [stdout] 
[INFO] [stdout] error[E0433]: cannot find module or crate `salvor_store_conformance` in this scope
[INFO] [stdout]    --> tests/event_store.rs:164:5
[INFO] [stdout]     |
[INFO] [stdout] 164 |     salvor_store_conformance::conformance_tests!(SqliteHarness::in_memory());
[INFO] [stdout]     |     ^^^^^^^^^^^^^^^^^^^^^^^^ use of unresolved module or unlinked crate `salvor_store_conformance`
[INFO] [stdout] 
[INFO] [stdout] 
[INFO] [stdout] warning: unused import: `super::SqliteHarness`
[INFO] [stdout]    --> tests/event_store.rs:162:9
[INFO] [stdout]     |
[INFO] [stdout] 162 |     use super::SqliteHarness;
[INFO] [stdout]     |         ^^^^^^^^^^^^^^^^^^^^
[INFO] [stdout]     |
[INFO] [stdout]     = note: `#[warn(unused_imports)]` (part of `#[warn(unused)]`) on by default
[INFO] [stdout] 
[INFO] [stdout] 
[INFO] [stdout] error[E0433]: cannot find module or crate `salvor_store_conformance` in this scope
[INFO] [stdout]    --> tests/event_store.rs:176:5
[INFO] [stdout]     |
[INFO] [stdout] 176 |     salvor_store_conformance::run_all(|| {
[INFO] [stdout]     |     ^^^^^^^^^^^^^^^^^^^^^^^^ use of unresolved module or unlinked crate `salvor_store_conformance`
[INFO] [stdout]     |
[INFO] [stdout]     = help: if you wanted to use a crate named `salvor_store_conformance`, use `cargo add salvor_store_conformance` to add it to your `Cargo.toml`
[INFO] [stdout] 
[INFO] [stdout] 
[INFO] [stdout] Some errors have detailed explanations: E0432, E0433.
[INFO] [stdout] 
[INFO] [stdout] For more information about an error, try `rustc --explain E0432`.
[INFO] [stdout] 
[INFO] [stderr] error: could not compile `salvor-store` (test "event_store") due to 3 previous errors; 1 warning emitted
[INFO] running `Command { std: "docker" "inspect" "06ce6d1944f34cf85423cff13405ae7232b128a7236bf96f3211a9908c0cef0a", kill_on_drop: false }`
[INFO] running `Command { std: "docker" "rm" "-f" "06ce6d1944f34cf85423cff13405ae7232b128a7236bf96f3211a9908c0cef0a", kill_on_drop: false }`
[INFO] [stdout] 06ce6d1944f34cf85423cff13405ae7232b128a7236bf96f3211a9908c0cef0a
