[INFO] fetching crate safetynet-core 0.1.1...
[INFO] testing safetynet-core-0.1.1 against 1.100.0-beta.1+cargoflags=--release for beta-release-1.100-2
[INFO] extracting crate safetynet-core 0.1.1 into /workspace/builds/worker-6-tc2/source
[INFO] started tweaking crates.io crate safetynet-core 0.1.1
[INFO] finished tweaking crates.io crate safetynet-core 0.1.1
[INFO] tweaked toml for crates.io crate safetynet-core 0.1.1 written to /workspace/builds/worker-6-tc2/source/Cargo.toml
[INFO] validating manifest of crates.io crate safetynet-core 0.1.1 on toolchain 1.100.0-beta.1
[INFO] running `Command { std: CARGO_HOME="/workspace/cargo-home" RUSTUP_HOME="/workspace/rustup-home" "/workspace/cargo-home/bin/cargo" "+1.100.0-beta.1" "metadata" "--manifest-path" "Cargo.toml" "--no-deps", kill_on_drop: false }`
[INFO] crate crates.io crate safetynet-core 0.1.1 already has a lockfile, it will not be regenerated
[INFO] running `Command { std: CARGO_HOME="/workspace/cargo-home" RUSTUP_HOME="/workspace/rustup-home" "/workspace/cargo-home/bin/cargo" "+1.100.0-beta.1" "fetch" "--manifest-path" "Cargo.toml", kill_on_drop: false }`
[INFO] running `Command { std: "docker" "create" "-v" "/var/lib/crater-agent-workspace/builds/worker-6-tc2/source:/opt/rustwide/workdir:ro,Z" "-v" "/var/lib/crater-agent-workspace/builds/worker-6-tc2/target:/opt/rustwide/target:rw,Z" "-v" "/var/lib/crater-agent-workspace/cargo-home:/opt/rustwide/cargo-home:ro,Z" "-v" "/var/lib/crater-agent-workspace/rustup-home:/opt/rustwide/rustup-home:ro,Z" "-m" "1610612736" "--network" "none" "ghcr.io/rust-lang/crates-build-env/linux@sha256:77db811e55d90add9212f6832c23229e3de5f1c1f9905e8cb07319ea15df73ac" "sleep" "infinity", kill_on_drop: false }`
[INFO] [stdout] 960471276e51256be28eb1b8fa0b093b67ff80d7e032f380c22243deb62efaf9
[INFO] running `Command { std: "docker" "start" "960471276e51256be28eb1b8fa0b093b67ff80d7e032f380c22243deb62efaf9", kill_on_drop: false }`
[INFO] running `Command { std: "docker" "inspect" "960471276e51256be28eb1b8fa0b093b67ff80d7e032f380c22243deb62efaf9", kill_on_drop: false }`
[INFO] running `Command { std: "docker" "exec" "-e" "SOURCE_DIR=/opt/rustwide/workdir" "-e" "CARGO_HOME=/opt/rustwide/cargo-home" "-e" "RUSTUP_HOME=/opt/rustwide/rustup-home" "-e" "CARGO_TARGET_DIR=/opt/rustwide/target" "-w" "/opt/rustwide/workdir" "--user" "0:0" "960471276e51256be28eb1b8fa0b093b67ff80d7e032f380c22243deb62efaf9" "/opt/rustwide/cargo-home/bin/cargo" "+1.100.0-beta.1" "metadata" "--no-deps" "--format-version=1", kill_on_drop: false }`
[INFO] running `Command { std: "docker" "inspect" "960471276e51256be28eb1b8fa0b093b67ff80d7e032f380c22243deb62efaf9", kill_on_drop: false }`
[INFO] running `Command { std: "docker" "exec" "-e" "SOURCE_DIR=/opt/rustwide/workdir" "-e" "CARGO_HOME=/opt/rustwide/cargo-home" "-e" "RUSTUP_HOME=/opt/rustwide/rustup-home" "-e" "CARGO_TARGET_DIR=/opt/rustwide/target" "-e" "CARGO_INCREMENTAL=0" "-e" "RUST_BACKTRACE=full" "-e" "RUSTFLAGS=--cap-lints=warn" "-e" "RUSTDOCFLAGS=--cap-lints=warn" "-w" "/opt/rustwide/workdir" "--user" "0:0" "960471276e51256be28eb1b8fa0b093b67ff80d7e032f380c22243deb62efaf9" "/opt/rustwide/cargo-home/bin/cargo" "+1.100.0-beta.1" "build" "--frozen" "--message-format=json" "--release", kill_on_drop: false }`
[INFO] [stderr]    Compiling musli-macros v0.1.7
[INFO] [stderr]    Compiling safetynet-blackbox v0.1.1
[INFO] [stderr]    Compiling musli-core v0.1.7
[INFO] [stderr]    Compiling musli v0.1.7
[INFO] [stderr]    Compiling safetynet-core v0.1.1 (/opt/rustwide/workdir)
[INFO] [stderr]     Finished `release` profile [optimized] target(s) in 9.97s
[INFO] running `Command { std: "docker" "inspect" "960471276e51256be28eb1b8fa0b093b67ff80d7e032f380c22243deb62efaf9", kill_on_drop: false }`
[INFO] running `Command { std: "docker" "exec" "-e" "SOURCE_DIR=/opt/rustwide/workdir" "-e" "CARGO_HOME=/opt/rustwide/cargo-home" "-e" "RUSTUP_HOME=/opt/rustwide/rustup-home" "-e" "CARGO_TARGET_DIR=/opt/rustwide/target" "-e" "CARGO_INCREMENTAL=0" "-e" "RUST_BACKTRACE=full" "-e" "RUSTFLAGS=--cap-lints=warn" "-e" "RUSTDOCFLAGS=--cap-lints=warn" "-w" "/opt/rustwide/workdir" "--user" "0:0" "960471276e51256be28eb1b8fa0b093b67ff80d7e032f380c22243deb62efaf9" "/opt/rustwide/cargo-home/bin/cargo" "+1.100.0-beta.1" "test" "--frozen" "--no-run" "--message-format=json" "--release", kill_on_drop: false }`
[INFO] [stderr]    Compiling safetynet-core v0.1.1 (/opt/rustwide/workdir)
[INFO] [stdout] error[E0433]: cannot find module or crate `thiserror` in this scope
[INFO] [stdout]    --> src/samples.rs:131:17
[INFO] [stdout]     |
[INFO] [stdout] 131 | #[derive(Debug, thiserror::Error)]
[INFO] [stdout]     |                 ^^^^^^^^^ use of unresolved module or unlinked crate `thiserror`
[INFO] [stdout] 
[INFO] [stdout] 
[INFO] [stdout] error: cannot find attribute `error` in this scope
[INFO] [stdout]    --> src/samples.rs:134:7
[INFO] [stdout]     |
[INFO] [stdout] 134 |     #[error(transparent)]
[INFO] [stdout]     |       ^^^^^
[INFO] [stdout] 
[INFO] [stdout] 
[INFO] [stdout] error: cannot find attribute `from` in this scope
[INFO] [stdout]    --> src/samples.rs:135:19
[INFO] [stdout]     |
[INFO] [stdout] 135 |     Instruction(#[from] DecodeError),
[INFO] [stdout]     |                   ^^^^
[INFO] [stdout] 
[INFO] [stdout] 
[INFO] [stdout] error: cannot find attribute `error` in this scope
[INFO] [stdout]    --> src/samples.rs:138:7
[INFO] [stdout]     |
[INFO] [stdout] 138 |     #[error("the filler byte is missing")]
[INFO] [stdout]     |       ^^^^^
[INFO] [stdout] 
[INFO] [stdout] 
[INFO] [stdout] error[E0277]: the trait bound `PaddedError: std::error::Error` is not satisfied
[INFO] [stdout]    --> src/samples.rs:115:18
[INFO] [stdout]     |
[INFO] [stdout] 115 |     type Error = PaddedError;
[INFO] [stdout]     |                  ^^^^^^^^^^^ unsatisfied trait bound
[INFO] [stdout]     |
[INFO] [stdout] help: the trait `std::error::Error` is not implemented for `PaddedError`
[INFO] [stdout]    --> src/samples.rs:132:1
[INFO] [stdout]     |
[INFO] [stdout] 132 | pub(crate) enum PaddedError {
[INFO] [stdout]     | ^^^^^^^^^^^^^^^^^^^^^^^^^^^
[INFO] [stdout] note: required by a bound in `encoding::Decoder::Error`
[INFO] [stdout]    --> src/encoding/mod.rs:360:17
[INFO] [stdout]     |
[INFO] [stdout] 354 | pub trait Decoder {
[INFO] [stdout] ...
[INFO] [stdout] 360 |     type Error: core::error::Error + Send + Sync + 'static;
[INFO] [stdout]     |                 ^^^^^^^^^^^^^^^^^^ required by this bound in `Decoder::Error`
[INFO] [stdout] 
[INFO] [stdout] 
[INFO] [stdout] error[E0599]: no method named `mnemonic` found for enum `isa::Instr` in the current scope
[INFO] [stdout]    --> src/encoding/tests.rs:121:60
[INFO] [stdout]     |
[INFO] [stdout] 121 |         assert!(tag < 0x80, "{} has a two-byte tag", instr.mnemonic());
[INFO] [stdout]     |                                                            ^^^^^^^^ method not found in `isa::Instr`
[INFO] [stdout]     |
[INFO] [stdout]    ::: src/isa/macros.rs:120:9
[INFO] [stdout]     |
[INFO] [stdout] 120 |         pub enum Instr {
[INFO] [stdout]     |         -------------- method `mnemonic` not found for this enum
[INFO] [stdout] 
[INFO] [stdout] 
[INFO] [stdout] error[E0599]: no method named `mnemonic` found for reference `&isa::Instr` in the current scope
[INFO] [stdout]   --> src/isa/tests.rs:49:25
[INFO] [stdout]    |
[INFO] [stdout] 49 |             (tag, instr.mnemonic())
[INFO] [stdout]    |                         ^^^^^^^^ method not found in `&isa::Instr`
[INFO] [stdout] 
[INFO] [stdout] 
[INFO] [stdout] error[E0599]: no method named `mnemonic` found for reference `&isa::Instr` in the current scope
[INFO] [stdout]    --> src/isa/tests.rs:112:65
[INFO] [stdout]     |
[INFO] [stdout] 112 |     let mut mnemonics: Vec<&str> = all.iter().map(|instr| instr.mnemonic()).collect();
[INFO] [stdout]     |                                                                 ^^^^^^^^ method not found in `&isa::Instr`
[INFO] [stdout] 
[INFO] [stdout] 
[INFO] [stdout] error[E0599]: `isa::Instr` doesn't implement `std::fmt::Display`
[INFO] [stdout]    --> src/isa/tests.rs:123:26
[INFO] [stdout]     |
[INFO] [stdout] 123 |         let text = instr.to_string();
[INFO] [stdout]     |                          ^^^^^^^^^ method cannot be called on `isa::Instr` due to unsatisfied trait bounds
[INFO] [stdout]     |
[INFO] [stdout]    ::: src/isa/macros.rs:120:9
[INFO] [stdout]     |
[INFO] [stdout] 120 |         pub enum Instr {
[INFO] [stdout]     |         -------------- method `to_string` not found for this enum because it doesn't satisfy `isa::Instr: ToString` or `isa::Instr: std::fmt::Display`
[INFO] [stdout]     |
[INFO] [stdout]     = note: the following trait bounds were not satisfied:
[INFO] [stdout]             `isa::Instr: std::fmt::Display`
[INFO] [stdout]             which is required by `isa::Instr: ToString`
[INFO] [stdout] note: the trait `std::fmt::Display` must be implemented
[INFO] [stdout]    --> /rustc/e3feeb59cd1bdd011a2bfcc0747b55125d9b8527/library/core/src/fmt/mod.rs:1187:0
[INFO] [stdout]     = help: items from traits can only be used if the trait is implemented and in scope
[INFO] [stdout]     = note: the following trait defines an item `to_string`, perhaps you need to implement it:
[INFO] [stdout]             candidate #1: `ToString`
[INFO] [stdout] 
[INFO] [stdout] 
[INFO] [stdout] error[E0599]: no method named `mnemonic` found for enum `isa::Instr` in the current scope
[INFO] [stdout]    --> src/isa/tests.rs:126:55
[INFO] [stdout]     |
[INFO] [stdout] 126 |         assert_eq!(words.first().copied(), Some(instr.mnemonic()), "{text}");
[INFO] [stdout]     |                                                       ^^^^^^^^ method not found in `isa::Instr`
[INFO] [stdout]     |
[INFO] [stdout]    ::: src/isa/macros.rs:120:9
[INFO] [stdout]     |
[INFO] [stdout] 120 |         pub enum Instr {
[INFO] [stdout]     |         -------------- method `mnemonic` not found for this enum
[INFO] [stdout] 
[INFO] [stdout] 
[INFO] [stdout] error[E0599]: `isa::Instr` doesn't implement `std::fmt::Display`
[INFO] [stdout]    --> src/isa/tests.rs:137:34
[INFO] [stdout]     |
[INFO] [stdout] 137 |     assert_eq!(Instr::from(Halt).to_string(), "halt");
[INFO] [stdout]     |                                  ^^^^^^^^^ method cannot be called on `isa::Instr` due to unsatisfied trait bounds
[INFO] [stdout]     |
[INFO] [stdout]    ::: src/isa/macros.rs:120:9
[INFO] [stdout]     |
[INFO] [stdout] 120 |         pub enum Instr {
[INFO] [stdout]     |         -------------- method `to_string` not found for this enum because it doesn't satisfy `isa::Instr: ToString` or `isa::Instr: std::fmt::Display`
[INFO] [stdout]     |
[INFO] [stdout]     = note: the following trait bounds were not satisfied:
[INFO] [stdout]             `isa::Instr: std::fmt::Display`
[INFO] [stdout]             which is required by `isa::Instr: ToString`
[INFO] [stdout] note: the trait `std::fmt::Display` must be implemented
[INFO] [stdout]    --> /rustc/e3feeb59cd1bdd011a2bfcc0747b55125d9b8527/library/core/src/fmt/mod.rs:1187:0
[INFO] [stdout]     = help: items from traits can only be used if the trait is implemented and in scope
[INFO] [stdout]     = note: the following trait defines an item `to_string`, perhaps you need to implement it:
[INFO] [stdout]             candidate #1: `ToString`
[INFO] [stdout] 
[INFO] [stdout] 
[INFO] [stdout] error[E0599]: `isa::Instr` doesn't implement `std::fmt::Display`
[INFO] [stdout]    --> src/isa/tests.rs:139:50
[INFO] [stdout]     |
[INFO] [stdout] 139 |         Instr::from(Push32 { imm: 0xdead_beef }).to_string(),
[INFO] [stdout]     |                                                  ^^^^^^^^^ method cannot be called on `isa::Instr` due to unsatisfied trait bounds
[INFO] [stdout]     |
[INFO] [stdout]    ::: src/isa/macros.rs:120:9
[INFO] [stdout]     |
[INFO] [stdout] 120 |         pub enum Instr {
[INFO] [stdout]     |         -------------- method `to_string` not found for this enum because it doesn't satisfy `isa::Instr: ToString` or `isa::Instr: std::fmt::Display`
[INFO] [stdout]     |
[INFO] [stdout]     = note: the following trait bounds were not satisfied:
[INFO] [stdout]             `isa::Instr: std::fmt::Display`
[INFO] [stdout]             which is required by `isa::Instr: ToString`
[INFO] [stdout] note: the trait `std::fmt::Display` must be implemented
[INFO] [stdout]    --> /rustc/e3feeb59cd1bdd011a2bfcc0747b55125d9b8527/library/core/src/fmt/mod.rs:1187:0
[INFO] [stdout]     = help: items from traits can only be used if the trait is implemented and in scope
[INFO] [stdout]     = note: the following trait defines an item `to_string`, perhaps you need to implement it:
[INFO] [stdout]             candidate #1: `ToString`
[INFO] [stdout] 
[INFO] [stdout] 
[INFO] [stdout] error[E0599]: `isa::Instr` doesn't implement `std::fmt::Display`
[INFO] [stdout]    --> src/isa/tests.rs:142:48
[INFO] [stdout]     |
[INFO] [stdout] 142 |     assert_eq!(Instr::from(Jz { offset: -12 }).to_string(), "jz -12");
[INFO] [stdout]     |                                                ^^^^^^^^^ method cannot be called on `isa::Instr` due to unsatisfied trait bounds
[INFO] [stdout]     |
[INFO] [stdout]    ::: src/isa/macros.rs:120:9
[INFO] [stdout]     |
[INFO] [stdout] 120 |         pub enum Instr {
[INFO] [stdout]     |         -------------- method `to_string` not found for this enum because it doesn't satisfy `isa::Instr: ToString` or `isa::Instr: std::fmt::Display`
[INFO] [stdout]     |
[INFO] [stdout]     = note: the following trait bounds were not satisfied:
[INFO] [stdout]             `isa::Instr: std::fmt::Display`
[INFO] [stdout]             which is required by `isa::Instr: ToString`
[INFO] [stdout] note: the trait `std::fmt::Display` must be implemented
[INFO] [stdout]    --> /rustc/e3feeb59cd1bdd011a2bfcc0747b55125d9b8527/library/core/src/fmt/mod.rs:1187:0
[INFO] [stdout]     = help: items from traits can only be used if the trait is implemented and in scope
[INFO] [stdout]     = note: the following trait defines an item `to_string`, perhaps you need to implement it:
[INFO] [stdout]             candidate #1: `ToString`
[INFO] [stdout] 
[INFO] [stdout] 
[INFO] [stdout] error[E0599]: `isa::Instr` doesn't implement `std::fmt::Display`
[INFO] [stdout]    --> src/isa/tests.rs:143:48
[INFO] [stdout]     |
[INFO] [stdout] 143 |     assert_eq!(Instr::from(Alloc { n: frame }).to_string(), "alloc 24");
[INFO] [stdout]     |                                                ^^^^^^^^^ method cannot be called on `isa::Instr` due to unsatisfied trait bounds
[INFO] [stdout]     |
[INFO] [stdout]    ::: src/isa/macros.rs:120:9
[INFO] [stdout]     |
[INFO] [stdout] 120 |         pub enum Instr {
[INFO] [stdout]     |         -------------- method `to_string` not found for this enum because it doesn't satisfy `isa::Instr: ToString` or `isa::Instr: std::fmt::Display`
[INFO] [stdout]     |
[INFO] [stdout]     = note: the following trait bounds were not satisfied:
[INFO] [stdout]             `isa::Instr: std::fmt::Display`
[INFO] [stdout]             which is required by `isa::Instr: ToString`
[INFO] [stdout] note: the trait `std::fmt::Display` must be implemented
[INFO] [stdout]    --> /rustc/e3feeb59cd1bdd011a2bfcc0747b55125d9b8527/library/core/src/fmt/mod.rs:1187:0
[INFO] [stdout]     = help: items from traits can only be used if the trait is implemented and in scope
[INFO] [stdout]     = note: the following trait defines an item `to_string`, perhaps you need to implement it:
[INFO] [stdout]             candidate #1: `ToString`
[INFO] [stdout] 
[INFO] [stdout] 
[INFO] [stdout] error[E0599]: no method named `mnemonic` found for enum `isa::Instr` in the current scope
[INFO] [stdout]    --> src/vm/tests.rs:496:61
[INFO] [stdout]     |
[INFO] [stdout] 496 |         assert!(flow.is_ok(), "{} trapped: {flow:?}", instr.mnemonic());
[INFO] [stdout]     |                                                             ^^^^^^^^ method not found in `isa::Instr`
[INFO] [stdout]     |
[INFO] [stdout]    ::: src/isa/macros.rs:120:9
[INFO] [stdout]     |
[INFO] [stdout] 120 |         pub enum Instr {
[INFO] [stdout]     |         -------------- method `mnemonic` not found for this enum
[INFO] [stdout] 
[INFO] [stdout] 
[INFO] [stdout] error[E0599]: no method named `mnemonic` found for enum `isa::Instr` in the current scope
[INFO] [stdout]    --> src/vm/tests.rs:503:19
[INFO] [stdout]     |
[INFO] [stdout] 503 |             instr.mnemonic()
[INFO] [stdout]     |                   ^^^^^^^^ method not found in `isa::Instr`
[INFO] [stdout]     |
[INFO] [stdout]    ::: src/isa/macros.rs:120:9
[INFO] [stdout]     |
[INFO] [stdout] 120 |         pub enum Instr {
[INFO] [stdout]     |         -------------- method `mnemonic` not found for this enum
[INFO] [stdout] 
[INFO] [stdout] 
[INFO] [stdout] error[E0277]: `Packet` doesn't implement `Debug`
[INFO] [stdout]    --> src/marshal.rs:410:9
[INFO] [stdout]     |
[INFO] [stdout] 410 |         assert_eq!(Packet::unmarshal::<B>(&mem, &mem), packet);
[INFO] [stdout]     |         ^^^^^^^^^^^^^^^^^^^^^^^^^^^^^^^^^^^^^^^^^^^^^^^^^^^^^^ unsatisfied trait bound
[INFO] [stdout]     |
[INFO] [stdout] help: the trait `Debug` is not implemented for `Packet`
[INFO] [stdout]    --> src/marshal.rs:342:5
[INFO] [stdout]     |
[INFO] [stdout] 342 |     struct Packet {
[INFO] [stdout]     |     ^^^^^^^^^^^^^
[INFO] [stdout]     = note: add `#[derive(Debug)]` to `Packet` or manually `impl Debug for Packet`
[INFO] [stdout] 
[INFO] [stdout] 
[INFO] [stdout] error[E0277]: `Packet` doesn't implement `Debug`
[INFO] [stdout]    --> src/marshal.rs:410:9
[INFO] [stdout]     |
[INFO] [stdout] 410 |         assert_eq!(Packet::unmarshal::<B>(&mem, &mem), packet);
[INFO] [stdout]     |         ^^^^^^^^^^^^^^^^^^^^^^^^^^^^^^^^^^^^^^^^^^^^^^^^^^^^^^ unsatisfied trait bound
[INFO] [stdout]     |
[INFO] [stdout] help: the trait `Debug` is not implemented for `Packet`
[INFO] [stdout]    --> src/marshal.rs:342:5
[INFO] [stdout]     |
[INFO] [stdout] 342 |     struct Packet {
[INFO] [stdout]     |     ^^^^^^^^^^^^^
[INFO] [stdout]     = note: add `#[derive(Debug)]` to `Packet` or manually `impl Debug for Packet`
[INFO] [stdout] 
[INFO] [stdout] 
[INFO] [stdout] error[E0277]: `?` couldn't convert the error to `PaddedError`
[INFO] [stdout]    --> src/samples.rs:118:45
[INFO] [stdout]     |
[INFO] [stdout] 118 |         let (instr, len) = decode::<B>(code)?;
[INFO] [stdout]     |                            -----------------^ the trait `From<DecodeError>` is not implemented for `PaddedError`
[INFO] [stdout]     |                            |
[INFO] [stdout]     |                            this can't be annotated with `?` because it has type `Result<_, DecodeError>`
[INFO] [stdout]     |
[INFO] [stdout] note: `PaddedError` needs to implement `From<DecodeError>`
[INFO] [stdout]    --> src/samples.rs:132:1
[INFO] [stdout]     |
[INFO] [stdout] 132 | pub(crate) enum PaddedError {
[INFO] [stdout]     | ^^^^^^^^^^^^^^^^^^^^^^^^^^^
[INFO] [stdout]     = note: the question mark operation (`?`) implicitly performs a conversion on the error value using the `From` trait
[INFO] [stdout] 
[INFO] [stdout] 
[INFO] [stdout] Some errors have detailed explanations: E0277, E0433, E0599.
[INFO] [stdout] 
[INFO] [stdout] For more information about an error, try `rustc --explain E0277`.
[INFO] [stdout] 
[INFO] [stderr] error: could not compile `safetynet-core` (lib test) due to 19 previous errors
[INFO] running `Command { std: "docker" "inspect" "960471276e51256be28eb1b8fa0b093b67ff80d7e032f380c22243deb62efaf9", kill_on_drop: false }`
[INFO] running `Command { std: "docker" "rm" "-f" "960471276e51256be28eb1b8fa0b093b67ff80d7e032f380c22243deb62efaf9", kill_on_drop: false }`
[INFO] [stdout] 960471276e51256be28eb1b8fa0b093b67ff80d7e032f380c22243deb62efaf9
