[INFO] fetching crate safe-feature-proposal 1.0.0...
[INFO] testing safe-feature-proposal-1.0.0 against 1.100.0-beta.1+cargoflags=--release for beta-release-1.100-2
[INFO] extracting crate safe-feature-proposal 1.0.0 into /workspace/builds/worker-0-tc2/source
[INFO] started tweaking crates.io crate safe-feature-proposal 1.0.0
[INFO] finished tweaking crates.io crate safe-feature-proposal 1.0.0
[INFO] tweaked toml for crates.io crate safe-feature-proposal 1.0.0 written to /workspace/builds/worker-0-tc2/source/Cargo.toml
[INFO] validating manifest of crates.io crate safe-feature-proposal 1.0.0 on toolchain 1.100.0-beta.1
[INFO] running `Command { std: CARGO_HOME="/workspace/cargo-home" RUSTUP_HOME="/workspace/rustup-home" "/workspace/cargo-home/bin/cargo" "+1.100.0-beta.1" "metadata" "--manifest-path" "Cargo.toml" "--no-deps", kill_on_drop: false }`
[INFO] running `Command { std: CARGO_HOME="/workspace/cargo-home" RUSTUP_HOME="/workspace/rustup-home" "/workspace/cargo-home/bin/cargo" "+1.100.0-beta.1" "generate-lockfile" "--manifest-path" "Cargo.toml", kill_on_drop: false }`
[INFO] [stderr]     Updating crates.io index
[INFO] [stderr]      Locking 506 packages to highest compatible versions
[INFO] [stderr]       Adding borsh v0.9.3 (available: v1.8.1)
[INFO] [stderr]       Adding borsh-derive v0.9.3 (available: v1.8.1)
[INFO] [stderr]       Adding generic-array v0.14.7 (available: v0.14.9)
[INFO] [stderr]       Adding hyper v0.14.29 (available: v0.14.32)
[INFO] [stderr]       Adding reqwest v0.11.17 (available: v0.11.27)
[INFO] [stderr]       Adding solana_rbpf v0.2.31 (available: v0.2.40)
[INFO] [stderr]       Adding subtle v2.4.1 (available: v2.6.1)
[INFO] [stderr]       Adding tokio v1.14.1 (available: v1.53.3)
[INFO] [stderr]       Adding tokio-stream v0.1.12 (available: v0.1.19)
[INFO] [stderr]       Adding tokio-util v0.7.2 (available: v0.7.20)
[INFO] [stderr]       Adding zeroize v1.3.0 (available: v1.9.1)
[INFO] running `Command { std: CARGO_HOME="/workspace/cargo-home" RUSTUP_HOME="/workspace/rustup-home" "/workspace/cargo-home/bin/cargo" "+1.100.0-beta.1" "fetch" "--manifest-path" "Cargo.toml", kill_on_drop: false }`
[INFO] running `Command { std: "docker" "create" "-v" "/var/lib/crater-agent-workspace/builds/worker-0-tc2/source:/opt/rustwide/workdir:ro,Z" "-v" "/var/lib/crater-agent-workspace/builds/worker-0-tc2/target:/opt/rustwide/target:rw,Z" "-v" "/var/lib/crater-agent-workspace/cargo-home:/opt/rustwide/cargo-home:ro,Z" "-v" "/var/lib/crater-agent-workspace/rustup-home:/opt/rustwide/rustup-home:ro,Z" "-m" "1610612736" "--network" "none" "ghcr.io/rust-lang/crates-build-env/linux@sha256:77db811e55d90add9212f6832c23229e3de5f1c1f9905e8cb07319ea15df73ac" "sleep" "infinity", kill_on_drop: false }`
[INFO] [stdout] d20b01ad9fcf141ab746810898cc58667e1f9cf87acee02f30175405e22a6622
[INFO] running `Command { std: "docker" "start" "d20b01ad9fcf141ab746810898cc58667e1f9cf87acee02f30175405e22a6622", kill_on_drop: false }`
[INFO] running `Command { std: "docker" "inspect" "d20b01ad9fcf141ab746810898cc58667e1f9cf87acee02f30175405e22a6622", kill_on_drop: false }`
[INFO] running `Command { std: "docker" "exec" "-e" "SOURCE_DIR=/opt/rustwide/workdir" "-e" "CARGO_HOME=/opt/rustwide/cargo-home" "-e" "RUSTUP_HOME=/opt/rustwide/rustup-home" "-e" "CARGO_TARGET_DIR=/opt/rustwide/target" "-w" "/opt/rustwide/workdir" "--user" "0:0" "d20b01ad9fcf141ab746810898cc58667e1f9cf87acee02f30175405e22a6622" "/opt/rustwide/cargo-home/bin/cargo" "+1.100.0-beta.1" "metadata" "--no-deps" "--format-version=1", kill_on_drop: false }`
[INFO] running `Command { std: "docker" "inspect" "d20b01ad9fcf141ab746810898cc58667e1f9cf87acee02f30175405e22a6622", kill_on_drop: false }`
[INFO] running `Command { std: "docker" "exec" "-e" "SOURCE_DIR=/opt/rustwide/workdir" "-e" "CARGO_HOME=/opt/rustwide/cargo-home" "-e" "RUSTUP_HOME=/opt/rustwide/rustup-home" "-e" "CARGO_TARGET_DIR=/opt/rustwide/target" "-e" "CARGO_INCREMENTAL=0" "-e" "RUST_BACKTRACE=full" "-e" "RUSTFLAGS=--cap-lints=warn" "-e" "RUSTDOCFLAGS=--cap-lints=warn" "-w" "/opt/rustwide/workdir" "--user" "0:0" "d20b01ad9fcf141ab746810898cc58667e1f9cf87acee02f30175405e22a6622" "/opt/rustwide/cargo-home/bin/cargo" "+1.100.0-beta.1" "build" "--frozen" "--message-format=json" "--release", kill_on_drop: false }`
[INFO] [stderr]    Compiling unicode-ident v1.0.27
[INFO] [stderr]    Compiling quote v1.0.47
[INFO] [stderr]    Compiling serde_core v1.0.229
[INFO] [stderr]    Compiling version_check v0.9.5
[INFO] [stderr]    Compiling serde v1.0.229
[INFO] [stderr]    Compiling libc v0.2.191
[INFO] [stderr]    Compiling typenum v1.20.1
[INFO] [stderr]    Compiling cfg-if v1.0.5
[INFO] [stderr]    Compiling subtle v2.4.1
[INFO] [stderr]    Compiling syn v1.0.109
[INFO] [stderr]    Compiling crunchy v0.2.4
[INFO] [stderr]    Compiling semver v1.0.28
[INFO] [stderr]    Compiling getrandom v0.1.16
[INFO] [stderr]    Compiling crossbeam-utils v0.8.23
[INFO] [stderr]    Compiling wasm-bindgen-shared v0.2.129
[INFO] [stderr]    Compiling proc-macro2 v1.0.107
[INFO] [stderr]    Compiling zerocopy v0.8.63
[INFO] [stderr]    Compiling crossbeam-epoch v0.9.21
[INFO] [stderr]    Compiling find-msvc-tools v0.1.14
[INFO] [stderr]    Compiling once_cell v1.21.4
[INFO] [stderr]    Compiling crossbeam-deque v0.8.8
[INFO] [stderr]    Compiling autocfg v1.5.1
[INFO] [stderr]    Compiling rustc_version v0.4.1
[INFO] [stderr]    Compiling rustversion v1.0.23
[INFO] [stderr]    Compiling cpufeatures v0.2.17
[INFO] [stderr]    Compiling block-padding v0.2.1
[INFO] [stderr]    Compiling generic-array v0.14.7
[INFO] [stderr]    Compiling ahash v0.7.8
[INFO] [stderr]    Compiling rayon-core v1.13.0
[INFO] [stderr]    Compiling hashbrown v0.17.1
[INFO] [stderr]    Compiling equivalent v1.0.3
[INFO] [stderr]    Compiling cmov v0.5.4
[INFO] [stderr]    Compiling either v1.19.0
[INFO] [stderr]    Compiling zmij v1.0.23
[INFO] [stderr]    Compiling feature-probe v0.1.1
[INFO] [stderr]    Compiling thiserror v1.0.69
[INFO] [stderr]    Compiling ctutils v0.4.3
[INFO] [stderr]    Compiling bv v0.11.1
[INFO] [stderr]    Compiling safecoin-frozen-abi-macro v1.14.17
[INFO] [stderr]    Compiling im v15.1.0
[INFO] [stderr]    Compiling serde_json v1.0.154
[INFO] [stderr]    Compiling winnow v0.5.40
[INFO] [stderr]    Compiling bumpalo v3.20.3
[INFO] [stderr]    Compiling toml_datetime v0.6.11
[INFO] [stderr]    Compiling anyhow v1.0.104
[INFO] [stderr]    Compiling syn v3.0.9
[INFO] [stderr]    Compiling syn v2.0.119
[INFO] [stderr]    Compiling hybrid-array v0.4.15
[INFO] [stderr]    Compiling bitmaps v2.1.0
[INFO] [stderr]    Compiling opaque-debug v0.3.1
[INFO] [stderr]    Compiling wasm-bindgen v0.2.129
[INFO] [stderr]    Compiling num-traits v0.2.19
[INFO] [stderr]    Compiling indexmap v2.14.2
[INFO] [stderr]    Compiling memoffset v0.6.5
[INFO] [stderr]    Compiling safecoin-frozen-abi v1.14.17
[INFO] [stderr]    Compiling jobserver v0.1.35
[INFO] [stderr]    Compiling crypto-common v0.2.2
[INFO] [stderr]    Compiling block-buffer v0.12.1
[INFO] [stderr]    Compiling byteorder v1.5.0
[INFO] [stderr]    Compiling memchr v2.8.3
[INFO] [stderr]    Compiling shlex v2.0.1
[INFO] [stderr]    Compiling cc v1.8.0
[INFO] [stderr]    Compiling rayon v1.12.0
[INFO] [stderr]    Compiling itoa v1.0.18
[INFO] [stderr]    Compiling sized-chunks v0.6.5
[INFO] [stderr]    Compiling toml_edit v0.19.15
[INFO] [stderr]    Compiling tinyvec v1.13.3
[INFO] [stderr]    Compiling arrayvec v0.7.8
[INFO] [stderr]    Compiling cpufeatures v0.3.1
[INFO] [stderr]    Compiling constant_time_eq v0.4.2
[INFO] [stderr]    Compiling digest v0.11.3
[INFO] [stderr]    Compiling unicode-normalization v0.1.26
[INFO] [stderr]    Compiling getrandom v0.2.17
[INFO] [stderr]    Compiling rand_core v0.6.4
[INFO] [stderr]    Compiling rand_core v0.5.1
[INFO] [stderr]    Compiling rand_xoshiro v0.6.0
[INFO] [stderr]    Compiling hashbrown v0.11.2
[INFO] [stderr]    Compiling hashbrown v0.12.3
[INFO] [stderr]    Compiling serde_bytes v0.11.19
[INFO] [stderr]    Compiling memmap2 v0.5.10
[INFO] [stderr]    Compiling log v0.4.34
[INFO] [stderr]    Compiling rustc-hash v1.1.0
[INFO] [stderr]    Compiling base64 v0.12.3
[INFO] [stderr]    Compiling bs58 v0.4.0
[INFO] [stderr]    Compiling arrayref v0.3.9
[INFO] [stderr]    Compiling lazy_static v1.5.1
[INFO] [stderr]    Compiling proc-macro-crate v1.3.1
[INFO] [stderr]    Compiling keccak v0.1.6
[INFO] [stderr]    Compiling itertools v0.10.5
[INFO] [stderr]    Compiling base64 v0.13.1
[INFO] [stderr]    Compiling blake3 v1.8.7
[INFO] [stderr]    Compiling safecoin-program v1.14.17
[INFO] [stderr]    Compiling thiserror-impl v1.0.69
[INFO] [stderr]    Compiling zeroize_derive v1.5.0
[INFO] [stderr]    Compiling wasm-bindgen-macro-support v0.2.129
[INFO] [stderr]    Compiling zeroize v1.3.0
[INFO] [stderr]    Compiling borsh-derive-internal v0.9.3
[INFO] [stderr]    Compiling serde_derive v1.0.229
[INFO] [stderr]    Compiling borsh-schema-derive-internal v0.9.3
[INFO] [stderr]    Compiling ppv-lite86 v0.2.21
[INFO] [stderr]    Compiling bytemuck_derive v1.12.1
[INFO] [stderr]    Compiling num-derive v0.3.3
[INFO] [stderr]    Compiling safecoin-sdk-macro v1.14.17
[INFO] [stderr]    Compiling num_enum_derive v0.5.11
[INFO] [stderr]    Compiling rand_chacha v0.2.2
[INFO] [stderr]    Compiling rand v0.7.3
[INFO] [stderr]    Compiling bytemuck v1.25.2
[INFO] [stderr]    Compiling num_enum v0.5.11
[INFO] [stderr]    Compiling bincode v1.3.3
[INFO] [stderr]    Compiling wasm-bindgen-macro v0.2.129
[INFO] [stderr]    Compiling toml v0.5.11
[INFO] [stderr]    Compiling digest v0.9.0
[INFO] [stderr]    Compiling crypto-mac v0.8.0
[INFO] [stderr]    Compiling block-buffer v0.10.4
[INFO] [stderr]    Compiling crypto-common v0.1.7
[INFO] [stderr]    Compiling block-buffer v0.9.0
[INFO] [stderr]    Compiling pbkdf2 v0.4.0
[INFO] [stderr]    Compiling hmac v0.8.1
[INFO] [stderr]    Compiling sha2 v0.9.9
[INFO] [stderr]    Compiling libsecp256k1-core v0.2.2
[INFO] [stderr]    Compiling curve25519-dalek v3.2.1
[INFO] [stderr]    Compiling digest v0.10.7
[INFO] [stderr]    Compiling hmac-drbg v0.3.0
[INFO] [stderr]    Compiling tiny-bip39 v0.8.2
[INFO] [stderr]    Compiling sha2 v0.10.9
[INFO] [stderr]    Compiling sha3 v0.10.9
[INFO] [stderr]    Compiling proc-macro-crate v0.1.5
[INFO] [stderr]    Compiling borsh-derive v0.9.3
[INFO] [stderr]    Compiling borsh v0.9.3
[INFO] [stderr]    Compiling libsecp256k1-gen-ecmult v0.2.1
[INFO] [stderr]    Compiling libsecp256k1-gen-genmult v0.2.1
[INFO] [stderr]    Compiling libsecp256k1 v0.6.0
[INFO] [stderr]    Compiling safe-token v3.5.1
[INFO] [stderr]    Compiling safe-feature-proposal v1.0.0 (/opt/rustwide/workdir)
[INFO] [stdout] error[E0433]: cannot find module or crate `safecoin_program` in this scope
[INFO] [stdout]  --> src/instruction.rs:5:5
[INFO] [stdout]   |
[INFO] [stdout] 5 | use safecoin_program::{
[INFO] [stdout]   |     ^^^^^^^^^^^^^^^^ use of unresolved module or unlinked crate `safecoin_program`
[INFO] [stdout]   |
[INFO] [stdout]   = help: if you wanted to use a crate named `safecoin_program`, use `cargo add safecoin_program` to add it to your `Cargo.toml`
[INFO] [stdout] 
[INFO] [stdout] 
[INFO] [stdout] error[E0433]: cannot find module or crate `safecoin_program` in this scope
[INFO] [stdout]  --> src/processor.rs:4:5
[INFO] [stdout]   |
[INFO] [stdout] 4 | use safecoin_program::{
[INFO] [stdout]   |     ^^^^^^^^^^^^^^^^ use of unresolved module or unlinked crate `safecoin_program`
[INFO] [stdout]   |
[INFO] [stdout]   = help: if you wanted to use a crate named `safecoin_program`, use `cargo add safecoin_program` to add it to your `Cargo.toml`
[INFO] [stdout] 
[INFO] [stdout] 
[INFO] [stdout] error[E0432]: unresolved import `safecoin_program`
[INFO] [stdout]  --> src/instruction.rs:5:5
[INFO] [stdout]   |
[INFO] [stdout] 5 | use safecoin_program::{
[INFO] [stdout]   |     ^^^^^^^^^^^^^^^^ use of unresolved module or unlinked crate `safecoin_program`
[INFO] [stdout]   |
[INFO] [stdout]   = help: if you wanted to use a crate named `safecoin_program`, use `cargo add safecoin_program` to add it to your `Cargo.toml`
[INFO] [stdout] 
[INFO] [stdout] 
[INFO] [stdout] error[E0433]: cannot find module or crate `safecoin_program` in this scope
[INFO] [stdout]  --> src/state.rs:3:5
[INFO] [stdout]   |
[INFO] [stdout] 3 | use safecoin_program::{
[INFO] [stdout]   |     ^^^^^^^^^^^^^^^^ use of unresolved module or unlinked crate `safecoin_program`
[INFO] [stdout]   |
[INFO] [stdout]   = help: if you wanted to use a crate named `safecoin_program`, use `cargo add safecoin_program` to add it to your `Cargo.toml`
[INFO] [stdout] 
[INFO] [stdout] 
[INFO] [stdout] error[E0432]: unresolved import `safecoin_program`
[INFO] [stdout]  --> src/processor.rs:4:5
[INFO] [stdout]   |
[INFO] [stdout] 4 | use safecoin_program::{
[INFO] [stdout]   |     ^^^^^^^^^^^^^^^^ use of unresolved module or unlinked crate `safecoin_program`
[INFO] [stdout]   |
[INFO] [stdout]   = help: if you wanted to use a crate named `safecoin_program`, use `cargo add safecoin_program` to add it to your `Cargo.toml`
[INFO] [stdout] 
[INFO] [stdout] 
[INFO] [stdout] error[E0432]: unresolved import `safecoin_program`
[INFO] [stdout]  --> src/state.rs:3:5
[INFO] [stdout]   |
[INFO] [stdout] 3 | use safecoin_program::{
[INFO] [stdout]   |     ^^^^^^^^^^^^^^^^ use of unresolved module or unlinked crate `safecoin_program`
[INFO] [stdout]   |
[INFO] [stdout]   = help: if you wanted to use a crate named `safecoin_program`, use `cargo add safecoin_program` to add it to your `Cargo.toml`
[INFO] [stdout] 
[INFO] [stdout] 
[INFO] [stdout] error[E0432]: unresolved import `safecoin_program`
[INFO] [stdout]   --> src/lib.rs:11:9
[INFO] [stdout]    |
[INFO] [stdout] 11 | pub use safecoin_program;
[INFO] [stdout]    |         ^^^^^^^^^^^^^^^^ no external crate `safecoin_program`
[INFO] [stdout] 
[INFO] [stdout] 
[INFO] [stdout] error[E0425]: cannot find function `id` in this scope
[INFO] [stdout]    --> src/instruction.rs:117:21
[INFO] [stdout]     |
[INFO] [stdout] 117 |         program_id: id(),
[INFO] [stdout]     |                     ^^ not found in this scope
[INFO] [stdout]     |
[INFO] [stdout] help: consider importing this function
[INFO] [stdout]     |
[INFO] [stdout]   3 + use std::process::id;
[INFO] [stdout]     |
[INFO] [stdout] 
[INFO] [stdout] 
[INFO] [stdout] error[E0425]: cannot find function `id` in this scope
[INFO] [stdout]    --> src/instruction.rs:143:21
[INFO] [stdout]     |
[INFO] [stdout] 143 |         program_id: id(),
[INFO] [stdout]     |                     ^^ not found in this scope
[INFO] [stdout]     |
[INFO] [stdout] help: consider importing this function
[INFO] [stdout]     |
[INFO] [stdout]   3 + use std::process::id;
[INFO] [stdout]     |
[INFO] [stdout] 
[INFO] [stdout] 
[INFO] [stdout] error[E0425]: cannot find function `id` in this scope
[INFO] [stdout]   --> src/lib.rs:17:86
[INFO] [stdout]    |
[INFO] [stdout] 17 |     Pubkey::find_program_address(&[&feature_proposal_address.to_bytes(), br"mint"], &id())
[INFO] [stdout]    |                                                                                      ^^ not found in this scope
[INFO] [stdout]    |
[INFO] [stdout] help: consider importing this function
[INFO] [stdout]    |
[INFO] [stdout] 11 + use std::process::id;
[INFO] [stdout]    |
[INFO] [stdout] 
[INFO] [stdout] 
[INFO] [stdout] error[E0425]: cannot find function `id` in this scope
[INFO] [stdout]   --> src/lib.rs:25:10
[INFO] [stdout]    |
[INFO] [stdout] 25 |         &id(),
[INFO] [stdout]    |          ^^ not found in this scope
[INFO] [stdout]    |
[INFO] [stdout] help: consider importing this function
[INFO] [stdout]    |
[INFO] [stdout] 11 + use std::process::id;
[INFO] [stdout]    |
[INFO] [stdout] 
[INFO] [stdout] 
[INFO] [stdout] error[E0425]: cannot find function `id` in this scope
[INFO] [stdout]   --> src/lib.rs:34:10
[INFO] [stdout]    |
[INFO] [stdout] 34 |         &id(),
[INFO] [stdout]    |          ^^ not found in this scope
[INFO] [stdout]    |
[INFO] [stdout] help: consider importing this function
[INFO] [stdout]    |
[INFO] [stdout] 11 + use std::process::id;
[INFO] [stdout]    |
[INFO] [stdout] 
[INFO] [stdout] 
[INFO] [stdout] error[E0425]: cannot find function `id` in this scope
[INFO] [stdout]   --> src/lib.rs:41:10
[INFO] [stdout]    |
[INFO] [stdout] 41 |         &id(),
[INFO] [stdout]    |          ^^ not found in this scope
[INFO] [stdout]    |
[INFO] [stdout] help: consider importing this function
[INFO] [stdout]    |
[INFO] [stdout] 11 + use std::process::id;
[INFO] [stdout]    |
[INFO] [stdout] 
[INFO] [stdout] 
[INFO] [stdout] Some errors have detailed explanations: E0425, E0432, E0433.
[INFO] [stdout] 
[INFO] [stdout] For more information about an error, try `rustc --explain E0425`.
[INFO] [stdout] 
[INFO] [stderr] error: could not compile `safe-feature-proposal` (lib) due to 13 previous errors
[INFO] running `Command { std: "docker" "inspect" "d20b01ad9fcf141ab746810898cc58667e1f9cf87acee02f30175405e22a6622", kill_on_drop: false }`
[INFO] running `Command { std: "docker" "rm" "-f" "d20b01ad9fcf141ab746810898cc58667e1f9cf87acee02f30175405e22a6622", kill_on_drop: false }`
[INFO] [stdout] d20b01ad9fcf141ab746810898cc58667e1f9cf87acee02f30175405e22a6622
