[INFO] fetching crate sabry_intrnl 0.0.7...
[INFO] testing sabry_intrnl-0.0.7 against 1.99.0-beta.8+cargoflags=--release for beta-release-1.100-2
[INFO] extracting crate sabry_intrnl 0.0.7 into /workspace/builds/worker-2-tc1/source
[INFO] started tweaking crates.io crate sabry_intrnl 0.0.7
[INFO] finished tweaking crates.io crate sabry_intrnl 0.0.7
[INFO] tweaked toml for crates.io crate sabry_intrnl 0.0.7 written to /workspace/builds/worker-2-tc1/source/Cargo.toml
[INFO] validating manifest of crates.io crate sabry_intrnl 0.0.7 on toolchain 1.99.0-beta.8
[INFO] running `Command { std: CARGO_HOME="/workspace/cargo-home" RUSTUP_HOME="/workspace/rustup-home" "/workspace/cargo-home/bin/cargo" "+1.99.0-beta.8" "metadata" "--manifest-path" "Cargo.toml" "--no-deps", kill_on_drop: false }`
[INFO] crate crates.io crate sabry_intrnl 0.0.7 already has a lockfile, it will not be regenerated
[INFO] running `Command { std: CARGO_HOME="/workspace/cargo-home" RUSTUP_HOME="/workspace/rustup-home" "/workspace/cargo-home/bin/cargo" "+1.99.0-beta.8" "fetch" "--manifest-path" "Cargo.toml", kill_on_drop: false }`
[INFO] [stderr]     Updating crates.io index
[INFO] [stderr]  Downloading crates ...
[INFO] [stderr]   Downloaded grass v0.13.4
[INFO] [stderr]   Downloaded raffia v0.13.0
[INFO] [stderr]   Downloaded raffia_macro v0.2.0
[INFO] [stderr]   Downloaded codemap v0.1.3
[INFO] [stderr]   Downloaded lasso v0.7.3
[INFO] [stderr]   Downloaded grass_compiler v0.13.4
[INFO] running `Command { std: "docker" "create" "-v" "/var/lib/crater-agent-workspace/builds/worker-2-tc1/source:/opt/rustwide/workdir:ro,Z" "-v" "/var/lib/crater-agent-workspace/builds/worker-2-tc1/target:/opt/rustwide/target:rw,Z" "-v" "/var/lib/crater-agent-workspace/cargo-home:/opt/rustwide/cargo-home:ro,Z" "-v" "/var/lib/crater-agent-workspace/rustup-home:/opt/rustwide/rustup-home:ro,Z" "-m" "1610612736" "--network" "none" "ghcr.io/rust-lang/crates-build-env/linux@sha256:77db811e55d90add9212f6832c23229e3de5f1c1f9905e8cb07319ea15df73ac" "sleep" "infinity", kill_on_drop: false }`
[INFO] [stdout] caf512731d93a0d824ee2c46e1fa0cfed64e6c233a9ba950e47c5d030b3703b5
[INFO] running `Command { std: "docker" "start" "caf512731d93a0d824ee2c46e1fa0cfed64e6c233a9ba950e47c5d030b3703b5", kill_on_drop: false }`
[INFO] running `Command { std: "docker" "inspect" "caf512731d93a0d824ee2c46e1fa0cfed64e6c233a9ba950e47c5d030b3703b5", kill_on_drop: false }`
[INFO] running `Command { std: "docker" "exec" "-e" "SOURCE_DIR=/opt/rustwide/workdir" "-e" "CARGO_HOME=/opt/rustwide/cargo-home" "-e" "RUSTUP_HOME=/opt/rustwide/rustup-home" "-e" "CARGO_TARGET_DIR=/opt/rustwide/target" "-w" "/opt/rustwide/workdir" "--user" "0:0" "caf512731d93a0d824ee2c46e1fa0cfed64e6c233a9ba950e47c5d030b3703b5" "/opt/rustwide/cargo-home/bin/cargo" "+1.99.0-beta.8" "metadata" "--no-deps" "--format-version=1", kill_on_drop: false }`
[INFO] running `Command { std: "docker" "inspect" "caf512731d93a0d824ee2c46e1fa0cfed64e6c233a9ba950e47c5d030b3703b5", kill_on_drop: false }`
[INFO] running `Command { std: "docker" "exec" "-e" "SOURCE_DIR=/opt/rustwide/workdir" "-e" "CARGO_HOME=/opt/rustwide/cargo-home" "-e" "RUSTUP_HOME=/opt/rustwide/rustup-home" "-e" "CARGO_TARGET_DIR=/opt/rustwide/target" "-e" "CARGO_INCREMENTAL=0" "-e" "RUST_BACKTRACE=full" "-e" "RUSTFLAGS=--cap-lints=warn" "-e" "RUSTDOCFLAGS=--cap-lints=warn" "-w" "/opt/rustwide/workdir" "--user" "0:0" "caf512731d93a0d824ee2c46e1fa0cfed64e6c233a9ba950e47c5d030b3703b5" "/opt/rustwide/cargo-home/bin/cargo" "+1.99.0-beta.8" "build" "--frozen" "--message-format=json" "--release", kill_on_drop: false }`
[INFO] [stderr]    Compiling unicode-ident v1.0.26
[INFO] [stderr]    Compiling thiserror v2.0.21
[INFO] [stderr]    Compiling smallvec v1.16.2
[INFO] [stderr]    Compiling toml_datetime v1.1.1+spec-1.1.0
[INFO] [stderr]    Compiling serde_spanned v1.1.1
[INFO] [stderr]    Compiling proc-macro2 v1.0.107
[INFO] [stderr]    Compiling toml v1.1.6+spec-1.1.0
[INFO] [stderr]    Compiling quote v1.0.47
[INFO] [stderr]    Compiling syn v3.0.6
[INFO] [stderr]    Compiling syn v2.0.119
[INFO] [stderr]    Compiling raffia_macro v0.2.0
[INFO] [stderr]    Compiling raffia v0.13.0
[INFO] [stderr]    Compiling serde_derive v1.0.229
[INFO] [stderr]    Compiling thiserror-impl v2.0.21
[INFO] [stderr]    Compiling serde v1.0.229
[INFO] [stderr]    Compiling sabry_intrnl v0.0.7 (/opt/rustwide/workdir)
[INFO] [stderr]     Finished `release` profile [optimized] target(s) in 28.27s
[INFO] running `Command { std: "docker" "inspect" "caf512731d93a0d824ee2c46e1fa0cfed64e6c233a9ba950e47c5d030b3703b5", kill_on_drop: false }`
[INFO] running `Command { std: "docker" "exec" "-e" "SOURCE_DIR=/opt/rustwide/workdir" "-e" "CARGO_HOME=/opt/rustwide/cargo-home" "-e" "RUSTUP_HOME=/opt/rustwide/rustup-home" "-e" "CARGO_TARGET_DIR=/opt/rustwide/target" "-e" "CARGO_INCREMENTAL=0" "-e" "RUST_BACKTRACE=full" "-e" "RUSTFLAGS=--cap-lints=warn" "-e" "RUSTDOCFLAGS=--cap-lints=warn" "-w" "/opt/rustwide/workdir" "--user" "0:0" "caf512731d93a0d824ee2c46e1fa0cfed64e6c233a9ba950e47c5d030b3703b5" "/opt/rustwide/cargo-home/bin/cargo" "+1.99.0-beta.8" "test" "--frozen" "--no-run" "--message-format=json" "--release", kill_on_drop: false }`
[INFO] [stderr]    Compiling sabry_intrnl v0.0.7 (/opt/rustwide/workdir)
[INFO] [stdout] error[E0599]: no associated function or constant named `new` found for struct `ScopeHash` in the current scope
[INFO] [stdout]   --> src/scoper/hash.rs:83:32
[INFO] [stdout]    |
[INFO] [stdout]  3 | pub struct ScopeHash(String);
[INFO] [stdout]    | -------------------- associated function or constant `new` not found for this struct
[INFO] [stdout] ...
[INFO] [stdout] 83 |         let hash1 = ScopeHash::new(&scope1, &SabryHashConfig::default());
[INFO] [stdout]    |                                ^^^ associated function or constant not found in `ScopeHash`
[INFO] [stdout]    |
[INFO] [stdout] note: if you're trying to build a new `ScopeHash`, consider using `ScopeHash::test_init` which returns `ScopeHash`
[INFO] [stdout]   --> src/scoper/hash.rs:58:5
[INFO] [stdout]    |
[INFO] [stdout] 58 |     pub fn test_init(v: String) -> Self {
[INFO] [stdout]    |     ^^^^^^^^^^^^^^^^^^^^^^^^^^^^^^^^^^^
[INFO] [stdout] help: there is a method `ne` with a similar name, but with different arguments
[INFO] [stdout]   --> /rustc/dfb0accb7f508ae8be965d8629557221c889dd98/library/core/src/cmp.rs:275:4
[INFO] [stdout] 
[INFO] [stdout] 
[INFO] [stdout] error[E0599]: no associated function or constant named `new` found for struct `ScopeHash` in the current scope
[INFO] [stdout]   --> src/scoper/hash.rs:91:32
[INFO] [stdout]    |
[INFO] [stdout]  3 | pub struct ScopeHash(String);
[INFO] [stdout]    | -------------------- associated function or constant `new` not found for this struct
[INFO] [stdout] ...
[INFO] [stdout] 91 |         let hash2 = ScopeHash::new(&scope2, &SabryHashConfig::default());
[INFO] [stdout]    |                                ^^^ associated function or constant not found in `ScopeHash`
[INFO] [stdout]    |
[INFO] [stdout] note: if you're trying to build a new `ScopeHash`, consider using `ScopeHash::test_init` which returns `ScopeHash`
[INFO] [stdout]   --> src/scoper/hash.rs:58:5
[INFO] [stdout]    |
[INFO] [stdout] 58 |     pub fn test_init(v: String) -> Self {
[INFO] [stdout]    |     ^^^^^^^^^^^^^^^^^^^^^^^^^^^^^^^^^^^
[INFO] [stdout] help: there is a method `ne` with a similar name, but with different arguments
[INFO] [stdout]   --> /rustc/dfb0accb7f508ae8be965d8629557221c889dd98/library/core/src/cmp.rs:275:4
[INFO] [stdout] 
[INFO] [stdout] 
[INFO] [stdout] error[E0599]: no method named `hashed` found for struct `ArbitraryScope<'s>` in the current scope
[INFO] [stdout]    --> src/scoper/mod.rs:503:10
[INFO] [stdout]     |
[INFO] [stdout]  30 |   pub struct ArbitraryScope<'s> {
[INFO] [stdout]     |   ----------------------------- method `hashed` not found for this struct
[INFO] [stdout] ...
[INFO] [stdout] 497 |           let scope = ArbitraryScope::from_source(
[INFO] [stdout]     |  _____________________-
[INFO] [stdout] 498 | |             OneSyntaxToRuleThemAll::Scss,
[INFO] [stdout] 499 | |             syn::parse_str::<Ident>("scope2oiej").unwrap(),
[INFO] [stdout] 500 | |             code,
[INFO] [stdout] 501 | |         )
[INFO] [stdout] 502 | |         .unwrap()
[INFO] [stdout] 503 | |         .hashed(&hash_cfg)
[INFO] [stdout]     | |         -^^^^^^ method not found in `ArbitraryScope<'_>`
[INFO] [stdout]     | |_________|
[INFO] [stdout]     |
[INFO] [stdout] 
[INFO] [stdout] 
[INFO] [stdout] For more information about this error, try `rustc --explain E0599`.
[INFO] [stdout] 
[INFO] [stderr] error: could not compile `sabry_intrnl` (lib test) due to 3 previous errors
[INFO] running `Command { std: "docker" "inspect" "caf512731d93a0d824ee2c46e1fa0cfed64e6c233a9ba950e47c5d030b3703b5", kill_on_drop: false }`
[INFO] running `Command { std: "docker" "rm" "-f" "caf512731d93a0d824ee2c46e1fa0cfed64e6c233a9ba950e47c5d030b3703b5", kill_on_drop: false }`
[INFO] [stdout] caf512731d93a0d824ee2c46e1fa0cfed64e6c233a9ba950e47c5d030b3703b5
