[INFO] fetching crate s2n-tls-tokio 0.3.45...
[INFO] testing s2n-tls-tokio-0.3.45 against 1.99.0-beta.8+cargoflags=--release for beta-release-1.100-2
[INFO] extracting crate s2n-tls-tokio 0.3.45 into /workspace/builds/worker-1-tc1/source
[INFO] started tweaking crates.io crate s2n-tls-tokio 0.3.45
[INFO] removed 0 missing tests
[INFO] finished tweaking crates.io crate s2n-tls-tokio 0.3.45
[INFO] tweaked toml for crates.io crate s2n-tls-tokio 0.3.45 written to /workspace/builds/worker-1-tc1/source/Cargo.toml
[INFO] validating manifest of crates.io crate s2n-tls-tokio 0.3.45 on toolchain 1.99.0-beta.8
[INFO] running `Command { std: CARGO_HOME="/workspace/cargo-home" RUSTUP_HOME="/workspace/rustup-home" "/workspace/cargo-home/bin/cargo" "+1.99.0-beta.8" "metadata" "--manifest-path" "Cargo.toml" "--no-deps", kill_on_drop: false }`
[INFO] crate crates.io crate s2n-tls-tokio 0.3.45 already has a lockfile, it will not be regenerated
[INFO] running `Command { std: CARGO_HOME="/workspace/cargo-home" RUSTUP_HOME="/workspace/rustup-home" "/workspace/cargo-home/bin/cargo" "+1.99.0-beta.8" "fetch" "--manifest-path" "Cargo.toml", kill_on_drop: false }`
[INFO] [stderr]     Updating crates.io index
[INFO] [stderr]  Downloading crates ...
[INFO] [stderr]   Downloaded s2n-tls v0.3.45
[INFO] [stderr]   Downloaded s2n-tls-sys v0.3.45
[INFO] running `Command { std: "docker" "create" "-v" "/var/lib/crater-agent-workspace/builds/worker-1-tc1/source:/opt/rustwide/workdir:ro,Z" "-v" "/var/lib/crater-agent-workspace/builds/worker-1-tc1/target:/opt/rustwide/target:rw,Z" "-v" "/var/lib/crater-agent-workspace/cargo-home:/opt/rustwide/cargo-home:ro,Z" "-v" "/var/lib/crater-agent-workspace/rustup-home:/opt/rustwide/rustup-home:ro,Z" "-m" "1610612736" "--network" "none" "ghcr.io/rust-lang/crates-build-env/linux@sha256:77db811e55d90add9212f6832c23229e3de5f1c1f9905e8cb07319ea15df73ac" "sleep" "infinity", kill_on_drop: false }`
[INFO] [stdout] b16a82dce460bcbb03478e9a7565e0e0f65f3ba8b58d0ad8594d555ddb24993c
[INFO] running `Command { std: "docker" "start" "b16a82dce460bcbb03478e9a7565e0e0f65f3ba8b58d0ad8594d555ddb24993c", kill_on_drop: false }`
[INFO] running `Command { std: "docker" "inspect" "b16a82dce460bcbb03478e9a7565e0e0f65f3ba8b58d0ad8594d555ddb24993c", kill_on_drop: false }`
[INFO] running `Command { std: "docker" "exec" "-e" "SOURCE_DIR=/opt/rustwide/workdir" "-e" "CARGO_HOME=/opt/rustwide/cargo-home" "-e" "RUSTUP_HOME=/opt/rustwide/rustup-home" "-e" "CARGO_TARGET_DIR=/opt/rustwide/target" "-w" "/opt/rustwide/workdir" "--user" "0:0" "b16a82dce460bcbb03478e9a7565e0e0f65f3ba8b58d0ad8594d555ddb24993c" "/opt/rustwide/cargo-home/bin/cargo" "+1.99.0-beta.8" "metadata" "--no-deps" "--format-version=1", kill_on_drop: false }`
[INFO] running `Command { std: "docker" "inspect" "b16a82dce460bcbb03478e9a7565e0e0f65f3ba8b58d0ad8594d555ddb24993c", kill_on_drop: false }`
[INFO] running `Command { std: "docker" "exec" "-e" "SOURCE_DIR=/opt/rustwide/workdir" "-e" "CARGO_HOME=/opt/rustwide/cargo-home" "-e" "RUSTUP_HOME=/opt/rustwide/rustup-home" "-e" "CARGO_TARGET_DIR=/opt/rustwide/target" "-e" "CARGO_INCREMENTAL=0" "-e" "RUST_BACKTRACE=full" "-e" "RUSTFLAGS=--cap-lints=warn" "-e" "RUSTDOCFLAGS=--cap-lints=warn" "-w" "/opt/rustwide/workdir" "--user" "0:0" "b16a82dce460bcbb03478e9a7565e0e0f65f3ba8b58d0ad8594d555ddb24993c" "/opt/rustwide/cargo-home/bin/cargo" "+1.99.0-beta.8" "build" "--frozen" "--message-format=json" "--release", kill_on_drop: false }`
[INFO] [stderr]    Compiling aws-lc-sys v0.38.0
[INFO] [stderr]    Compiling aws-lc-rs v1.16.1
[INFO] [stderr]    Compiling s2n-tls v0.3.45
[INFO] [stderr]    Compiling s2n-tls-sys v0.3.45
[INFO] [stderr]    Compiling tokio v1.50.0
[INFO] [stderr]    Compiling s2n-tls-tokio v0.3.45 (/opt/rustwide/workdir)
[INFO] [stdout] warning: struct `Contract` is never constructed
[INFO] [stdout]   --> src/task/waker/contract.rs:12:12
[INFO] [stdout]    |
[INFO] [stdout] 12 | pub struct Contract {
[INFO] [stdout]    |            ^^^^^^^^
[INFO] [stdout]    |
[INFO] [stdout]    = note: `#[warn(dead_code)]` (part of `#[warn(unused)]`) on by default
[INFO] [stdout] 
[INFO] [stdout] 
[INFO] [stdout] warning: struct `State` is never constructed
[INFO] [stdout]   --> src/task/waker/contract.rs:17:8
[INFO] [stdout]    |
[INFO] [stdout] 17 | struct State {
[INFO] [stdout]    |        ^^^^^
[INFO] [stdout] 
[INFO] [stdout] 
[INFO] [stdout] warning: associated items `new`, `context`, and `check_outcome` are never used
[INFO] [stdout]   --> src/task/waker/contract.rs:38:12
[INFO] [stdout]    |
[INFO] [stdout] 35 | impl Contract {
[INFO] [stdout]    | ------------- associated items in this implementation
[INFO] [stdout] ...
[INFO] [stdout] 38 |     pub fn new(cx: &mut Context) -> Self {
[INFO] [stdout]    |            ^^^
[INFO] [stdout] ...
[INFO] [stdout] 50 |     pub fn context(&self) -> Context<'_> {
[INFO] [stdout]    |            ^^^^^^^
[INFO] [stdout] ...
[INFO] [stdout] 57 |     pub fn check_outcome<T>(self, outcome: &Poll<T>) {
[INFO] [stdout]    |            ^^^^^^^^^^^^^
[INFO] [stdout] 
[INFO] [stdout] 
[INFO] [stdout] warning: function `assert_contract` is never used
[INFO] [stdout]   --> src/task/waker/contract.rs:79:8
[INFO] [stdout]    |
[INFO] [stdout] 79 | pub fn assert_contract<F: FnOnce(&mut Context) -> Poll<R>, R>(cx: &mut Context, f: F) -> Poll<R> {
[INFO] [stdout]    |        ^^^^^^^^^^^^^^^
[INFO] [stdout] 
[INFO] [stdout] 
[INFO] [stderr]     Finished `release` profile [optimized] target(s) in 1m 38s
[INFO] running `Command { std: "docker" "inspect" "b16a82dce460bcbb03478e9a7565e0e0f65f3ba8b58d0ad8594d555ddb24993c", kill_on_drop: false }`
[INFO] running `Command { std: "docker" "exec" "-e" "SOURCE_DIR=/opt/rustwide/workdir" "-e" "CARGO_HOME=/opt/rustwide/cargo-home" "-e" "RUSTUP_HOME=/opt/rustwide/rustup-home" "-e" "CARGO_TARGET_DIR=/opt/rustwide/target" "-e" "CARGO_INCREMENTAL=0" "-e" "RUST_BACKTRACE=full" "-e" "RUSTFLAGS=--cap-lints=warn" "-e" "RUSTDOCFLAGS=--cap-lints=warn" "-w" "/opt/rustwide/workdir" "--user" "0:0" "b16a82dce460bcbb03478e9a7565e0e0f65f3ba8b58d0ad8594d555ddb24993c" "/opt/rustwide/cargo-home/bin/cargo" "+1.99.0-beta.8" "test" "--frozen" "--no-run" "--message-format=json" "--release", kill_on_drop: false }`
[INFO] [stderr]    Compiling zerocopy v0.8.40
[INFO] [stderr]    Compiling tokio-macros v2.6.1
[INFO] [stderr]    Compiling tokio v1.50.0
[INFO] [stderr]    Compiling ppv-lite86 v0.2.21
[INFO] [stderr]    Compiling rand_chacha v0.9.0
[INFO] [stderr]    Compiling rand v0.9.2
[INFO] [stderr]    Compiling s2n-tls-tokio v0.3.45 (/opt/rustwide/workdir)
[INFO] [stdout] warning: struct `Contract` is never constructed
[INFO] [stdout]   --> src/task/waker/contract.rs:12:12
[INFO] [stdout]    |
[INFO] [stdout] 12 | pub struct Contract {
[INFO] [stdout]    |            ^^^^^^^^
[INFO] [stdout]    |
[INFO] [stdout]    = note: `#[warn(dead_code)]` (part of `#[warn(unused)]`) on by default
[INFO] [stdout] 
[INFO] [stdout] 
[INFO] [stdout] warning: struct `State` is never constructed
[INFO] [stdout]   --> src/task/waker/contract.rs:17:8
[INFO] [stdout]    |
[INFO] [stdout] 17 | struct State {
[INFO] [stdout]    |        ^^^^^
[INFO] [stdout] 
[INFO] [stdout] 
[INFO] [stdout] warning: associated items `new`, `context`, and `check_outcome` are never used
[INFO] [stdout]   --> src/task/waker/contract.rs:38:12
[INFO] [stdout]    |
[INFO] [stdout] 35 | impl Contract {
[INFO] [stdout]    | ------------- associated items in this implementation
[INFO] [stdout] ...
[INFO] [stdout] 38 |     pub fn new(cx: &mut Context) -> Self {
[INFO] [stdout]    |            ^^^
[INFO] [stdout] ...
[INFO] [stdout] 50 |     pub fn context(&self) -> Context<'_> {
[INFO] [stdout]    |            ^^^^^^^
[INFO] [stdout] ...
[INFO] [stdout] 57 |     pub fn check_outcome<T>(self, outcome: &Poll<T>) {
[INFO] [stdout]    |            ^^^^^^^^^^^^^
[INFO] [stdout] 
[INFO] [stdout] 
[INFO] [stdout] warning: function `assert_contract` is never used
[INFO] [stdout]   --> src/task/waker/contract.rs:79:8
[INFO] [stdout]    |
[INFO] [stdout] 79 | pub fn assert_contract<F: FnOnce(&mut Context) -> Poll<R>, R>(cx: &mut Context, f: F) -> Poll<R> {
[INFO] [stdout]    |        ^^^^^^^^^^^^^^^
[INFO] [stdout] 
[INFO] [stdout] 
[INFO] [stdout] error: couldn't read `/opt/rustwide/workdir/../certs/cert.pem`: No such file or directory (os error 2)
[INFO] [stdout]   --> tests/common/mod.rs:24:5
[INFO] [stdout]    |
[INFO] [stdout] 24 |     include_bytes!(concat!(env!("CARGO_MANIFEST_DIR"), "/../certs/cert.pem"));
[INFO] [stdout]    |     ^^^^^^^^^^^^^^^^^^^^^^^^^^^^^^^^^^^^^^^^^^^^^^^^^^^^^^^^^^^^^^^^^^^^^^^^^
[INFO] [stdout] 
[INFO] [stdout] 
[INFO] [stdout] error: couldn't read `/opt/rustwide/workdir/../certs/key.pem`: No such file or directory (os error 2)
[INFO] [stdout]   --> tests/common/mod.rs:26:5
[INFO] [stdout]    |
[INFO] [stdout] 26 |     include_bytes!(concat!(env!("CARGO_MANIFEST_DIR"), "/../certs/key.pem"));
[INFO] [stdout]    |     ^^^^^^^^^^^^^^^^^^^^^^^^^^^^^^^^^^^^^^^^^^^^^^^^^^^^^^^^^^^^^^^^^^^^^^^^
[INFO] [stdout] 
[INFO] [stdout] 
[INFO] [stdout] error: couldn't read `/opt/rustwide/workdir/../certs/cert_rsa.pem`: No such file or directory (os error 2)
[INFO] [stdout]   --> tests/common/mod.rs:27:34
[INFO] [stdout]    |
[INFO] [stdout] 27 |   pub static RSA_CERT_PEM: &[u8] = include_bytes!(concat!(
[INFO] [stdout]    |  __________________________________^
[INFO] [stdout] 28 | |     env!("CARGO_MANIFEST_DIR"),
[INFO] [stdout] 29 | |     "/../certs/cert_rsa.pem"
[INFO] [stdout] 30 | | ));
[INFO] [stdout]    | |__^
[INFO] [stdout] 
[INFO] [stdout] 
[INFO] [stdout] error: couldn't read `/opt/rustwide/workdir/../certs/key_rsa.pem`: No such file or directory (os error 2)
[INFO] [stdout]   --> tests/common/mod.rs:32:5
[INFO] [stdout]    |
[INFO] [stdout] 32 |     include_bytes!(concat!(env!("CARGO_MANIFEST_DIR"), "/../certs/key_rsa.pem"));
[INFO] [stdout]    |     ^^^^^^^^^^^^^^^^^^^^^^^^^^^^^^^^^^^^^^^^^^^^^^^^^^^^^^^^^^^^^^^^^^^^^^^^^^^^
[INFO] [stdout] 
[INFO] [stdout] 
[INFO] [stdout] error: couldn't read `/opt/rustwide/workdir/../certs/cert.pem`: No such file or directory (os error 2)
[INFO] [stdout]   --> tests/common/mod.rs:24:5
[INFO] [stdout]    |
[INFO] [stdout] 24 |     include_bytes!(concat!(env!("CARGO_MANIFEST_DIR"), "/../certs/cert.pem"));
[INFO] [stdout]    |     ^^^^^^^^^^^^^^^^^^^^^^^^^^^^^^^^^^^^^^^^^^^^^^^^^^^^^^^^^^^^^^^^^^^^^^^^^
[INFO] [stdout] 
[INFO] [stdout] 
[INFO] [stdout] error: couldn't read `/opt/rustwide/workdir/../certs/key.pem`: No such file or directory (os error 2)
[INFO] [stdout]   --> tests/common/mod.rs:26:5
[INFO] [stdout]    |
[INFO] [stdout] 26 |     include_bytes!(concat!(env!("CARGO_MANIFEST_DIR"), "/../certs/key.pem"));
[INFO] [stdout]    |     ^^^^^^^^^^^^^^^^^^^^^^^^^^^^^^^^^^^^^^^^^^^^^^^^^^^^^^^^^^^^^^^^^^^^^^^^
[INFO] [stdout] 
[INFO] [stdout] 
[INFO] [stdout] error: couldn't read `/opt/rustwide/workdir/../certs/cert_rsa.pem`: No such file or directory (os error 2)
[INFO] [stdout]   --> tests/common/mod.rs:27:34
[INFO] [stdout]    |
[INFO] [stdout] 27 |   pub static RSA_CERT_PEM: &[u8] = include_bytes!(concat!(
[INFO] [stdout]    |  __________________________________^
[INFO] [stdout] 28 | |     env!("CARGO_MANIFEST_DIR"),
[INFO] [stdout] 29 | |     "/../certs/cert_rsa.pem"
[INFO] [stdout] 30 | | ));
[INFO] [stdout]    | |__^
[INFO] [stdout] 
[INFO] [stdout] 
[INFO] [stdout] error: couldn't read `/opt/rustwide/workdir/../certs/key_rsa.pem`: No such file or directory (os error 2)
[INFO] [stdout]   --> tests/common/mod.rs:32:5
[INFO] [stdout]    |
[INFO] [stdout] 32 |     include_bytes!(concat!(env!("CARGO_MANIFEST_DIR"), "/../certs/key_rsa.pem"));
[INFO] [stdout]    |     ^^^^^^^^^^^^^^^^^^^^^^^^^^^^^^^^^^^^^^^^^^^^^^^^^^^^^^^^^^^^^^^^^^^^^^^^^^^^
[INFO] [stdout] 
[INFO] [stdout] 
[INFO] [stdout] error: couldn't read `/opt/rustwide/workdir/../certs/cert.pem`: No such file or directory (os error 2)
[INFO] [stdout]   --> tests/common/mod.rs:24:5
[INFO] [stdout]    |
[INFO] [stdout] 24 |     include_bytes!(concat!(env!("CARGO_MANIFEST_DIR"), "/../certs/cert.pem"));
[INFO] [stdout]    |     ^^^^^^^^^^^^^^^^^^^^^^^^^^^^^^^^^^^^^^^^^^^^^^^^^^^^^^^^^^^^^^^^^^^^^^^^^
[INFO] [stdout] 
[INFO] [stdout] 
[INFO] [stdout] error: couldn't read `/opt/rustwide/workdir/../certs/key.pem`: No such file or directory (os error 2)
[INFO] [stdout]   --> tests/common/mod.rs:26:5
[INFO] [stdout]    |
[INFO] [stdout] 26 |     include_bytes!(concat!(env!("CARGO_MANIFEST_DIR"), "/../certs/key.pem"));
[INFO] [stdout]    |     ^^^^^^^^^^^^^^^^^^^^^^^^^^^^^^^^^^^^^^^^^^^^^^^^^^^^^^^^^^^^^^^^^^^^^^^^
[INFO] [stdout] 
[INFO] [stdout] 
[INFO] [stdout] error: couldn't read `/opt/rustwide/workdir/../certs/cert_rsa.pem`: No such file or directory (os error 2)
[INFO] [stdout]   --> tests/common/mod.rs:27:34
[INFO] [stdout]    |
[INFO] [stdout] 27 |   pub static RSA_CERT_PEM: &[u8] = include_bytes!(concat!(
[INFO] [stdout]    |  __________________________________^
[INFO] [stdout] 28 | |     env!("CARGO_MANIFEST_DIR"),
[INFO] [stdout] 29 | |     "/../certs/cert_rsa.pem"
[INFO] [stdout] 30 | | ));
[INFO] [stdout]    | |__^
[INFO] [stdout] 
[INFO] [stdout] 
[INFO] [stdout] error: couldn't read `/opt/rustwide/workdir/../certs/key_rsa.pem`: No such file or directory (os error 2)
[INFO] [stdout]   --> tests/common/mod.rs:32:5
[INFO] [stdout]    |
[INFO] [stdout] 32 |     include_bytes!(concat!(env!("CARGO_MANIFEST_DIR"), "/../certs/key_rsa.pem"));
[INFO] [stdout]    |     ^^^^^^^^^^^^^^^^^^^^^^^^^^^^^^^^^^^^^^^^^^^^^^^^^^^^^^^^^^^^^^^^^^^^^^^^^^^^
[INFO] [stdout] 
[INFO] [stdout] 
[INFO] [stdout] error: couldn't read `/opt/rustwide/workdir/../certs/cert.pem`: No such file or directory (os error 2)
[INFO] [stdout]   --> tests/common/mod.rs:24:5
[INFO] [stdout]    |
[INFO] [stdout] 24 |     include_bytes!(concat!(env!("CARGO_MANIFEST_DIR"), "/../certs/cert.pem"));
[INFO] [stdout]    |     ^^^^^^^^^^^^^^^^^^^^^^^^^^^^^^^^^^^^^^^^^^^^^^^^^^^^^^^^^^^^^^^^^^^^^^^^^
[INFO] [stdout] 
[INFO] [stdout] 
[INFO] [stdout] error[E0432]: unresolved import `s2n_tls::security::TESTING_TLS12`
[INFO] [stdout]    --> tests/common/mod.rs:8:31
[INFO] [stdout]     |
[INFO] [stdout]   8 |     security::{DEFAULT_TLS13, TESTING_TLS12},
[INFO] [stdout]     |                               ^^^^^^^^^^^^^ no `TESTING_TLS12` in `security`
[INFO] [stdout]     |
[INFO] [stdout] note: found an item that was configured out
[INFO] [stdout]    --> /opt/rustwide/cargo-home/registry/src/index.crates.io-1949cf8c6b5b557f/s2n-tls-0.3.45/src/security.rs:109:11
[INFO] [stdout]     |
[INFO] [stdout] 108 | #[cfg(any(feature = "unstable-testing", test))]
[INFO] [stdout]     |          ------------------------------------ the item is gated here
[INFO] [stdout] 109 | pub const TESTING_TLS12: Policy = policy!("20240501");
[INFO] [stdout]     |           ^^^^^^^^^^^^^
[INFO] [stdout] 
[INFO] [stdout] 
[INFO] [stdout] error: couldn't read `/opt/rustwide/workdir/../certs/key.pem`: No such file or directory (os error 2)
[INFO] [stdout]   --> tests/common/mod.rs:26:5
[INFO] [stdout]    |
[INFO] [stdout] 26 |     include_bytes!(concat!(env!("CARGO_MANIFEST_DIR"), "/../certs/key.pem"));
[INFO] [stdout]    |     ^^^^^^^^^^^^^^^^^^^^^^^^^^^^^^^^^^^^^^^^^^^^^^^^^^^^^^^^^^^^^^^^^^^^^^^^
[INFO] [stdout] 
[INFO] [stdout] 
[INFO] [stdout] error: couldn't read `/opt/rustwide/workdir/../certs/cert_rsa.pem`: No such file or directory (os error 2)
[INFO] [stdout]   --> tests/common/mod.rs:27:34
[INFO] [stdout]    |
[INFO] [stdout] 27 |   pub static RSA_CERT_PEM: &[u8] = include_bytes!(concat!(
[INFO] [stdout]    |  __________________________________^
[INFO] [stdout] 28 | |     env!("CARGO_MANIFEST_DIR"),
[INFO] [stdout] 29 | |     "/../certs/cert_rsa.pem"
[INFO] [stdout] 30 | | ));
[INFO] [stdout]    | |__^
[INFO] [stdout] 
[INFO] [stdout] 
[INFO] [stdout] error: couldn't read `/opt/rustwide/workdir/../certs/key_rsa.pem`: No such file or directory (os error 2)
[INFO] [stdout]   --> tests/common/mod.rs:32:5
[INFO] [stdout]    |
[INFO] [stdout] 32 |     include_bytes!(concat!(env!("CARGO_MANIFEST_DIR"), "/../certs/key_rsa.pem"));
[INFO] [stdout]    |     ^^^^^^^^^^^^^^^^^^^^^^^^^^^^^^^^^^^^^^^^^^^^^^^^^^^^^^^^^^^^^^^^^^^^^^^^^^^^
[INFO] [stdout] 
[INFO] [stdout] 
[INFO] [stdout] error: couldn't read `/opt/rustwide/workdir/../certs/cert.pem`: No such file or directory (os error 2)
[INFO] [stdout]   --> tests/common/mod.rs:24:5
[INFO] [stdout]    |
[INFO] [stdout] 24 |     include_bytes!(concat!(env!("CARGO_MANIFEST_DIR"), "/../certs/cert.pem"));
[INFO] [stdout]    |     ^^^^^^^^^^^^^^^^^^^^^^^^^^^^^^^^^^^^^^^^^^^^^^^^^^^^^^^^^^^^^^^^^^^^^^^^^
[INFO] [stdout] 
[INFO] [stdout] 
[INFO] [stdout] error: couldn't read `/opt/rustwide/workdir/../certs/key.pem`: No such file or directory (os error 2)
[INFO] [stdout]   --> tests/common/mod.rs:26:5
[INFO] [stdout]    |
[INFO] [stdout] 26 |     include_bytes!(concat!(env!("CARGO_MANIFEST_DIR"), "/../certs/key.pem"));
[INFO] [stdout]    |     ^^^^^^^^^^^^^^^^^^^^^^^^^^^^^^^^^^^^^^^^^^^^^^^^^^^^^^^^^^^^^^^^^^^^^^^^
[INFO] [stdout] 
[INFO] [stdout] 
[INFO] [stdout] error: couldn't read `/opt/rustwide/workdir/../certs/cert_rsa.pem`: No such file or directory (os error 2)
[INFO] [stdout]   --> tests/common/mod.rs:27:34
[INFO] [stdout]    |
[INFO] [stdout] 27 |   pub static RSA_CERT_PEM: &[u8] = include_bytes!(concat!(
[INFO] [stdout]    |  __________________________________^
[INFO] [stdout] 28 | |     env!("CARGO_MANIFEST_DIR"),
[INFO] [stdout] 29 | |     "/../certs/cert_rsa.pem"
[INFO] [stdout] 30 | | ));
[INFO] [stdout]    | |__^
[INFO] [stdout] 
[INFO] [stdout] 
[INFO] [stdout] error: couldn't read `/opt/rustwide/workdir/../certs/key_rsa.pem`: No such file or directory (os error 2)
[INFO] [stdout]   --> tests/common/mod.rs:32:5
[INFO] [stdout]    |
[INFO] [stdout] 32 |     include_bytes!(concat!(env!("CARGO_MANIFEST_DIR"), "/../certs/key_rsa.pem"));
[INFO] [stdout]    |     ^^^^^^^^^^^^^^^^^^^^^^^^^^^^^^^^^^^^^^^^^^^^^^^^^^^^^^^^^^^^^^^^^^^^^^^^^^^^
[INFO] [stdout] 
[INFO] [stdout] 
[INFO] [stdout] error[E0432]: unresolved import `s2n_tls::security::TESTING_TLS12`
[INFO] [stdout]    --> tests/common/mod.rs:8:31
[INFO] [stdout]     |
[INFO] [stdout]   8 |     security::{DEFAULT_TLS13, TESTING_TLS12},
[INFO] [stdout]     |                               ^^^^^^^^^^^^^ no `TESTING_TLS12` in `security`
[INFO] [stdout]     |
[INFO] [stdout] note: found an item that was configured out
[INFO] [stdout]    --> /opt/rustwide/cargo-home/registry/src/index.crates.io-1949cf8c6b5b557f/s2n-tls-0.3.45/src/security.rs:109:11
[INFO] [stdout]     |
[INFO] [stdout] 108 | #[cfg(any(feature = "unstable-testing", test))]
[INFO] [stdout]     |          ------------------------------------ the item is gated here
[INFO] [stdout] 109 | pub const TESTING_TLS12: Policy = policy!("20240501");
[INFO] [stdout]     |           ^^^^^^^^^^^^^
[INFO] [stdout] 
[INFO] [stdout] 
[INFO] [stdout] error[E0432]: unresolved import `s2n_tls::security::TESTING_TLS12`
[INFO] [stdout]    --> tests/common/mod.rs:8:31
[INFO] [stdout]     |
[INFO] [stdout]   8 |     security::{DEFAULT_TLS13, TESTING_TLS12},
[INFO] [stdout]     |                               ^^^^^^^^^^^^^ no `TESTING_TLS12` in `security`
[INFO] [stdout]     |
[INFO] [stdout] note: found an item that was configured out
[INFO] [stdout]    --> /opt/rustwide/cargo-home/registry/src/index.crates.io-1949cf8c6b5b557f/s2n-tls-0.3.45/src/security.rs:109:11
[INFO] [stdout]     |
[INFO] [stdout] 108 | #[cfg(any(feature = "unstable-testing", test))]
[INFO] [stdout]     |          ------------------------------------ the item is gated here
[INFO] [stdout] 109 | pub const TESTING_TLS12: Policy = policy!("20240501");
[INFO] [stdout]     |           ^^^^^^^^^^^^^
[INFO] [stdout] 
[INFO] [stdout] 
[INFO] [stdout] error[E0432]: unresolved import `s2n_tls::security::TESTING_TLS12`
[INFO] [stdout]    --> tests/handshake.rs:12:31
[INFO] [stdout]     |
[INFO] [stdout]  12 |     security::{DEFAULT_TLS13, TESTING_TLS12},
[INFO] [stdout]     |                               ^^^^^^^^^^^^^ no `TESTING_TLS12` in `security`
[INFO] [stdout]     |
[INFO] [stdout] note: found an item that was configured out
[INFO] [stdout]    --> /opt/rustwide/cargo-home/registry/src/index.crates.io-1949cf8c6b5b557f/s2n-tls-0.3.45/src/security.rs:109:11
[INFO] [stdout]     |
[INFO] [stdout] 108 | #[cfg(any(feature = "unstable-testing", test))]
[INFO] [stdout]     |          ------------------------------------ the item is gated here
[INFO] [stdout] 109 | pub const TESTING_TLS12: Policy = policy!("20240501");
[INFO] [stdout]     |           ^^^^^^^^^^^^^
[INFO] [stdout] 
[INFO] [stdout] 
[INFO] [stdout] error[E0432]: unresolved import `s2n_tls::security::TESTING_TLS12`
[INFO] [stdout]    --> tests/common/mod.rs:8:31
[INFO] [stdout]     |
[INFO] [stdout]   8 |     security::{DEFAULT_TLS13, TESTING_TLS12},
[INFO] [stdout]     |                               ^^^^^^^^^^^^^ no `TESTING_TLS12` in `security`
[INFO] [stdout]     |
[INFO] [stdout] note: found an item that was configured out
[INFO] [stdout]    --> /opt/rustwide/cargo-home/registry/src/index.crates.io-1949cf8c6b5b557f/s2n-tls-0.3.45/src/security.rs:109:11
[INFO] [stdout]     |
[INFO] [stdout] 108 | #[cfg(any(feature = "unstable-testing", test))]
[INFO] [stdout]     |          ------------------------------------ the item is gated here
[INFO] [stdout] 109 | pub const TESTING_TLS12: Policy = policy!("20240501");
[INFO] [stdout]     |           ^^^^^^^^^^^^^
[INFO] [stdout] 
[INFO] [stdout] 
[INFO] [stdout] error[E0432]: unresolved import `s2n_tls::security::TESTING_TLS12`
[INFO] [stdout]    --> tests/common/mod.rs:8:31
[INFO] [stdout]     |
[INFO] [stdout]   8 |     security::{DEFAULT_TLS13, TESTING_TLS12},
[INFO] [stdout]     |                               ^^^^^^^^^^^^^ no `TESTING_TLS12` in `security`
[INFO] [stdout]     |
[INFO] [stdout] note: found an item that was configured out
[INFO] [stdout]    --> /opt/rustwide/cargo-home/registry/src/index.crates.io-1949cf8c6b5b557f/s2n-tls-0.3.45/src/security.rs:109:11
[INFO] [stdout]     |
[INFO] [stdout] 108 | #[cfg(any(feature = "unstable-testing", test))]
[INFO] [stdout]     |          ------------------------------------ the item is gated here
[INFO] [stdout] 109 | pub const TESTING_TLS12: Policy = policy!("20240501");
[INFO] [stdout]     |           ^^^^^^^^^^^^^
[INFO] [stdout] 
[INFO] [stdout] 
[INFO] [stdout] For more information about this error, try `rustc --explain E0432`.
[INFO] [stdout] 
[INFO] [stderr] error: could not compile `s2n-tls-tokio` (test "into_parts") due to 5 previous errors
[INFO] [stderr] warning: build failed, waiting for other jobs to finish...
[INFO] [stdout] For more information about this error, try `rustc --explain E0432`.
[INFO] [stdout] 
[INFO] [stderr] error: could not compile `s2n-tls-tokio` (test "tcp") due to 5 previous errors
[INFO] [stdout] For more information about this error, try `rustc --explain E0432`.
[INFO] [stdout] 
[INFO] [stderr] error: could not compile `s2n-tls-tokio` (test "send_and_recv") due to 5 previous errors
[INFO] [stdout] For more information about this error, try `rustc --explain E0432`.
[INFO] [stdout] 
[INFO] [stderr] error: could not compile `s2n-tls-tokio` (test "shutdown") due to 5 previous errors
[INFO] [stdout] For more information about this error, try `rustc --explain E0432`.
[INFO] [stdout] 
[INFO] [stderr] error: could not compile `s2n-tls-tokio` (test "handshake") due to 6 previous errors
[INFO] running `Command { std: "docker" "inspect" "b16a82dce460bcbb03478e9a7565e0e0f65f3ba8b58d0ad8594d555ddb24993c", kill_on_drop: false }`
[INFO] running `Command { std: "docker" "rm" "-f" "b16a82dce460bcbb03478e9a7565e0e0f65f3ba8b58d0ad8594d555ddb24993c", kill_on_drop: false }`
[INFO] [stdout] b16a82dce460bcbb03478e9a7565e0e0f65f3ba8b58d0ad8594d555ddb24993c
