[INFO] fetching crate s2n-quic-tls 0.91.0...
[INFO] testing s2n-quic-tls-0.91.0 against 1.100.0-beta.1+cargoflags=--release for beta-release-1.100-2
[INFO] extracting crate s2n-quic-tls 0.91.0 into /workspace/builds/worker-1-tc2/source
[INFO] started tweaking crates.io crate s2n-quic-tls 0.91.0
[INFO] finished tweaking crates.io crate s2n-quic-tls 0.91.0
[INFO] tweaked toml for crates.io crate s2n-quic-tls 0.91.0 written to /workspace/builds/worker-1-tc2/source/Cargo.toml
[INFO] validating manifest of crates.io crate s2n-quic-tls 0.91.0 on toolchain 1.100.0-beta.1
[INFO] running `Command { std: CARGO_HOME="/workspace/cargo-home" RUSTUP_HOME="/workspace/rustup-home" "/workspace/cargo-home/bin/cargo" "+1.100.0-beta.1" "metadata" "--manifest-path" "Cargo.toml" "--no-deps", kill_on_drop: false }`
[INFO] crate crates.io crate s2n-quic-tls 0.91.0 already has a lockfile, it will not be regenerated
[INFO] running `Command { std: CARGO_HOME="/workspace/cargo-home" RUSTUP_HOME="/workspace/rustup-home" "/workspace/cargo-home/bin/cargo" "+1.100.0-beta.1" "fetch" "--manifest-path" "Cargo.toml", kill_on_drop: false }`
[INFO] running `Command { std: "docker" "create" "-v" "/var/lib/crater-agent-workspace/builds/worker-1-tc2/source:/opt/rustwide/workdir:ro,Z" "-v" "/var/lib/crater-agent-workspace/builds/worker-1-tc2/target:/opt/rustwide/target:rw,Z" "-v" "/var/lib/crater-agent-workspace/cargo-home:/opt/rustwide/cargo-home:ro,Z" "-v" "/var/lib/crater-agent-workspace/rustup-home:/opt/rustwide/rustup-home:ro,Z" "-m" "1610612736" "--network" "none" "ghcr.io/rust-lang/crates-build-env/linux@sha256:77db811e55d90add9212f6832c23229e3de5f1c1f9905e8cb07319ea15df73ac" "sleep" "infinity", kill_on_drop: false }`
[INFO] [stdout] 9c8e11e96545e91f15d08b8547ef2aa5184a8ff6293aedd7d7c24ba69b2289a2
[INFO] running `Command { std: "docker" "start" "9c8e11e96545e91f15d08b8547ef2aa5184a8ff6293aedd7d7c24ba69b2289a2", kill_on_drop: false }`
[INFO] running `Command { std: "docker" "inspect" "9c8e11e96545e91f15d08b8547ef2aa5184a8ff6293aedd7d7c24ba69b2289a2", kill_on_drop: false }`
[INFO] running `Command { std: "docker" "exec" "-e" "SOURCE_DIR=/opt/rustwide/workdir" "-e" "CARGO_HOME=/opt/rustwide/cargo-home" "-e" "RUSTUP_HOME=/opt/rustwide/rustup-home" "-e" "CARGO_TARGET_DIR=/opt/rustwide/target" "-w" "/opt/rustwide/workdir" "--user" "0:0" "9c8e11e96545e91f15d08b8547ef2aa5184a8ff6293aedd7d7c24ba69b2289a2" "/opt/rustwide/cargo-home/bin/cargo" "+1.100.0-beta.1" "metadata" "--no-deps" "--format-version=1", kill_on_drop: false }`
[INFO] running `Command { std: "docker" "inspect" "9c8e11e96545e91f15d08b8547ef2aa5184a8ff6293aedd7d7c24ba69b2289a2", kill_on_drop: false }`
[INFO] running `Command { std: "docker" "exec" "-e" "SOURCE_DIR=/opt/rustwide/workdir" "-e" "CARGO_HOME=/opt/rustwide/cargo-home" "-e" "RUSTUP_HOME=/opt/rustwide/rustup-home" "-e" "CARGO_TARGET_DIR=/opt/rustwide/target" "-e" "CARGO_INCREMENTAL=0" "-e" "RUST_BACKTRACE=full" "-e" "RUSTFLAGS=--cap-lints=warn" "-e" "RUSTDOCFLAGS=--cap-lints=warn" "-w" "/opt/rustwide/workdir" "--user" "0:0" "9c8e11e96545e91f15d08b8547ef2aa5184a8ff6293aedd7d7c24ba69b2289a2" "/opt/rustwide/cargo-home/bin/cargo" "+1.100.0-beta.1" "build" "--frozen" "--message-format=json" "--release", kill_on_drop: false }`
[INFO] [stderr]    Compiling libc v0.2.190
[INFO] [stderr]    Compiling proc-macro2 v1.0.107
[INFO] [stderr]    Compiling find-msvc-tools v0.1.14
[INFO] [stderr]    Compiling unicode-ident v1.0.27
[INFO] [stderr]    Compiling quote v1.0.47
[INFO] [stderr]    Compiling shlex v2.0.1
[INFO] [stderr]    Compiling pkg-config v0.3.34
[INFO] [stderr]    Compiling fs_extra v1.3.0
[INFO] [stderr]    Compiling dunce v1.0.5
[INFO] [stderr]    Compiling aws-lc-rs v1.18.2
[INFO] [stderr]    Compiling autocfg v1.5.1
[INFO] [stderr]    Compiling libm v0.2.16
[INFO] [stderr]    Compiling semver v1.0.28
[INFO] [stderr]    Compiling zerocopy v0.8.63
[INFO] [stderr]    Compiling untrusted v0.7.1
[INFO] [stderr]    Compiling crossbeam-utils v0.8.23
[INFO] [stderr]    Compiling pin-project-lite v0.2.17
[INFO] [stderr]    Compiling byteorder v1.5.0
[INFO] [stderr]    Compiling s2n-tls v0.3.45
[INFO] [stderr]    Compiling atomic-waker v1.1.2
[INFO] [stderr]    Compiling bytes v1.12.1
[INFO] [stderr]    Compiling subtle v2.6.1
[INFO] [stderr]    Compiling hex-literal v1.1.0
[INFO] [stderr]    Compiling cfg-if v1.0.5
[INFO] [stderr]    Compiling hex v0.4.3
[INFO] [stderr]    Compiling lazy_static v1.5.1
[INFO] [stderr]    Compiling rustc_version v0.4.1
[INFO] [stderr]    Compiling num-traits v0.2.19
[INFO] [stderr]    Compiling syn v2.0.119
[INFO] [stderr]    Compiling errno v0.3.14
[INFO] [stderr]    Compiling jobserver v0.1.35
[INFO] [stderr]    Compiling cc v1.8.0
[INFO] [stderr]    Compiling num-integer v0.1.47
[INFO] [stderr]    Compiling num-rational v0.4.2
[INFO] [stderr]    Compiling cmake v0.1.58
[INFO] [stderr]    Compiling s2n-tls-sys v0.3.45
[INFO] [stderr]    Compiling aws-lc-sys v0.46.0
[INFO] [stderr]    Compiling zeroize_derive v1.5.0
[INFO] [stderr]    Compiling zerocopy-derive v0.8.63
[INFO] [stderr]    Compiling zeroize v1.9.1
[INFO] [stderr]    Compiling s2n-codec v0.91.0
[INFO] [stderr]    Compiling s2n-quic-core v0.91.0
[INFO] [stderr]    Compiling s2n-quic-crypto v0.91.0
[INFO] [stderr]    Compiling s2n-quic-tls v0.91.0 (/opt/rustwide/workdir)
[INFO] [stderr]     Finished `release` profile [optimized] target(s) in 1m 50s
[INFO] running `Command { std: "docker" "inspect" "9c8e11e96545e91f15d08b8547ef2aa5184a8ff6293aedd7d7c24ba69b2289a2", kill_on_drop: false }`
[INFO] running `Command { std: "docker" "exec" "-e" "SOURCE_DIR=/opt/rustwide/workdir" "-e" "CARGO_HOME=/opt/rustwide/cargo-home" "-e" "RUSTUP_HOME=/opt/rustwide/rustup-home" "-e" "CARGO_TARGET_DIR=/opt/rustwide/target" "-e" "CARGO_INCREMENTAL=0" "-e" "RUST_BACKTRACE=full" "-e" "RUSTFLAGS=--cap-lints=warn" "-e" "RUSTDOCFLAGS=--cap-lints=warn" "-w" "/opt/rustwide/workdir" "--user" "0:0" "9c8e11e96545e91f15d08b8547ef2aa5184a8ff6293aedd7d7c24ba69b2289a2" "/opt/rustwide/cargo-home/bin/cargo" "+1.100.0-beta.1" "test" "--frozen" "--no-run" "--message-format=json" "--release", kill_on_drop: false }`
[INFO] [stderr]    Compiling syn v1.0.109
[INFO] [stderr]    Compiling syn v2.0.119
[INFO] [stderr]    Compiling rustc-hash v2.1.3
[INFO] [stderr]    Compiling checkers-macros v0.6.2
[INFO] [stderr]    Compiling checkers v0.7.1
[INFO] [stderr]    Compiling zeroize_derive v1.5.0
[INFO] [stderr]    Compiling zerocopy-derive v0.8.63
[INFO] [stderr]    Compiling pin-project-internal v1.1.13
[INFO] [stderr]    Compiling zeroize v1.9.1
[INFO] [stderr]    Compiling aws-lc-rs v1.18.2
[INFO] [stderr]    Compiling pin-project v1.1.13
[INFO] [stderr]    Compiling zerocopy v0.8.63
[INFO] [stderr]    Compiling s2n-tls-sys v0.3.45
[INFO] [stderr]    Compiling s2n-tls v0.3.45
[INFO] [stderr]    Compiling s2n-codec v0.91.0
[INFO] [stderr]    Compiling s2n-quic-core v0.91.0
[INFO] [stderr]    Compiling s2n-quic-crypto v0.91.0
[INFO] [stderr]    Compiling s2n-quic-tls v0.91.0 (/opt/rustwide/workdir)
[INFO] [stdout] error[E0433]: cannot find `testing` in `tls`
[INFO] [stdout]   --> src/tests.rs:17:9
[INFO] [stdout]    |
[INFO] [stdout] 17 |         testing::{
[INFO] [stdout]    |         ^^^^^^^ could not find `testing` in `tls`
[INFO] [stdout]    |
[INFO] [stdout] note: found an item that was configured out
[INFO] [stdout]   --> /opt/rustwide/cargo-home/registry/src/index.crates.io-1949cf8c6b5b557f/s2n-quic-core-0.91.0/src/crypto/tls.rs:16:9
[INFO] [stdout]    |
[INFO] [stdout] 15 | #[cfg(any(test, feature = "testing"))]
[INFO] [stdout]    |          --------------------------- the item is gated here
[INFO] [stdout] 16 | pub mod testing;
[INFO] [stdout]    |         ^^^^^^^
[INFO] [stdout] 
[INFO] [stdout] 
[INFO] [stdout] error[E0432]: unresolved import `s2n_quic_core::crypto::tls::testing`
[INFO] [stdout]   --> src/tests.rs:17:9
[INFO] [stdout]    |
[INFO] [stdout] 17 |         testing::{
[INFO] [stdout]    |         ^^^^^^^ could not find `testing` in `tls`
[INFO] [stdout]    |
[INFO] [stdout] note: found an item that was configured out
[INFO] [stdout]   --> /opt/rustwide/cargo-home/registry/src/index.crates.io-1949cf8c6b5b557f/s2n-quic-core-0.91.0/src/crypto/tls.rs:16:9
[INFO] [stdout]    |
[INFO] [stdout] 15 | #[cfg(any(test, feature = "testing"))]
[INFO] [stdout]    |          --------------------------- the item is gated here
[INFO] [stdout] 16 | pub mod testing;
[INFO] [stdout]    |         ^^^^^^^
[INFO] [stdout] 
[INFO] [stdout] 
[INFO] [stdout] error[E0433]: cannot find `testing` in `tls`
[INFO] [stdout]    --> src/tests.rs:521:18
[INFO] [stdout]     |
[INFO] [stdout] 521 | ) -> Result<tls::testing::Pair<S::Session, C::Session>, transport::Error> {
[INFO] [stdout]     |                  ^^^^^^^ could not find `testing` in `tls`
[INFO] [stdout]     |
[INFO] [stdout] note: found an item that was configured out
[INFO] [stdout]    --> /opt/rustwide/cargo-home/registry/src/index.crates.io-1949cf8c6b5b557f/s2n-quic-core-0.91.0/src/crypto/tls.rs:16:9
[INFO] [stdout]     |
[INFO] [stdout]  15 | #[cfg(any(test, feature = "testing"))]
[INFO] [stdout]     |          --------------------------- the item is gated here
[INFO] [stdout]  16 | pub mod testing;
[INFO] [stdout]     |         ^^^^^^^
[INFO] [stdout] 
[INFO] [stdout] 
[INFO] [stdout] error[E0433]: cannot find `testing` in `tls`
[INFO] [stdout]    --> src/tests.rs:522:25
[INFO] [stdout]     |
[INFO] [stdout] 522 |     let mut pair = tls::testing::Pair::new(server, client, "localhost".into());
[INFO] [stdout]     |                         ^^^^^^^ could not find `testing` in `tls`
[INFO] [stdout]     |
[INFO] [stdout] note: found an item that was configured out
[INFO] [stdout]    --> /opt/rustwide/cargo-home/registry/src/index.crates.io-1949cf8c6b5b557f/s2n-quic-core-0.91.0/src/crypto/tls.rs:16:9
[INFO] [stdout]     |
[INFO] [stdout]  15 | #[cfg(any(test, feature = "testing"))]
[INFO] [stdout]     |          --------------------------- the item is gated here
[INFO] [stdout]  16 | pub mod testing;
[INFO] [stdout]     |         ^^^^^^^
[INFO] [stdout] 
[INFO] [stdout] 
[INFO] [stdout] error[E0433]: cannot find module or crate `s2n_quic_rustls` in this scope
[INFO] [stdout]    --> src/tests.rs:305:23
[INFO] [stdout]     |
[INFO] [stdout] 305 | fn rustls_server() -> s2n_quic_rustls::server::Server {
[INFO] [stdout]     |                       ^^^^^^^^^^^^^^^ use of unresolved module or unlinked crate `s2n_quic_rustls`
[INFO] [stdout]     |
[INFO] [stdout] help: there is a crate or module with a similar name
[INFO] [stdout]     |
[INFO] [stdout] 305 - fn rustls_server() -> s2n_quic_rustls::server::Server {
[INFO] [stdout] 305 + fn rustls_server() -> s2n_quic_crypto::server::Server {
[INFO] [stdout]     |
[INFO] [stdout] help: consider importing this module
[INFO] [stdout]     |
[INFO] [stdout]   4 + use crate::server;
[INFO] [stdout]     |
[INFO] [stdout] help: if you import `server`, refer to it directly
[INFO] [stdout]     |
[INFO] [stdout] 305 - fn rustls_server() -> s2n_quic_rustls::server::Server {
[INFO] [stdout] 305 + fn rustls_server() -> server::Server {
[INFO] [stdout]     |
[INFO] [stdout] 
[INFO] [stdout] 
[INFO] [stdout] error[E0433]: cannot find module or crate `s2n_quic_rustls` in this scope
[INFO] [stdout]    --> src/tests.rs:306:5
[INFO] [stdout]     |
[INFO] [stdout] 306 |     s2n_quic_rustls::server::Builder::default()
[INFO] [stdout]     |     ^^^^^^^^^^^^^^^ use of unresolved module or unlinked crate `s2n_quic_rustls`
[INFO] [stdout]     |
[INFO] [stdout] help: there is a crate or module with a similar name
[INFO] [stdout]     |
[INFO] [stdout] 306 -     s2n_quic_rustls::server::Builder::default()
[INFO] [stdout] 306 +     s2n_quic_crypto::server::Builder::default()
[INFO] [stdout]     |
[INFO] [stdout] help: consider importing one of these structs
[INFO] [stdout]     |
[INFO] [stdout]   4 + use crate::client::Builder;
[INFO] [stdout]     |
[INFO] [stdout]   4 + use crate::server::Builder;
[INFO] [stdout]     |
[INFO] [stdout]   4 + use std::thread::Builder;
[INFO] [stdout]     |
[INFO] [stdout] help: if you import `Builder`, refer to it directly
[INFO] [stdout]     |
[INFO] [stdout] 306 -     s2n_quic_rustls::server::Builder::default()
[INFO] [stdout] 306 +     Builder::default()
[INFO] [stdout]     |
[INFO] [stdout] 
[INFO] [stdout] 
[INFO] [stdout] error[E0433]: cannot find module or crate `s2n_quic_rustls` in this scope
[INFO] [stdout]    --> src/tests.rs:313:23
[INFO] [stdout]     |
[INFO] [stdout] 313 | fn rustls_client() -> s2n_quic_rustls::client::Client {
[INFO] [stdout]     |                       ^^^^^^^^^^^^^^^ use of unresolved module or unlinked crate `s2n_quic_rustls`
[INFO] [stdout]     |
[INFO] [stdout] help: there is a crate or module with a similar name
[INFO] [stdout]     |
[INFO] [stdout] 313 - fn rustls_client() -> s2n_quic_rustls::client::Client {
[INFO] [stdout] 313 + fn rustls_client() -> s2n_quic_crypto::client::Client {
[INFO] [stdout]     |
[INFO] [stdout] help: consider importing this module
[INFO] [stdout]     |
[INFO] [stdout]   4 + use crate::client;
[INFO] [stdout]     |
[INFO] [stdout] help: if you import `client`, refer to it directly
[INFO] [stdout]     |
[INFO] [stdout] 313 - fn rustls_client() -> s2n_quic_rustls::client::Client {
[INFO] [stdout] 313 + fn rustls_client() -> client::Client {
[INFO] [stdout]     |
[INFO] [stdout] 
[INFO] [stdout] 
[INFO] [stdout] error[E0433]: cannot find module or crate `s2n_quic_rustls` in this scope
[INFO] [stdout]    --> src/tests.rs:314:5
[INFO] [stdout]     |
[INFO] [stdout] 314 |     s2n_quic_rustls::client::Builder::default()
[INFO] [stdout]     |     ^^^^^^^^^^^^^^^ use of unresolved module or unlinked crate `s2n_quic_rustls`
[INFO] [stdout]     |
[INFO] [stdout] help: there is a crate or module with a similar name
[INFO] [stdout]     |
[INFO] [stdout] 314 -     s2n_quic_rustls::client::Builder::default()
[INFO] [stdout] 314 +     s2n_quic_crypto::client::Builder::default()
[INFO] [stdout]     |
[INFO] [stdout] help: consider importing one of these structs
[INFO] [stdout]     |
[INFO] [stdout]   4 + use crate::client::Builder;
[INFO] [stdout]     |
[INFO] [stdout]   4 + use crate::server::Builder;
[INFO] [stdout]     |
[INFO] [stdout]   4 + use std::thread::Builder;
[INFO] [stdout]     |
[INFO] [stdout] help: if you import `Builder`, refer to it directly
[INFO] [stdout]     |
[INFO] [stdout] 314 -     s2n_quic_rustls::client::Builder::default()
[INFO] [stdout] 314 +     Builder::default()
[INFO] [stdout]     |
[INFO] [stdout] 
[INFO] [stdout] 
[INFO] [stdout] Some errors have detailed explanations: E0432, E0433.
[INFO] [stdout] 
[INFO] [stdout] For more information about an error, try `rustc --explain E0432`.
[INFO] [stdout] 
[INFO] [stderr] error: could not compile `s2n-quic-tls` (lib test) due to 8 previous errors
[INFO] running `Command { std: "docker" "inspect" "9c8e11e96545e91f15d08b8547ef2aa5184a8ff6293aedd7d7c24ba69b2289a2", kill_on_drop: false }`
[INFO] running `Command { std: "docker" "rm" "-f" "9c8e11e96545e91f15d08b8547ef2aa5184a8ff6293aedd7d7c24ba69b2289a2", kill_on_drop: false }`
[INFO] [stdout] 9c8e11e96545e91f15d08b8547ef2aa5184a8ff6293aedd7d7c24ba69b2289a2
