[INFO] fetching crate ryo-suggest 0.2.0...
[INFO] testing ryo-suggest-0.2.0 against 1.99.0-beta.8+cargoflags=--release for beta-release-1.100-2
[INFO] extracting crate ryo-suggest 0.2.0 into /workspace/builds/worker-3-tc1/source
[INFO] started tweaking crates.io crate ryo-suggest 0.2.0
[INFO] removed 0 missing tests
[INFO] finished tweaking crates.io crate ryo-suggest 0.2.0
[INFO] tweaked toml for crates.io crate ryo-suggest 0.2.0 written to /workspace/builds/worker-3-tc1/source/Cargo.toml
[INFO] validating manifest of crates.io crate ryo-suggest 0.2.0 on toolchain 1.99.0-beta.8
[INFO] running `Command { std: CARGO_HOME="/workspace/cargo-home" RUSTUP_HOME="/workspace/rustup-home" "/workspace/cargo-home/bin/cargo" "+1.99.0-beta.8" "metadata" "--manifest-path" "Cargo.toml" "--no-deps", kill_on_drop: false }`
[INFO] crate crates.io crate ryo-suggest 0.2.0 already has a lockfile, it will not be regenerated
[INFO] running `Command { std: CARGO_HOME="/workspace/cargo-home" RUSTUP_HOME="/workspace/rustup-home" "/workspace/cargo-home/bin/cargo" "+1.99.0-beta.8" "fetch" "--manifest-path" "Cargo.toml", kill_on_drop: false }`
[INFO] [stderr]     Blocking waiting for file lock on package cache
[INFO] [stderr]     Updating crates.io index
[INFO] [stderr]  Downloading crates ...
[INFO] [stderr]   Downloaded zmij v0.1.8
[INFO] [stderr]   Downloaded ryo-symbol v0.2.0
[INFO] [stderr]   Downloaded ryo-metadata v0.2.0
[INFO] [stderr]   Downloaded ryo-pattern v0.2.0
[INFO] [stderr]   Downloaded ryo-spec v0.2.0
[INFO] [stderr]   Downloaded ryo-verification v0.2.0
[INFO] [stderr]   Downloaded ryo-mutations v0.2.0
[INFO] [stderr]   Downloaded ryo-source v0.2.0
[INFO] [stderr]   Downloaded ryo-analysis v0.2.0
[INFO] [stderr]   Downloaded ryo-executor v0.2.0
[INFO] running `Command { std: "docker" "create" "-v" "/var/lib/crater-agent-workspace/builds/worker-3-tc1/source:/opt/rustwide/workdir:ro,Z" "-v" "/var/lib/crater-agent-workspace/builds/worker-3-tc1/target:/opt/rustwide/target:rw,Z" "-v" "/var/lib/crater-agent-workspace/cargo-home:/opt/rustwide/cargo-home:ro,Z" "-v" "/var/lib/crater-agent-workspace/rustup-home:/opt/rustwide/rustup-home:ro,Z" "-m" "1610612736" "--network" "none" "ghcr.io/rust-lang/crates-build-env/linux@sha256:77db811e55d90add9212f6832c23229e3de5f1c1f9905e8cb07319ea15df73ac" "sleep" "infinity", kill_on_drop: false }`
[INFO] [stdout] 90a51173facb8cd9f91eeabea4d767498ac9cdc47a6bf154ca6f2e7925bfad2b
[INFO] running `Command { std: "docker" "start" "90a51173facb8cd9f91eeabea4d767498ac9cdc47a6bf154ca6f2e7925bfad2b", kill_on_drop: false }`
[INFO] running `Command { std: "docker" "inspect" "90a51173facb8cd9f91eeabea4d767498ac9cdc47a6bf154ca6f2e7925bfad2b", kill_on_drop: false }`
[INFO] running `Command { std: "docker" "exec" "-e" "SOURCE_DIR=/opt/rustwide/workdir" "-e" "CARGO_HOME=/opt/rustwide/cargo-home" "-e" "RUSTUP_HOME=/opt/rustwide/rustup-home" "-e" "CARGO_TARGET_DIR=/opt/rustwide/target" "-w" "/opt/rustwide/workdir" "--user" "0:0" "90a51173facb8cd9f91eeabea4d767498ac9cdc47a6bf154ca6f2e7925bfad2b" "/opt/rustwide/cargo-home/bin/cargo" "+1.99.0-beta.8" "metadata" "--no-deps" "--format-version=1", kill_on_drop: false }`
[INFO] running `Command { std: "docker" "inspect" "90a51173facb8cd9f91eeabea4d767498ac9cdc47a6bf154ca6f2e7925bfad2b", kill_on_drop: false }`
[INFO] running `Command { std: "docker" "exec" "-e" "SOURCE_DIR=/opt/rustwide/workdir" "-e" "CARGO_HOME=/opt/rustwide/cargo-home" "-e" "RUSTUP_HOME=/opt/rustwide/rustup-home" "-e" "CARGO_TARGET_DIR=/opt/rustwide/target" "-e" "CARGO_INCREMENTAL=0" "-e" "RUST_BACKTRACE=full" "-e" "RUSTFLAGS=--cap-lints=warn" "-e" "RUSTDOCFLAGS=--cap-lints=warn" "-w" "/opt/rustwide/workdir" "--user" "0:0" "90a51173facb8cd9f91eeabea4d767498ac9cdc47a6bf154ca6f2e7925bfad2b" "/opt/rustwide/cargo-home/bin/cargo" "+1.99.0-beta.8" "build" "--frozen" "--message-format=json" "--release", kill_on_drop: false }`
[INFO] [stderr]    Compiling serde_core v1.0.228
[INFO] [stderr]    Compiling proc-macro2 v1.0.103
[INFO] [stderr]    Compiling serde_json v1.0.147
[INFO] [stderr]    Compiling quote v1.0.42
[INFO] [stderr]    Compiling zmij v0.1.8
[INFO] [stderr]    Compiling camino v1.2.2
[INFO] [stderr]    Compiling anyhow v1.0.100
[INFO] [stderr]    Compiling prettyplease v0.2.37
[INFO] [stderr]    Compiling slotmap v1.1.1
[INFO] [stderr]    Compiling getrandom v0.3.4
[INFO] [stderr]    Compiling syn v2.0.111
[INFO] [stderr]    Compiling bitmaps v2.1.0
[INFO] [stderr]    Compiling im v15.1.0
[INFO] [stderr]    Compiling either v1.15.0
[INFO] [stderr]    Compiling rand_xoshiro v0.6.0
[INFO] [stderr]    Compiling fixedbitset v0.4.2
[INFO] [stderr]    Compiling ref-cast v1.0.25
[INFO] [stderr]    Compiling rustix v1.1.4
[INFO] [stderr]    Compiling rayon v1.11.0
[INFO] [stderr]    Compiling getrandom v0.4.2
[INFO] [stderr]    Compiling glob v0.3.3
[INFO] [stderr]    Compiling unsafe-libyaml v0.2.11
[INFO] [stderr]    Compiling dirs-sys v0.5.0
[INFO] [stderr]    Compiling crossbeam-channel v0.5.15
[INFO] [stderr]    Compiling dirs v6.0.0
[INFO] [stderr]    Compiling sized-chunks v0.6.5
[INFO] [stderr]    Compiling tempfile v3.27.0
[INFO] [stderr]    Compiling semver v1.0.27
[INFO] [stderr]    Compiling uuid v1.19.0
[INFO] [stderr]    Compiling serde_derive_internals v0.29.1
[INFO] [stderr]    Compiling serde_derive v1.0.228
[INFO] [stderr]    Compiling thiserror-impl v1.0.69
[INFO] [stderr]    Compiling thiserror-impl v2.0.17
[INFO] [stderr]    Compiling tracing-attributes v0.1.31
[INFO] [stderr]    Compiling ref-cast-impl v1.0.25
[INFO] [stderr]    Compiling schemars_derive v1.2.0
[INFO] [stderr]    Compiling tracing v0.1.44
[INFO] [stderr]    Compiling thiserror v2.0.17
[INFO] [stderr]    Compiling thiserror v1.0.69
[INFO] [stderr]    Compiling serde v1.0.228
[INFO] [stderr]    Compiling smallvec v1.15.1
[INFO] [stderr]    Compiling cargo-platform v0.1.9
[INFO] [stderr]    Compiling compact_str v0.8.1
[INFO] [stderr]    Compiling ryo-source v0.2.0
[INFO] [stderr]    Compiling petgraph v0.6.5
[INFO] [stderr]    Compiling serde_yaml v0.9.34+deprecated
[INFO] [stderr]    Compiling schemars v1.2.0
[INFO] [stderr]    Compiling cargo_metadata v0.19.2
[INFO] [stderr]    Compiling parking_lot_core v0.9.12
[INFO] [stderr]    Compiling parking_lot v0.12.5
[INFO] [stderr]    Compiling ryo-symbol v0.2.0
[INFO] [stderr]    Compiling ryo-metadata v0.2.0
[INFO] [stderr]    Compiling ryo-analysis v0.2.0
[INFO] [stderr]    Compiling ryo-mutations v0.2.0
[INFO] [stderr]    Compiling ryo-pattern v0.2.0
[INFO] [stderr]    Compiling ryo-spec v0.2.0
[INFO] [stderr]    Compiling ryo-verification v0.2.0
[INFO] [stderr]    Compiling ryo-executor v0.2.0
[INFO] [stderr]    Compiling ryo-suggest v0.2.0 (/opt/rustwide/workdir)
[INFO] [stderr]     Finished `release` profile [optimized] target(s) in 2m 48s
[INFO] running `Command { std: "docker" "inspect" "90a51173facb8cd9f91eeabea4d767498ac9cdc47a6bf154ca6f2e7925bfad2b", kill_on_drop: false }`
[INFO] running `Command { std: "docker" "exec" "-e" "SOURCE_DIR=/opt/rustwide/workdir" "-e" "CARGO_HOME=/opt/rustwide/cargo-home" "-e" "RUSTUP_HOME=/opt/rustwide/rustup-home" "-e" "CARGO_TARGET_DIR=/opt/rustwide/target" "-e" "CARGO_INCREMENTAL=0" "-e" "RUST_BACKTRACE=full" "-e" "RUSTFLAGS=--cap-lints=warn" "-e" "RUSTDOCFLAGS=--cap-lints=warn" "-w" "/opt/rustwide/workdir" "--user" "0:0" "90a51173facb8cd9f91eeabea4d767498ac9cdc47a6bf154ca6f2e7925bfad2b" "/opt/rustwide/cargo-home/bin/cargo" "+1.99.0-beta.8" "test" "--frozen" "--no-run" "--message-format=json" "--release", kill_on_drop: false }`
[INFO] [stderr]    Compiling ryo-symbol v0.2.0
[INFO] [stderr]    Compiling ryo-analysis v0.2.0
[INFO] [stderr]    Compiling ryo-mutations v0.2.0
[INFO] [stderr]    Compiling ryo-pattern v0.2.0
[INFO] [stderr]    Compiling ryo-verification v0.2.0
[INFO] [stderr]    Compiling ryo-executor v0.2.0
[INFO] [stderr]    Compiling ryo-suggest v0.2.0 (/opt/rustwide/workdir)
[INFO] [stdout] error[E0599]: no associated function or constant named `for_test` found for struct `SuggestLocation` in the current scope
[INFO] [stdout]    --> tests/integration_phase2.rs:96:26
[INFO] [stdout]     |
[INFO] [stdout]  96 |         SuggestLocation::for_test("test.rs", "TestSymbol"),
[INFO] [stdout]     |                          ^^^^^^^^ associated function or constant not found in `SuggestLocation`
[INFO] [stdout]     |
[INFO] [stdout] note: if you're trying to build a new `SuggestLocation` consider using one of the following associated functions:
[INFO] [stdout]       SuggestLocation::new
[INFO] [stdout]       SuggestLocation::from_context
[INFO] [stdout]    --> src/suggest.rs:258:5
[INFO] [stdout]     |
[INFO] [stdout] 258 |     pub fn new(symbol_id: SymbolId, symbol_path: SymbolPath, file: impl Into<String>) -> Self {
[INFO] [stdout]     |     ^^^^^^^^^^^^^^^^^^^^^^^^^^^^^^^^^^^^^^^^^^^^^^^^^^^^^^^^^^^^^^^^^^^^^^^^^^^^^^^^^^^^^^^^^
[INFO] [stdout] ...
[INFO] [stdout] 267 |     pub fn from_context(ctx: &AnalysisContext, symbol_id: SymbolId) -> Option<Self> {
[INFO] [stdout]     |     ^^^^^^^^^^^^^^^^^^^^^^^^^^^^^^^^^^^^^^^^^^^^^^^^^^^^^^^^^^^^^^^^^^^^^^^^^^^^^^^
[INFO] [stdout] 
[INFO] [stdout] 
[INFO] [stdout] error[E0599]: no associated function or constant named `for_test` found for struct `ryo_suggest::SuggestLocation` in the current scope
[INFO] [stdout]    --> tests/integration_phase3.rs:97:26
[INFO] [stdout]     |
[INFO] [stdout]  97 |         SuggestLocation::for_test("test.rs", "TestSymbol"),
[INFO] [stdout]     |                          ^^^^^^^^ associated function or constant not found in `ryo_suggest::SuggestLocation`
[INFO] [stdout]     |
[INFO] [stdout] note: if you're trying to build a new `ryo_suggest::SuggestLocation` consider using one of the following associated functions:
[INFO] [stdout]       ryo_suggest::SuggestLocation::new
[INFO] [stdout]       ryo_suggest::SuggestLocation::from_context
[INFO] [stdout]    --> src/suggest.rs:258:5
[INFO] [stdout]     |
[INFO] [stdout] 258 |     pub fn new(symbol_id: SymbolId, symbol_path: SymbolPath, file: impl Into<String>) -> Self {
[INFO] [stdout]     |     ^^^^^^^^^^^^^^^^^^^^^^^^^^^^^^^^^^^^^^^^^^^^^^^^^^^^^^^^^^^^^^^^^^^^^^^^^^^^^^^^^^^^^^^^^
[INFO] [stdout] ...
[INFO] [stdout] 267 |     pub fn from_context(ctx: &AnalysisContext, symbol_id: SymbolId) -> Option<Self> {
[INFO] [stdout]     |     ^^^^^^^^^^^^^^^^^^^^^^^^^^^^^^^^^^^^^^^^^^^^^^^^^^^^^^^^^^^^^^^^^^^^^^^^^^^^^^^
[INFO] [stdout] 
[INFO] [stdout] 
[INFO] [stdout] error[E0599]: no associated function or constant named `for_test` found for struct `ryo_suggest::SuggestLocation` in the current scope
[INFO] [stdout]    --> tests/integration_phase3.rs:509:30
[INFO] [stdout]     |
[INFO] [stdout] 509 |             SuggestLocation::for_test("src/lib.rs", "MyStruct"),
[INFO] [stdout]     |                              ^^^^^^^^ associated function or constant not found in `ryo_suggest::SuggestLocation`
[INFO] [stdout]     |
[INFO] [stdout] note: if you're trying to build a new `ryo_suggest::SuggestLocation` consider using one of the following associated functions:
[INFO] [stdout]       ryo_suggest::SuggestLocation::new
[INFO] [stdout]       ryo_suggest::SuggestLocation::from_context
[INFO] [stdout]    --> src/suggest.rs:258:5
[INFO] [stdout]     |
[INFO] [stdout] 258 |     pub fn new(symbol_id: SymbolId, symbol_path: SymbolPath, file: impl Into<String>) -> Self {
[INFO] [stdout]     |     ^^^^^^^^^^^^^^^^^^^^^^^^^^^^^^^^^^^^^^^^^^^^^^^^^^^^^^^^^^^^^^^^^^^^^^^^^^^^^^^^^^^^^^^^^
[INFO] [stdout] ...
[INFO] [stdout] 267 |     pub fn from_context(ctx: &AnalysisContext, symbol_id: SymbolId) -> Option<Self> {
[INFO] [stdout]     |     ^^^^^^^^^^^^^^^^^^^^^^^^^^^^^^^^^^^^^^^^^^^^^^^^^^^^^^^^^^^^^^^^^^^^^^^^^^^^^^^
[INFO] [stdout] 
[INFO] [stdout] 
[INFO] [stdout] error[E0599]: no associated function or constant named `for_test` found for struct `ryo_suggest::SuggestLocation` in the current scope
[INFO] [stdout]    --> tests/integration_phase1.rs:94:26
[INFO] [stdout]     |
[INFO] [stdout]  94 |         SuggestLocation::for_test("test.rs", "TestSymbol"),
[INFO] [stdout]     |                          ^^^^^^^^ associated function or constant not found in `ryo_suggest::SuggestLocation`
[INFO] [stdout]     |
[INFO] [stdout] note: if you're trying to build a new `ryo_suggest::SuggestLocation` consider using one of the following associated functions:
[INFO] [stdout]       ryo_suggest::SuggestLocation::new
[INFO] [stdout]       ryo_suggest::SuggestLocation::from_context
[INFO] [stdout]    --> src/suggest.rs:258:5
[INFO] [stdout]     |
[INFO] [stdout] 258 |     pub fn new(symbol_id: SymbolId, symbol_path: SymbolPath, file: impl Into<String>) -> Self {
[INFO] [stdout]     |     ^^^^^^^^^^^^^^^^^^^^^^^^^^^^^^^^^^^^^^^^^^^^^^^^^^^^^^^^^^^^^^^^^^^^^^^^^^^^^^^^^^^^^^^^^
[INFO] [stdout] ...
[INFO] [stdout] 267 |     pub fn from_context(ctx: &AnalysisContext, symbol_id: SymbolId) -> Option<Self> {
[INFO] [stdout]     |     ^^^^^^^^^^^^^^^^^^^^^^^^^^^^^^^^^^^^^^^^^^^^^^^^^^^^^^^^^^^^^^^^^^^^^^^^^^^^^^^
[INFO] [stdout] 
[INFO] [stdout] 
[INFO] [stdout] For more information about this error, try `rustc --explain E0599`.
[INFO] [stdout] 
[INFO] [stderr] error: could not compile `ryo-suggest` (test "integration_phase2") due to 1 previous error
[INFO] [stderr] warning: build failed, waiting for other jobs to finish...
[INFO] [stdout] error[E0599]: no associated function or constant named `for_test` found for struct `ryo_suggest::SuggestLocation` in the current scope
[INFO] [stdout]    --> tests/integration_phase1.rs:672:30
[INFO] [stdout]     |
[INFO] [stdout] 672 |             SuggestLocation::for_test("test.rs", "Symbol1"),
[INFO] [stdout]     |                              ^^^^^^^^ associated function or constant not found in `ryo_suggest::SuggestLocation`
[INFO] [stdout]     |
[INFO] [stdout] note: if you're trying to build a new `ryo_suggest::SuggestLocation` consider using one of the following associated functions:
[INFO] [stdout]       ryo_suggest::SuggestLocation::new
[INFO] [stdout]       ryo_suggest::SuggestLocation::from_context
[INFO] [stdout]    --> src/suggest.rs:258:5
[INFO] [stdout]     |
[INFO] [stdout] 258 |     pub fn new(symbol_id: SymbolId, symbol_path: SymbolPath, file: impl Into<String>) -> Self {
[INFO] [stdout]     |     ^^^^^^^^^^^^^^^^^^^^^^^^^^^^^^^^^^^^^^^^^^^^^^^^^^^^^^^^^^^^^^^^^^^^^^^^^^^^^^^^^^^^^^^^^
[INFO] [stdout] ...
[INFO] [stdout] 267 |     pub fn from_context(ctx: &AnalysisContext, symbol_id: SymbolId) -> Option<Self> {
[INFO] [stdout]     |     ^^^^^^^^^^^^^^^^^^^^^^^^^^^^^^^^^^^^^^^^^^^^^^^^^^^^^^^^^^^^^^^^^^^^^^^^^^^^^^^
[INFO] [stdout] 
[INFO] [stdout] 
[INFO] [stdout] For more information about this error, try `rustc --explain E0599`.
[INFO] [stdout] 
[INFO] [stdout] error[E0599]: no associated function or constant named `for_test` found for struct `ryo_suggest::SuggestLocation` in the current scope
[INFO] [stdout]    --> tests/integration_phase1.rs:684:30
[INFO] [stdout]     |
[INFO] [stdout] 684 |             SuggestLocation::for_test("test.rs", "Symbol2"),
[INFO] [stdout]     |                              ^^^^^^^^ associated function or constant not found in `ryo_suggest::SuggestLocation`
[INFO] [stdout]     |
[INFO] [stdout] note: if you're trying to build a new `ryo_suggest::SuggestLocation` consider using one of the following associated functions:
[INFO] [stdout]       ryo_suggest::SuggestLocation::new
[INFO] [stdout]       ryo_suggest::SuggestLocation::from_context
[INFO] [stdout]    --> src/suggest.rs:258:5
[INFO] [stdout]     |
[INFO] [stdout] 258 |     pub fn new(symbol_id: SymbolId, symbol_path: SymbolPath, file: impl Into<String>) -> Self {
[INFO] [stdout]     |     ^^^^^^^^^^^^^^^^^^^^^^^^^^^^^^^^^^^^^^^^^^^^^^^^^^^^^^^^^^^^^^^^^^^^^^^^^^^^^^^^^^^^^^^^^
[INFO] [stdout] ...
[INFO] [stdout] 267 |     pub fn from_context(ctx: &AnalysisContext, symbol_id: SymbolId) -> Option<Self> {
[INFO] [stdout]     |     ^^^^^^^^^^^^^^^^^^^^^^^^^^^^^^^^^^^^^^^^^^^^^^^^^^^^^^^^^^^^^^^^^^^^^^^^^^^^^^^
[INFO] [stdout] 
[INFO] [stdout] 
[INFO] [stdout] error[E0599]: no associated function or constant named `for_test` found for struct `ryo_suggest::SuggestLocation` in the current scope
[INFO] [stdout]    --> tests/integration_phase1.rs:697:30
[INFO] [stdout]     |
[INFO] [stdout] 697 |             SuggestLocation::for_test("test.rs", "Symbol3"),
[INFO] [stdout]     |                              ^^^^^^^^ associated function or constant not found in `ryo_suggest::SuggestLocation`
[INFO] [stdout]     |
[INFO] [stdout] note: if you're trying to build a new `ryo_suggest::SuggestLocation` consider using one of the following associated functions:
[INFO] [stdout]       ryo_suggest::SuggestLocation::new
[INFO] [stdout]       ryo_suggest::SuggestLocation::from_context
[INFO] [stdout]    --> src/suggest.rs:258:5
[INFO] [stdout]     |
[INFO] [stdout] 258 |     pub fn new(symbol_id: SymbolId, symbol_path: SymbolPath, file: impl Into<String>) -> Self {
[INFO] [stdout]     |     ^^^^^^^^^^^^^^^^^^^^^^^^^^^^^^^^^^^^^^^^^^^^^^^^^^^^^^^^^^^^^^^^^^^^^^^^^^^^^^^^^^^^^^^^^
[INFO] [stdout] ...
[INFO] [stdout] 267 |     pub fn from_context(ctx: &AnalysisContext, symbol_id: SymbolId) -> Option<Self> {
[INFO] [stdout]     |     ^^^^^^^^^^^^^^^^^^^^^^^^^^^^^^^^^^^^^^^^^^^^^^^^^^^^^^^^^^^^^^^^^^^^^^^^^^^^^^^
[INFO] [stdout] 
[INFO] [stdout] 
[INFO] [stderr] error: could not compile `ryo-suggest` (test "integration_phase3") due to 2 previous errors
[INFO] [stdout] For more information about this error, try `rustc --explain E0599`.
[INFO] [stdout] 
[INFO] [stderr] error: could not compile `ryo-suggest` (test "integration_phase1") due to 4 previous errors
[INFO] running `Command { std: "docker" "inspect" "90a51173facb8cd9f91eeabea4d767498ac9cdc47a6bf154ca6f2e7925bfad2b", kill_on_drop: false }`
[INFO] running `Command { std: "docker" "rm" "-f" "90a51173facb8cd9f91eeabea4d767498ac9cdc47a6bf154ca6f2e7925bfad2b", kill_on_drop: false }`
[INFO] [stdout] 90a51173facb8cd9f91eeabea4d767498ac9cdc47a6bf154ca6f2e7925bfad2b
