[INFO] fetching crate rword-editor 0.1.1...
[INFO] testing rword-editor-0.1.1 against 1.100.0-beta.1+cargoflags=--release for beta-release-1.100-2
[INFO] extracting crate rword-editor 0.1.1 into /workspace/builds/worker-2-tc2/source
[INFO] started tweaking crates.io crate rword-editor 0.1.1
[INFO] removed 0 missing tests
[INFO] finished tweaking crates.io crate rword-editor 0.1.1
[INFO] tweaked toml for crates.io crate rword-editor 0.1.1 written to /workspace/builds/worker-2-tc2/source/Cargo.toml
[INFO] validating manifest of crates.io crate rword-editor 0.1.1 on toolchain 1.100.0-beta.1
[INFO] running `Command { std: CARGO_HOME="/workspace/cargo-home" RUSTUP_HOME="/workspace/rustup-home" "/workspace/cargo-home/bin/cargo" "+1.100.0-beta.1" "metadata" "--manifest-path" "Cargo.toml" "--no-deps", kill_on_drop: false }`
[INFO] crate crates.io crate rword-editor 0.1.1 already has a lockfile, it will not be regenerated
[INFO] running `Command { std: CARGO_HOME="/workspace/cargo-home" RUSTUP_HOME="/workspace/rustup-home" "/workspace/cargo-home/bin/cargo" "+1.100.0-beta.1" "fetch" "--manifest-path" "Cargo.toml", kill_on_drop: false }`
[INFO] running `Command { std: "docker" "create" "-v" "/var/lib/crater-agent-workspace/builds/worker-2-tc2/source:/opt/rustwide/workdir:ro,Z" "-v" "/var/lib/crater-agent-workspace/builds/worker-2-tc2/target:/opt/rustwide/target:rw,Z" "-v" "/var/lib/crater-agent-workspace/cargo-home:/opt/rustwide/cargo-home:ro,Z" "-v" "/var/lib/crater-agent-workspace/rustup-home:/opt/rustwide/rustup-home:ro,Z" "-m" "1610612736" "--network" "none" "ghcr.io/rust-lang/crates-build-env/linux@sha256:77db811e55d90add9212f6832c23229e3de5f1c1f9905e8cb07319ea15df73ac" "sleep" "infinity", kill_on_drop: false }`
[INFO] [stdout] b97ae7fc510a8d69c3aba55ecbdabc6e98a25c7de1195abc0386adcaad8cf99a
[INFO] running `Command { std: "docker" "start" "b97ae7fc510a8d69c3aba55ecbdabc6e98a25c7de1195abc0386adcaad8cf99a", kill_on_drop: false }`
[INFO] running `Command { std: "docker" "inspect" "b97ae7fc510a8d69c3aba55ecbdabc6e98a25c7de1195abc0386adcaad8cf99a", kill_on_drop: false }`
[INFO] running `Command { std: "docker" "exec" "-e" "SOURCE_DIR=/opt/rustwide/workdir" "-e" "CARGO_HOME=/opt/rustwide/cargo-home" "-e" "RUSTUP_HOME=/opt/rustwide/rustup-home" "-e" "CARGO_TARGET_DIR=/opt/rustwide/target" "-w" "/opt/rustwide/workdir" "--user" "0:0" "b97ae7fc510a8d69c3aba55ecbdabc6e98a25c7de1195abc0386adcaad8cf99a" "/opt/rustwide/cargo-home/bin/cargo" "+1.100.0-beta.1" "metadata" "--no-deps" "--format-version=1", kill_on_drop: false }`
[INFO] running `Command { std: "docker" "inspect" "b97ae7fc510a8d69c3aba55ecbdabc6e98a25c7de1195abc0386adcaad8cf99a", kill_on_drop: false }`
[INFO] running `Command { std: "docker" "exec" "-e" "SOURCE_DIR=/opt/rustwide/workdir" "-e" "CARGO_HOME=/opt/rustwide/cargo-home" "-e" "RUSTUP_HOME=/opt/rustwide/rustup-home" "-e" "CARGO_TARGET_DIR=/opt/rustwide/target" "-e" "CARGO_INCREMENTAL=0" "-e" "RUST_BACKTRACE=full" "-e" "RUSTFLAGS=--cap-lints=warn" "-e" "RUSTDOCFLAGS=--cap-lints=warn" "-w" "/opt/rustwide/workdir" "--user" "0:0" "b97ae7fc510a8d69c3aba55ecbdabc6e98a25c7de1195abc0386adcaad8cf99a" "/opt/rustwide/cargo-home/bin/cargo" "+1.100.0-beta.1" "build" "--frozen" "--message-format=json" "--release", kill_on_drop: false }`
[INFO] [stderr]    Compiling proc-macro2 v1.0.106
[INFO] [stderr]    Compiling quote v1.0.45
[INFO] [stderr]    Compiling libc v0.2.185
[INFO] [stderr]    Compiling serde_json v1.0.151
[INFO] [stderr]    Compiling syn v2.0.117
[INFO] [stderr]    Compiling getrandom v0.4.2
[INFO] [stderr]    Compiling uuid v1.23.1
[INFO] [stderr]    Compiling serde_derive v1.0.228
[INFO] [stderr]    Compiling serde v1.0.228
[INFO] [stderr]    Compiling rword-dom v0.1.1
[INFO] [stderr]    Compiling rword-editor v0.1.1 (/opt/rustwide/workdir)
[INFO] [stdout] warning: method `paragraph_char_at` is never used
[INFO] [stdout]     --> src/editor_api.rs:1138:8
[INFO] [stdout]      |
[INFO] [stdout]  586 | impl Editor {
[INFO] [stdout]      | ----------- method in this implementation
[INFO] [stdout] ...
[INFO] [stdout] 1138 |     fn paragraph_char_at(&self, para_index: usize, char_offset: usize) -> Option<String> {
[INFO] [stdout]      |        ^^^^^^^^^^^^^^^^^
[INFO] [stdout]      |
[INFO] [stdout]      = note: `#[warn(dead_code)]` (part of `#[warn(unused)]`) on by default
[INFO] [stdout] 
[INFO] [stdout] 
[INFO] [stderr]     Finished `release` profile [optimized] target(s) in 29.37s
[INFO] running `Command { std: "docker" "inspect" "b97ae7fc510a8d69c3aba55ecbdabc6e98a25c7de1195abc0386adcaad8cf99a", kill_on_drop: false }`
[INFO] running `Command { std: "docker" "exec" "-e" "SOURCE_DIR=/opt/rustwide/workdir" "-e" "CARGO_HOME=/opt/rustwide/cargo-home" "-e" "RUSTUP_HOME=/opt/rustwide/rustup-home" "-e" "CARGO_TARGET_DIR=/opt/rustwide/target" "-e" "CARGO_INCREMENTAL=0" "-e" "RUST_BACKTRACE=full" "-e" "RUSTFLAGS=--cap-lints=warn" "-e" "RUSTDOCFLAGS=--cap-lints=warn" "-w" "/opt/rustwide/workdir" "--user" "0:0" "b97ae7fc510a8d69c3aba55ecbdabc6e98a25c7de1195abc0386adcaad8cf99a" "/opt/rustwide/cargo-home/bin/cargo" "+1.100.0-beta.1" "test" "--frozen" "--no-run" "--message-format=json" "--release", kill_on_drop: false }`
[INFO] [stdout] warning: method `paragraph_char_at` is never used
[INFO] [stdout]     --> src/editor_api.rs:1138:8
[INFO] [stdout]      |
[INFO] [stdout]  586 | impl Editor {
[INFO] [stdout]      | ----------- method in this implementation
[INFO] [stdout] ...
[INFO] [stdout] 1138 |     fn paragraph_char_at(&self, para_index: usize, char_offset: usize) -> Option<String> {
[INFO] [stdout]      |        ^^^^^^^^^^^^^^^^^
[INFO] [stdout]      |
[INFO] [stdout]      = note: `#[warn(dead_code)]` (part of `#[warn(unused)]`) on by default
[INFO] [stdout] 
[INFO] [stdout] 
[INFO] [stderr]    Compiling rword-editor v0.1.1 (/opt/rustwide/workdir)
[INFO] [stdout] error[E0432]: unresolved import `rword_layout`
[INFO] [stdout]  --> tests/integration.rs:7:5
[INFO] [stdout]   |
[INFO] [stdout] 7 | use rword_layout::{LayoutEngine, PageContent, ParleyLayoutEngine, Viewport};
[INFO] [stdout]   |     ^^^^^^^^^^^^ use of unresolved module or unlinked crate `rword_layout`
[INFO] [stdout]   |
[INFO] [stdout]   = help: if you wanted to use a crate named `rword_layout`, use `cargo add rword_layout` to add it to your `Cargo.toml`
[INFO] [stdout] 
[INFO] [stdout] 
[INFO] [stdout] error[E0433]: cannot find module or crate `rword_layout` in this scope
[INFO] [stdout]   --> tests/integration.rs:27:22
[INFO] [stdout]    |
[INFO] [stdout] 27 | fn first_para(page: &rword_layout::PageLayout) -> &rword_layout::ParagraphLayout {
[INFO] [stdout]    |                      ^^^^^^^^^^^^ use of unresolved module or unlinked crate `rword_layout`
[INFO] [stdout]    |
[INFO] [stdout]    = help: if you wanted to use a crate named `rword_layout`, use `cargo add rword_layout` to add it to your `Cargo.toml`
[INFO] [stdout] 
[INFO] [stdout] 
[INFO] [stdout] error[E0433]: cannot find module or crate `rword_layout` in this scope
[INFO] [stdout]   --> tests/integration.rs:27:52
[INFO] [stdout]    |
[INFO] [stdout] 27 | fn first_para(page: &rword_layout::PageLayout) -> &rword_layout::ParagraphLayout {
[INFO] [stdout]    |                                                    ^^^^^^^^^^^^ use of unresolved module or unlinked crate `rword_layout`
[INFO] [stdout]    |
[INFO] [stdout]    = help: if you wanted to use a crate named `rword_layout`, use `cargo add rword_layout` to add it to your `Cargo.toml`
[INFO] [stdout] 
[INFO] [stdout] 
[INFO] [stdout] error[E0433]: cannot find module or crate `rword_layout` in this scope
[INFO] [stdout]   --> tests/integration.rs:37:22
[INFO] [stdout]    |
[INFO] [stdout] 37 | fn para_count(page: &rword_layout::PageLayout) -> usize {
[INFO] [stdout]    |                      ^^^^^^^^^^^^ use of unresolved module or unlinked crate `rword_layout`
[INFO] [stdout]    |
[INFO] [stdout]    = help: if you wanted to use a crate named `rword_layout`, use `cargo add rword_layout` to add it to your `Cargo.toml`
[INFO] [stdout] 
[INFO] [stdout] 
[INFO] [stdout] error[E0433]: cannot find module or crate `rword_layout` in this scope
[INFO] [stdout]   --> tests/integration.rs:45:17
[INFO] [stdout]    |
[INFO] [stdout] 45 | fn paras(page: &rword_layout::PageLayout) -> Vec<&rword_layout::ParagraphLayout> {
[INFO] [stdout]    |                 ^^^^^^^^^^^^ use of unresolved module or unlinked crate `rword_layout`
[INFO] [stdout]    |
[INFO] [stdout]    = help: if you wanted to use a crate named `rword_layout`, use `cargo add rword_layout` to add it to your `Cargo.toml`
[INFO] [stdout] 
[INFO] [stdout] 
[INFO] [stdout] error[E0433]: cannot find module or crate `rword_layout` in this scope
[INFO] [stdout]   --> tests/integration.rs:45:51
[INFO] [stdout]    |
[INFO] [stdout] 45 | fn paras(page: &rword_layout::PageLayout) -> Vec<&rword_layout::ParagraphLayout> {
[INFO] [stdout]    |                                                   ^^^^^^^^^^^^ use of unresolved module or unlinked crate `rword_layout`
[INFO] [stdout]    |
[INFO] [stdout]    = help: if you wanted to use a crate named `rword_layout`, use `cargo add rword_layout` to add it to your `Cargo.toml`
[INFO] [stdout] 
[INFO] [stdout] 
[INFO] [stdout] Some errors have detailed explanations: E0432, E0433.
[INFO] [stdout] 
[INFO] [stdout] For more information about an error, try `rustc --explain E0432`.
[INFO] [stdout] 
[INFO] [stderr] error: could not compile `rword-editor` (test "integration") due to 6 previous errors
[INFO] [stderr] warning: build failed, waiting for other jobs to finish...
[INFO] [stdout] warning: unused import: `Paragraph`
[INFO] [stdout]    --> src/steps/sdt_steps.rs:257:19
[INFO] [stdout]     |
[INFO] [stdout] 257 |         Document, Paragraph, Run, RunContent, RunText,
[INFO] [stdout]     |                   ^^^^^^^^^
[INFO] [stdout]     |
[INFO] [stdout]     = note: `#[warn(unused_imports)]` (part of `#[warn(unused)]`) on by default
[INFO] [stdout] 
[INFO] [stdout] 
[INFO] [stdout] warning: method `paragraph_char_at` is never used
[INFO] [stdout]     --> src/editor_api.rs:1138:8
[INFO] [stdout]      |
[INFO] [stdout]  586 | impl Editor {
[INFO] [stdout]      | ----------- method in this implementation
[INFO] [stdout] ...
[INFO] [stdout] 1138 |     fn paragraph_char_at(&self, para_index: usize, char_offset: usize) -> Option<String> {
[INFO] [stdout]      |        ^^^^^^^^^^^^^^^^^
[INFO] [stdout]      |
[INFO] [stdout]      = note: `#[warn(dead_code)]` (part of `#[warn(unused)]`) on by default
[INFO] [stdout] 
[INFO] [stdout] 
[INFO] running `Command { std: "docker" "inspect" "b97ae7fc510a8d69c3aba55ecbdabc6e98a25c7de1195abc0386adcaad8cf99a", kill_on_drop: false }`
[INFO] running `Command { std: "docker" "rm" "-f" "b97ae7fc510a8d69c3aba55ecbdabc6e98a25c7de1195abc0386adcaad8cf99a", kill_on_drop: false }`
[INFO] [stdout] b97ae7fc510a8d69c3aba55ecbdabc6e98a25c7de1195abc0386adcaad8cf99a
