[INFO] fetching crate rustycoils 0.1.1...
[INFO] testing rustycoils-0.1.1 against 1.99.0-beta.8+cargoflags=--release for beta-release-1.100-2
[INFO] extracting crate rustycoils 0.1.1 into /workspace/builds/worker-3-tc1/source
[INFO] started tweaking crates.io crate rustycoils 0.1.1
[INFO] finished tweaking crates.io crate rustycoils 0.1.1
[INFO] tweaked toml for crates.io crate rustycoils 0.1.1 written to /workspace/builds/worker-3-tc1/source/Cargo.toml
[INFO] validating manifest of crates.io crate rustycoils 0.1.1 on toolchain 1.99.0-beta.8
[INFO] running `Command { std: CARGO_HOME="/workspace/cargo-home" RUSTUP_HOME="/workspace/rustup-home" "/workspace/cargo-home/bin/cargo" "+1.99.0-beta.8" "metadata" "--manifest-path" "Cargo.toml" "--no-deps", kill_on_drop: false }`
[INFO] running `Command { std: CARGO_HOME="/workspace/cargo-home" RUSTUP_HOME="/workspace/rustup-home" "/workspace/cargo-home/bin/cargo" "+1.99.0-beta.8" "generate-lockfile" "--manifest-path" "Cargo.toml", kill_on_drop: false }`
[INFO] [stderr]     Updating crates.io index
[INFO] [stderr]      Locking 18 packages to highest compatible versions
[INFO] [stderr]       Adding GSL v4.0.4 (available: v7.0.0)
[INFO] [stderr]       Adding ndarray v0.15.6 (available: v0.17.2)
[INFO] running `Command { std: CARGO_HOME="/workspace/cargo-home" RUSTUP_HOME="/workspace/rustup-home" "/workspace/cargo-home/bin/cargo" "+1.99.0-beta.8" "fetch" "--manifest-path" "Cargo.toml", kill_on_drop: false }`
[INFO] [stderr]  Downloading crates ...
[INFO] [stderr]   Downloaded GSL v4.0.4
[INFO] [stderr]   Downloaded GSL-sys v2.0.2
[INFO] running `Command { std: "docker" "create" "-v" "/var/lib/crater-agent-workspace/builds/worker-3-tc1/source:/opt/rustwide/workdir:ro,Z" "-v" "/var/lib/crater-agent-workspace/builds/worker-3-tc1/target:/opt/rustwide/target:rw,Z" "-v" "/var/lib/crater-agent-workspace/cargo-home:/opt/rustwide/cargo-home:ro,Z" "-v" "/var/lib/crater-agent-workspace/rustup-home:/opt/rustwide/rustup-home:ro,Z" "-m" "1610612736" "--network" "none" "ghcr.io/rust-lang/crates-build-env/linux@sha256:77db811e55d90add9212f6832c23229e3de5f1c1f9905e8cb07319ea15df73ac" "sleep" "infinity", kill_on_drop: false }`
[INFO] [stdout] 3793000523a34c1915c1ffa19d5f0f57d4b165a743a692ad6cb5a1e3a4910cdc
[INFO] running `Command { std: "docker" "start" "3793000523a34c1915c1ffa19d5f0f57d4b165a743a692ad6cb5a1e3a4910cdc", kill_on_drop: false }`
[INFO] running `Command { std: "docker" "inspect" "3793000523a34c1915c1ffa19d5f0f57d4b165a743a692ad6cb5a1e3a4910cdc", kill_on_drop: false }`
[INFO] running `Command { std: "docker" "exec" "-e" "SOURCE_DIR=/opt/rustwide/workdir" "-e" "CARGO_HOME=/opt/rustwide/cargo-home" "-e" "RUSTUP_HOME=/opt/rustwide/rustup-home" "-e" "CARGO_TARGET_DIR=/opt/rustwide/target" "-w" "/opt/rustwide/workdir" "--user" "0:0" "3793000523a34c1915c1ffa19d5f0f57d4b165a743a692ad6cb5a1e3a4910cdc" "/opt/rustwide/cargo-home/bin/cargo" "+1.99.0-beta.8" "metadata" "--no-deps" "--format-version=1", kill_on_drop: false }`
[INFO] running `Command { std: "docker" "inspect" "3793000523a34c1915c1ffa19d5f0f57d4b165a743a692ad6cb5a1e3a4910cdc", kill_on_drop: false }`
[INFO] running `Command { std: "docker" "exec" "-e" "SOURCE_DIR=/opt/rustwide/workdir" "-e" "CARGO_HOME=/opt/rustwide/cargo-home" "-e" "RUSTUP_HOME=/opt/rustwide/rustup-home" "-e" "CARGO_TARGET_DIR=/opt/rustwide/target" "-e" "CARGO_INCREMENTAL=0" "-e" "RUST_BACKTRACE=full" "-e" "RUSTFLAGS=--cap-lints=warn" "-e" "RUSTDOCFLAGS=--cap-lints=warn" "-w" "/opt/rustwide/workdir" "--user" "0:0" "3793000523a34c1915c1ffa19d5f0f57d4b165a743a692ad6cb5a1e3a4910cdc" "/opt/rustwide/cargo-home/bin/cargo" "+1.99.0-beta.8" "build" "--frozen" "--message-format=json" "--release", kill_on_drop: false }`
[INFO] [stderr]    Compiling rustycoils v0.1.1 (/opt/rustwide/workdir)
[INFO] [stderr]     Finished `release` profile [optimized] target(s) in 1.23s
[INFO] running `Command { std: "docker" "inspect" "3793000523a34c1915c1ffa19d5f0f57d4b165a743a692ad6cb5a1e3a4910cdc", kill_on_drop: false }`
[INFO] running `Command { std: "docker" "exec" "-e" "SOURCE_DIR=/opt/rustwide/workdir" "-e" "CARGO_HOME=/opt/rustwide/cargo-home" "-e" "RUSTUP_HOME=/opt/rustwide/rustup-home" "-e" "CARGO_TARGET_DIR=/opt/rustwide/target" "-e" "CARGO_INCREMENTAL=0" "-e" "RUST_BACKTRACE=full" "-e" "RUSTFLAGS=--cap-lints=warn" "-e" "RUSTDOCFLAGS=--cap-lints=warn" "-w" "/opt/rustwide/workdir" "--user" "0:0" "3793000523a34c1915c1ffa19d5f0f57d4b165a743a692ad6cb5a1e3a4910cdc" "/opt/rustwide/cargo-home/bin/cargo" "+1.99.0-beta.8" "test" "--frozen" "--no-run" "--message-format=json" "--release", kill_on_drop: false }`
[INFO] [stderr]    Compiling GSL-sys v2.0.2
[INFO] [stdout] error: linking with `cc` failed: exit status: 1
[INFO] [stdout]   |
[INFO] [stdout]   = note:  "cc" "-Wl,--version-script=/opt/rustwide/target/release/deps/rustchSlBWi/list" "-Wl,--no-undefined-version" "-m64" "/opt/rustwide/target/release/deps/rustchSlBWi/symbols.o" "<1 object files omitted>" "/opt/rustwide/target/release/deps/rustchSlBWi/rmeta.o" "-Wl,--as-needed" "-Wl,-Bdynamic" "-lgsl" "-lgslcblas" "-Wl,-Bstatic" "/opt/rustwide/target/release/deps/liblibc-a0a6e54f1566fa83.rlib" "-Wl,-Bdynamic" "<sysroot>/lib/rustlib/x86_64-unknown-linux-gnu/lib/libstd-3ebd33b08985d8a2.so" "-Wl,-Bstatic" "<sysroot>/lib/rustlib/x86_64-unknown-linux-gnu/lib/libcompiler_builtins-*.rlib" "-Wl,-Bdynamic" "-lgcc_s" "-lutil" "-lrt" "-lpthread" "-lm" "-ldl" "-lc" "-L" "/opt/rustwide/target/release/deps/rustchSlBWi/raw-dylibs" "-B<sysroot>/lib/rustlib/x86_64-unknown-linux-gnu/bin/gcc-ld" "-fuse-ld=lld" "-Wl,--eh-frame-hdr" "-Wl,-z,noexecstack" "-L" "<sysroot>/lib/rustlib/x86_64-unknown-linux-gnu/lib" "-o" "/opt/rustwide/target/release/deps/libgsl_sys-1d911ec0e5fac64e.so" "-shared" "-Wl,-soname=libgsl_sys-1d911ec0e5fac64e.so" "-Wl,-z,relro,-z,now" "-Wl,-O1" "-Wl,--strip-debug" "-nodefaultlibs"
[INFO] [stdout]   = note: some arguments are omitted. use `--verbose` to show all linker arguments
[INFO] [stdout]   = note: rust-lld: error: unable to find library -lgsl
[INFO] [stdout]           rust-lld: error: unable to find library -lgslcblas
[INFO] [stdout]           collect2: error: ld returned 1 exit status
[INFO] [stdout]           
[INFO] [stdout] 
[INFO] [stdout] 
[INFO] [stderr] error: could not compile `GSL-sys` (lib) due to 1 previous error
[INFO] running `Command { std: "docker" "inspect" "3793000523a34c1915c1ffa19d5f0f57d4b165a743a692ad6cb5a1e3a4910cdc", kill_on_drop: false }`
[INFO] running `Command { std: "docker" "rm" "-f" "3793000523a34c1915c1ffa19d5f0f57d4b165a743a692ad6cb5a1e3a4910cdc", kill_on_drop: false }`
[INFO] [stdout] 3793000523a34c1915c1ffa19d5f0f57d4b165a743a692ad6cb5a1e3a4910cdc
