[INFO] fetching crate rusty-duplication 0.6.1...
[INFO] testing rusty-duplication-0.6.1 against 1.99.0-beta.8+cargoflags=--release for beta-release-1.100-2
[INFO] extracting crate rusty-duplication 0.6.1 into /workspace/builds/worker-2-tc1/source
[INFO] started tweaking crates.io crate rusty-duplication 0.6.1
[INFO] removed 0 missing examples
[INFO] finished tweaking crates.io crate rusty-duplication 0.6.1
[INFO] tweaked toml for crates.io crate rusty-duplication 0.6.1 written to /workspace/builds/worker-2-tc1/source/Cargo.toml
[INFO] validating manifest of crates.io crate rusty-duplication 0.6.1 on toolchain 1.99.0-beta.8
[INFO] running `Command { std: CARGO_HOME="/workspace/cargo-home" RUSTUP_HOME="/workspace/rustup-home" "/workspace/cargo-home/bin/cargo" "+1.99.0-beta.8" "metadata" "--manifest-path" "Cargo.toml" "--no-deps", kill_on_drop: false }`
[INFO] crate crates.io crate rusty-duplication 0.6.1 already has a lockfile, it will not be regenerated
[INFO] running `Command { std: CARGO_HOME="/workspace/cargo-home" RUSTUP_HOME="/workspace/rustup-home" "/workspace/cargo-home/bin/cargo" "+1.99.0-beta.8" "fetch" "--manifest-path" "Cargo.toml", kill_on_drop: false }`
[INFO] [stderr]  Downloading crates ...
[INFO] [stderr]   Downloaded windows-interface v0.59.0
[INFO] [stderr]   Downloaded windows-result v0.3.0
[INFO] [stderr]   Downloaded windows-core v0.59.0
[INFO] [stderr]   Downloaded windows-strings v0.3.0
[INFO] [stderr]   Downloaded serial_test v2.0.0
[INFO] [stderr]   Downloaded aligned-vec v0.5.0
[INFO] [stderr]   Downloaded windows-implement v0.59.0
[INFO] [stderr]   Downloaded avif-serialize v0.8.2
[INFO] [stderr]   Downloaded built v0.7.6
[INFO] [stderr]   Downloaded bitstream-io v2.6.0
[INFO] [stderr]   Downloaded ravif v0.11.11
[INFO] [stderr]   Downloaded lebe v0.5.2
[INFO] [stderr]   Downloaded serial_test_derive v2.0.0
[INFO] [stderr]   Downloaded crunchy v0.2.3
[INFO] [stderr]   Downloaded bit_field v0.10.2
[INFO] [stderr]   Downloaded profiling v1.0.16
[INFO] [stderr]   Downloaded profiling-procmacros v1.0.16
[INFO] [stderr]   Downloaded rgb v0.8.50
[INFO] [stderr]   Downloaded v_frame v0.3.8
[INFO] [stderr]   Downloaded system-deps v6.2.2
[INFO] [stderr]   Downloaded pkg-config v0.3.31
[INFO] [stderr]   Downloaded cfg-expr v0.15.8
[INFO] [stderr]   Downloaded arbitrary v1.4.1
[INFO] [stderr]   Downloaded gif v0.13.1
[INFO] [stderr]   Downloaded weezl v0.1.8
[INFO] [stderr]   Downloaded av1-grain v0.2.3
[INFO] [stderr]   Downloaded imgref v1.11.0
[INFO] [stderr]   Downloaded image-webp v0.2.1
[INFO] [stderr]   Downloaded cc v1.2.13
[INFO] [stderr]   Downloaded zune-jpeg v0.4.14
[INFO] [stderr]   Downloaded flate2 v1.0.35
[INFO] [stderr]   Downloaded libfuzzer-sys v0.4.9
[INFO] [stderr]   Downloaded winnow v0.7.2
[INFO] [stderr]   Downloaded exr v1.73.0
[INFO] [stderr]   Downloaded image v0.25.5
[INFO] [stderr]   Downloaded jpeg-decoder v0.3.1
[INFO] [stderr]   Downloaded rav1e v0.7.1
[INFO] [stderr]   Downloaded windows v0.59.0
[INFO] running `Command { std: "docker" "create" "-v" "/var/lib/crater-agent-workspace/builds/worker-2-tc1/source:/opt/rustwide/workdir:ro,Z" "-v" "/var/lib/crater-agent-workspace/builds/worker-2-tc1/target:/opt/rustwide/target:rw,Z" "-v" "/var/lib/crater-agent-workspace/cargo-home:/opt/rustwide/cargo-home:ro,Z" "-v" "/var/lib/crater-agent-workspace/rustup-home:/opt/rustwide/rustup-home:ro,Z" "-m" "1610612736" "--network" "none" "ghcr.io/rust-lang/crates-build-env/linux@sha256:77db811e55d90add9212f6832c23229e3de5f1c1f9905e8cb07319ea15df73ac" "sleep" "infinity", kill_on_drop: false }`
[INFO] [stdout] 9f45a4f123c1340a84916faa4e86612c4c284153f4f0c4fe92d20cadb742adce
[INFO] running `Command { std: "docker" "start" "9f45a4f123c1340a84916faa4e86612c4c284153f4f0c4fe92d20cadb742adce", kill_on_drop: false }`
[INFO] running `Command { std: "docker" "inspect" "9f45a4f123c1340a84916faa4e86612c4c284153f4f0c4fe92d20cadb742adce", kill_on_drop: false }`
[INFO] running `Command { std: "docker" "exec" "-e" "SOURCE_DIR=/opt/rustwide/workdir" "-e" "CARGO_HOME=/opt/rustwide/cargo-home" "-e" "RUSTUP_HOME=/opt/rustwide/rustup-home" "-e" "CARGO_TARGET_DIR=/opt/rustwide/target" "-w" "/opt/rustwide/workdir" "--user" "0:0" "9f45a4f123c1340a84916faa4e86612c4c284153f4f0c4fe92d20cadb742adce" "/opt/rustwide/cargo-home/bin/cargo" "+1.99.0-beta.8" "metadata" "--no-deps" "--format-version=1", kill_on_drop: false }`
[INFO] running `Command { std: "docker" "inspect" "9f45a4f123c1340a84916faa4e86612c4c284153f4f0c4fe92d20cadb742adce", kill_on_drop: false }`
[INFO] running `Command { std: "docker" "exec" "-e" "SOURCE_DIR=/opt/rustwide/workdir" "-e" "CARGO_HOME=/opt/rustwide/cargo-home" "-e" "RUSTUP_HOME=/opt/rustwide/rustup-home" "-e" "CARGO_TARGET_DIR=/opt/rustwide/target" "-e" "CARGO_INCREMENTAL=0" "-e" "RUST_BACKTRACE=full" "-e" "RUSTFLAGS=--cap-lints=warn" "-e" "RUSTDOCFLAGS=--cap-lints=warn" "-w" "/opt/rustwide/workdir" "--user" "0:0" "9f45a4f123c1340a84916faa4e86612c4c284153f4f0c4fe92d20cadb742adce" "/opt/rustwide/cargo-home/bin/cargo" "+1.99.0-beta.8" "build" "--frozen" "--message-format=json" "--release", kill_on_drop: false }`
[INFO] [stderr]    Compiling proc-macro2 v1.0.93
[INFO] [stderr]    Compiling unicode-ident v1.0.16
[INFO] [stderr]    Compiling windows_x86_64_gnu v0.53.0
[INFO] [stderr]    Compiling thiserror v2.0.11
[INFO] [stderr]    Compiling windows-targets v0.53.0
[INFO] [stderr]    Compiling windows-result v0.3.0
[INFO] [stderr]    Compiling windows-strings v0.3.0
[INFO] [stderr]    Compiling quote v1.0.38
[INFO] [stderr]    Compiling syn v2.0.98
[INFO] [stderr]    Compiling windows-implement v0.59.0
[INFO] [stderr]    Compiling windows-interface v0.59.0
[INFO] [stderr]    Compiling thiserror-impl v2.0.11
[INFO] [stderr]    Compiling windows-core v0.59.0
[INFO] [stderr]    Compiling windows v0.59.0
[INFO] [stderr]    Compiling rusty-duplication v0.6.1 (/opt/rustwide/workdir)
[INFO] [stdout] error[E0433]: cannot find `Win32` in `windows`
[INFO] [stdout]  --> src/capturer/shared.rs:7:3
[INFO] [stdout]   |
[INFO] [stdout] 7 |   Win32::{
[INFO] [stdout]   |   ^^^^^ could not find `Win32` in `windows`
[INFO] [stdout] 
[INFO] [stdout] 
[INFO] [stdout] error[E0432]: unresolved import `windows::core`
[INFO] [stdout]  --> src/capturer/shared.rs:6:3
[INFO] [stdout]   |
[INFO] [stdout] 6 |   core::PCSTR,
[INFO] [stdout]   |   ^^^^ could not find `core` in `windows`
[INFO] [stdout] 
[INFO] [stdout] 
[INFO] [stdout] error[E0433]: cannot find `Win32` in `windows`
[INFO] [stdout]  --> src/capturer.rs:8:3
[INFO] [stdout]   |
[INFO] [stdout] 8 |   Win32::Graphics::{
[INFO] [stdout]   |   ^^^^^ could not find `Win32` in `windows`
[INFO] [stdout] 
[INFO] [stdout] 
[INFO] [stdout] error[E0433]: cannot find `Win32` in `windows`
[INFO] [stdout]  --> src/ext.rs:1:14
[INFO] [stdout]   |
[INFO] [stdout] 1 | use windows::Win32::Graphics::{
[INFO] [stdout]   |              ^^^^^ could not find `Win32` in `windows`
[INFO] [stdout] 
[INFO] [stdout] 
[INFO] [stdout] error[E0432]: unresolved import `windows::core`
[INFO] [stdout]  --> src/capturer.rs:7:3
[INFO] [stdout]   |
[INFO] [stdout] 7 |   core::Interface,
[INFO] [stdout]   |   ^^^^ could not find `core` in `windows`
[INFO] [stdout] 
[INFO] [stdout] 
[INFO] [stdout] error[E0433]: cannot find `Win32` in `windows`
[INFO] [stdout]  --> src/monitor.rs:4:3
[INFO] [stdout]   |
[INFO] [stdout] 4 |   Win32::Graphics::{
[INFO] [stdout]   |   ^^^^^ could not find `Win32` in `windows`
[INFO] [stdout] 
[INFO] [stdout] 
[INFO] [stdout] error[E0432]: unresolved import `windows::core`
[INFO] [stdout]  --> src/monitor.rs:3:3
[INFO] [stdout]   |
[INFO] [stdout] 3 |   core::Interface,
[INFO] [stdout]   |   ^^^^ could not find `core` in `windows`
[INFO] [stdout] 
[INFO] [stdout] 
[INFO] [stdout] error[E0433]: cannot find `Win32` in `windows`
[INFO] [stdout]  --> src/scanner.rs:5:3
[INFO] [stdout]   |
[INFO] [stdout] 5 |   Win32::{
[INFO] [stdout]   |   ^^^^^ could not find `Win32` in `windows`
[INFO] [stdout] 
[INFO] [stdout] 
[INFO] [stdout] error[E0432]: unresolved import `windows::core`
[INFO] [stdout]  --> src/scanner.rs:4:3
[INFO] [stdout]   |
[INFO] [stdout] 4 |   core::Interface,
[INFO] [stdout]   |   ^^^^ could not find `core` in `windows`
[INFO] [stdout] 
[INFO] [stdout] 
[INFO] [stdout] error[E0433]: cannot find `core` in `windows`
[INFO] [stdout]   --> src/error.rs:14:19
[INFO] [stdout]    |
[INFO] [stdout] 14 |     err: windows::core::Error,
[INFO] [stdout]    |                   ^^^^ could not find `core` in `windows`
[INFO] [stdout] 
[INFO] [stdout] 
[INFO] [stdout] error[E0433]: cannot find `core` in `windows`
[INFO] [stdout]   --> src/error.rs:21:53
[INFO] [stdout]    |
[INFO] [stdout] 21 |   const fn windows(api: &'static str, err: windows::core::Error) -> Self {
[INFO] [stdout]    |                                                     ^^^^ could not find `core` in `windows`
[INFO] [stdout] 
[INFO] [stdout] 
[INFO] [stdout] error[E0433]: cannot find `core` in `windows`
[INFO] [stdout]   --> src/error.rs:33:73
[INFO] [stdout]    |
[INFO] [stdout] 33 |   pub(crate) fn from_win_err(api: &'static str) -> impl FnOnce(windows::core::Error) -> Self {
[INFO] [stdout]    |                                                                         ^^^^ could not find `core` in `windows`
[INFO] [stdout] 
[INFO] [stdout] 
[INFO] [stdout] error[E0433]: cannot find `core` in `windows`
[INFO] [stdout]   --> src/error.rs:28:33
[INFO] [stdout]    |
[INFO] [stdout] 28 |     Self::windows(api, windows::core::Error::from_win32())
[INFO] [stdout]    |                                 ^^^^ could not find `core` in `windows`
[INFO] [stdout]    |
[INFO] [stdout] help: consider importing one of these items
[INFO] [stdout]    |
[INFO] [stdout]  1 + use crate::Error;
[INFO] [stdout]    |
[INFO] [stdout]  1 + use std::error::Error;
[INFO] [stdout]    |
[INFO] [stdout]  1 + use std::fmt::Error;
[INFO] [stdout]    |
[INFO] [stdout]  1 + use std::io::Error;
[INFO] [stdout]    |
[INFO] [stdout]    = and 2 other candidates
[INFO] [stdout] help: if you import `Error`, refer to it directly
[INFO] [stdout]    |
[INFO] [stdout] 28 -     Self::windows(api, windows::core::Error::from_win32())
[INFO] [stdout] 28 +     Self::windows(api, Error::from_win32())
[INFO] [stdout]    |
[INFO] [stdout] 
[INFO] [stdout] 
[INFO] [stdout] Some errors have detailed explanations: E0432, E0433.
[INFO] [stdout] 
[INFO] [stdout] For more information about an error, try `rustc --explain E0432`.
[INFO] [stdout] 
[INFO] [stderr] error: could not compile `rusty-duplication` (lib) due to 13 previous errors
[INFO] [stderr] warning: build failed, waiting for other jobs to finish...
[INFO] running `Command { std: "docker" "inspect" "9f45a4f123c1340a84916faa4e86612c4c284153f4f0c4fe92d20cadb742adce", kill_on_drop: false }`
[INFO] running `Command { std: "docker" "rm" "-f" "9f45a4f123c1340a84916faa4e86612c4c284153f4f0c4fe92d20cadb742adce", kill_on_drop: false }`
[INFO] [stdout] 9f45a4f123c1340a84916faa4e86612c4c284153f4f0c4fe92d20cadb742adce
