[INFO] fetching crate rusty-bubbletea 2.0.8...
[INFO] testing rusty-bubbletea-2.0.8 against 1.99.0-beta.8+cargoflags=--release for beta-release-1.100-2
[INFO] extracting crate rusty-bubbletea 2.0.8 into /workspace/builds/worker-7-tc1/source
[INFO] started tweaking crates.io crate rusty-bubbletea 2.0.8
[INFO] removed 0 missing examples
[INFO] removed 0 missing tests
[INFO] finished tweaking crates.io crate rusty-bubbletea 2.0.8
[INFO] tweaked toml for crates.io crate rusty-bubbletea 2.0.8 written to /workspace/builds/worker-7-tc1/source/Cargo.toml
[INFO] validating manifest of crates.io crate rusty-bubbletea 2.0.8 on toolchain 1.99.0-beta.8
[INFO] running `Command { std: CARGO_HOME="/workspace/cargo-home" RUSTUP_HOME="/workspace/rustup-home" "/workspace/cargo-home/bin/cargo" "+1.99.0-beta.8" "metadata" "--manifest-path" "Cargo.toml" "--no-deps", kill_on_drop: false }`
[INFO] crate crates.io crate rusty-bubbletea 2.0.8 already has a lockfile, it will not be regenerated
[INFO] running `Command { std: CARGO_HOME="/workspace/cargo-home" RUSTUP_HOME="/workspace/rustup-home" "/workspace/cargo-home/bin/cargo" "+1.99.0-beta.8" "fetch" "--manifest-path" "Cargo.toml", kill_on_drop: false }`
[INFO] [stderr]     Updating crates.io index
[INFO] [stderr]  Downloading crates ...
[INFO] [stderr]   Downloaded rusty-colorprofile v0.4.3
[INFO] [stderr]   Downloaded rusty-x-ansi v0.11.7
[INFO] [stderr]   Downloaded rusty-lipgloss v2.0.5
[INFO] [stderr]   Downloaded rusty-ultraviolet v0.0.0-20260703014108-f5a850f9c2b7
[INFO] running `Command { std: "docker" "create" "-v" "/var/lib/crater-agent-workspace/builds/worker-7-tc1/source:/opt/rustwide/workdir:ro,Z" "-v" "/var/lib/crater-agent-workspace/builds/worker-7-tc1/target:/opt/rustwide/target:rw,Z" "-v" "/var/lib/crater-agent-workspace/cargo-home:/opt/rustwide/cargo-home:ro,Z" "-v" "/var/lib/crater-agent-workspace/rustup-home:/opt/rustwide/rustup-home:ro,Z" "-m" "1610612736" "--network" "none" "ghcr.io/rust-lang/crates-build-env/linux@sha256:77db811e55d90add9212f6832c23229e3de5f1c1f9905e8cb07319ea15df73ac" "sleep" "infinity", kill_on_drop: false }`
[INFO] [stdout] d38c21d5bee47cb69e4a798ca74c673a62cf7d010d54f24101ad4eeb5cb6ebd2
[INFO] running `Command { std: "docker" "start" "d38c21d5bee47cb69e4a798ca74c673a62cf7d010d54f24101ad4eeb5cb6ebd2", kill_on_drop: false }`
[INFO] running `Command { std: "docker" "inspect" "d38c21d5bee47cb69e4a798ca74c673a62cf7d010d54f24101ad4eeb5cb6ebd2", kill_on_drop: false }`
[INFO] running `Command { std: "docker" "exec" "-e" "SOURCE_DIR=/opt/rustwide/workdir" "-e" "CARGO_HOME=/opt/rustwide/cargo-home" "-e" "RUSTUP_HOME=/opt/rustwide/rustup-home" "-e" "CARGO_TARGET_DIR=/opt/rustwide/target" "-w" "/opt/rustwide/workdir" "--user" "0:0" "d38c21d5bee47cb69e4a798ca74c673a62cf7d010d54f24101ad4eeb5cb6ebd2" "/opt/rustwide/cargo-home/bin/cargo" "+1.99.0-beta.8" "metadata" "--no-deps" "--format-version=1", kill_on_drop: false }`
[INFO] running `Command { std: "docker" "inspect" "d38c21d5bee47cb69e4a798ca74c673a62cf7d010d54f24101ad4eeb5cb6ebd2", kill_on_drop: false }`
[INFO] running `Command { std: "docker" "exec" "-e" "SOURCE_DIR=/opt/rustwide/workdir" "-e" "CARGO_HOME=/opt/rustwide/cargo-home" "-e" "RUSTUP_HOME=/opt/rustwide/rustup-home" "-e" "CARGO_TARGET_DIR=/opt/rustwide/target" "-e" "CARGO_INCREMENTAL=0" "-e" "RUST_BACKTRACE=full" "-e" "RUSTFLAGS=--cap-lints=warn" "-e" "RUSTDOCFLAGS=--cap-lints=warn" "-w" "/opt/rustwide/workdir" "--user" "0:0" "d38c21d5bee47cb69e4a798ca74c673a62cf7d010d54f24101ad4eeb5cb6ebd2" "/opt/rustwide/cargo-home/bin/cargo" "+1.99.0-beta.8" "build" "--frozen" "--message-format=json" "--release", kill_on_drop: false }`
[INFO] [stderr]    Compiling parking_lot_core v0.9.12
[INFO] [stderr]    Compiling signal-hook v0.3.18
[INFO] [stderr]    Compiling futures-sink v0.3.34
[INFO] [stderr]    Compiling futures-macro v0.3.34
[INFO] [stderr]    Compiling log v0.4.33
[INFO] [stderr]    Compiling futures-io v0.3.34
[INFO] [stderr]    Compiling tokio-macros v2.7.2
[INFO] [stderr]    Compiling mio v1.2.2
[INFO] [stderr]    Compiling bitflags v2.13.1
[INFO] [stderr]    Compiling rusty-x-ansi v0.11.7
[INFO] [stderr]    Compiling futures-channel v0.3.34
[INFO] [stderr]    Compiling mio v0.8.11
[INFO] [stderr]    Compiling parking_lot v0.12.5
[INFO] [stderr]    Compiling rusty-colorprofile v0.4.3
[INFO] [stderr]    Compiling tokio v1.53.1
[INFO] [stderr]    Compiling signal-hook-mio v0.2.5
[INFO] [stderr]    Compiling futures-util v0.3.34
[INFO] [stderr]    Compiling rusty-ultraviolet v0.0.0-20260703014108-f5a850f9c2b7
[INFO] [stderr]    Compiling crossterm v0.27.0
[INFO] [stderr]    Compiling rusty-lipgloss v2.0.5
[INFO] [stderr]    Compiling futures-executor v0.3.34
[INFO] [stderr]    Compiling futures v0.3.34
[INFO] [stderr]    Compiling tokio-stream v0.1.19
[INFO] [stderr]    Compiling rusty-bubbletea v2.0.8 (/opt/rustwide/workdir)
[INFO] [stderr]     Finished `release` profile [optimized] target(s) in 24.07s
[INFO] running `Command { std: "docker" "inspect" "d38c21d5bee47cb69e4a798ca74c673a62cf7d010d54f24101ad4eeb5cb6ebd2", kill_on_drop: false }`
[INFO] running `Command { std: "docker" "exec" "-e" "SOURCE_DIR=/opt/rustwide/workdir" "-e" "CARGO_HOME=/opt/rustwide/cargo-home" "-e" "RUSTUP_HOME=/opt/rustwide/rustup-home" "-e" "CARGO_TARGET_DIR=/opt/rustwide/target" "-e" "CARGO_INCREMENTAL=0" "-e" "RUST_BACKTRACE=full" "-e" "RUSTFLAGS=--cap-lints=warn" "-e" "RUSTDOCFLAGS=--cap-lints=warn" "-w" "/opt/rustwide/workdir" "--user" "0:0" "d38c21d5bee47cb69e4a798ca74c673a62cf7d010d54f24101ad4eeb5cb6ebd2" "/opt/rustwide/cargo-home/bin/cargo" "+1.99.0-beta.8" "test" "--frozen" "--no-run" "--message-format=json" "--release", kill_on_drop: false }`
[INFO] [stderr]    Compiling tokio v1.53.1
[INFO] [stderr]    Compiling tokio-stream v0.1.19
[INFO] [stderr]    Compiling tokio-test v0.4.5
[INFO] [stderr]    Compiling rusty-bubbletea v2.0.8 (/opt/rustwide/workdir)
[INFO] [stdout] error[E0432]: unresolved import `rusty_bubbles`
[INFO] [stdout]   --> examples/send_msg.rs:11:5
[INFO] [stdout]    |
[INFO] [stdout] 11 | use rusty_bubbles::spinner;
[INFO] [stdout]    |     ^^^^^^^^^^^^^ use of unresolved module or unlinked crate `rusty_bubbles`
[INFO] [stdout]    |
[INFO] [stdout] help: there is a crate or module with a similar name
[INFO] [stdout]    |
[INFO] [stdout] 11 - use rusty_bubbles::spinner;
[INFO] [stdout] 11 + use rusty_bubbletea::spinner;
[INFO] [stdout]    |
[INFO] [stdout] 
[INFO] [stdout] 
[INFO] [stdout] error[E0432]: unresolved import `rusty_bubbles`
[INFO] [stdout]  --> examples/spinner.rs:7:5
[INFO] [stdout]   |
[INFO] [stdout] 7 | use rusty_bubbles::spinner;
[INFO] [stdout]   |     ^^^^^^^^^^^^^ use of unresolved module or unlinked crate `rusty_bubbles`
[INFO] [stdout]   |
[INFO] [stdout] help: there is a crate or module with a similar name
[INFO] [stdout]   |
[INFO] [stdout] 7 - use rusty_bubbles::spinner;
[INFO] [stdout] 7 + use rusty_bubbletea::spinner;
[INFO] [stdout]   |
[INFO] [stdout] 
[INFO] [stdout] 
[INFO] [stdout] error[E0432]: unresolved import `rusty_bubbles`
[INFO] [stdout]  --> examples/list_simple.rs:9:5
[INFO] [stdout]   |
[INFO] [stdout] 9 | use rusty_bubbles::list;
[INFO] [stdout]   |     ^^^^^^^^^^^^^ use of unresolved module or unlinked crate `rusty_bubbles`
[INFO] [stdout]   |
[INFO] [stdout] help: there is a crate or module with a similar name
[INFO] [stdout]   |
[INFO] [stdout] 9 - use rusty_bubbles::list;
[INFO] [stdout] 9 + use rusty_bubbletea::list;
[INFO] [stdout]   |
[INFO] [stdout] 
[INFO] [stdout] 
[INFO] [stdout] error[E0432]: unresolved import `rusty_bubbles`
[INFO] [stdout]  --> examples/capability.rs:8:5
[INFO] [stdout]   |
[INFO] [stdout] 8 | use rusty_bubbles::textinput;
[INFO] [stdout]   |     ^^^^^^^^^^^^^ use of unresolved module or unlinked crate `rusty_bubbles`
[INFO] [stdout]   |
[INFO] [stdout] help: there is a crate or module with a similar name
[INFO] [stdout]   |
[INFO] [stdout] 8 - use rusty_bubbles::textinput;
[INFO] [stdout] 8 + use rusty_bubbletea::textinput;
[INFO] [stdout]   |
[INFO] [stdout] 
[INFO] [stdout] 
[INFO] [stdout] For more information about this error, try `rustc --explain E0432`.
[INFO] [stdout] 
[INFO] [stderr] error: could not compile `rusty-bubbletea` (example "capability") due to 1 previous error
[INFO] [stderr] warning: build failed, waiting for other jobs to finish...
[INFO] [stdout] For more information about this error, try `rustc --explain E0432`.
[INFO] [stdout] 
[INFO] [stderr] error: could not compile `rusty-bubbletea` (example "send_msg") due to 1 previous error
[INFO] [stdout] For more information about this error, try `rustc --explain E0432`.
[INFO] [stdout] 
[INFO] [stdout] error[E0433]: cannot find module or crate `rusty_bubbles` in this scope
[INFO] [stdout]  --> examples/pager.rs:9:5
[INFO] [stdout]   |
[INFO] [stdout] 9 | use rusty_bubbles::viewport::GutterContext;
[INFO] [stdout]   |     ^^^^^^^^^^^^^ use of unresolved module or unlinked crate `rusty_bubbles`
[INFO] [stdout]   |
[INFO] [stdout] help: there is a crate or module with a similar name
[INFO] [stdout]   |
[INFO] [stdout] 9 - use rusty_bubbles::viewport::GutterContext;
[INFO] [stdout] 9 + use rusty_bubbletea::viewport::GutterContext;
[INFO] [stdout]   |
[INFO] [stdout] 
[INFO] [stdout] 
[INFO] [stdout] error[E0432]: unresolved import `rusty_bubbles`
[INFO] [stdout]  --> examples/pager.rs:8:5
[INFO] [stdout]   |
[INFO] [stdout] 8 | use rusty_bubbles::viewport;
[INFO] [stdout]   |     ^^^^^^^^^^^^^ use of unresolved module or unlinked crate `rusty_bubbles`
[INFO] [stdout]   |
[INFO] [stdout] help: there is a crate or module with a similar name
[INFO] [stdout]   |
[INFO] [stdout] 8 - use rusty_bubbles::viewport;
[INFO] [stdout] 8 + use rusty_bubbletea::viewport;
[INFO] [stdout]   |
[INFO] [stdout] 
[INFO] [stdout] 
[INFO] [stdout] error[E0432]: unresolved import `rusty_bubbles`
[INFO] [stdout]  --> examples/textinputs.rs:7:5
[INFO] [stdout]   |
[INFO] [stdout] 7 | use rusty_bubbles::cursor;
[INFO] [stdout]   |     ^^^^^^^^^^^^^ use of unresolved module or unlinked crate `rusty_bubbles`
[INFO] [stdout]   |
[INFO] [stdout] help: there is a crate or module with a similar name
[INFO] [stdout]   |
[INFO] [stdout] 7 - use rusty_bubbles::cursor;
[INFO] [stdout] 7 + use rusty_bubbletea::cursor;
[INFO] [stdout]   |
[INFO] [stdout] 
[INFO] [stdout] 
[INFO] [stdout] error[E0432]: unresolved import `rusty_bubbles`
[INFO] [stdout]  --> examples/textinputs.rs:8:5
[INFO] [stdout]   |
[INFO] [stdout] 8 | use rusty_bubbles::textinput;
[INFO] [stdout]   |     ^^^^^^^^^^^^^ use of unresolved module or unlinked crate `rusty_bubbles`
[INFO] [stdout]   |
[INFO] [stdout] help: there is a crate or module with a similar name
[INFO] [stdout]   |
[INFO] [stdout] 8 - use rusty_bubbles::textinput;
[INFO] [stdout] 8 + use rusty_bubbletea::textinput;
[INFO] [stdout]   |
[INFO] [stdout] 
[INFO] [stdout] 
[INFO] [stdout] For more information about this error, try `rustc --explain E0432`.
[INFO] [stdout] 
[INFO] [stderr] error: could not compile `rusty-bubbletea` (example "list_simple") due to 1 previous error
[INFO] [stderr] error: could not compile `rusty-bubbletea` (example "spinner") due to 1 previous error
[INFO] [stdout] Some errors have detailed explanations: E0432, E0433.
[INFO] [stdout] 
[INFO] [stderr] error: could not compile `rusty-bubbletea` (example "pager") due to 2 previous errors
[INFO] [stdout] For more information about an error, try `rustc --explain E0432`.
[INFO] [stdout] 
[INFO] [stdout] error[E0432]: unresolved import `rusty_bubbles`
[INFO] [stdout]   --> examples/progress_animated.rs:13:5
[INFO] [stdout]    |
[INFO] [stdout] 13 | use rusty_bubbles::progress;
[INFO] [stdout]    |     ^^^^^^^^^^^^^ use of unresolved module or unlinked crate `rusty_bubbles`
[INFO] [stdout]    |
[INFO] [stdout] help: there is a crate or module with a similar name
[INFO] [stdout]    |
[INFO] [stdout] 13 - use rusty_bubbles::progress;
[INFO] [stdout] 13 + use rusty_bubbletea::progress;
[INFO] [stdout]    |
[INFO] [stdout] 
[INFO] [stdout] 
[INFO] [stdout] error[E0432]: unresolved import `rusty_bubbles`
[INFO] [stdout]  --> examples/isbn_form.rs:9:5
[INFO] [stdout]   |
[INFO] [stdout] 9 | use rusty_bubbles::textinput;
[INFO] [stdout]   |     ^^^^^^^^^^^^^ use of unresolved module or unlinked crate `rusty_bubbles`
[INFO] [stdout]   |
[INFO] [stdout] help: there is a crate or module with a similar name
[INFO] [stdout]   |
[INFO] [stdout] 9 - use rusty_bubbles::textinput;
[INFO] [stdout] 9 + use rusty_bubbletea::textinput;
[INFO] [stdout]   |
[INFO] [stdout] 
[INFO] [stdout] 
[INFO] [stdout] For more information about this error, try `rustc --explain E0432`.
[INFO] [stdout] 
[INFO] [stderr] error: could not compile `rusty-bubbletea` (example "progress_animated") due to 1 previous error
[INFO] [stdout] For more information about this error, try `rustc --explain E0432`.
[INFO] [stdout] 
[INFO] [stderr] error: could not compile `rusty-bubbletea` (example "textinputs") due to 2 previous errors
[INFO] [stdout] For more information about this error, try `rustc --explain E0432`.
[INFO] [stdout] 
[INFO] [stderr] error: could not compile `rusty-bubbletea` (example "isbn_form") due to 1 previous error
[INFO] running `Command { std: "docker" "inspect" "d38c21d5bee47cb69e4a798ca74c673a62cf7d010d54f24101ad4eeb5cb6ebd2", kill_on_drop: false }`
[INFO] running `Command { std: "docker" "rm" "-f" "d38c21d5bee47cb69e4a798ca74c673a62cf7d010d54f24101ad4eeb5cb6ebd2", kill_on_drop: false }`
[INFO] [stdout] d38c21d5bee47cb69e4a798ca74c673a62cf7d010d54f24101ad4eeb5cb6ebd2
