[INFO] fetching crate rustssh2 8.0.0...
[INFO] testing rustssh2-8.0.0 against 1.99.0-beta.8+cargoflags=--release for beta-release-1.100-2
[INFO] extracting crate rustssh2 8.0.0 into /workspace/builds/worker-4-tc1/source
[INFO] started tweaking crates.io crate rustssh2 8.0.0
[INFO] removed 0 missing examples
[INFO] removed 0 missing tests
[INFO] finished tweaking crates.io crate rustssh2 8.0.0
[INFO] tweaked toml for crates.io crate rustssh2 8.0.0 written to /workspace/builds/worker-4-tc1/source/Cargo.toml
[INFO] validating manifest of crates.io crate rustssh2 8.0.0 on toolchain 1.99.0-beta.8
[INFO] running `Command { std: CARGO_HOME="/workspace/cargo-home" RUSTUP_HOME="/workspace/rustup-home" "/workspace/cargo-home/bin/cargo" "+1.99.0-beta.8" "metadata" "--manifest-path" "Cargo.toml" "--no-deps", kill_on_drop: false }`
[INFO] crate crates.io crate rustssh2 8.0.0 already has a lockfile, it will not be regenerated
[INFO] running `Command { std: CARGO_HOME="/workspace/cargo-home" RUSTUP_HOME="/workspace/rustup-home" "/workspace/cargo-home/bin/cargo" "+1.99.0-beta.8" "fetch" "--manifest-path" "Cargo.toml", kill_on_drop: false }`
[INFO] [stderr]     Updating crates.io index
[INFO] [stderr]  Downloading crates ...
[INFO] [stderr]   Downloaded tokio-fd v0.3.0
[INFO] [stderr]   Downloaded shell-escape v0.1.5
[INFO] [stderr]   Downloaded redox_termios v0.1.3
[INFO] [stderr]   Downloaded libredox v0.0.2
[INFO] [stderr]   Downloaded termion v2.0.3
[INFO] [stderr]   Downloaded russh-util v0.52.0
[INFO] [stderr]   Downloaded russh-cryptovec v0.52.0
[INFO] [stderr]   Downloaded spki v0.8.0-rc.4
[INFO] [stderr]   Downloaded rsa v0.10.0-rc.12
[INFO] [stderr]   Downloaded seize v0.3.3
[INFO] [stderr]   Downloaded russh-sftp v2.1.1
[INFO] [stderr]   Downloaded flurry v0.5.2
[INFO] [stderr]   Downloaded block-buffer v0.11.0
[INFO] [stderr]   Downloaded signature v3.0.0-rc.6
[INFO] [stderr]   Downloaded crypto-common v0.2.0
[INFO] [stderr]   Downloaded cmov v0.5.0-pre.0
[INFO] [stderr]   Downloaded rand_core v0.10.0-rc-3
[INFO] [stderr]   Downloaded digest v0.11.0
[INFO] [stderr]   Downloaded hybrid-array v0.4.7
[INFO] [stderr]   Downloaded pkcs8 v0.11.0-rc.11
[INFO] [stderr]   Downloaded serdect v0.4.2
[INFO] [stderr]   Downloaded ctutils v0.3.2
[INFO] [stderr]   Downloaded pageant v0.2.0
[INFO] [stderr]   Downloaded sha2 v0.11.0-rc.5
[INFO] [stderr]   Downloaded pkcs1 v0.8.0-rc.4
[INFO] [stderr]   Downloaded delegate v0.13.5
[INFO] [stderr]   Downloaded crypto-primes v0.7.0-pre.6
[INFO] [stderr]   Downloaded crypto-bigint v0.7.0-rc.18
[INFO] [stderr]   Downloaded hax-lib-macros v0.3.5
[INFO] [stderr]   Downloaded hax-lib-macros-types v0.3.5
[INFO] [stderr]   Downloaded libcrux-traits v0.0.4
[INFO] [stderr]   Downloaded libcrux-secrets v0.0.4
[INFO] [stderr]   Downloaded libcrux-sha3 v0.0.4
[INFO] [stderr]   Downloaded libcrux-ml-kem v0.0.4
[INFO] [stderr]   Downloaded libcrux-platform v0.0.2
[INFO] [stderr]   Downloaded sha1 v0.11.0-rc.5
[INFO] [stderr]   Downloaded hax-lib v0.3.5
[INFO] [stderr]   Downloaded libcrux-intrinsics v0.0.4
[INFO] [stderr]   Downloaded core-models v0.0.4
[INFO] [stderr]   Downloaded internal-russh-forked-ssh-key v0.6.16+upstream-0.6.7
[INFO] [stderr]   Downloaded bcrypt-pbkdf v0.10.0
[INFO] [stderr]   Downloaded generic-array v1.3.5
[INFO] [stderr]   Downloaded aws-lc-rs v1.15.4
[INFO] running `Command { std: "docker" "create" "-v" "/var/lib/crater-agent-workspace/builds/worker-4-tc1/source:/opt/rustwide/workdir:ro,Z" "-v" "/var/lib/crater-agent-workspace/builds/worker-4-tc1/target:/opt/rustwide/target:rw,Z" "-v" "/var/lib/crater-agent-workspace/cargo-home:/opt/rustwide/cargo-home:ro,Z" "-v" "/var/lib/crater-agent-workspace/rustup-home:/opt/rustwide/rustup-home:ro,Z" "-m" "1610612736" "--network" "none" "ghcr.io/rust-lang/crates-build-env/linux@sha256:77db811e55d90add9212f6832c23229e3de5f1c1f9905e8cb07319ea15df73ac" "sleep" "infinity", kill_on_drop: false }`
[INFO] [stdout] eba0a1835c0669645476d0b5e1f5ce7144f75ac48678cb35a342719b7a03d98b
[INFO] running `Command { std: "docker" "start" "eba0a1835c0669645476d0b5e1f5ce7144f75ac48678cb35a342719b7a03d98b", kill_on_drop: false }`
[INFO] running `Command { std: "docker" "inspect" "eba0a1835c0669645476d0b5e1f5ce7144f75ac48678cb35a342719b7a03d98b", kill_on_drop: false }`
[INFO] running `Command { std: "docker" "exec" "-e" "SOURCE_DIR=/opt/rustwide/workdir" "-e" "CARGO_HOME=/opt/rustwide/cargo-home" "-e" "RUSTUP_HOME=/opt/rustwide/rustup-home" "-e" "CARGO_TARGET_DIR=/opt/rustwide/target" "-w" "/opt/rustwide/workdir" "--user" "0:0" "eba0a1835c0669645476d0b5e1f5ce7144f75ac48678cb35a342719b7a03d98b" "/opt/rustwide/cargo-home/bin/cargo" "+1.99.0-beta.8" "metadata" "--no-deps" "--format-version=1", kill_on_drop: false }`
[INFO] running `Command { std: "docker" "inspect" "eba0a1835c0669645476d0b5e1f5ce7144f75ac48678cb35a342719b7a03d98b", kill_on_drop: false }`
[INFO] running `Command { std: "docker" "exec" "-e" "SOURCE_DIR=/opt/rustwide/workdir" "-e" "CARGO_HOME=/opt/rustwide/cargo-home" "-e" "RUSTUP_HOME=/opt/rustwide/rustup-home" "-e" "CARGO_TARGET_DIR=/opt/rustwide/target" "-e" "CARGO_INCREMENTAL=0" "-e" "RUST_BACKTRACE=full" "-e" "RUSTFLAGS=--cap-lints=warn" "-e" "RUSTDOCFLAGS=--cap-lints=warn" "-w" "/opt/rustwide/workdir" "--user" "0:0" "eba0a1835c0669645476d0b5e1f5ce7144f75ac48678cb35a342719b7a03d98b" "/opt/rustwide/cargo-home/bin/cargo" "+1.99.0-beta.8" "build" "--frozen" "--message-format=json" "--release", kill_on_drop: false }`
[INFO] [stderr]    Compiling unicode-ident v1.0.23
[INFO] [stderr]    Compiling typenum v1.19.0
[INFO] [stderr]    Compiling libc v0.2.182
[INFO] [stderr]    Compiling base64ct v1.8.3
[INFO] [stderr]    Compiling hax-lib v0.3.5
[INFO] [stderr]    Compiling cmov v0.5.0-pre.0
[INFO] [stderr]    Compiling ppv-lite86 v0.2.21
[INFO] [stderr]    Compiling rand_core v0.10.0-rc-3
[INFO] [stderr]    Compiling serde v1.0.228
[INFO] [stderr]    Compiling curve25519-dalek v4.1.3
[INFO] [stderr]    Compiling libcrux-intrinsics v0.0.4
[INFO] [stderr]    Compiling nix v0.29.0
[INFO] [stderr]    Compiling cmake v0.1.57
[INFO] [stderr]    Compiling spin v0.9.8
[INFO] [stderr]    Compiling num-bigint-dig v0.8.6
[INFO] [stderr]    Compiling libcrux-sha3 v0.0.4
[INFO] [stderr]    Compiling proc-macro2 v1.0.106
[INFO] [stderr]    Compiling num-iter v0.1.45
[INFO] [stderr]    Compiling aws-lc-rs v1.15.4
[INFO] [stderr]    Compiling lazy_static v1.5.0
[INFO] [stderr]    Compiling ctutils v0.3.2
[INFO] [stderr]    Compiling libcrux-ml-kem v0.0.4
[INFO] [stderr]    Compiling smallvec v1.15.1
[INFO] [stderr]    Compiling md5 v0.7.0
[INFO] [stderr]    Compiling home v0.5.12
[INFO] [stderr]    Compiling aws-lc-sys v0.37.1
[INFO] [stderr]    Compiling pem-rfc7468 v0.7.0
[INFO] [stderr]    Compiling pem-rfc7468 v1.0.0
[INFO] [stderr]    Compiling quote v1.0.44
[INFO] [stderr]    Compiling syn v2.0.115
[INFO] [stderr]    Compiling hybrid-array v0.4.7
[INFO] [stderr]    Compiling crypto-common v0.2.0
[INFO] [stderr]    Compiling block-buffer v0.11.0
[INFO] [stderr]    Compiling getrandom v0.2.17
[INFO] [stderr]    Compiling getrandom v0.3.4
[INFO] [stderr]    Compiling digest v0.11.0
[INFO] [stderr]    Compiling rand_core v0.9.5
[INFO] [stderr]    Compiling signature v3.0.0-rc.6
[INFO] [stderr]    Compiling sha2 v0.11.0-rc.5
[INFO] [stderr]    Compiling rand_core v0.6.4
[INFO] [stderr]    Compiling socket2 v0.6.2
[INFO] [stderr]    Compiling mio v1.1.1
[INFO] [stderr]    Compiling libcrux-platform v0.0.2
[INFO] [stderr]    Compiling rand_chacha v0.9.0
[INFO] [stderr]    Compiling sha1 v0.11.0-rc.5
[INFO] [stderr]    Compiling ff v0.13.1
[INFO] [stderr]    Compiling rand_chacha v0.3.1
[INFO] [stderr]    Compiling group v0.13.0
[INFO] [stderr]    Compiling rand v0.9.2
[INFO] [stderr]    Compiling password-hash v0.5.0
[INFO] [stderr]    Compiling rand v0.8.5
[INFO] [stderr]    Compiling num-bigint v0.4.6
[INFO] [stderr]    Compiling zeroize_derive v1.4.3
[INFO] [stderr]    Compiling hax-lib-macros v0.3.5
[INFO] [stderr]    Compiling curve25519-dalek-derive v0.1.1
[INFO] [stderr]    Compiling futures-macro v0.3.31
[INFO] [stderr]    Compiling tls_codec_derive v0.4.2
[INFO] [stderr]    Compiling tokio-macros v2.6.0
[INFO] [stderr]    Compiling thiserror-impl v1.0.69
[INFO] [stderr]    Compiling delegate v0.13.5
[INFO] [stderr]    Compiling enum_dispatch v0.3.13
[INFO] [stderr]    Compiling zeroize v1.8.2
[INFO] [stderr]    Compiling generic-array v0.14.7
[INFO] [stderr]    Compiling der v0.7.10
[INFO] [stderr]    Compiling der v0.8.0
[INFO] [stderr]    Compiling libcrux-secrets v0.0.4
[INFO] [stderr]    Compiling crypto-bigint v0.7.0-rc.18
[INFO] [stderr]    Compiling tokio v1.49.0
[INFO] [stderr]    Compiling libcrux-traits v0.0.4
[INFO] [stderr]    Compiling futures-util v0.3.31
[INFO] [stderr]    Compiling tls_codec v0.4.2
[INFO] [stderr]    Compiling thiserror v1.0.69
[INFO] [stderr]    Compiling crypto-common v0.1.7
[INFO] [stderr]    Compiling block-buffer v0.10.4
[INFO] [stderr]    Compiling block-padding v0.3.3
[INFO] [stderr]    Compiling crypto-bigint v0.5.5
[INFO] [stderr]    Compiling universal-hash v0.5.1
[INFO] [stderr]    Compiling polyval v0.6.2
[INFO] [stderr]    Compiling digest v0.10.7
[INFO] [stderr]    Compiling inout v0.1.4
[INFO] [stderr]    Compiling ghash v0.5.1
[INFO] [stderr]    Compiling aead v0.5.2
[INFO] [stderr]    Compiling poly1305 v0.8.0
[INFO] [stderr]    Compiling cipher v0.4.4
[INFO] [stderr]    Compiling generic-array v1.3.5
[INFO] [stderr]    Compiling sha2 v0.10.9
[INFO] [stderr]    Compiling hmac v0.12.1
[INFO] [stderr]    Compiling pbkdf2 v0.12.2
[INFO] [stderr]    Compiling aes v0.8.4
[INFO] [stderr]    Compiling cbc v0.1.2
[INFO] [stderr]    Compiling salsa20 v0.10.2
[INFO] [stderr]    Compiling scrypt v0.11.0
[INFO] [stderr]    Compiling hkdf v0.12.4
[INFO] [stderr]    Compiling signature v2.2.0
[INFO] [stderr]    Compiling rfc6979 v0.4.0
[INFO] [stderr]    Compiling spki v0.7.3
[INFO] [stderr]    Compiling pkcs5 v0.7.1
[INFO] [stderr]    Compiling ctr v0.9.2
[INFO] [stderr]    Compiling ssh-encoding v0.2.0
[INFO] [stderr]    Compiling spki v0.8.0-rc.4
[INFO] [stderr]    Compiling pkcs1 v0.8.0-rc.4
[INFO] [stderr]    Compiling pkcs8 v0.11.0-rc.11
[INFO] [stderr]    Compiling pkcs8 v0.10.2
[INFO] [stderr]    Compiling aes-gcm v0.10.3
[INFO] [stderr]    Compiling sec1 v0.7.3
[INFO] [stderr]    Compiling ed25519 v2.2.3
[INFO] [stderr]    Compiling chacha20 v0.9.1
[INFO] [stderr]    Compiling blowfish v0.9.1
[INFO] [stderr]    Compiling elliptic-curve v0.13.8
[INFO] [stderr]    Compiling blake2 v0.10.6
[INFO] [stderr]    Compiling ssh-cipher v0.2.0
[INFO] [stderr]    Compiling bcrypt-pbkdf v0.10.0
[INFO] [stderr]    Compiling sha1 v0.10.6
[INFO] [stderr]    Compiling russh-cryptovec v0.52.0
[INFO] [stderr]    Compiling argon2 v0.5.3
[INFO] [stderr]    Compiling ecdsa v0.16.9
[INFO] [stderr]    Compiling primeorder v0.13.6
[INFO] [stderr]    Compiling crypto-primes v0.7.0-pre.6
[INFO] [stderr]    Compiling futures-executor v0.3.31
[INFO] [stderr]    Compiling p384 v0.13.1
[INFO] [stderr]    Compiling p256 v0.13.2
[INFO] [stderr]    Compiling ed25519-dalek v2.2.0
[INFO] [stderr]    Compiling p521 v0.13.3
[INFO] [stderr]    Compiling futures v0.3.31
[INFO] [stderr]    Compiling rsa v0.10.0-rc.12
[INFO] [stderr]    Compiling russh-util v0.52.0
[INFO] [stderr]    Compiling internal-russh-forked-ssh-key v0.6.16+upstream-0.6.7
[INFO] [stderr]    Compiling rustssh2 v8.0.0 (/opt/rustwide/workdir)
[INFO] [stdout] warning: unused import: `super::super::*`
[INFO] [stdout]   --> src/server/encrypted.rs:30:5
[INFO] [stdout]    |
[INFO] [stdout] 30 | use super::super::*;
[INFO] [stdout]    |     ^^^^^^^^^^^^^^^
[INFO] [stdout]    |
[INFO] [stdout]    = note: `#[warn(unused_imports)]` (part of `#[warn(unused)]`) on by default
[INFO] [stdout] 
[INFO] [stdout] 
[INFO] [stderr]     Finished `release` profile [optimized] target(s) in 2m 32s
[INFO] running `Command { std: "docker" "inspect" "eba0a1835c0669645476d0b5e1f5ce7144f75ac48678cb35a342719b7a03d98b", kill_on_drop: false }`
[INFO] running `Command { std: "docker" "exec" "-e" "SOURCE_DIR=/opt/rustwide/workdir" "-e" "CARGO_HOME=/opt/rustwide/cargo-home" "-e" "RUSTUP_HOME=/opt/rustwide/rustup-home" "-e" "CARGO_TARGET_DIR=/opt/rustwide/target" "-e" "CARGO_INCREMENTAL=0" "-e" "RUST_BACKTRACE=full" "-e" "RUSTFLAGS=--cap-lints=warn" "-e" "RUSTDOCFLAGS=--cap-lints=warn" "-w" "/opt/rustwide/workdir" "--user" "0:0" "eba0a1835c0669645476d0b5e1f5ce7144f75ac48678cb35a342719b7a03d98b" "/opt/rustwide/cargo-home/bin/cargo" "+1.99.0-beta.8" "test" "--frozen" "--no-run" "--message-format=json" "--release", kill_on_drop: false }`
[INFO] [stderr]    Compiling errno v0.3.14
[INFO] [stderr]    Compiling mio v1.1.1
[INFO] [stderr]    Compiling tiny-keccak v2.0.2
[INFO] [stderr]    Compiling parking_lot_core v0.9.12
[INFO] [stderr]    Compiling getrandom v0.2.17
[INFO] [stderr]    Compiling serde_derive v1.0.228
[INFO] [stderr]    Compiling syn v1.0.109
[INFO] [stderr]    Compiling darling_core v0.23.0
[INFO] [stderr]    Compiling futures-channel v0.3.31
[INFO] [stderr]    Compiling ahash v0.8.12
[INFO] [stderr]    Compiling proc-macro-error-attr v1.0.4
[INFO] [stderr]    Compiling indexmap v1.9.3
[INFO] [stderr]    Compiling instability v0.3.11
[INFO] [stderr]    Compiling rustix v1.1.3
[INFO] [stderr]    Compiling regex-syntax v0.8.9
[INFO] [stderr]    Compiling strum_macros v0.26.4
[INFO] [stderr]    Compiling signal-hook-registry v1.4.8
[INFO] [stderr]    Compiling rustix v0.38.44
[INFO] [stderr]    Compiling nix v0.29.0
[INFO] [stderr]    Compiling thiserror-impl v2.0.18
[INFO] [stderr]    Compiling castaway v0.2.4
[INFO] [stderr]    Compiling futures-util v0.3.31
[INFO] [stderr]    Compiling num_cpus v1.17.0
[INFO] [stderr]    Compiling atty v0.2.14
[INFO] [stderr]    Compiling parking_lot v0.12.5
[INFO] [stderr]    Compiling signal-hook v0.3.18
[INFO] [stderr]    Compiling const-random-macro v0.1.16
[INFO] [stderr]    Compiling linux-raw-sys v0.11.0
[INFO] [stderr]    Compiling tokio v1.49.0
[INFO] [stderr]    Compiling const-random v0.1.18
[INFO] [stderr]    Compiling signal-hook-mio v0.2.5
[INFO] [stderr]    Compiling anyhow v1.0.101
[INFO] [stderr]    Compiling seize v0.3.3
[INFO] [stderr]    Compiling os_str_bytes v6.6.1
[INFO] [stderr]    Compiling indoc v2.0.7
[INFO] [stderr]    Compiling compact_str v0.8.1
[INFO] [stderr]    Compiling clap_lex v0.2.4
[INFO] [stderr]    Compiling flurry v0.5.2
[INFO] [stderr]    Compiling chrono v0.4.43
[INFO] [stderr]    Compiling russh-cryptovec v0.52.0
[INFO] [stderr]    Compiling humantime v1.3.0
[INFO] [stderr]    Compiling crossterm v0.28.1
[INFO] [stderr]    Compiling thiserror v2.0.18
[INFO] [stderr]    Compiling getrandom v0.4.1
[INFO] [stderr]    Compiling lru v0.12.5
[INFO] [stderr]    Compiling numtoa v0.1.0
[INFO] [stderr]    Compiling textwrap v0.16.2
[INFO] [stderr]    Compiling strsim v0.10.0
[INFO] [stderr]    Compiling strum v0.26.3
[INFO] [stderr]    Compiling termion v2.0.3
[INFO] [stderr]    Compiling shell-escape v0.1.5
[INFO] [stderr]    Compiling serde v1.0.228
[INFO] [stderr]    Compiling regex-automata v0.4.14
[INFO] [stderr]    Compiling darling_macro v0.23.0
[INFO] [stderr]    Compiling darling v0.23.0
[INFO] [stderr]    Compiling num-bigint-dig v0.8.6
[INFO] [stderr]    Compiling proc-macro-error v1.0.4
[INFO] [stderr]    Compiling ratatui v0.29.0
[INFO] [stderr]    Compiling tempfile v3.25.0
[INFO] [stderr]    Compiling futures-executor v0.3.31
[INFO] [stderr]    Compiling clap_derive v3.2.25
[INFO] [stderr]    Compiling futures v0.3.31
[INFO] [stderr]    Compiling internal-russh-forked-ssh-key v0.6.16+upstream-0.6.7
[INFO] [stderr]    Compiling clap v3.2.25
[INFO] [stderr]    Compiling regex v1.12.3
[INFO] [stderr]    Compiling env_logger v0.6.2
[INFO] [stderr]    Compiling tokio-util v0.7.18
[INFO] [stderr]    Compiling russh-util v0.52.0
[INFO] [stderr]    Compiling tokio-fd v0.3.0
[INFO] [stderr]    Compiling rustssh2 v8.0.0 (/opt/rustwide/workdir)
[INFO] [stderr]    Compiling tokio-stream v0.1.18
[INFO] [stderr]    Compiling russh-sftp v2.1.1
[INFO] [stdout] warning: unused import: `super::super::*`
[INFO] [stdout]   --> src/server/encrypted.rs:30:5
[INFO] [stdout]    |
[INFO] [stdout] 30 | use super::super::*;
[INFO] [stdout]    |     ^^^^^^^^^^^^^^^
[INFO] [stdout]    |
[INFO] [stdout]    = note: `#[warn(unused_imports)]` (part of `#[warn(unused)]`) on by default
[INFO] [stdout] 
[INFO] [stdout] 
[INFO] [stdout] warning: unused import: `super::super::*`
[INFO] [stdout]   --> src/server/encrypted.rs:30:5
[INFO] [stdout]    |
[INFO] [stdout] 30 | use super::super::*;
[INFO] [stdout]    |     ^^^^^^^^^^^^^^^
[INFO] [stdout]    |
[INFO] [stdout]    = note: `#[warn(unused_imports)]` (part of `#[warn(unused)]`) on by default
[INFO] [stdout] 
[INFO] [stdout] 
[INFO] [stdout] error[E0433]: cannot find module or crate `russh` in this scope
[INFO] [stdout]  --> examples/test.rs:5:5
[INFO] [stdout]   |
[INFO] [stdout] 5 | use russh::keys::ssh_key::rand_core::OsRng;
[INFO] [stdout]   |     ^^^^^ use of unresolved module or unlinked crate `russh`
[INFO] [stdout]   |
[INFO] [stdout]   = help: if you wanted to use a crate named `russh`, use `cargo add russh` to add it to your `Cargo.toml`
[INFO] [stdout] 
[INFO] [stdout] 
[INFO] [stdout] error[E0433]: cannot find module or crate `russh` in this scope
[INFO] [stdout]  --> examples/test.rs:6:5
[INFO] [stdout]   |
[INFO] [stdout] 6 | use russh::keys::*;
[INFO] [stdout]   |     ^^^^^ use of unresolved module or unlinked crate `russh`
[INFO] [stdout]   |
[INFO] [stdout]   = help: if you wanted to use a crate named `russh`, use `cargo add russh` to add it to your `Cargo.toml`
[INFO] [stdout] 
[INFO] [stdout] 
[INFO] [stdout] error[E0433]: cannot find module or crate `russh` in this scope
[INFO] [stdout]  --> examples/test.rs:7:5
[INFO] [stdout]   |
[INFO] [stdout] 7 | use russh::server::{Auth, Msg, Server as _, Session};
[INFO] [stdout]   |     ^^^^^ use of unresolved module or unlinked crate `russh`
[INFO] [stdout]   |
[INFO] [stdout]   = help: if you wanted to use a crate named `russh`, use `cargo add russh` to add it to your `Cargo.toml`
[INFO] [stdout] 
[INFO] [stdout] 
[INFO] [stdout] error[E0433]: cannot find module or crate `russh` in this scope
[INFO] [stdout]   --> examples/ratatui_shared_app.rs:11:5
[INFO] [stdout]    |
[INFO] [stdout] 11 | use russh::server::*;
[INFO] [stdout]    |     ^^^^^ use of unresolved module or unlinked crate `russh`
[INFO] [stdout]    |
[INFO] [stdout]    = help: if you wanted to use a crate named `russh`, use `cargo add russh` to add it to your `Cargo.toml`
[INFO] [stdout] 
[INFO] [stdout] 
[INFO] [stdout] error[E0433]: cannot find module or crate `russh` in this scope
[INFO] [stdout]  --> examples/ratatui_shared_app.rs:9:5
[INFO] [stdout]   |
[INFO] [stdout] 9 | use russh::keys::ssh_key::PublicKey;
[INFO] [stdout]   |     ^^^^^ use of unresolved module or unlinked crate `russh`
[INFO] [stdout]   |
[INFO] [stdout]   = help: if you wanted to use a crate named `russh`, use `cargo add russh` to add it to your `Cargo.toml`
[INFO] [stdout] 
[INFO] [stdout] 
[INFO] [stdout] error[E0433]: cannot find module or crate `russh` in this scope
[INFO] [stdout]  --> examples/echoserver.rs:4:5
[INFO] [stdout]   |
[INFO] [stdout] 4 | use russh::keys::ssh_key::rand_core::OsRng;
[INFO] [stdout]   |     ^^^^^ use of unresolved module or unlinked crate `russh`
[INFO] [stdout]   |
[INFO] [stdout]   = help: if you wanted to use a crate named `russh`, use `cargo add russh` to add it to your `Cargo.toml`
[INFO] [stdout] 
[INFO] [stdout] 
[INFO] [stdout] error[E0433]: cannot find module or crate `russh` in this scope
[INFO] [stdout]   --> examples/ratatui_shared_app.rs:10:5
[INFO] [stdout]    |
[INFO] [stdout] 10 | use russh::keys::ssh_key::rand_core::OsRng;
[INFO] [stdout]    |     ^^^^^ use of unresolved module or unlinked crate `russh`
[INFO] [stdout]    |
[INFO] [stdout]    = help: if you wanted to use a crate named `russh`, use `cargo add russh` to add it to your `Cargo.toml`
[INFO] [stdout] 
[INFO] [stdout] 
[INFO] [stdout] error[E0433]: cannot find module or crate `russh` in this scope
[INFO] [stdout]  --> examples/echoserver.rs:5:5
[INFO] [stdout]   |
[INFO] [stdout] 5 | use russh::keys::{Certificate, *};
[INFO] [stdout]   |     ^^^^^ use of unresolved module or unlinked crate `russh`
[INFO] [stdout]   |
[INFO] [stdout]   = help: if you wanted to use a crate named `russh`, use `cargo add russh` to add it to your `Cargo.toml`
[INFO] [stdout] 
[INFO] [stdout] 
[INFO] [stdout] error[E0433]: cannot find module or crate `russh` in this scope
[INFO] [stdout]  --> examples/echoserver.rs:6:5
[INFO] [stdout]   |
[INFO] [stdout] 6 | use russh::server::{Msg, Server as _, Session};
[INFO] [stdout]   |     ^^^^^ use of unresolved module or unlinked crate `russh`
[INFO] [stdout]   |
[INFO] [stdout]   = help: if you wanted to use a crate named `russh`, use `cargo add russh` to add it to your `Cargo.toml`
[INFO] [stdout] 
[INFO] [stdout] 
[INFO] [stdout] error[E0433]: cannot find module or crate `russh` in this scope
[INFO] [stdout]   --> examples/ratatui_app.rs:11:5
[INFO] [stdout]    |
[INFO] [stdout] 11 | use russh::server::*;
[INFO] [stdout]    |     ^^^^^ use of unresolved module or unlinked crate `russh`
[INFO] [stdout]    |
[INFO] [stdout]    = help: if you wanted to use a crate named `russh`, use `cargo add russh` to add it to your `Cargo.toml`
[INFO] [stdout] 
[INFO] [stdout] 
[INFO] [stdout] error[E0433]: cannot find module or crate `russh` in this scope
[INFO] [stdout]  --> examples/ratatui_app.rs:9:5
[INFO] [stdout]   |
[INFO] [stdout] 9 | use russh::keys::ssh_key::PublicKey;
[INFO] [stdout]   |     ^^^^^ use of unresolved module or unlinked crate `russh`
[INFO] [stdout]   |
[INFO] [stdout]   = help: if you wanted to use a crate named `russh`, use `cargo add russh` to add it to your `Cargo.toml`
[INFO] [stdout] 
[INFO] [stdout] 
[INFO] [stdout] error[E0433]: cannot find module or crate `russh` in this scope
[INFO] [stdout]   --> examples/ratatui_app.rs:10:5
[INFO] [stdout]    |
[INFO] [stdout] 10 | use russh::keys::ssh_key::rand_core::OsRng;
[INFO] [stdout]    |     ^^^^^ use of unresolved module or unlinked crate `russh`
[INFO] [stdout]    |
[INFO] [stdout]    = help: if you wanted to use a crate named `russh`, use `cargo add russh` to add it to your `Cargo.toml`
[INFO] [stdout] 
[INFO] [stdout] 
[INFO] [stdout] error[E0433]: cannot find module or crate `russh` in this scope
[INFO] [stdout]  --> examples/sftp_server.rs:7:5
[INFO] [stdout]   |
[INFO] [stdout] 7 | use russh::keys::ssh_key::rand_core::OsRng;
[INFO] [stdout]   |     ^^^^^ use of unresolved module or unlinked crate `russh`
[INFO] [stdout]   |
[INFO] [stdout]   = help: if you wanted to use a crate named `russh`, use `cargo add russh` to add it to your `Cargo.toml`
[INFO] [stdout] 
[INFO] [stdout] 
[INFO] [stdout] error[E0433]: cannot find module or crate `russh` in this scope
[INFO] [stdout]  --> examples/sftp_server.rs:8:5
[INFO] [stdout]   |
[INFO] [stdout] 8 | use russh::server::{Auth, Msg, Server as _, Session};
[INFO] [stdout]   |     ^^^^^ use of unresolved module or unlinked crate `russh`
[INFO] [stdout]   |
[INFO] [stdout]   = help: if you wanted to use a crate named `russh`, use `cargo add russh` to add it to your `Cargo.toml`
[INFO] [stdout] 
[INFO] [stdout] 
[INFO] [stdout] error[E0432]: unresolved import `russh`
[INFO] [stdout]  --> examples/echoserver.rs:7:5
[INFO] [stdout]   |
[INFO] [stdout] 7 | use russh::*;
[INFO] [stdout]   |     ^^^^^ use of unresolved module or unlinked crate `russh`
[INFO] [stdout]   |
[INFO] [stdout]   = help: if you wanted to use a crate named `russh`, use `cargo add russh` to add it to your `Cargo.toml`
[INFO] [stdout] 
[INFO] [stdout] 
[INFO] [stdout] error[E0433]: cannot find module or crate `russh` in this scope
[INFO] [stdout]   --> examples/client_exec_simple.rs:13:5
[INFO] [stdout]    |
[INFO] [stdout] 13 | use russh::keys::*;
[INFO] [stdout]    |     ^^^^^ use of unresolved module or unlinked crate `russh`
[INFO] [stdout]    |
[INFO] [stdout]    = help: if you wanted to use a crate named `russh`, use `cargo add russh` to add it to your `Cargo.toml`
[INFO] [stdout] 
[INFO] [stdout] 
[INFO] [stdout] error[E0432]: unresolved import `russh`
[INFO] [stdout]   --> examples/ratatui_shared_app.rs:12:5
[INFO] [stdout]    |
[INFO] [stdout] 12 | use russh::{Channel, ChannelId, Pty};
[INFO] [stdout]    |     ^^^^^ use of unresolved module or unlinked crate `russh`
[INFO] [stdout]    |
[INFO] [stdout]    = help: if you wanted to use a crate named `russh`, use `cargo add russh` to add it to your `Cargo.toml`
[INFO] [stdout] 
[INFO] [stdout] 
[INFO] [stdout] error[E0432]: unresolved import `russh`
[INFO] [stdout]  --> examples/test.rs:8:5
[INFO] [stdout]   |
[INFO] [stdout] 8 | use russh::*;
[INFO] [stdout]   |     ^^^^^ use of unresolved module or unlinked crate `russh`
[INFO] [stdout]   |
[INFO] [stdout]   = help: if you wanted to use a crate named `russh`, use `cargo add russh` to add it to your `Cargo.toml`
[INFO] [stdout] 
[INFO] [stdout] 
[INFO] [stdout] error[E0433]: cannot find module or crate `russh` in this scope
[INFO] [stdout]  --> examples/sftp_client.rs:4:5
[INFO] [stdout]   |
[INFO] [stdout] 4 | use russh::keys::*;
[INFO] [stdout]   |     ^^^^^ use of unresolved module or unlinked crate `russh`
[INFO] [stdout]   |
[INFO] [stdout]   = help: if you wanted to use a crate named `russh`, use `cargo add russh` to add it to your `Cargo.toml`
[INFO] [stdout] 
[INFO] [stdout] 
[INFO] [stdout] error[E0433]: cannot find module or crate `russh` in this scope
[INFO] [stdout]  --> tests/test_mlkem_kex.rs:9:5
[INFO] [stdout]   |
[INFO] [stdout] 9 | use russh::keys::PrivateKeyWithHashAlg;
[INFO] [stdout]   |     ^^^^^ use of unresolved module or unlinked crate `russh`
[INFO] [stdout]   |
[INFO] [stdout]   = help: if you wanted to use a crate named `russh`, use `cargo add russh` to add it to your `Cargo.toml`
[INFO] [stdout] 
[INFO] [stdout] 
[INFO] [stdout] error[E0433]: cannot find module or crate `russh` in this scope
[INFO] [stdout]   --> tests/test_mlkem_kex.rs:10:5
[INFO] [stdout]    |
[INFO] [stdout] 10 | use russh::keys::ssh_key::rand_core::OsRng;
[INFO] [stdout]    |     ^^^^^ use of unresolved module or unlinked crate `russh`
[INFO] [stdout]    |
[INFO] [stdout]    = help: if you wanted to use a crate named `russh`, use `cargo add russh` to add it to your `Cargo.toml`
[INFO] [stdout] 
[INFO] [stdout] 
[INFO] [stdout] error[E0432]: unresolved import `russh`
[INFO] [stdout]   --> tests/test_mlkem_kex.rs:11:5
[INFO] [stdout]    |
[INFO] [stdout] 11 | use russh::*;
[INFO] [stdout]    |     ^^^^^ use of unresolved module or unlinked crate `russh`
[INFO] [stdout]    |
[INFO] [stdout]    = help: if you wanted to use a crate named `russh`, use `cargo add russh` to add it to your `Cargo.toml`
[INFO] [stdout] 
[INFO] [stdout] 
[INFO] [stdout] error[E0432]: unresolved import `russh`
[INFO] [stdout]   --> examples/ratatui_app.rs:12:5
[INFO] [stdout]    |
[INFO] [stdout] 12 | use russh::{Channel, ChannelId, Pty};
[INFO] [stdout]    |     ^^^^^ use of unresolved module or unlinked crate `russh`
[INFO] [stdout]    |
[INFO] [stdout]    = help: if you wanted to use a crate named `russh`, use `cargo add russh` to add it to your `Cargo.toml`
[INFO] [stdout] 
[INFO] [stdout] 
[INFO] [stdout] error[E0433]: cannot find module or crate `russh` in this scope
[INFO] [stdout]   --> examples/client_exec_interactive.rs:14:5
[INFO] [stdout]    |
[INFO] [stdout] 14 | use russh::keys::*;
[INFO] [stdout]    |     ^^^^^ use of unresolved module or unlinked crate `russh`
[INFO] [stdout]    |
[INFO] [stdout]    = help: if you wanted to use a crate named `russh`, use `cargo add russh` to add it to your `Cargo.toml`
[INFO] [stdout] 
[INFO] [stdout] 
[INFO] [stdout] error[E0433]: cannot find module or crate `russh` in this scope
[INFO] [stdout]  --> tests/test_backpressure.rs:6:5
[INFO] [stdout]   |
[INFO] [stdout] 6 | use russh::keys::PrivateKeyWithHashAlg;
[INFO] [stdout]   |     ^^^^^ use of unresolved module or unlinked crate `russh`
[INFO] [stdout]   |
[INFO] [stdout]   = help: if you wanted to use a crate named `russh`, use `cargo add russh` to add it to your `Cargo.toml`
[INFO] [stdout] 
[INFO] [stdout] 
[INFO] [stdout] error[E0433]: cannot find module or crate `russh` in this scope
[INFO] [stdout]  --> tests/test_backpressure.rs:7:5
[INFO] [stdout]   |
[INFO] [stdout] 7 | use russh::keys::key::safe_rng;
[INFO] [stdout]   |     ^^^^^ use of unresolved module or unlinked crate `russh`
[INFO] [stdout]   |
[INFO] [stdout]   = help: if you wanted to use a crate named `russh`, use `cargo add russh` to add it to your `Cargo.toml`
[INFO] [stdout] 
[INFO] [stdout] 
[INFO] [stdout] error[E0433]: cannot find module or crate `russh` in this scope
[INFO] [stdout]  --> tests/test_backpressure.rs:8:5
[INFO] [stdout]   |
[INFO] [stdout] 8 | use russh::keys::ssh_key::rand_core::OsRng;
[INFO] [stdout]   |     ^^^^^ use of unresolved module or unlinked crate `russh`
[INFO] [stdout]   |
[INFO] [stdout]   = help: if you wanted to use a crate named `russh`, use `cargo add russh` to add it to your `Cargo.toml`
[INFO] [stdout] 
[INFO] [stdout] 
[INFO] [stdout] error[E0433]: cannot find module or crate `russh` in this scope
[INFO] [stdout]  --> tests/test_backpressure.rs:9:5
[INFO] [stdout]   |
[INFO] [stdout] 9 | use russh::server::{self, Auth, Msg, Server as _, Session};
[INFO] [stdout]   |     ^^^^^ use of unresolved module or unlinked crate `russh`
[INFO] [stdout]   |
[INFO] [stdout]   = help: if you wanted to use a crate named `russh`, use `cargo add russh` to add it to your `Cargo.toml`
[INFO] [stdout] 
[INFO] [stdout] 
[INFO] [stdout] error[E0433]: cannot find module or crate `russh` in this scope
[INFO] [stdout]   --> tests/test_rekey_strict_kex.rs:10:5
[INFO] [stdout]    |
[INFO] [stdout] 10 | use russh::keys::PrivateKeyWithHashAlg;
[INFO] [stdout]    |     ^^^^^ use of unresolved module or unlinked crate `russh`
[INFO] [stdout]    |
[INFO] [stdout]    = help: if you wanted to use a crate named `russh`, use `cargo add russh` to add it to your `Cargo.toml`
[INFO] [stdout] 
[INFO] [stdout] 
[INFO] [stdout] error[E0433]: cannot find module or crate `russh` in this scope
[INFO] [stdout]   --> tests/test_rekey_strict_kex.rs:11:5
[INFO] [stdout]    |
[INFO] [stdout] 11 | use russh::keys::ssh_key::rand_core::OsRng;
[INFO] [stdout]    |     ^^^^^ use of unresolved module or unlinked crate `russh`
[INFO] [stdout]    |
[INFO] [stdout]    = help: if you wanted to use a crate named `russh`, use `cargo add russh` to add it to your `Cargo.toml`
[INFO] [stdout] 
[INFO] [stdout] 
[INFO] [stdout] error[E0432]: unresolved import `russh`
[INFO] [stdout]   --> tests/test_rekey_strict_kex.rs:12:5
[INFO] [stdout]    |
[INFO] [stdout] 12 | use russh::*;
[INFO] [stdout]    |     ^^^^^ use of unresolved module or unlinked crate `russh`
[INFO] [stdout]    |
[INFO] [stdout]    = help: if you wanted to use a crate named `russh`, use `cargo add russh` to add it to your `Cargo.toml`
[INFO] [stdout] 
[INFO] [stdout] 
[INFO] [stdout] error[E0432]: unresolved import `russh`
[INFO] [stdout]  --> examples/sftp_server.rs:9:5
[INFO] [stdout]   |
[INFO] [stdout] 9 | use russh::{Channel, ChannelId};
[INFO] [stdout]   |     ^^^^^ use of unresolved module or unlinked crate `russh`
[INFO] [stdout]   |
[INFO] [stdout]   = help: if you wanted to use a crate named `russh`, use `cargo add russh` to add it to your `Cargo.toml`
[INFO] [stdout] 
[INFO] [stdout] 
[INFO] [stdout] error[E0433]: cannot find module or crate `russh` in this scope
[INFO] [stdout]  --> tests/test_data_stream.rs:5:5
[INFO] [stdout]   |
[INFO] [stdout] 5 | use russh::keys::PrivateKeyWithHashAlg;
[INFO] [stdout]   |     ^^^^^ use of unresolved module or unlinked crate `russh`
[INFO] [stdout]   |
[INFO] [stdout]   = help: if you wanted to use a crate named `russh`, use `cargo add russh` to add it to your `Cargo.toml`
[INFO] [stdout] 
[INFO] [stdout] 
[INFO] [stdout] error[E0433]: cannot find module or crate `russh` in this scope
[INFO] [stdout]  --> tests/test_data_stream.rs:6:5
[INFO] [stdout]   |
[INFO] [stdout] 6 | use russh::keys::key::safe_rng;
[INFO] [stdout]   |     ^^^^^ use of unresolved module or unlinked crate `russh`
[INFO] [stdout]   |
[INFO] [stdout]   = help: if you wanted to use a crate named `russh`, use `cargo add russh` to add it to your `Cargo.toml`
[INFO] [stdout] 
[INFO] [stdout] 
[INFO] [stdout] error[E0433]: cannot find module or crate `russh` in this scope
[INFO] [stdout]  --> tests/test_data_stream.rs:7:5
[INFO] [stdout]   |
[INFO] [stdout] 7 | use russh::keys::ssh_key::rand_core::OsRng;
[INFO] [stdout]   |     ^^^^^ use of unresolved module or unlinked crate `russh`
[INFO] [stdout]   |
[INFO] [stdout]   = help: if you wanted to use a crate named `russh`, use `cargo add russh` to add it to your `Cargo.toml`
[INFO] [stdout] 
[INFO] [stdout] 
[INFO] [stdout] error[E0433]: cannot find module or crate `russh` in this scope
[INFO] [stdout]  --> tests/test_data_stream.rs:8:5
[INFO] [stdout]   |
[INFO] [stdout] 8 | use russh::server::{self, Auth, Msg, Server as _, Session};
[INFO] [stdout]   |     ^^^^^ use of unresolved module or unlinked crate `russh`
[INFO] [stdout]   |
[INFO] [stdout]   = help: if you wanted to use a crate named `russh`, use `cargo add russh` to add it to your `Cargo.toml`
[INFO] [stdout] 
[INFO] [stdout] 
[INFO] [stdout] error[E0433]: cannot find module or crate `russh` in this scope
[INFO] [stdout]    --> examples/ratatui_app.rs:123:17
[INFO] [stdout]     |
[INFO] [stdout] 123 |                 russh::keys::PrivateKey::random(&mut OsRng, ssh_key::Algorithm::Ed25519).unwrap(),
[INFO] [stdout]     |                 ^^^^^ use of unresolved module or unlinked crate `russh`
[INFO] [stdout]     |
[INFO] [stdout]     = help: if you wanted to use a crate named `russh`, use `cargo add russh` to add it to your `Cargo.toml`
[INFO] [stdout] 
[INFO] [stdout] 
[INFO] [stdout] error[E0433]: cannot find module or crate `russh` in this scope
[INFO] [stdout]   --> tests/test_kex_shared_secret.rs:11:5
[INFO] [stdout]    |
[INFO] [stdout] 11 | use russh::keys::PrivateKeyWithHashAlg;
[INFO] [stdout]    |     ^^^^^ use of unresolved module or unlinked crate `russh`
[INFO] [stdout]    |
[INFO] [stdout]    = help: if you wanted to use a crate named `russh`, use `cargo add russh` to add it to your `Cargo.toml`
[INFO] [stdout] 
[INFO] [stdout] 
[INFO] [stdout] error[E0433]: cannot find module or crate `russh` in this scope
[INFO] [stdout]   --> tests/test_kex_shared_secret.rs:12:5
[INFO] [stdout]    |
[INFO] [stdout] 12 | use russh::keys::ssh_key::rand_core::OsRng;
[INFO] [stdout]    |     ^^^^^ use of unresolved module or unlinked crate `russh`
[INFO] [stdout]    |
[INFO] [stdout]    = help: if you wanted to use a crate named `russh`, use `cargo add russh` to add it to your `Cargo.toml`
[INFO] [stdout] 
[INFO] [stdout] 
[INFO] [stdout] error[E0432]: unresolved import `russh`
[INFO] [stdout]   --> tests/test_kex_shared_secret.rs:13:5
[INFO] [stdout]    |
[INFO] [stdout] 13 | use russh::*;
[INFO] [stdout]    |     ^^^^^ use of unresolved module or unlinked crate `russh`
[INFO] [stdout]    |
[INFO] [stdout]    = help: if you wanted to use a crate named `russh`, use `cargo add russh` to add it to your `Cargo.toml`
[INFO] [stdout] 
[INFO] [stdout] 
[INFO] [stdout] error[E0432]: unresolved import `russh`
[INFO] [stdout]  --> tests/test_data_stream.rs:9:5
[INFO] [stdout]   |
[INFO] [stdout] 9 | use russh::{Channel, ChannelMsg, client};
[INFO] [stdout]   |     ^^^^^ use of unresolved module or unlinked crate `russh`
[INFO] [stdout]   |
[INFO] [stdout]   = help: if you wanted to use a crate named `russh`, use `cargo add russh` to add it to your `Cargo.toml`
[INFO] [stdout] 
[INFO] [stdout] 
[INFO] [stdout] error[E0432]: unresolved import `russh`
[INFO] [stdout]  --> examples/sftp_client.rs:5:5
[INFO] [stdout]   |
[INFO] [stdout] 5 | use russh::*;
[INFO] [stdout]   |     ^^^^^ use of unresolved module or unlinked crate `russh`
[INFO] [stdout]   |
[INFO] [stdout]   = help: if you wanted to use a crate named `russh`, use `cargo add russh` to add it to your `Cargo.toml`
[INFO] [stdout] 
[INFO] [stdout] 
[INFO] [stdout] error[E0432]: unresolved import `russh`
[INFO] [stdout]   --> tests/test_backpressure.rs:10:5
[INFO] [stdout]    |
[INFO] [stdout] 10 | use russh::{Channel, ChannelMsg, client};
[INFO] [stdout]    |     ^^^^^ use of unresolved module or unlinked crate `russh`
[INFO] [stdout]    |
[INFO] [stdout]    = help: if you wanted to use a crate named `russh`, use `cargo add russh` to add it to your `Cargo.toml`
[INFO] [stdout] 
[INFO] [stdout] 
[INFO] [stdout] error[E0432]: unresolved import `russh`
[INFO] [stdout]   --> examples/client_exec_simple.rs:14:5
[INFO] [stdout]    |
[INFO] [stdout] 14 | use russh::*;
[INFO] [stdout]    |     ^^^^^ use of unresolved module or unlinked crate `russh`
[INFO] [stdout]    |
[INFO] [stdout]    = help: if you wanted to use a crate named `russh`, use `cargo add russh` to add it to your `Cargo.toml`
[INFO] [stdout] 
[INFO] [stdout] 
[INFO] [stdout] error[E0432]: unresolved import `russh`
[INFO] [stdout]   --> examples/client_exec_interactive.rs:15:5
[INFO] [stdout]    |
[INFO] [stdout] 15 | use russh::*;
[INFO] [stdout]    |     ^^^^^ use of unresolved module or unlinked crate `russh`
[INFO] [stdout]    |
[INFO] [stdout]    = help: if you wanted to use a crate named `russh`, use `cargo add russh` to add it to your `Cargo.toml`
[INFO] [stdout] 
[INFO] [stdout] 
[INFO] [stdout] error[E0433]: cannot find module or crate `russh` in this scope
[INFO] [stdout]   --> examples/client_open_direct_tcpip.rs:13:5
[INFO] [stdout]    |
[INFO] [stdout] 13 | use russh::client::Config;
[INFO] [stdout]    |     ^^^^^ use of unresolved module or unlinked crate `russh`
[INFO] [stdout]    |
[INFO] [stdout]    = help: if you wanted to use a crate named `russh`, use `cargo add russh` to add it to your `Cargo.toml`
[INFO] [stdout] 
[INFO] [stdout] 
[INFO] [stdout] error[E0433]: cannot find module or crate `russh` in this scope
[INFO] [stdout]   --> examples/client_open_direct_tcpip.rs:14:5
[INFO] [stdout]    |
[INFO] [stdout] 14 | use russh::keys::*;
[INFO] [stdout]    |     ^^^^^ use of unresolved module or unlinked crate `russh`
[INFO] [stdout]    |
[INFO] [stdout]    = help: if you wanted to use a crate named `russh`, use `cargo add russh` to add it to your `Cargo.toml`
[INFO] [stdout] 
[INFO] [stdout] 
[INFO] [stdout] error[E0432]: unresolved import `key`
[INFO] [stdout]   --> examples/client_open_direct_tcpip.rs:11:5
[INFO] [stdout]    |
[INFO] [stdout] 11 | use key::PrivateKeyWithHashAlg;
[INFO] [stdout]    |     ^^^ use of unresolved module or unlinked crate `key`
[INFO] [stdout]    |
[INFO] [stdout]    = help: if you wanted to use a crate named `key`, use `cargo add key` to add it to your `Cargo.toml`
[INFO] [stdout] 
[INFO] [stdout] 
[INFO] [stdout] error[E0432]: unresolved import `russh`
[INFO] [stdout]   --> examples/client_open_direct_tcpip.rs:15:5
[INFO] [stdout]    |
[INFO] [stdout] 15 | use russh::*;
[INFO] [stdout]    |     ^^^^^ use of unresolved module or unlinked crate `russh`
[INFO] [stdout]    |
[INFO] [stdout]    = help: if you wanted to use a crate named `russh`, use `cargo add russh` to add it to your `Cargo.toml`
[INFO] [stdout] 
[INFO] [stdout] 
[INFO] [stdout] error[E0433]: cannot find module or crate `russh` in this scope
[INFO] [stdout]   --> examples/sftp_server.rs:16:6
[INFO] [stdout]    |
[INFO] [stdout] 16 | impl russh::server::Server for Server {
[INFO] [stdout]    |      ^^^^^ use of unresolved module or unlinked crate `russh`
[INFO] [stdout]    |
[INFO] [stdout]    = help: if you wanted to use a crate named `russh`, use `cargo add russh` to add it to your `Cargo.toml`
[INFO] [stdout] 
[INFO] [stdout] 
[INFO] [stdout] error[E0433]: cannot find module or crate `russh` in this scope
[INFO] [stdout]    --> examples/ratatui_shared_app.rs:125:17
[INFO] [stdout]     |
[INFO] [stdout] 125 |                 russh::keys::PrivateKey::random(&mut OsRng, ssh_key::Algorithm::Ed25519).unwrap(),
[INFO] [stdout]     |                 ^^^^^ use of unresolved module or unlinked crate `russh`
[INFO] [stdout]     |
[INFO] [stdout]     = help: if you wanted to use a crate named `russh`, use `cargo add russh` to add it to your `Cargo.toml`
[INFO] [stdout] 
[INFO] [stdout] 
[INFO] [stdout] error[E0433]: cannot find module or crate `russh` in this scope
[INFO] [stdout]    --> tests/test_data_stream.rs:125:23
[INFO] [stdout]     |
[INFO] [stdout] 125 |     let mut session = russh::client::connect(config, addr, Client).await?;
[INFO] [stdout]     |                       ^^^^^ use of unresolved module or unlinked crate `russh`
[INFO] [stdout]     |
[INFO] [stdout]     = help: if you wanted to use a crate named `russh`, use `cargo add russh` to add it to your `Cargo.toml`
[INFO] [stdout] 
[INFO] [stdout] 
[INFO] [stdout] error[E0433]: cannot find module or crate `russh` in this scope
[INFO] [stdout]   --> examples/sftp_server.rs:43:6
[INFO] [stdout]    |
[INFO] [stdout] 43 | impl russh::server::Handler for SshSession {
[INFO] [stdout]    |      ^^^^^ use of unresolved module or unlinked crate `russh`
[INFO] [stdout]    |
[INFO] [stdout]    = help: if you wanted to use a crate named `russh`, use `cargo add russh` to add it to your `Cargo.toml`
[INFO] [stdout] 
[INFO] [stdout] 
[INFO] [stdout] error[E0433]: cannot find module or crate `russh` in this scope
[INFO] [stdout]   --> tests/test_backpressure.rs:43:23
[INFO] [stdout]    |
[INFO] [stdout] 43 |     let mut session = russh::client::connect(config, addr, Client).await?;
[INFO] [stdout]    |                       ^^^^^ use of unresolved module or unlinked crate `russh`
[INFO] [stdout]    |
[INFO] [stdout]    = help: if you wanted to use a crate named `russh`, use `cargo add russh` to add it to your `Cargo.toml`
[INFO] [stdout] 
[INFO] [stdout] 
[INFO] [stdout] error[E0433]: cannot find module or crate `russh` in this scope
[INFO] [stdout]    --> tests/test_data_stream.rs:178:6
[INFO] [stdout]     |
[INFO] [stdout] 178 | impl russh::server::Server for Server {
[INFO] [stdout]     |      ^^^^^ use of unresolved module or unlinked crate `russh`
[INFO] [stdout]     |
[INFO] [stdout]     = help: if you wanted to use a crate named `russh`, use `cargo add russh` to add it to your `Cargo.toml`
[INFO] [stdout] 
[INFO] [stdout] 
[INFO] [stdout] error[E0433]: cannot find module or crate `russh` in this scope
[INFO] [stdout]    --> tests/test_data_stream.rs:186:6
[INFO] [stdout]     |
[INFO] [stdout] 186 | impl russh::server::Handler for Server {
[INFO] [stdout]     |      ^^^^^ use of unresolved module or unlinked crate `russh`
[INFO] [stdout]     |
[INFO] [stdout]     = help: if you wanted to use a crate named `russh`, use `cargo add russh` to add it to your `Cargo.toml`
[INFO] [stdout] 
[INFO] [stdout] 
[INFO] [stdout] error[E0433]: cannot find module or crate `russh` in this scope
[INFO] [stdout]   --> examples/sftp_server.rs:54:22
[INFO] [stdout]    |
[INFO] [stdout] 54 |         public_key: &russh::keys::ssh_key::PublicKey,
[INFO] [stdout]    |                      ^^^^^ use of unresolved module or unlinked crate `russh`
[INFO] [stdout]    |
[INFO] [stdout]    = help: if you wanted to use a crate named `russh`, use `cargo add russh` to add it to your `Cargo.toml`
[INFO] [stdout] 
[INFO] [stdout] 
[INFO] [stdout] error[E0433]: cannot find module or crate `russh` in this scope
[INFO] [stdout]    --> tests/test_backpressure.rs:109:6
[INFO] [stdout]     |
[INFO] [stdout] 109 | impl russh::server::Server for Server {
[INFO] [stdout]     |      ^^^^^ use of unresolved module or unlinked crate `russh`
[INFO] [stdout]     |
[INFO] [stdout]     = help: if you wanted to use a crate named `russh`, use `cargo add russh` to add it to your `Cargo.toml`
[INFO] [stdout] 
[INFO] [stdout] 
[INFO] [stdout] error[E0433]: cannot find module or crate `russh` in this scope
[INFO] [stdout]    --> tests/test_data_stream.rs:219:6
[INFO] [stdout]     |
[INFO] [stdout] 219 | impl russh::client::Handler for Client {
[INFO] [stdout]     |      ^^^^^ use of unresolved module or unlinked crate `russh`
[INFO] [stdout]     |
[INFO] [stdout]     = help: if you wanted to use a crate named `russh`, use `cargo add russh` to add it to your `Cargo.toml`
[INFO] [stdout] 
[INFO] [stdout] 
[INFO] [stdout] error[E0433]: cannot find module or crate `russh` in this scope
[INFO] [stdout]    --> tests/test_backpressure.rs:117:6
[INFO] [stdout]     |
[INFO] [stdout] 117 | impl russh::server::Handler for Server {
[INFO] [stdout]     |      ^^^^^ use of unresolved module or unlinked crate `russh`
[INFO] [stdout]     |
[INFO] [stdout]     = help: if you wanted to use a crate named `russh`, use `cargo add russh` to add it to your `Cargo.toml`
[INFO] [stdout] 
[INFO] [stdout] 
[INFO] [stdout] error[E0433]: cannot find module or crate `russh` in this scope
[INFO] [stdout]    --> examples/sftp_server.rs:178:18
[INFO] [stdout]     |
[INFO] [stdout] 178 |     let config = russh::server::Config {
[INFO] [stdout]     |                  ^^^^^ use of unresolved module or unlinked crate `russh`
[INFO] [stdout]     |
[INFO] [stdout]     = help: if you wanted to use a crate named `russh`, use `cargo add russh` to add it to your `Cargo.toml`
[INFO] [stdout] 
[INFO] [stdout] 
[INFO] [stdout] Some errors have detailed explanations: E0432, E0433.
[INFO] [stdout] 
[INFO] [stdout] For more information about an error, try `rustc --explain E0432`.
[INFO] [stdout] 
[INFO] [stderr] error: could not compile `rustssh2` (test "test_data_stream") due to 9 previous errors
[INFO] [stderr] warning: build failed, waiting for other jobs to finish...
[INFO] [stdout] error[E0425]: cannot find type `Handle` in this scope
[INFO] [stdout]   --> examples/ratatui_app.rs:35:28
[INFO] [stdout]    |
[INFO] [stdout] 35 |     async fn start(handle: Handle, channel_id: ChannelId) -> Self {
[INFO] [stdout]    |                            ^^^^^^ not found in this scope
[INFO] [stdout] 
[INFO] [stdout] 
[INFO] [stdout] error[E0422]: cannot find struct, variant or union type `Config` in this scope
[INFO] [stdout]    --> examples/ratatui_app.rs:118:22
[INFO] [stdout]     |
[INFO] [stdout] 118 |         let config = Config {
[INFO] [stdout]     |                      ^^^^^^ not found in this scope
[INFO] [stdout] 
[INFO] [stdout] 
[INFO] [stdout] error[E0405]: cannot find trait `Server` in this scope
[INFO] [stdout]    --> examples/ratatui_app.rs:135:6
[INFO] [stdout]     |
[INFO] [stdout] 135 | impl Server for AppServer {
[INFO] [stdout]     |      ^^^^^^ not found in this scope
[INFO] [stdout] 
[INFO] [stdout] 
[INFO] [stdout] error[E0405]: cannot find trait `Handler` in this scope
[INFO] [stdout]    --> examples/ratatui_app.rs:144:6
[INFO] [stdout]     |
[INFO] [stdout] 144 | impl Handler for AppServer {
[INFO] [stdout]     |      ^^^^^^^ not found in this scope
[INFO] [stdout] 
[INFO] [stdout] 
[INFO] [stdout] error[E0425]: cannot find type `Msg` in this scope
[INFO] [stdout]    --> examples/ratatui_app.rs:149:26
[INFO] [stdout]     |
[INFO] [stdout] 149 |         channel: Channel<Msg>,
[INFO] [stdout]     |                          ^^^ not found in this scope
[INFO] [stdout]     |
[INFO] [stdout] help: you might be missing a type parameter
[INFO] [stdout]     |
[INFO] [stdout] 144 | impl<Msg> Handler for AppServer {
[INFO] [stdout]     |     +++++
[INFO] [stdout] 
[INFO] [stdout] 
[INFO] [stdout] error[E0425]: cannot find type `Session` in this scope
[INFO] [stdout]    --> examples/ratatui_app.rs:150:23
[INFO] [stdout]     |
[INFO] [stdout] 150 |         session: &mut Session,
[INFO] [stdout]     |                       ^^^^^^^ not found in this scope
[INFO] [stdout] 
[INFO] [stdout] 
[INFO] [stdout] error[E0425]: cannot find type `Auth` in this scope
[INFO] [stdout]    --> examples/ratatui_app.rs:170:74
[INFO] [stdout]     |
[INFO] [stdout] 170 |     async fn auth_publickey(&mut self, _: &str, _: &PublicKey) -> Result<Auth, Self::Error> {
[INFO] [stdout]     |                                                                          ^^^^ not found in this scope
[INFO] [stdout]     |
[INFO] [stdout] help: you might be missing a type parameter
[INFO] [stdout]     |
[INFO] [stdout] 144 | impl<Auth> Handler for AppServer {
[INFO] [stdout]     |     ++++++
[INFO] [stdout] 
[INFO] [stdout] 
[INFO] [stdout] error[E0425]: cannot find type `Session` in this scope
[INFO] [stdout]    --> examples/ratatui_app.rs:178:23
[INFO] [stdout]     |
[INFO] [stdout] 178 |         session: &mut Session,
[INFO] [stdout]     |                       ^^^^^^^ not found in this scope
[INFO] [stdout] 
[INFO] [stdout] 
[INFO] [stdout] error[E0425]: cannot find type `Session` in this scope
[INFO] [stdout]    --> examples/ratatui_app.rs:207:17
[INFO] [stdout]     |
[INFO] [stdout] 207 |         _: &mut Session,
[INFO] [stdout]     |                 ^^^^^^^ not found in this scope
[INFO] [stdout] 
[INFO] [stdout] 
[INFO] [stdout] error[E0425]: cannot find type `Session` in this scope
[INFO] [stdout]    --> examples/ratatui_app.rs:237:23
[INFO] [stdout]     |
[INFO] [stdout] 237 |         session: &mut Session,
[INFO] [stdout]     |                       ^^^^^^^ not found in this scope
[INFO] [stdout] 
[INFO] [stdout] 
[INFO] [stdout] Some errors have detailed explanations: E0432, E0433.
[INFO] [stdout] 
[INFO] [stdout] For more information about an error, try `rustc --explain E0432`.
[INFO] [stdout] 
[INFO] [stderr] error: could not compile `rustssh2` (example "sftp_client") due to 2 previous errors
[INFO] [stdout] error[E0433]: cannot find module or crate `russh` in this scope
[INFO] [stdout]    --> examples/sftp_server.rs:182:13
[INFO] [stdout]     |
[INFO] [stdout] 182 |             russh::keys::PrivateKey::random(&mut OsRng, ssh_key::Algorithm::Ed25519).unwrap(),
[INFO] [stdout]     |             ^^^^^ use of unresolved module or unlinked crate `russh`
[INFO] [stdout]     |
[INFO] [stdout]     = help: if you wanted to use a crate named `russh`, use `cargo add russh` to add it to your `Cargo.toml`
[INFO] [stdout] 
[INFO] [stdout] 
[INFO] [stdout] error[E0433]: cannot find type `Auth` in this scope
[INFO] [stdout]    --> examples/ratatui_app.rs:171:12
[INFO] [stdout]     |
[INFO] [stdout] 171 |         Ok(Auth::Accept)
[INFO] [stdout]     |            ^^^^ use of undeclared type `Auth`
[INFO] [stdout] 
[INFO] [stdout] 
[INFO] [stdout] error[E0433]: cannot find module or crate `russh` in this scope
[INFO] [stdout]    --> tests/test_backpressure.rs:149:6
[INFO] [stdout]     |
[INFO] [stdout] 149 | impl russh::client::Handler for Client {
[INFO] [stdout]     |      ^^^^^ use of unresolved module or unlinked crate `russh`
[INFO] [stdout]     |
[INFO] [stdout]     = help: if you wanted to use a crate named `russh`, use `cargo add russh` to add it to your `Cargo.toml`
[INFO] [stdout] 
[INFO] [stdout] 
[INFO] [stdout] Some errors have detailed explanations: E0405, E0422, E0425, E0432, E0433.
[INFO] [stdout] 
[INFO] [stdout] For more information about an error, try `rustc --explain E0405`.
[INFO] [stdout] 
[INFO] [stderr] error: could not compile `rustssh2` (example "ratatui_app") due to 16 previous errors
[INFO] [stdout] Some errors have detailed explanations: E0432, E0433.
[INFO] [stdout] 
[INFO] [stdout] For more information about an error, try `rustc --explain E0432`.
[INFO] [stdout] 
[INFO] [stderr] error: could not compile `rustssh2` (test "test_backpressure") due to 9 previous errors
[INFO] [stdout] Some errors have detailed explanations: E0432, E0433.
[INFO] [stdout] 
[INFO] [stdout] For more information about an error, try `rustc --explain E0432`.
[INFO] [stdout] 
[INFO] [stderr] error: could not compile `rustssh2` (example "sftp_server") due to 8 previous errors
[INFO] [stdout] Some errors have detailed explanations: E0432, E0433.
[INFO] [stdout] 
[INFO] [stdout] For more information about an error, try `rustc --explain E0432`.
[INFO] [stdout] 
[INFO] [stderr] error: could not compile `rustssh2` (example "test") due to 4 previous errors
[INFO] [stdout] Some errors have detailed explanations: E0432, E0433.
[INFO] [stdout] 
[INFO] [stdout] For more information about an error, try `rustc --explain E0432`.
[INFO] [stdout] 
[INFO] [stderr] error: could not compile `rustssh2` (example "echoserver") due to 4 previous errors
[INFO] [stdout] error[E0425]: cannot find type `Handle` in this scope
[INFO] [stdout]   --> examples/ratatui_shared_app.rs:35:28
[INFO] [stdout]    |
[INFO] [stdout] 35 |     async fn start(handle: Handle, channel_id: ChannelId) -> Self {
[INFO] [stdout]    |                            ^^^^^^ not found in this scope
[INFO] [stdout] 
[INFO] [stdout] 
[INFO] [stdout] error[E0422]: cannot find struct, variant or union type `Config` in this scope
[INFO] [stdout]    --> examples/ratatui_shared_app.rs:120:22
[INFO] [stdout]     |
[INFO] [stdout] 120 |         let config = Config {
[INFO] [stdout]     |                      ^^^^^^ not found in this scope
[INFO] [stdout] 
[INFO] [stdout] 
[INFO] [stdout] error[E0405]: cannot find trait `Server` in this scope
[INFO] [stdout]    --> examples/ratatui_shared_app.rs:137:6
[INFO] [stdout]     |
[INFO] [stdout] 137 | impl Server for AppServer {
[INFO] [stdout]     |      ^^^^^^ not found in this scope
[INFO] [stdout] 
[INFO] [stdout] 
[INFO] [stdout] error[E0405]: cannot find trait `Handler` in this scope
[INFO] [stdout]    --> examples/ratatui_shared_app.rs:146:6
[INFO] [stdout]     |
[INFO] [stdout] 146 | impl Handler for AppServer {
[INFO] [stdout]     |      ^^^^^^^ not found in this scope
[INFO] [stdout] 
[INFO] [stdout] 
[INFO] [stdout] error[E0425]: cannot find type `Msg` in this scope
[INFO] [stdout]    --> examples/ratatui_shared_app.rs:151:26
[INFO] [stdout]     |
[INFO] [stdout] 151 |         channel: Channel<Msg>,
[INFO] [stdout]     |                          ^^^ not found in this scope
[INFO] [stdout]     |
[INFO] [stdout] help: you might be missing a type parameter
[INFO] [stdout]     |
[INFO] [stdout] 146 | impl<Msg> Handler for AppServer {
[INFO] [stdout]     |     +++++
[INFO] [stdout] 
[INFO] [stdout] 
[INFO] [stdout] error[E0425]: cannot find type `Session` in this scope
[INFO] [stdout]    --> examples/ratatui_shared_app.rs:152:23
[INFO] [stdout]     |
[INFO] [stdout] 152 |         session: &mut Session,
[INFO] [stdout]     |                       ^^^^^^^ not found in this scope
[INFO] [stdout] 
[INFO] [stdout] 
[INFO] [stdout] error[E0425]: cannot find type `Auth` in this scope
[INFO] [stdout]    --> examples/ratatui_shared_app.rs:171:74
[INFO] [stdout]     |
[INFO] [stdout] 171 |     async fn auth_publickey(&mut self, _: &str, _: &PublicKey) -> Result<Auth, Self::Error> {
[INFO] [stdout]     |                                                                          ^^^^ not found in this scope
[INFO] [stdout]     |
[INFO] [stdout] help: you might be missing a type parameter
[INFO] [stdout]     |
[INFO] [stdout] 146 | impl<Auth> Handler for AppServer {
[INFO] [stdout]     |     ++++++
[INFO] [stdout] 
[INFO] [stdout] 
[INFO] [stdout] error[E0425]: cannot find type `Session` in this scope
[INFO] [stdout]    --> examples/ratatui_shared_app.rs:179:23
[INFO] [stdout]     |
[INFO] [stdout] 179 |         session: &mut Session,
[INFO] [stdout]     |                       ^^^^^^^ not found in this scope
[INFO] [stdout] 
[INFO] [stdout] 
[INFO] [stdout] error[E0425]: cannot find type `Session` in this scope
[INFO] [stdout]    --> examples/ratatui_shared_app.rs:207:17
[INFO] [stdout]     |
[INFO] [stdout] 207 |         _: &mut Session,
[INFO] [stdout]     |                 ^^^^^^^ not found in this scope
[INFO] [stdout] 
[INFO] [stdout] 
[INFO] [stdout] error[E0425]: cannot find type `Session` in this scope
[INFO] [stdout]    --> examples/ratatui_shared_app.rs:236:23
[INFO] [stdout]     |
[INFO] [stdout] 236 |         session: &mut Session,
[INFO] [stdout]     |                       ^^^^^^^ not found in this scope
[INFO] [stdout] 
[INFO] [stdout] 
[INFO] [stdout] Some errors have detailed explanations: E0432, E0433.
[INFO] [stdout] 
[INFO] [stdout] For more information about an error, try `rustc --explain E0432`.
[INFO] [stdout] 
[INFO] [stderr] error: could not compile `rustssh2` (example "client_exec_interactive") due to 2 previous errors
[INFO] [stdout] error[E0433]: cannot find type `Auth` in this scope
[INFO] [stdout]    --> examples/ratatui_shared_app.rs:172:12
[INFO] [stdout]     |
[INFO] [stdout] 172 |         Ok(Auth::Accept)
[INFO] [stdout]     |            ^^^^ use of undeclared type `Auth`
[INFO] [stdout] 
[INFO] [stdout] 
[INFO] [stdout] Some errors have detailed explanations: E0405, E0422, E0425, E0432, E0433.
[INFO] [stdout] 
[INFO] [stdout] For more information about an error, try `rustc --explain E0405`.
[INFO] [stdout] 
[INFO] [stderr] error: could not compile `rustssh2` (example "ratatui_shared_app") due to 16 previous errors
[INFO] [stdout] Some errors have detailed explanations: E0432, E0433.
[INFO] [stdout] 
[INFO] [stdout] For more information about an error, try `rustc --explain E0432`.
[INFO] [stdout] 
[INFO] [stderr] error: could not compile `rustssh2` (example "client_open_direct_tcpip") due to 4 previous errors
[INFO] [stdout] Some errors have detailed explanations: E0432, E0433.
[INFO] [stdout] 
[INFO] [stdout] For more information about an error, try `rustc --explain E0432`.
[INFO] [stdout] 
[INFO] [stderr] error: could not compile `rustssh2` (example "client_exec_simple") due to 2 previous errors
[INFO] [stdout] Some errors have detailed explanations: E0432, E0433.
[INFO] [stdout] 
[INFO] [stdout] For more information about an error, try `rustc --explain E0432`.
[INFO] [stdout] 
[INFO] [stderr] error: could not compile `rustssh2` (test "test_rekey_strict_kex") due to 3 previous errors
[INFO] [stdout] Some errors have detailed explanations: E0432, E0433.
[INFO] [stdout] 
[INFO] [stdout] For more information about an error, try `rustc --explain E0432`.
[INFO] [stdout] 
[INFO] [stderr] error: could not compile `rustssh2` (test "test_kex_shared_secret") due to 3 previous errors
[INFO] [stdout] Some errors have detailed explanations: E0432, E0433.
[INFO] [stdout] 
[INFO] [stdout] For more information about an error, try `rustc --explain E0432`.
[INFO] [stdout] 
[INFO] [stderr] error: could not compile `rustssh2` (test "test_mlkem_kex") due to 3 previous errors
[INFO] running `Command { std: "docker" "inspect" "eba0a1835c0669645476d0b5e1f5ce7144f75ac48678cb35a342719b7a03d98b", kill_on_drop: false }`
[INFO] running `Command { std: "docker" "rm" "-f" "eba0a1835c0669645476d0b5e1f5ce7144f75ac48678cb35a342719b7a03d98b", kill_on_drop: false }`
[INFO] [stdout] eba0a1835c0669645476d0b5e1f5ce7144f75ac48678cb35a342719b7a03d98b
