[INFO] fetching crate rustscript-embedded 0.3.3...
[INFO] testing rustscript-embedded-0.3.3 against 1.100.0-beta.1+cargoflags=--release for beta-release-1.100-2
[INFO] extracting crate rustscript-embedded 0.3.3 into /workspace/builds/worker-3-tc2/source
[INFO] removed /workspace/builds/worker-3-tc2/source/rust-toolchain.toml
[INFO] started tweaking crates.io crate rustscript-embedded 0.3.3
[INFO] removed 0 missing examples
[INFO] removed 0 missing tests
[INFO] finished tweaking crates.io crate rustscript-embedded 0.3.3
[INFO] tweaked toml for crates.io crate rustscript-embedded 0.3.3 written to /workspace/builds/worker-3-tc2/source/Cargo.toml
[INFO] validating manifest of crates.io crate rustscript-embedded 0.3.3 on toolchain 1.100.0-beta.1
[INFO] running `Command { std: CARGO_HOME="/workspace/cargo-home" RUSTUP_HOME="/workspace/rustup-home" "/workspace/cargo-home/bin/cargo" "+1.100.0-beta.1" "metadata" "--manifest-path" "Cargo.toml" "--no-deps", kill_on_drop: false }`
[INFO] crate crates.io crate rustscript-embedded 0.3.3 already has a lockfile, it will not be regenerated
[INFO] running `Command { std: CARGO_HOME="/workspace/cargo-home" RUSTUP_HOME="/workspace/rustup-home" "/workspace/cargo-home/bin/cargo" "+1.100.0-beta.1" "fetch" "--manifest-path" "Cargo.toml", kill_on_drop: false }`
[INFO] [stderr]     Blocking waiting for file lock on package cache
[INFO] [stderr]     Blocking waiting for file lock on package cache
[INFO] running `Command { std: "docker" "create" "-v" "/var/lib/crater-agent-workspace/builds/worker-3-tc2/source:/opt/rustwide/workdir:ro,Z" "-v" "/var/lib/crater-agent-workspace/builds/worker-3-tc2/target:/opt/rustwide/target:rw,Z" "-v" "/var/lib/crater-agent-workspace/cargo-home:/opt/rustwide/cargo-home:ro,Z" "-v" "/var/lib/crater-agent-workspace/rustup-home:/opt/rustwide/rustup-home:ro,Z" "-m" "1610612736" "--network" "none" "ghcr.io/rust-lang/crates-build-env/linux@sha256:77db811e55d90add9212f6832c23229e3de5f1c1f9905e8cb07319ea15df73ac" "sleep" "infinity", kill_on_drop: false }`
[INFO] [stdout] 98e95dbad15d4f12e01dc01b540eb94d57e18201567d783397874f13aca70cfe
[INFO] running `Command { std: "docker" "start" "98e95dbad15d4f12e01dc01b540eb94d57e18201567d783397874f13aca70cfe", kill_on_drop: false }`
[INFO] running `Command { std: "docker" "inspect" "98e95dbad15d4f12e01dc01b540eb94d57e18201567d783397874f13aca70cfe", kill_on_drop: false }`
[INFO] running `Command { std: "docker" "exec" "-e" "SOURCE_DIR=/opt/rustwide/workdir" "-e" "CARGO_HOME=/opt/rustwide/cargo-home" "-e" "RUSTUP_HOME=/opt/rustwide/rustup-home" "-e" "CARGO_TARGET_DIR=/opt/rustwide/target" "-w" "/opt/rustwide/workdir" "--user" "0:0" "98e95dbad15d4f12e01dc01b540eb94d57e18201567d783397874f13aca70cfe" "/opt/rustwide/cargo-home/bin/cargo" "+1.100.0-beta.1" "metadata" "--no-deps" "--format-version=1", kill_on_drop: false }`
[INFO] running `Command { std: "docker" "inspect" "98e95dbad15d4f12e01dc01b540eb94d57e18201567d783397874f13aca70cfe", kill_on_drop: false }`
[INFO] running `Command { std: "docker" "exec" "-e" "SOURCE_DIR=/opt/rustwide/workdir" "-e" "CARGO_HOME=/opt/rustwide/cargo-home" "-e" "RUSTUP_HOME=/opt/rustwide/rustup-home" "-e" "CARGO_TARGET_DIR=/opt/rustwide/target" "-e" "CARGO_INCREMENTAL=0" "-e" "RUST_BACKTRACE=full" "-e" "RUSTFLAGS=--cap-lints=warn" "-e" "RUSTDOCFLAGS=--cap-lints=warn" "-w" "/opt/rustwide/workdir" "--user" "0:0" "98e95dbad15d4f12e01dc01b540eb94d57e18201567d783397874f13aca70cfe" "/opt/rustwide/cargo-home/bin/cargo" "+1.100.0-beta.1" "build" "--frozen" "--message-format=json" "--release", kill_on_drop: false }`
[INFO] [stderr]    Compiling quote v1.0.46
[INFO] [stderr]    Compiling memchr v2.8.3
[INFO] [stderr]    Compiling libc v0.2.186
[INFO] [stderr]    Compiling thiserror v2.0.18
[INFO] [stderr]    Compiling regex-syntax v0.8.11
[INFO] [stderr]    Compiling serde_core v1.0.228
[INFO] [stderr]    Compiling zmij v1.0.21
[INFO] [stderr]    Compiling serde v1.0.228
[INFO] [stderr]    Compiling paste v1.0.15
[INFO] [stderr]    Compiling serde_json v1.0.150
[INFO] [stderr]    Compiling bitflags v1.3.2
[INFO] [stderr]    Compiling itoa v1.0.18
[INFO] [stderr]    Compiling syn v2.0.118
[INFO] [stderr]    Compiling futures-core v0.3.32
[INFO] [stderr]    Compiling cfg-if v1.0.4
[INFO] [stderr]    Compiling lazy_static v1.5.0
[INFO] [stderr]    Compiling futures-channel v0.3.32
[INFO] [stderr]    Compiling scopeguard v1.2.0
[INFO] [stderr]    Compiling bitflags v2.13.0
[INFO] [stderr]    Compiling base64 v0.22.1
[INFO] [stderr]    Compiling aho-corasick v1.1.4
[INFO] [stderr]    Compiling regex-automata v0.4.15
[INFO] [stderr]    Compiling nix v0.26.4
[INFO] [stderr]    Compiling thiserror-impl v2.0.18
[INFO] [stderr]    Compiling pd-vm v0.22.6
[INFO] [stderr]    Compiling pd-host-function v0.22.6
[INFO] [stderr]    Compiling unescaper v0.1.10
[INFO] [stderr]    Compiling regex v1.13.0
[INFO] [stderr]    Compiling serialport v4.9.0
[INFO] [stderr]    Compiling rt-format v0.3.1
[INFO] [stderr]    Compiling rustscript-embedded v0.3.3 (/opt/rustwide/workdir)
[INFO] [stdout] error[E0432]: unresolved import `vm::ReplLocalState`
[INFO] [stdout]  --> src/repl_client.rs:7:36
[INFO] [stdout]   |
[INFO] [stdout] 7 | use vm::{OpCode, ReplLocalBinding, ReplLocalState, SourceError, ValueType};
[INFO] [stdout]   |                                    ^^^^^^^^^^^^^^ no `ReplLocalState` in the root
[INFO] [stdout] 
[INFO] [stdout] 
[INFO] [stdout] error[E0425]: cannot find function `compile_source_for_repl_with_state` in crate `vm`
[INFO] [stdout]     --> src/repl_client.rs:332:15
[INFO] [stdout]      |
[INFO] [stdout]  332 |     match vm::compile_source_for_repl_with_state(trimmed, &states) {
[INFO] [stdout]      |               ^^^^^^^^^^^^^^^^^^^^^^^^^^^^^^^^^^ not found in `vm`
[INFO] [stdout]      |
[INFO] [stdout] note: similarly named function `compile_source_for_repl_with_locals` defined here
[INFO] [stdout]     --> /opt/rustwide/cargo-home/registry/src/index.crates.io-1949cf8c6b5b557f/pd-vm-0.22.6/src/compiler/pipeline.rs:1119:1
[INFO] [stdout]      |
[INFO] [stdout] 1119 | / pub fn compile_source_for_repl_with_locals(
[INFO] [stdout] 1120 | |     source: &str,
[INFO] [stdout] 1121 | |     predefined_locals: &[ReplLocalBinding],
[INFO] [stdout] 1122 | | ) -> Result<CompiledReplProgram, SourceError> {
[INFO] [stdout]      | |_____________________________________________^
[INFO] [stdout] help: a function with a similar name exists
[INFO] [stdout]      |
[INFO] [stdout]  332 -     match vm::compile_source_for_repl_with_state(trimmed, &states) {
[INFO] [stdout]  332 +     match vm::compile_source_for_repl_with_locals(trimmed, &states) {
[INFO] [stdout]      |
[INFO] [stdout] 
[INFO] [stdout] 
[INFO] [stdout] error[E0425]: cannot find function `compile_source_for_repl_with_state` in crate `vm`
[INFO] [stdout]     --> src/repl_client.rs:336:23
[INFO] [stdout]      |
[INFO] [stdout]  336 |             match vm::compile_source_for_repl_with_state(&fallback, &states) {
[INFO] [stdout]      |                       ^^^^^^^^^^^^^^^^^^^^^^^^^^^^^^^^^^ not found in `vm`
[INFO] [stdout]      |
[INFO] [stdout] note: similarly named function `compile_source_for_repl_with_locals` defined here
[INFO] [stdout]     --> /opt/rustwide/cargo-home/registry/src/index.crates.io-1949cf8c6b5b557f/pd-vm-0.22.6/src/compiler/pipeline.rs:1119:1
[INFO] [stdout]      |
[INFO] [stdout] 1119 | / pub fn compile_source_for_repl_with_locals(
[INFO] [stdout] 1120 | |     source: &str,
[INFO] [stdout] 1121 | |     predefined_locals: &[ReplLocalBinding],
[INFO] [stdout] 1122 | | ) -> Result<CompiledReplProgram, SourceError> {
[INFO] [stdout]      | |_____________________________________________^
[INFO] [stdout] help: a function with a similar name exists
[INFO] [stdout]      |
[INFO] [stdout]  336 -             match vm::compile_source_for_repl_with_state(&fallback, &states) {
[INFO] [stdout]  336 +             match vm::compile_source_for_repl_with_locals(&fallback, &states) {
[INFO] [stdout]      |
[INFO] [stdout] 
[INFO] [stdout] 
[INFO] [stdout] Some errors have detailed explanations: E0425, E0432.
[INFO] [stdout] 
[INFO] [stdout] For more information about an error, try `rustc --explain E0425`.
[INFO] [stdout] 
[INFO] [stderr] error: could not compile `rustscript-embedded` (lib) due to 3 previous errors
[INFO] running `Command { std: "docker" "inspect" "98e95dbad15d4f12e01dc01b540eb94d57e18201567d783397874f13aca70cfe", kill_on_drop: false }`
[INFO] running `Command { std: "docker" "rm" "-f" "98e95dbad15d4f12e01dc01b540eb94d57e18201567d783397874f13aca70cfe", kill_on_drop: false }`
[INFO] [stdout] 98e95dbad15d4f12e01dc01b540eb94d57e18201567d783397874f13aca70cfe
