[INFO] fetching crate rustovio 0.1.0...
[INFO] testing rustovio-0.1.0 against 1.99.0-beta.8+cargoflags=--release for beta-release-1.100-2
[INFO] extracting crate rustovio 0.1.0 into /workspace/builds/worker-7-tc1/source
[INFO] started tweaking crates.io crate rustovio 0.1.0
[INFO] finished tweaking crates.io crate rustovio 0.1.0
[INFO] tweaked toml for crates.io crate rustovio 0.1.0 written to /workspace/builds/worker-7-tc1/source/Cargo.toml
[INFO] validating manifest of crates.io crate rustovio 0.1.0 on toolchain 1.99.0-beta.8
[INFO] running `Command { std: CARGO_HOME="/workspace/cargo-home" RUSTUP_HOME="/workspace/rustup-home" "/workspace/cargo-home/bin/cargo" "+1.99.0-beta.8" "metadata" "--manifest-path" "Cargo.toml" "--no-deps", kill_on_drop: false }`
[INFO] crate crates.io crate rustovio 0.1.0 already has a lockfile, it will not be regenerated
[INFO] running `Command { std: CARGO_HOME="/workspace/cargo-home" RUSTUP_HOME="/workspace/rustup-home" "/workspace/cargo-home/bin/cargo" "+1.99.0-beta.8" "fetch" "--manifest-path" "Cargo.toml", kill_on_drop: false }`
[INFO] [stderr]  Downloading crates ...
[INFO] [stderr]   Downloaded cc v1.0.68
[INFO] [stderr]   Downloaded shlex v1.0.0
[INFO] [stderr]   Downloaded cmake v0.1.45
[INFO] [stderr]   Downloaded memchr v2.4.0
[INFO] [stderr]   Downloaded unicode-width v0.1.8
[INFO] [stderr]   Downloaded proc-macro2 v1.0.27
[INFO] [stderr]   Downloaded clap v2.33.3
[INFO] [stderr]   Downloaded libc v0.2.97
[INFO] running `Command { std: "docker" "create" "-v" "/var/lib/crater-agent-workspace/builds/worker-7-tc1/source:/opt/rustwide/workdir:ro,Z" "-v" "/var/lib/crater-agent-workspace/builds/worker-7-tc1/target:/opt/rustwide/target:rw,Z" "-v" "/var/lib/crater-agent-workspace/cargo-home:/opt/rustwide/cargo-home:ro,Z" "-v" "/var/lib/crater-agent-workspace/rustup-home:/opt/rustwide/rustup-home:ro,Z" "-m" "1610612736" "--network" "none" "ghcr.io/rust-lang/crates-build-env/linux@sha256:77db811e55d90add9212f6832c23229e3de5f1c1f9905e8cb07319ea15df73ac" "sleep" "infinity", kill_on_drop: false }`
[INFO] [stdout] 4f3412146a7c93755e1dd8ea97bc80a4815017ba14b8ef85e8072ef46c51e9d6
[INFO] running `Command { std: "docker" "start" "4f3412146a7c93755e1dd8ea97bc80a4815017ba14b8ef85e8072ef46c51e9d6", kill_on_drop: false }`
[INFO] running `Command { std: "docker" "inspect" "4f3412146a7c93755e1dd8ea97bc80a4815017ba14b8ef85e8072ef46c51e9d6", kill_on_drop: false }`
[INFO] running `Command { std: "docker" "exec" "-e" "SOURCE_DIR=/opt/rustwide/workdir" "-e" "CARGO_HOME=/opt/rustwide/cargo-home" "-e" "RUSTUP_HOME=/opt/rustwide/rustup-home" "-e" "CARGO_TARGET_DIR=/opt/rustwide/target" "-w" "/opt/rustwide/workdir" "--user" "0:0" "4f3412146a7c93755e1dd8ea97bc80a4815017ba14b8ef85e8072ef46c51e9d6" "/opt/rustwide/cargo-home/bin/cargo" "+1.99.0-beta.8" "metadata" "--no-deps" "--format-version=1", kill_on_drop: false }`
[INFO] running `Command { std: "docker" "inspect" "4f3412146a7c93755e1dd8ea97bc80a4815017ba14b8ef85e8072ef46c51e9d6", kill_on_drop: false }`
[INFO] running `Command { std: "docker" "exec" "-e" "SOURCE_DIR=/opt/rustwide/workdir" "-e" "CARGO_HOME=/opt/rustwide/cargo-home" "-e" "RUSTUP_HOME=/opt/rustwide/rustup-home" "-e" "CARGO_TARGET_DIR=/opt/rustwide/target" "-e" "CARGO_INCREMENTAL=0" "-e" "RUST_BACKTRACE=full" "-e" "RUSTFLAGS=--cap-lints=warn" "-e" "RUSTDOCFLAGS=--cap-lints=warn" "-w" "/opt/rustwide/workdir" "--user" "0:0" "4f3412146a7c93755e1dd8ea97bc80a4815017ba14b8ef85e8072ef46c51e9d6" "/opt/rustwide/cargo-home/bin/cargo" "+1.99.0-beta.8" "build" "--frozen" "--message-format=json" "--release", kill_on_drop: false }`
[INFO] [stderr]    Compiling libc v0.2.97
[INFO] [stderr]    Compiling memchr v2.4.0
[INFO] [stderr]    Compiling version_check v0.9.3
[INFO] [stderr]    Compiling log v0.4.14
[INFO] [stderr]    Compiling proc-macro2 v1.0.27
[INFO] [stderr]    Compiling unicode-width v0.1.8
[INFO] [stderr]    Compiling unicode-xid v0.2.2
[INFO] [stderr]    Compiling regex-syntax v0.6.25
[INFO] [stderr]    Compiling termcolor v1.1.2
[INFO] [stderr]    Compiling bindgen v0.58.1
[INFO] [stderr]    Compiling ansi_term v0.11.0
[INFO] [stderr]    Compiling clang-sys v1.2.0
[INFO] [stderr]    Compiling bitflags v1.2.1
[INFO] [stderr]    Compiling libloading v0.7.0
[INFO] [stderr]    Compiling shlex v1.0.0
[INFO] [stderr]    Compiling cc v1.0.68
[INFO] [stderr]    Compiling textwrap v0.11.0
[INFO] [stderr]    Compiling cmake v0.1.45
[INFO] [stderr]    Compiling nom v5.1.2
[INFO] [stderr]    Compiling aho-corasick v0.7.18
[INFO] [stderr]    Compiling atty v0.2.14
[INFO] [stderr]    Compiling which v3.1.1
[INFO] [stderr]    Compiling quote v1.0.9
[INFO] [stderr]    Compiling clap v2.33.3
[INFO] [stderr]    Compiling cexpr v0.4.0
[INFO] [stderr]    Compiling regex v1.5.4
[INFO] [stderr]    Compiling env_logger v0.8.4
[INFO] [stderr]    Compiling rustovio v0.1.0 (/opt/rustwide/workdir)
[INFO] [stderr] error: failed to run custom build command for `rustovio v0.1.0 (/opt/rustwide/workdir)`
[INFO] [stderr] note: To improve backtraces for build dependencies, set the CARGO_PROFILE_RELEASE_BUILD_OVERRIDE_DEBUG=true environment variable to enable debug information generation.
[INFO] [stderr] 
[INFO] [stderr] Caused by:
[INFO] [stderr]   process didn't exit successfully: `/opt/rustwide/target/release/build/rustovio-a9170e7257f0b40f/build-script-build` (exit status: 101)
[INFO] [stderr]   --- stdout
[INFO] [stderr]   running: cd "/opt/rustwide/target/release/build/rustovio-f15f8ee78b9cb914/out/build" && CMAKE_PREFIX_PATH="" "cmake" "/opt/rustwide/workdir/verovio/cmake" "-DBUILD_AS_WASM=ON" "-DCMAKE_INSTALL_PREFIX=/opt/rustwide/target/release/build/rustovio-f15f8ee78b9cb914/out" "-DCMAKE_C_FLAGS= -ffunction-sections -fdata-sections -fPIC -m64" "-DCMAKE_C_COMPILER=/usr/bin/cc" "-DCMAKE_CXX_FLAGS= -ffunction-sections -fdata-sections -fPIC -m64" "-DCMAKE_CXX_COMPILER=/usr/bin/c++" "-DCMAKE_ASM_FLAGS= -ffunction-sections -fdata-sections -fPIC -m64" "-DCMAKE_ASM_COMPILER=/usr/bin/cc" "-DCMAKE_BUILD_TYPE=Release"
[INFO] [stderr]   -- The C compiler identification is GNU 15.2.0
[INFO] [stderr]   -- The CXX compiler identification is GNU 15.2.0
[INFO] [stderr]   -- Detecting C compiler ABI info
[INFO] [stderr]   -- Detecting C compiler ABI info - done
[INFO] [stderr]   -- Check for working C compiler: /usr/bin/cc - skipped
[INFO] [stderr]   -- Detecting C compile features
[INFO] [stderr]   -- Detecting C compile features - done
[INFO] [stderr]   -- Detecting CXX compiler ABI info
[INFO] [stderr]   -- Detecting CXX compiler ABI info - done
[INFO] [stderr]   -- Check for working CXX compiler: /usr/bin/c++ - skipped
[INFO] [stderr]   -- Detecting CXX compile features
[INFO] [stderr]   -- Detecting CXX compile features - done
[INFO] [stderr]   -- ***** Building Verovio as WASM BC *****
[INFO] [stderr]   -- Configuring done (1.1s)
[INFO] [stderr]   -- Generating done (0.1s)
[INFO] [stderr]   -- Build files have been written to: /opt/rustwide/target/release/build/rustovio-f15f8ee78b9cb914/out/build
[INFO] [stderr]   running: cd "/opt/rustwide/target/release/build/rustovio-f15f8ee78b9cb914/out/build" && MAKEFLAGS="-j --jobserver-fds=4,5 --jobserver-auth=4,5" "cmake" "--build" "." "--config" "Release" "--"
[INFO] [stderr]   [  0%] Building CXX object CMakeFiles/verovio.dir/opt/rustwide/workdir/verovio/tools/c_wrapper.cpp.o
[INFO] [stderr]   [  1%] Building CXX object CMakeFiles/verovio.dir/opt/rustwide/workdir/verovio/src/anchoredtext.cpp.o
[INFO] [stderr]   [  0%] Building CXX object CMakeFiles/verovio.dir/opt/rustwide/workdir/verovio/src/add.cpp.o
[INFO] [stderr]   [  2%] Building CXX object CMakeFiles/verovio.dir/opt/rustwide/workdir/verovio/src/arpeg.cpp.o
[INFO] [stderr]   [  3%] Building CXX object CMakeFiles/verovio.dir/opt/rustwide/workdir/verovio/src/bboxdevicecontext.cpp.o
[INFO] [stderr]   [  3%] Building CXX object CMakeFiles/verovio.dir/opt/rustwide/workdir/verovio/src/areaposinterface.cpp.o
[INFO] [stderr]   [  4%] Building CXX object CMakeFiles/verovio.dir/opt/rustwide/workdir/verovio/src/app.cpp.o
[INFO] [stderr]   [  4%] Building CXX object CMakeFiles/verovio.dir/opt/rustwide/workdir/verovio/src/annot.cpp.o
[INFO] [stderr]   [  4%] Building CXX object CMakeFiles/verovio.dir/opt/rustwide/workdir/verovio/src/abbr.cpp.o
[INFO] [stderr]   [  4%] Building CXX object CMakeFiles/verovio.dir/opt/rustwide/workdir/verovio/src/barline.cpp.o
[INFO] [stderr]   [  4%] Building CXX object CMakeFiles/verovio.dir/opt/rustwide/workdir/verovio/src/beam.cpp.o
[INFO] [stderr]   [  5%] Building CXX object CMakeFiles/verovio.dir/opt/rustwide/workdir/verovio/src/att.cpp.o
[INFO] [stderr]   [  6%] Building CXX object CMakeFiles/verovio.dir/opt/rustwide/workdir/verovio/src/beatrpt.cpp.o
[INFO] [stderr]   [  7%] Building CXX object CMakeFiles/verovio.dir/opt/rustwide/workdir/verovio/src/accid.cpp.o
[INFO] [stderr]   [  7%] Building CXX object CMakeFiles/verovio.dir/opt/rustwide/workdir/verovio/src/boundary.cpp.o
[INFO] [stderr]   [  7%] Building CXX object CMakeFiles/verovio.dir/opt/rustwide/workdir/verovio/src/artic.cpp.o
[INFO] [stderr] 
[INFO] [stderr]   --- stderr
[INFO] [stderr]   fatal: not a git repository (or any parent up to mount point /opt/rustwide)
[INFO] [stderr]   Stopping at filesystem boundary (GIT_DISCOVERY_ACROSS_FILESYSTEM not set).
[INFO] [stderr]   ../tools/get_git_commit.sh: 12: cannot create ./include/vrv/git_commit.h: Read-only file system
[INFO] [stderr]   ../tools/get_git_commit.sh: 13: cannot create ./include/vrv/git_commit.h: Read-only file system
[INFO] [stderr]   ../tools/get_git_commit.sh: 14: cannot create ./include/vrv/git_commit.h: Read-only file system
[INFO] [stderr]   ../tools/get_git_commit.sh: 15: cannot create ./include/vrv/git_commit.h: Read-only file system
[INFO] [stderr]   ../tools/get_git_commit.sh: 16: cannot create ./include/vrv/git_commit.h: Read-only file system
[INFO] [stderr]   ../tools/get_git_commit.sh: 17: cannot create ./include/vrv/git_commit.h: Read-only file system
[INFO] [stderr]   CMake Warning:
[INFO] [stderr]     Manually-specified variables were not used by the project:
[INFO] [stderr] 
[INFO] [stderr]       CMAKE_ASM_COMPILER
[INFO] [stderr]       CMAKE_ASM_FLAGS
[INFO] [stderr] 
[INFO] [stderr] 
[INFO] [stderr]   c++: fatal error: Killed signal terminated program cc1plus
[INFO] [stderr]   compilation terminated.
[INFO] [stderr]   gmake[2]: *** [CMakeFiles/verovio.dir/build.make:177: CMakeFiles/verovio.dir/opt/rustwide/workdir/verovio/src/areaposinterface.cpp.o] Error 1
[INFO] [stderr]   gmake[2]: *** Waiting for unfinished jobs....
[INFO] [stderr]   c++: fatal error: Killed signal terminated program cc1plus
[INFO] [stderr]   compilation terminated.
[INFO] [stderr]   gmake[2]: *** [CMakeFiles/verovio.dir/build.make:121: CMakeFiles/verovio.dir/opt/rustwide/workdir/verovio/src/add.cpp.o] Error 1
[INFO] [stderr]   c++: fatal error: Killed signal terminated program cc1plus
[INFO] [stderr]   compilation terminated.
[INFO] [stderr]   c++: fatal error: Killed signal terminated program cc1plus
[INFO] [stderr]   compilation terminated.
[INFO] [stderr]   gmake[2]: *** [CMakeFiles/verovio.dir/build.make:205: CMakeFiles/verovio.dir/opt/rustwide/workdir/verovio/src/artic.cpp.o] Error 1
[INFO] [stderr]   gmake[2]: *** [CMakeFiles/verovio.dir/build.make:191: CMakeFiles/verovio.dir/opt/rustwide/workdir/verovio/src/arpeg.cpp.o] Error 1
[INFO] [stderr]   c++: fatal error: Killed signal terminated program cc1plus
[INFO] [stderr]   compilation terminated.
[INFO] [stderr]   gmake[2]: *** [CMakeFiles/verovio.dir/build.make:289: CMakeFiles/verovio.dir/opt/rustwide/workdir/verovio/src/boundary.cpp.o] Error 1
[INFO] [stderr]   c++: fatal error: Killed signal terminated program cc1plus
[INFO] [stderr]   compilation terminated.
[INFO] [stderr]   gmake[2]: *** [CMakeFiles/verovio.dir/build.make:275: CMakeFiles/verovio.dir/opt/rustwide/workdir/verovio/src/beatrpt.cpp.o] Error 1
[INFO] [stderr]   c++: fatal error: Killed signal terminated program cc1plus
[INFO] [stderr]   compilation terminated.
[INFO] [stderr]   gmake[2]: *** [CMakeFiles/verovio.dir/build.make:107: CMakeFiles/verovio.dir/opt/rustwide/workdir/verovio/src/accid.cpp.o] Error 1
[INFO] [stderr]   gmake[1]: *** [CMakeFiles/Makefile2:120: CMakeFiles/verovio.dir/all] Error 2
[INFO] [stderr]   gmake: *** [Makefile:136: all] Error 2
[INFO] [stderr] 
[INFO] [stderr]   thread 'main' (579) panicked at /opt/rustwide/cargo-home/registry/src/index.crates.io-1949cf8c6b5b557f/cmake-0.1.45/src/lib.rs:894:5:
[INFO] [stderr] 
[INFO] [stderr]   command did not execute successfully, got: exit status: 2
[INFO] [stderr] 
[INFO] [stderr]   build script failed, must exit now
[INFO] [stderr]   stack backtrace:
[INFO] [stderr]      0:     0x64ce0192e3c1 - <<std[70759c8f55707aa4]::sys::backtrace::BacktraceLock>::print::DisplayBacktrace as core[df12db4294e9bfd3]::fmt::Display>::fmt
[INFO] [stderr]      1:     0x64ce0194637a - core[df12db4294e9bfd3]::fmt::write
[INFO] [stderr]      2:     0x64ce0193494c - <std[70759c8f55707aa4]::sys::stdio::unix::Stderr as core[df12db4294e9bfd3]::io::write::Write>::write_fmt
[INFO] [stderr]      3:     0x64ce0190c546 - std[70759c8f55707aa4]::panicking::default_hook::{closure#0}
[INFO] [stderr]      4:     0x64ce019289b1 - std[70759c8f55707aa4]::panicking::default_hook
[INFO] [stderr]      5:     0x64ce01928b6b - std[70759c8f55707aa4]::panicking::panic_with_hook
[INFO] [stderr]      6:     0x64ce0190c5f2 - std[70759c8f55707aa4]::panicking::panic_handler::{closure#0}
[INFO] [stderr]      7:     0x64ce01905189 - std[70759c8f55707aa4]::sys::backtrace::__rust_end_short_backtrace::<std[70759c8f55707aa4]::panicking::panic_handler::{closure#0}, !>
[INFO] [stderr]      8:     0x64ce0190ce0d - __rustc[8fa7c3cbc660c2b3]::rust_begin_unwind
[INFO] [stderr]      9:     0x64ce01946b1c - core[df12db4294e9bfd3]::panicking::panic_fmt
[INFO] [stderr]     10:     0x64ce018baaa7 - cmake[7aa7d097b6a244ec]::fail
[INFO] [stderr]     11:     0x64ce018ba761 - cmake[7aa7d097b6a244ec]::run
[INFO] [stderr]     12:     0x64ce018bf71f - <cmake[7aa7d097b6a244ec]::Config>::build
[INFO] [stderr]     13:     0x64ce015aa349 - build_script_build[487af9f75a29bd15]::main
[INFO] [stderr]     14:     0x64ce015ab373 - <fn() as core[df12db4294e9bfd3]::ops::function::FnOnce<()>>::call_once
[INFO] [stderr]     15:     0x64ce015aa216 - std[70759c8f55707aa4]::sys::backtrace::__rust_begin_short_backtrace::<fn(), ()>
[INFO] [stderr]     16:     0x64ce015aa229 - std[70759c8f55707aa4]::rt::lang_start::<()>::{closure#0}
[INFO] [stderr]     17:     0x64ce01927d79 - std[70759c8f55707aa4]::rt::lang_start_internal
[INFO] [stderr]     18:     0x64ce015a9e81 - std[70759c8f55707aa4]::rt::lang_start::<()>
[INFO] [stderr]     19:     0x64ce015ab515 - main
[INFO] [stderr]     20:     0x7484c352e601 - <unknown>
[INFO] [stderr]     21:     0x7484c352e718 - __libc_start_main
[INFO] [stderr]     22:     0x64ce015a9195 - _start
[INFO] [stderr]     23:                0x0 - <unknown>
[INFO] running `Command { std: "docker" "inspect" "4f3412146a7c93755e1dd8ea97bc80a4815017ba14b8ef85e8072ef46c51e9d6", kill_on_drop: false }`
[INFO] running `Command { std: "docker" "rm" "-f" "4f3412146a7c93755e1dd8ea97bc80a4815017ba14b8ef85e8072ef46c51e9d6", kill_on_drop: false }`
[INFO] [stdout] 4f3412146a7c93755e1dd8ea97bc80a4815017ba14b8ef85e8072ef46c51e9d6
