[INFO] fetching crate rustminidb 0.3.0...
[INFO] testing rustminidb-0.3.0 against 1.99.0-beta.8+cargoflags=--release for beta-release-1.100-2
[INFO] extracting crate rustminidb 0.3.0 into /workspace/builds/worker-7-tc1/source
[INFO] started tweaking crates.io crate rustminidb 0.3.0
[INFO] removed 0 missing examples
[INFO] removed 0 missing tests
[INFO] finished tweaking crates.io crate rustminidb 0.3.0
[INFO] tweaked toml for crates.io crate rustminidb 0.3.0 written to /workspace/builds/worker-7-tc1/source/Cargo.toml
[INFO] validating manifest of crates.io crate rustminidb 0.3.0 on toolchain 1.99.0-beta.8
[INFO] running `Command { std: CARGO_HOME="/workspace/cargo-home" RUSTUP_HOME="/workspace/rustup-home" "/workspace/cargo-home/bin/cargo" "+1.99.0-beta.8" "metadata" "--manifest-path" "Cargo.toml" "--no-deps", kill_on_drop: false }`
[INFO] crate crates.io crate rustminidb 0.3.0 already has a lockfile, it will not be regenerated
[INFO] running `Command { std: CARGO_HOME="/workspace/cargo-home" RUSTUP_HOME="/workspace/rustup-home" "/workspace/cargo-home/bin/cargo" "+1.99.0-beta.8" "fetch" "--manifest-path" "Cargo.toml", kill_on_drop: false }`
[INFO] [stderr]  Downloading crates ...
[INFO] [stderr]   Downloaded sqlparser_derive v0.3.0
[INFO] [stderr]   Downloaded sqlparser v0.54.0
[INFO] [stderr]   Downloaded redb v2.6.3
[INFO] running `Command { std: "docker" "create" "-v" "/var/lib/crater-agent-workspace/builds/worker-7-tc1/source:/opt/rustwide/workdir:ro,Z" "-v" "/var/lib/crater-agent-workspace/builds/worker-7-tc1/target:/opt/rustwide/target:rw,Z" "-v" "/var/lib/crater-agent-workspace/cargo-home:/opt/rustwide/cargo-home:ro,Z" "-v" "/var/lib/crater-agent-workspace/rustup-home:/opt/rustwide/rustup-home:ro,Z" "-m" "1610612736" "--network" "none" "ghcr.io/rust-lang/crates-build-env/linux@sha256:77db811e55d90add9212f6832c23229e3de5f1c1f9905e8cb07319ea15df73ac" "sleep" "infinity", kill_on_drop: false }`
[INFO] [stdout] b079f06c3023437fa7854f062dfec45192385e225538470ef44fa74ba3dc80ae
[INFO] running `Command { std: "docker" "start" "b079f06c3023437fa7854f062dfec45192385e225538470ef44fa74ba3dc80ae", kill_on_drop: false }`
[INFO] running `Command { std: "docker" "inspect" "b079f06c3023437fa7854f062dfec45192385e225538470ef44fa74ba3dc80ae", kill_on_drop: false }`
[INFO] running `Command { std: "docker" "exec" "-e" "SOURCE_DIR=/opt/rustwide/workdir" "-e" "CARGO_HOME=/opt/rustwide/cargo-home" "-e" "RUSTUP_HOME=/opt/rustwide/rustup-home" "-e" "CARGO_TARGET_DIR=/opt/rustwide/target" "-w" "/opt/rustwide/workdir" "--user" "0:0" "b079f06c3023437fa7854f062dfec45192385e225538470ef44fa74ba3dc80ae" "/opt/rustwide/cargo-home/bin/cargo" "+1.99.0-beta.8" "metadata" "--no-deps" "--format-version=1", kill_on_drop: false }`
[INFO] running `Command { std: "docker" "inspect" "b079f06c3023437fa7854f062dfec45192385e225538470ef44fa74ba3dc80ae", kill_on_drop: false }`
[INFO] running `Command { std: "docker" "exec" "-e" "SOURCE_DIR=/opt/rustwide/workdir" "-e" "CARGO_HOME=/opt/rustwide/cargo-home" "-e" "RUSTUP_HOME=/opt/rustwide/rustup-home" "-e" "CARGO_TARGET_DIR=/opt/rustwide/target" "-e" "CARGO_INCREMENTAL=0" "-e" "RUST_BACKTRACE=full" "-e" "RUSTFLAGS=--cap-lints=warn" "-e" "RUSTDOCFLAGS=--cap-lints=warn" "-w" "/opt/rustwide/workdir" "--user" "0:0" "b079f06c3023437fa7854f062dfec45192385e225538470ef44fa74ba3dc80ae" "/opt/rustwide/cargo-home/bin/cargo" "+1.99.0-beta.8" "build" "--frozen" "--message-format=json" "--release", kill_on_drop: false }`
[INFO] [stderr]    Compiling serde_core v1.0.228
[INFO] [stderr]    Compiling log v0.4.33
[INFO] [stderr]    Compiling object v0.37.3
[INFO] [stderr]    Compiling memchr v2.8.2
[INFO] [stderr]    Compiling cc v1.2.65
[INFO] [stderr]    Compiling serde_json v1.0.150
[INFO] [stderr]    Compiling syn v2.0.118
[INFO] [stderr]    Compiling inotify-sys v0.1.8
[INFO] [stderr]    Compiling parking_lot_core v0.9.12
[INFO] [stderr]    Compiling regex-automata v0.4.14
[INFO] [stderr]    Compiling instant v0.1.13
[INFO] [stderr]    Compiling redb v2.6.3
[INFO] [stderr]    Compiling clap_builder v4.6.0
[INFO] [stderr]    Compiling filetime v0.2.29
[INFO] [stderr]    Compiling matchit v0.8.4
[INFO] [stderr]    Compiling tower-http v0.6.11
[INFO] [stderr]    Compiling notify-types v1.0.1
[INFO] [stderr]    Compiling uuid v1.23.4
[INFO] [stderr]    Compiling inotify v0.10.2
[INFO] [stderr]    Compiling parking_lot v0.12.5
[INFO] [stderr]    Compiling mio v1.2.1
[INFO] [stderr]    Compiling tracing-log v0.2.0
[INFO] [stderr]    Compiling notify v7.0.0
[INFO] [stderr]    Compiling stacker v0.1.24
[INFO] [stderr]    Compiling matchers v0.2.0
[INFO] [stderr]    Compiling serde_path_to_error v0.1.20
[INFO] [stderr]    Compiling ar_archive_writer v0.5.2
[INFO] [stderr]    Compiling psm v0.1.31
[INFO] [stderr]    Compiling serde_derive v1.0.228
[INFO] [stderr]    Compiling tokio-macros v2.7.0
[INFO] [stderr]    Compiling tracing-attributes v0.1.31
[INFO] [stderr]    Compiling recursive-proc-macro-impl v0.1.1
[INFO] [stderr]    Compiling clap_derive v4.6.1
[INFO] [stderr]    Compiling sqlparser_derive v0.3.0
[INFO] [stderr]    Compiling thiserror-impl v2.0.18
[INFO] [stderr]    Compiling recursive v0.1.1
[INFO] [stderr]    Compiling sqlparser v0.54.0
[INFO] [stderr]    Compiling tokio v1.52.3
[INFO] [stderr]    Compiling thiserror v2.0.18
[INFO] [stderr]    Compiling clap v4.6.1
[INFO] [stderr]    Compiling tracing v0.1.44
[INFO] [stderr]    Compiling axum-core v0.5.6
[INFO] [stderr]    Compiling serde v1.0.228
[INFO] [stderr]    Compiling toml_datetime v0.6.11
[INFO] [stderr]    Compiling serde_spanned v0.6.9
[INFO] [stderr]    Compiling tracing-serde v0.2.0
[INFO] [stderr]    Compiling serde_urlencoded v0.7.1
[INFO] [stderr]    Compiling bincode v1.3.3
[INFO] [stderr]    Compiling chrono v0.4.45
[INFO] [stderr]    Compiling tracing-subscriber v0.3.23
[INFO] [stderr]    Compiling toml_edit v0.22.27
[INFO] [stderr]    Compiling toml v0.8.23
[INFO] [stderr]    Compiling hyper v1.10.1
[INFO] [stderr]    Compiling tower v0.5.3
[INFO] [stderr]    Compiling hyper-util v0.1.20
[INFO] [stderr]    Compiling axum v0.8.9
[INFO] [stderr]    Compiling rustminidb v0.3.0 (/opt/rustwide/workdir)
[INFO] [stderr]     Finished `release` profile [optimized] target(s) in 2m 19s
[INFO] running `Command { std: "docker" "inspect" "b079f06c3023437fa7854f062dfec45192385e225538470ef44fa74ba3dc80ae", kill_on_drop: false }`
[INFO] running `Command { std: "docker" "exec" "-e" "SOURCE_DIR=/opt/rustwide/workdir" "-e" "CARGO_HOME=/opt/rustwide/cargo-home" "-e" "RUSTUP_HOME=/opt/rustwide/rustup-home" "-e" "CARGO_TARGET_DIR=/opt/rustwide/target" "-e" "CARGO_INCREMENTAL=0" "-e" "RUST_BACKTRACE=full" "-e" "RUSTFLAGS=--cap-lints=warn" "-e" "RUSTDOCFLAGS=--cap-lints=warn" "-w" "/opt/rustwide/workdir" "--user" "0:0" "b079f06c3023437fa7854f062dfec45192385e225538470ef44fa74ba3dc80ae" "/opt/rustwide/cargo-home/bin/cargo" "+1.99.0-beta.8" "test" "--frozen" "--no-run" "--message-format=json" "--release", kill_on_drop: false }`
[INFO] [stderr]    Compiling zerofrom v0.1.8
[INFO] [stderr]    Compiling tracing-attributes v0.1.31
[INFO] [stderr]    Compiling bitflags v2.13.0
[INFO] [stderr]    Compiling serde v1.0.228
[INFO] [stderr]    Compiling openssl-sys v0.9.117
[INFO] [stderr]    Compiling futures-util v0.3.32
[INFO] [stderr]    Compiling tokio v1.52.3
[INFO] [stderr]    Compiling openssl-macros v0.1.1
[INFO] [stderr]    Compiling recursive-proc-macro-impl v0.1.1
[INFO] [stderr]    Compiling clap_derive v4.6.1
[INFO] [stderr]    Compiling thiserror-impl v2.0.18
[INFO] [stderr]    Compiling sqlparser_derive v0.3.0
[INFO] [stderr]    Compiling yoke v0.8.3
[INFO] [stderr]    Compiling rustix v1.1.4
[INFO] [stderr]    Compiling recursive v0.1.1
[INFO] [stderr]    Compiling zerovec v0.11.6
[INFO] [stderr]    Compiling zerotrie v0.2.4
[INFO] [stderr]    Compiling sqlparser v0.54.0
[INFO] [stderr]    Compiling openssl v0.10.81
[INFO] [stderr]    Compiling native-tls v0.2.18
[INFO] [stderr]    Compiling thiserror v2.0.18
[INFO] [stderr]    Compiling tracing v0.1.44
[INFO] [stderr]    Compiling toml_datetime v0.6.11
[INFO] [stderr]    Compiling serde_spanned v0.6.9
[INFO] [stderr]    Compiling serde_urlencoded v0.7.1
[INFO] [stderr]    Compiling tracing-serde v0.2.0
[INFO] [stderr]    Compiling chrono v0.4.45
[INFO] [stderr]    Compiling bincode v1.3.3
[INFO] [stderr]    Compiling assert-json-diff v2.0.2
[INFO] [stderr]    Compiling toml_edit v0.22.27
[INFO] [stderr]    Compiling axum-core v0.5.6
[INFO] [stderr]    Compiling tinystr v0.8.3
[INFO] [stderr]    Compiling potential_utf v0.1.5
[INFO] [stderr]    Compiling icu_collections v2.2.0
[INFO] [stderr]    Compiling icu_locale_core v2.2.0
[INFO] [stderr]    Compiling tracing-subscriber v0.3.23
[INFO] [stderr]    Compiling icu_provider v2.2.0
[INFO] [stderr]    Compiling clap v4.6.1
[INFO] [stderr]    Compiling icu_properties v2.2.0
[INFO] [stderr]    Compiling icu_normalizer v2.2.0
[INFO] [stderr]    Compiling tempfile v3.27.0
[INFO] [stderr]    Compiling toml v0.8.23
[INFO] [stderr]    Compiling idna_adapter v1.2.2
[INFO] [stderr]    Compiling idna v1.1.0
[INFO] [stderr]    Compiling url v2.5.8
[INFO] [stderr]    Compiling tokio-util v0.7.18
[INFO] [stderr]    Compiling tower v0.5.3
[INFO] [stderr]    Compiling tokio-native-tls v0.3.1
[INFO] [stderr]    Compiling h2 v0.4.15
[INFO] [stderr]    Compiling tower-http v0.6.11
[INFO] [stderr]    Compiling hyper v1.10.1
[INFO] [stderr]    Compiling hyper-util v0.1.20
[INFO] [stderr]    Compiling axum v0.8.9
[INFO] [stderr]    Compiling hyper-tls v0.6.0
[INFO] [stderr]    Compiling reqwest v0.12.28
[INFO] [stderr]    Compiling rustminidb v0.3.0 (/opt/rustwide/workdir)
[INFO] [stdout] error[E0063]: missing field `auto_increment` in initializer of `types::ColumnDef`
[INFO] [stdout]    --> src/sql/planner.rs:226:17
[INFO] [stdout]     |
[INFO] [stdout] 226 |                 crate::sql::types::ColumnDef {
[INFO] [stdout]     |                 ^^^^^^^^^^^^^^^^^^^^^^^^^^^^ missing `auto_increment`
[INFO] [stdout] 
[INFO] [stdout] 
[INFO] [stdout] error[E0063]: missing field `auto_increment` in initializer of `types::ColumnDef`
[INFO] [stdout]    --> src/sql/planner.rs:234:17
[INFO] [stdout]     |
[INFO] [stdout] 234 |                 crate::sql::types::ColumnDef {
[INFO] [stdout]     |                 ^^^^^^^^^^^^^^^^^^^^^^^^^^^^ missing `auto_increment`
[INFO] [stdout] 
[INFO] [stdout] 
[INFO] [stdout] error[E0063]: missing field `auto_increment` in initializer of `types::ColumnDef`
[INFO] [stdout]    --> src/sql/planner.rs:280:27
[INFO] [stdout]     |
[INFO] [stdout] 280 |             columns: vec![crate::sql::types::ColumnDef {
[INFO] [stdout]     |                           ^^^^^^^^^^^^^^^^^^^^^^^^^^^^ missing `auto_increment`
[INFO] [stdout] 
[INFO] [stdout] 
[INFO] [stdout] error[E0063]: missing field `auto_increment` in initializer of `types::ColumnDef`
[INFO] [stdout]    --> src/storage/redb_engine.rs:425:17
[INFO] [stdout]     |
[INFO] [stdout] 425 |                 ColumnDef {
[INFO] [stdout]     |                 ^^^^^^^^^ missing `auto_increment`
[INFO] [stdout] 
[INFO] [stdout] 
[INFO] [stdout] error[E0063]: missing field `auto_increment` in initializer of `types::ColumnDef`
[INFO] [stdout]    --> src/storage/redb_engine.rs:433:17
[INFO] [stdout]     |
[INFO] [stdout] 433 |                 ColumnDef {
[INFO] [stdout]     |                 ^^^^^^^^^ missing `auto_increment`
[INFO] [stdout] 
[INFO] [stdout] 
[INFO] [stdout] warning: unused import: `rustminidb::error::Result`
[INFO] [stdout]  --> tests/unit_tests.rs:8:5
[INFO] [stdout]   |
[INFO] [stdout] 8 | use rustminidb::error::Result;
[INFO] [stdout]   |     ^^^^^^^^^^^^^^^^^^^^^^^^^
[INFO] [stdout]   |
[INFO] [stdout]   = note: `#[warn(unused_imports)]` (part of `#[warn(unused)]`) on by default
[INFO] [stdout] 
[INFO] [stdout] 
[INFO] [stdout] warning: unused import: `Row`
[INFO] [stdout]   --> tests/unit_tests.rs:11:42
[INFO] [stdout]    |
[INFO] [stdout] 11 | use rustminidb::sql::types::{ColumnType, Row, Value};
[INFO] [stdout]    |                                          ^^^
[INFO] [stdout] 
[INFO] [stdout] 
[INFO] [stdout] warning: unused import: `rustminidb::storage::schema::TableSchema`
[INFO] [stdout]   --> tests/unit_tests.rs:13:5
[INFO] [stdout]    |
[INFO] [stdout] 13 | use rustminidb::storage::schema::TableSchema;
[INFO] [stdout]    |     ^^^^^^^^^^^^^^^^^^^^^^^^^^^^^^^^^^^^^^^^
[INFO] [stdout] 
[INFO] [stdout] 
[INFO] [stdout] error[E0609]: no field `values` on type `Vec<Value>`
[INFO] [stdout]    --> tests/unit_tests.rs:485:28
[INFO] [stdout]     |
[INFO] [stdout] 485 |         let val = &rows[0].values[1];
[INFO] [stdout]     |                            ^^^^^^ unknown field
[INFO] [stdout] 
[INFO] [stdout] 
[INFO] [stdout] error[E0609]: no field `values` on type `Vec<Value>`
[INFO] [stdout]    --> tests/unit_tests.rs:503:28
[INFO] [stdout]     |
[INFO] [stdout] 503 |         let val = &rows[0].values[1];
[INFO] [stdout]     |                            ^^^^^^ unknown field
[INFO] [stdout] 
[INFO] [stdout] 
[INFO] [stdout] error[E0609]: no field `values` on type `Vec<Value>`
[INFO] [stdout]    --> tests/unit_tests.rs:520:28
[INFO] [stdout]     |
[INFO] [stdout] 520 |         assert_eq!(rows[0].values[0], Value::Integer(3));
[INFO] [stdout]     |                            ^^^^^^ unknown field
[INFO] [stdout] 
[INFO] [stdout] 
[INFO] [stdout] error[E0609]: no field `values` on type `Vec<Value>`
[INFO] [stdout]    --> tests/unit_tests.rs:535:28
[INFO] [stdout]     |
[INFO] [stdout] 535 |         assert_eq!(rows[0].values[0], Value::Integer(60));
[INFO] [stdout]     |                            ^^^^^^ unknown field
[INFO] [stdout] 
[INFO] [stdout] 
[INFO] [stdout] error[E0609]: no field `values` on type `Vec<Value>`
[INFO] [stdout]    --> tests/unit_tests.rs:541:28
[INFO] [stdout]     |
[INFO] [stdout] 541 |         assert_eq!(rows[0].values[0], Value::Float(20.0));
[INFO] [stdout]     |                            ^^^^^^ unknown field
[INFO] [stdout] 
[INFO] [stdout] 
[INFO] [stdout] error[E0609]: no field `values` on type `Vec<Value>`
[INFO] [stdout]    --> tests/unit_tests.rs:547:28
[INFO] [stdout]     |
[INFO] [stdout] 547 |         assert_eq!(rows[0].values[0], Value::Integer(10));
[INFO] [stdout]     |                            ^^^^^^ unknown field
[INFO] [stdout] 
[INFO] [stdout] 
[INFO] [stdout] error[E0609]: no field `values` on type `Vec<Value>`
[INFO] [stdout]    --> tests/unit_tests.rs:548:28
[INFO] [stdout]     |
[INFO] [stdout] 548 |         assert_eq!(rows[0].values[1], Value::Integer(30));
[INFO] [stdout]     |                            ^^^^^^ unknown field
[INFO] [stdout] 
[INFO] [stdout] 
[INFO] [stdout] For more information about this error, try `rustc --explain E0609`.
[INFO] [stdout] 
[INFO] [stderr] error: could not compile `rustminidb` (test "unit_tests") due to 7 previous errors; 3 warnings emitted
[INFO] [stderr] warning: build failed, waiting for other jobs to finish...
[INFO] [stdout] warning: unused variable: `phase3_elapsed`
[INFO] [stdout]    --> examples/stress_test.rs:147:9
[INFO] [stdout]     |
[INFO] [stdout] 147 |     let phase3_elapsed = phase3_start.elapsed();
[INFO] [stdout]     |         ^^^^^^^^^^^^^^ help: if this is intentional, prefix it with an underscore: `_phase3_elapsed`
[INFO] [stdout]     |
[INFO] [stdout]     = note: `#[warn(unused_variables)]` (part of `#[warn(unused)]`) on by default
[INFO] [stdout] 
[INFO] [stdout] 
[INFO] [stdout] For more information about this error, try `rustc --explain E0063`.
[INFO] [stdout] 
[INFO] [stderr] error: could not compile `rustminidb` (lib test) due to 5 previous errors
[INFO] running `Command { std: "docker" "inspect" "b079f06c3023437fa7854f062dfec45192385e225538470ef44fa74ba3dc80ae", kill_on_drop: false }`
[INFO] running `Command { std: "docker" "rm" "-f" "b079f06c3023437fa7854f062dfec45192385e225538470ef44fa74ba3dc80ae", kill_on_drop: false }`
[INFO] [stdout] b079f06c3023437fa7854f062dfec45192385e225538470ef44fa74ba3dc80ae
