[INFO] fetching crate rustmeter-beacon-core 0.2.0...
[INFO] testing rustmeter-beacon-core-0.2.0 against 1.100.0-beta.1+cargoflags=--release for beta-release-1.100-2
[INFO] extracting crate rustmeter-beacon-core 0.2.0 into /workspace/builds/worker-5-tc2/source
[INFO] started tweaking crates.io crate rustmeter-beacon-core 0.2.0
[INFO] finished tweaking crates.io crate rustmeter-beacon-core 0.2.0
[INFO] tweaked toml for crates.io crate rustmeter-beacon-core 0.2.0 written to /workspace/builds/worker-5-tc2/source/Cargo.toml
[INFO] validating manifest of crates.io crate rustmeter-beacon-core 0.2.0 on toolchain 1.100.0-beta.1
[INFO] running `Command { std: CARGO_HOME="/workspace/cargo-home" RUSTUP_HOME="/workspace/rustup-home" "/workspace/cargo-home/bin/cargo" "+1.100.0-beta.1" "metadata" "--manifest-path" "Cargo.toml" "--no-deps", kill_on_drop: false }`
[INFO] crate crates.io crate rustmeter-beacon-core 0.2.0 already has a lockfile, it will not be regenerated
[INFO] running `Command { std: CARGO_HOME="/workspace/cargo-home" RUSTUP_HOME="/workspace/rustup-home" "/workspace/cargo-home/bin/cargo" "+1.100.0-beta.1" "fetch" "--manifest-path" "Cargo.toml", kill_on_drop: false }`
[INFO] running `Command { std: "docker" "create" "-v" "/var/lib/crater-agent-workspace/builds/worker-5-tc2/source:/opt/rustwide/workdir:ro,Z" "-v" "/var/lib/crater-agent-workspace/builds/worker-5-tc2/target:/opt/rustwide/target:rw,Z" "-v" "/var/lib/crater-agent-workspace/cargo-home:/opt/rustwide/cargo-home:ro,Z" "-v" "/var/lib/crater-agent-workspace/rustup-home:/opt/rustwide/rustup-home:ro,Z" "-m" "1610612736" "--network" "none" "ghcr.io/rust-lang/crates-build-env/linux@sha256:77db811e55d90add9212f6832c23229e3de5f1c1f9905e8cb07319ea15df73ac" "sleep" "infinity", kill_on_drop: false }`
[INFO] [stdout] b10baf14515cb52057b213b228a378b5734e0d355c07f2e88af340cf1194e60c
[INFO] running `Command { std: "docker" "start" "b10baf14515cb52057b213b228a378b5734e0d355c07f2e88af340cf1194e60c", kill_on_drop: false }`
[INFO] running `Command { std: "docker" "inspect" "b10baf14515cb52057b213b228a378b5734e0d355c07f2e88af340cf1194e60c", kill_on_drop: false }`
[INFO] running `Command { std: "docker" "exec" "-e" "SOURCE_DIR=/opt/rustwide/workdir" "-e" "CARGO_HOME=/opt/rustwide/cargo-home" "-e" "RUSTUP_HOME=/opt/rustwide/rustup-home" "-e" "CARGO_TARGET_DIR=/opt/rustwide/target" "-w" "/opt/rustwide/workdir" "--user" "0:0" "b10baf14515cb52057b213b228a378b5734e0d355c07f2e88af340cf1194e60c" "/opt/rustwide/cargo-home/bin/cargo" "+1.100.0-beta.1" "metadata" "--no-deps" "--format-version=1", kill_on_drop: false }`
[INFO] running `Command { std: "docker" "inspect" "b10baf14515cb52057b213b228a378b5734e0d355c07f2e88af340cf1194e60c", kill_on_drop: false }`
[INFO] running `Command { std: "docker" "exec" "-e" "SOURCE_DIR=/opt/rustwide/workdir" "-e" "CARGO_HOME=/opt/rustwide/cargo-home" "-e" "RUSTUP_HOME=/opt/rustwide/rustup-home" "-e" "CARGO_TARGET_DIR=/opt/rustwide/target" "-e" "CARGO_INCREMENTAL=0" "-e" "RUST_BACKTRACE=full" "-e" "RUSTFLAGS=--cap-lints=warn" "-e" "RUSTDOCFLAGS=--cap-lints=warn" "-w" "/opt/rustwide/workdir" "--user" "0:0" "b10baf14515cb52057b213b228a378b5734e0d355c07f2e88af340cf1194e60c" "/opt/rustwide/cargo-home/bin/cargo" "+1.100.0-beta.1" "build" "--frozen" "--message-format=json" "--release", kill_on_drop: false }`
[INFO] [stderr]    Compiling portable-atomic v1.11.1
[INFO] [stderr]    Compiling arbitrary-int v2.0.0
[INFO] [stderr]    Compiling rustmeter-beacon-core v0.2.0 (/opt/rustwide/workdir)
[INFO] [stderr]     Finished `release` profile [optimized] target(s) in 1.42s
[INFO] running `Command { std: "docker" "inspect" "b10baf14515cb52057b213b228a378b5734e0d355c07f2e88af340cf1194e60c", kill_on_drop: false }`
[INFO] running `Command { std: "docker" "exec" "-e" "SOURCE_DIR=/opt/rustwide/workdir" "-e" "CARGO_HOME=/opt/rustwide/cargo-home" "-e" "RUSTUP_HOME=/opt/rustwide/rustup-home" "-e" "CARGO_TARGET_DIR=/opt/rustwide/target" "-e" "CARGO_INCREMENTAL=0" "-e" "RUST_BACKTRACE=full" "-e" "RUSTFLAGS=--cap-lints=warn" "-e" "RUSTDOCFLAGS=--cap-lints=warn" "-w" "/opt/rustwide/workdir" "--user" "0:0" "b10baf14515cb52057b213b228a378b5734e0d355c07f2e88af340cf1194e60c" "/opt/rustwide/cargo-home/bin/cargo" "+1.100.0-beta.1" "test" "--frozen" "--no-run" "--message-format=json" "--release", kill_on_drop: false }`
[INFO] [stderr]    Compiling rustmeter-beacon-core v0.2.0 (/opt/rustwide/workdir)
[INFO] [stdout] error: cannot find macro `vec` in this scope
[INFO] [stdout]    --> src/protocol/typedef_payload.rs:271:24
[INFO] [stdout]     |
[INFO] [stdout] 271 |         let typedefs = vec![
[INFO] [stdout]     |                        ^^^
[INFO] [stdout] 
[INFO] [stdout] 
[INFO] [stdout] error: cannot find macro `vec` in this scope
[INFO] [stdout]    --> src/protocol/monitor_value_payload.rs:130:58
[INFO] [stdout]     |
[INFO] [stdout] 130 |         let values: std::vec::Vec<MonitorValuePayload> = vec![
[INFO] [stdout]     |                                                          ^^^
[INFO] [stdout] 
[INFO] [stdout] 
[INFO] [stdout] error: cannot find macro `vec` in this scope
[INFO] [stdout]   --> src/tracing.rs:72:22
[INFO] [stdout]    |
[INFO] [stdout] 72 |         let events = vec![
[INFO] [stdout]    |                      ^^^
[INFO] [stdout] 
[INFO] [stdout] 
[INFO] [stdout] error: cannot find macro `thread_local` in this scope
[INFO] [stdout]  --> src/mocks.rs:6:5
[INFO] [stdout]   |
[INFO] [stdout] 6 |     thread_local! {
[INFO] [stdout]   |     ^^^^^^^^^^^^
[INFO] [stdout]   |
[INFO] [stdout]   = note: `thread_local` is in scope, but it is an attribute: `#[thread_local]`
[INFO] [stdout] 
[INFO] [stdout] 
[INFO] [stdout] error: cannot find macro `println` in this scope
[INFO] [stdout]   --> src/mocks.rs:20:13
[INFO] [stdout]    |
[INFO] [stdout] 20 |             println!(
[INFO] [stdout]    |             ^^^^^^^
[INFO] [stdout] 
[INFO] [stdout] 
[INFO] [stdout] error: cannot find macro `println` in this scope
[INFO] [stdout]   --> src/mocks.rs:35:13
[INFO] [stdout]    |
[INFO] [stdout] 35 |             println!("Warning: get_tracing_raw_ticks called without mock! Returning 0.");
[INFO] [stdout]    |             ^^^^^^^
[INFO] [stdout] 
[INFO] [stdout] 
[INFO] [stdout] error: cannot find macro `println` in this scope
[INFO] [stdout]   --> src/mocks.rs:48:13
[INFO] [stdout]    |
[INFO] [stdout] 48 |             println!("Warning: get_system_time_us called without mock! Returning 0.");
[INFO] [stdout]    |             ^^^^^^^
[INFO] [stdout] 
[INFO] [stdout] 
[INFO] [stdout] error[E0433]: cannot find module or crate `std` in this scope
[INFO] [stdout]    --> src/protocol/monitor_value_payload.rs:130:21
[INFO] [stdout]     |
[INFO] [stdout] 130 |         let values: std::vec::Vec<MonitorValuePayload> = vec![
[INFO] [stdout]     |                     ^^^ use of unresolved module or unlinked crate `std`
[INFO] [stdout]     |
[INFO] [stdout]     = help: if you wanted to use a crate named `std`, use `cargo add std` to add it to your `Cargo.toml`
[INFO] [stdout] 
[INFO] [stdout] 
[INFO] [stdout] error[E0425]: cannot find value `WRITE_HOOK` in this scope
[INFO] [stdout]   --> src/mocks.rs:14:9
[INFO] [stdout]    |
[INFO] [stdout] 14 |         WRITE_HOOK.with(|hook| {
[INFO] [stdout]    |         ^^^^^^^^^^ not found in this scope
[INFO] [stdout] 
[INFO] [stdout] 
[INFO] [stdout] error[E0425]: cannot find value `RAW_TIME_HOOK` in this scope
[INFO] [stdout]   --> src/mocks.rs:29:9
[INFO] [stdout]    |
[INFO] [stdout] 29 |         RAW_TIME_HOOK.with(|hook| {
[INFO] [stdout]    |         ^^^^^^^^^^^^^ not found in this scope
[INFO] [stdout] 
[INFO] [stdout] 
[INFO] [stdout] error[E0425]: cannot find value `SYS_TIME_HOOK` in this scope
[INFO] [stdout]   --> src/mocks.rs:42:9
[INFO] [stdout]    |
[INFO] [stdout] 42 |         SYS_TIME_HOOK.with(|hook| {
[INFO] [stdout]    |         ^^^^^^^^^^^^^ not found in this scope
[INFO] [stdout] 
[INFO] [stdout] 
[INFO] [stdout] error[E0425]: cannot find value `WRITE_HOOK` in this scope
[INFO] [stdout]   --> src/mocks.rs:62:9
[INFO] [stdout]    |
[INFO] [stdout] 62 |         WRITE_HOOK.with(|h| *h.borrow_mut() = Some(Box::new(write_fn)));
[INFO] [stdout]    |         ^^^^^^^^^^ not found in this scope
[INFO] [stdout] 
[INFO] [stdout] 
[INFO] [stdout] error[E0425]: cannot find value `RAW_TIME_HOOK` in this scope
[INFO] [stdout]   --> src/mocks.rs:63:9
[INFO] [stdout]    |
[INFO] [stdout] 63 |         RAW_TIME_HOOK.with(|h| *h.borrow_mut() = Some(Box::new(raw_time_fn)));
[INFO] [stdout]    |         ^^^^^^^^^^^^^ not found in this scope
[INFO] [stdout] 
[INFO] [stdout] 
[INFO] [stdout] error[E0425]: cannot find value `SYS_TIME_HOOK` in this scope
[INFO] [stdout]   --> src/mocks.rs:64:9
[INFO] [stdout]    |
[INFO] [stdout] 64 |         SYS_TIME_HOOK.with(|h| *h.borrow_mut() = Some(Box::new(sys_time_fn)));
[INFO] [stdout]    |         ^^^^^^^^^^^^^ not found in this scope
[INFO] [stdout] 
[INFO] [stdout] 
[INFO] [stdout] error[E0425]: cannot find value `WRITE_HOOK` in this scope
[INFO] [stdout]   --> src/mocks.rs:70:9
[INFO] [stdout]    |
[INFO] [stdout] 70 |         WRITE_HOOK.with(|h| *h.borrow_mut() = None);
[INFO] [stdout]    |         ^^^^^^^^^^ not found in this scope
[INFO] [stdout] 
[INFO] [stdout] 
[INFO] [stdout] error[E0425]: cannot find value `RAW_TIME_HOOK` in this scope
[INFO] [stdout]   --> src/mocks.rs:71:9
[INFO] [stdout]    |
[INFO] [stdout] 71 |         RAW_TIME_HOOK.with(|h| *h.borrow_mut() = None);
[INFO] [stdout]    |         ^^^^^^^^^^^^^ not found in this scope
[INFO] [stdout] 
[INFO] [stdout] 
[INFO] [stdout] error[E0425]: cannot find value `SYS_TIME_HOOK` in this scope
[INFO] [stdout]   --> src/mocks.rs:72:9
[INFO] [stdout]    |
[INFO] [stdout] 72 |         SYS_TIME_HOOK.with(|h| *h.borrow_mut() = None);
[INFO] [stdout]    |         ^^^^^^^^^^^^^ not found in this scope
[INFO] [stdout] 
[INFO] [stdout] 
[INFO] [stdout] warning: unused import: `arbitrary_int::u3`
[INFO] [stdout]   --> src/tracing.rs:62:9
[INFO] [stdout]    |
[INFO] [stdout] 62 |     use arbitrary_int::u3;
[INFO] [stdout]    |         ^^^^^^^^^^^^^^^^^
[INFO] [stdout]    |
[INFO] [stdout]    = note: `#[warn(unused_imports)]` (part of `#[warn(unused)]`) on by default
[INFO] [stdout] 
[INFO] [stdout] 
[INFO] [stdout] warning: unused import: `protocol::TypeDefinitionPayload`
[INFO] [stdout]   --> src/tracing.rs:67:9
[INFO] [stdout]    |
[INFO] [stdout] 67 |         protocol::TypeDefinitionPayload,
[INFO] [stdout]    |         ^^^^^^^^^^^^^^^^^^^^^^^^^^^^^^^
[INFO] [stdout] 
[INFO] [stdout] 
[INFO] [stdout] warning: unused import: `core::cell::RefCell`
[INFO] [stdout]  --> src/mocks.rs:4:9
[INFO] [stdout]   |
[INFO] [stdout] 4 |     use core::cell::RefCell;
[INFO] [stdout]   |         ^^^^^^^^^^^^^^^^^^^
[INFO] [stdout] 
[INFO] [stdout] 
[INFO] [stdout] error[E0433]: cannot find type `Box` in this scope
[INFO] [stdout]   --> src/mocks.rs:62:52
[INFO] [stdout]    |
[INFO] [stdout] 62 |         WRITE_HOOK.with(|h| *h.borrow_mut() = Some(Box::new(write_fn)));
[INFO] [stdout]    |                                                    ^^^ use of undeclared type `Box`
[INFO] [stdout] 
[INFO] [stdout] 
[INFO] [stdout] error[E0433]: cannot find type `Box` in this scope
[INFO] [stdout]   --> src/mocks.rs:63:55
[INFO] [stdout]    |
[INFO] [stdout] 63 |         RAW_TIME_HOOK.with(|h| *h.borrow_mut() = Some(Box::new(raw_time_fn)));
[INFO] [stdout]    |                                                       ^^^ use of undeclared type `Box`
[INFO] [stdout] 
[INFO] [stdout] 
[INFO] [stdout] error[E0433]: cannot find type `Box` in this scope
[INFO] [stdout]   --> src/mocks.rs:64:55
[INFO] [stdout]    |
[INFO] [stdout] 64 |         SYS_TIME_HOOK.with(|h| *h.borrow_mut() = Some(Box::new(sys_time_fn)));
[INFO] [stdout]    |                                                       ^^^ use of undeclared type `Box`
[INFO] [stdout] 
[INFO] [stdout] 
[INFO] [stdout] Some errors have detailed explanations: E0425, E0433.
[INFO] [stdout] 
[INFO] [stdout] For more information about an error, try `rustc --explain E0425`.
[INFO] [stdout] 
[INFO] [stderr] error: could not compile `rustmeter-beacon-core` (lib test) due to 20 previous errors; 3 warnings emitted
[INFO] running `Command { std: "docker" "inspect" "b10baf14515cb52057b213b228a378b5734e0d355c07f2e88af340cf1194e60c", kill_on_drop: false }`
[INFO] running `Command { std: "docker" "rm" "-f" "b10baf14515cb52057b213b228a378b5734e0d355c07f2e88af340cf1194e60c", kill_on_drop: false }`
[INFO] [stdout] b10baf14515cb52057b213b228a378b5734e0d355c07f2e88af340cf1194e60c
