[INFO] fetching crate rustls-symcrypt 0.2.3...
[INFO] testing rustls-symcrypt-0.2.3 against 1.99.0-beta.8+cargoflags=--release for beta-release-1.100-2
[INFO] extracting crate rustls-symcrypt 0.2.3 into /workspace/builds/worker-6-tc1/source
[INFO] started tweaking crates.io crate rustls-symcrypt 0.2.3
[INFO] removed 0 missing tests
[INFO] finished tweaking crates.io crate rustls-symcrypt 0.2.3
[INFO] tweaked toml for crates.io crate rustls-symcrypt 0.2.3 written to /workspace/builds/worker-6-tc1/source/Cargo.toml
[INFO] validating manifest of crates.io crate rustls-symcrypt 0.2.3 on toolchain 1.99.0-beta.8
[INFO] running `Command { std: CARGO_HOME="/workspace/cargo-home" RUSTUP_HOME="/workspace/rustup-home" "/workspace/cargo-home/bin/cargo" "+1.99.0-beta.8" "metadata" "--manifest-path" "Cargo.toml" "--no-deps", kill_on_drop: false }`
[INFO] crate crates.io crate rustls-symcrypt 0.2.3 already has a lockfile, it will not be regenerated
[INFO] running `Command { std: CARGO_HOME="/workspace/cargo-home" RUSTUP_HOME="/workspace/rustup-home" "/workspace/cargo-home/bin/cargo" "+1.99.0-beta.8" "fetch" "--manifest-path" "Cargo.toml", kill_on_drop: false }`
[INFO] [stderr]     Updating crates.io index
[INFO] [stderr]  Downloading crates ...
[INFO] [stderr]   Downloaded symcrypt-sys v0.4.0
[INFO] [stderr]   Downloaded symcrypt v0.5.1
[INFO] [stderr]   Downloaded sec1 v0.8.0
[INFO] [stderr]   Downloaded hybrid-array v0.4.8
[INFO] running `Command { std: "docker" "create" "-v" "/var/lib/crater-agent-workspace/builds/worker-6-tc1/source:/opt/rustwide/workdir:ro,Z" "-v" "/var/lib/crater-agent-workspace/builds/worker-6-tc1/target:/opt/rustwide/target:rw,Z" "-v" "/var/lib/crater-agent-workspace/cargo-home:/opt/rustwide/cargo-home:ro,Z" "-v" "/var/lib/crater-agent-workspace/rustup-home:/opt/rustwide/rustup-home:ro,Z" "-m" "1610612736" "--network" "none" "ghcr.io/rust-lang/crates-build-env/linux@sha256:77db811e55d90add9212f6832c23229e3de5f1c1f9905e8cb07319ea15df73ac" "sleep" "infinity", kill_on_drop: false }`
[INFO] [stdout] b97dd772d20fb331f0af8ccb3cbce9bb8e96742398493c5b860ad6af08a880c7
[INFO] running `Command { std: "docker" "start" "b97dd772d20fb331f0af8ccb3cbce9bb8e96742398493c5b860ad6af08a880c7", kill_on_drop: false }`
[INFO] running `Command { std: "docker" "inspect" "b97dd772d20fb331f0af8ccb3cbce9bb8e96742398493c5b860ad6af08a880c7", kill_on_drop: false }`
[INFO] running `Command { std: "docker" "exec" "-e" "SOURCE_DIR=/opt/rustwide/workdir" "-e" "CARGO_HOME=/opt/rustwide/cargo-home" "-e" "RUSTUP_HOME=/opt/rustwide/rustup-home" "-e" "CARGO_TARGET_DIR=/opt/rustwide/target" "-w" "/opt/rustwide/workdir" "--user" "0:0" "b97dd772d20fb331f0af8ccb3cbce9bb8e96742398493c5b860ad6af08a880c7" "/opt/rustwide/cargo-home/bin/cargo" "+1.99.0-beta.8" "metadata" "--no-deps" "--format-version=1", kill_on_drop: false }`
[INFO] running `Command { std: "docker" "inspect" "b97dd772d20fb331f0af8ccb3cbce9bb8e96742398493c5b860ad6af08a880c7", kill_on_drop: false }`
[INFO] running `Command { std: "docker" "exec" "-e" "SOURCE_DIR=/opt/rustwide/workdir" "-e" "CARGO_HOME=/opt/rustwide/cargo-home" "-e" "RUSTUP_HOME=/opt/rustwide/rustup-home" "-e" "CARGO_TARGET_DIR=/opt/rustwide/target" "-e" "CARGO_INCREMENTAL=0" "-e" "RUST_BACKTRACE=full" "-e" "RUSTFLAGS=--cap-lints=warn" "-e" "RUSTDOCFLAGS=--cap-lints=warn" "-w" "/opt/rustwide/workdir" "--user" "0:0" "b97dd772d20fb331f0af8ccb3cbce9bb8e96742398493c5b860ad6af08a880c7" "/opt/rustwide/cargo-home/bin/cargo" "+1.99.0-beta.8" "build" "--frozen" "--message-format=json" "--release", kill_on_drop: false }`
[INFO] [stderr]    Compiling typenum v1.19.0
[INFO] [stderr]    Compiling der v0.7.10
[INFO] [stderr]    Compiling symcrypt-sys v0.4.0
[INFO] [stderr]    Compiling rustls v0.23.37
[INFO] [stderr]    Compiling base16ct v1.0.0
[INFO] [stderr]    Compiling der v0.8.0
[INFO] [stderr]    Compiling rustls-webpki v0.103.13
[INFO] [stderr]    Compiling symcrypt v0.5.1
[INFO] [stderr]    Compiling hybrid-array v0.4.8
[INFO] [stderr]    Compiling spki v0.7.3
[INFO] [stderr]    Compiling sec1 v0.8.0
[INFO] [stderr]    Compiling pkcs1 v0.7.5
[INFO] [stderr]    Compiling pkcs8 v0.10.2
[INFO] [stderr]    Compiling rustls-symcrypt v0.2.3 (/opt/rustwide/workdir)
[INFO] [stderr]     Finished `release` profile [optimized] target(s) in 20.36s
[INFO] running `Command { std: "docker" "inspect" "b97dd772d20fb331f0af8ccb3cbce9bb8e96742398493c5b860ad6af08a880c7", kill_on_drop: false }`
[INFO] running `Command { std: "docker" "exec" "-e" "SOURCE_DIR=/opt/rustwide/workdir" "-e" "CARGO_HOME=/opt/rustwide/cargo-home" "-e" "RUSTUP_HOME=/opt/rustwide/rustup-home" "-e" "CARGO_TARGET_DIR=/opt/rustwide/target" "-e" "CARGO_INCREMENTAL=0" "-e" "RUST_BACKTRACE=full" "-e" "RUSTFLAGS=--cap-lints=warn" "-e" "RUSTDOCFLAGS=--cap-lints=warn" "-w" "/opt/rustwide/workdir" "--user" "0:0" "b97dd772d20fb331f0af8ccb3cbce9bb8e96742398493c5b860ad6af08a880c7" "/opt/rustwide/cargo-home/bin/cargo" "+1.99.0-beta.8" "test" "--frozen" "--no-run" "--message-format=json" "--release", kill_on_drop: false }`
[INFO] [stderr]    Compiling rustls v0.23.37
[INFO] [stderr]    Compiling webpki-roots v1.0.6
[INFO] [stderr]    Compiling rustls-pemfile v2.2.0
[INFO] [stderr]    Compiling rustls-symcrypt v0.2.3 (/opt/rustwide/workdir)
[INFO] [stdout] error: linking with `cc` failed: exit status: 1
[INFO] [stdout]   |
[INFO] [stdout]   = note:  "cc" "-m64" "/opt/rustwide/target/release/deps/rustcgEYrg9/symbols.o" "<7 object files omitted>" "-Wl,--as-needed" "-Wl,-Bstatic" "<sysroot>/lib/rustlib/x86_64-unknown-linux-gnu/lib/{libtest-*,libgetopts-*,librustc_std_workspace_std-*}.rlib" "/opt/rustwide/target/release/deps/{libsec1-86cee9c47702c20f,libhybrid_array-b025c1cc741111ae,libtypenum-96397e016e1e8cb2,libbase16ct-5592ad3f2f03dde1,libpkcs8-380607e747d914bb,libpkcs1-aafd266dc7f4ce08,libspki-0befbf4b3f03f9f3,libder-64471cf480770f23,libconst_oid-76ed8b8381031860,libder-2ebb26b5216c8b7e,libconst_oid-875e212f8cb941f4,libsymcrypt-da5096154429e755,liblazy_static-fdd6af0286056ca3,libsymcrypt_sys-bc6ee914a7ff8aa6,liblibc-c9e046903fda19dd,librustls-f88ae2c3d34c61c6,libsubtle-55d0ad28af99a64a,libwebpki-127cfbe1c19df091,libuntrusted-5ab0aa40ecba79ee,librustls_pki_types-ba74552c5a3dd367,libzeroize-cd4d2c68f996dced}.rlib" "<sysroot>/lib/rustlib/x86_64-unknown-linux-gnu/lib/{libstd-*,libpanic_unwind-*,libobject-*,libmemchr-*,libaddr2line-*,libgimli-*,libcfg_if-*,librustc_demangle-*,libstd_detect-*,libhashbrown-*,librustc_std_workspace_alloc-*,libminiz_oxide-*,libadler2-*,libunwind-*,liblibc-*,librustc_std_workspace_core-*,liballoc-*,libcore-*,libcompiler_builtins-*}.rlib" "-Wl,-Bdynamic" "-lsymcrypt" "-lgcc_s" "-lutil" "-lrt" "-lpthread" "-lm" "-ldl" "-lc" "-L" "/opt/rustwide/target/release/deps/rustcgEYrg9/raw-dylibs" "-B<sysroot>/lib/rustlib/x86_64-unknown-linux-gnu/bin/gcc-ld" "-fuse-ld=lld" "-Wl,--eh-frame-hdr" "-Wl,-z,noexecstack" "-L" "<sysroot>/lib/rustlib/x86_64-unknown-linux-gnu/lib" "-o" "/opt/rustwide/target/release/deps/rustls_symcrypt-7c77a29f4117eeee" "-Wl,--gc-sections" "-pie" "-Wl,-z,relro,-z,now" "-Wl,-O1" "-Wl,--strip-debug" "-nodefaultlibs"
[INFO] [stdout]   = note: some arguments are omitted. use `--verbose` to show all linker arguments
[INFO] [stdout]   = note: rust-lld: error: unable to find library -lsymcrypt
[INFO] [stdout]           collect2: error: ld returned 1 exit status
[INFO] [stdout]           
[INFO] [stdout] 
[INFO] [stdout] 
[INFO] [stderr] error: could not compile `rustls-symcrypt` (lib test) due to 1 previous error
[INFO] [stderr] warning: build failed, waiting for other jobs to finish...
[INFO] [stdout] error: linking with `cc` failed: exit status: 1
[INFO] [stdout]   |
[INFO] [stdout]   = note:  "cc" "-m64" "/opt/rustwide/target/release/deps/rustc1Hi0dI/symbols.o" "<11 object files omitted>" "-Wl,--as-needed" "-Wl,-Bstatic" "/opt/rustwide/target/release/deps/{librustls_pemfile-133e401223836c94,libwebpki_roots-5c229385bdd148db,libonce_cell-a92ce0590bdd2571}.rlib" "<sysroot>/lib/rustlib/x86_64-unknown-linux-gnu/lib/{libtest-*,libgetopts-*,librustc_std_workspace_std-*}.rlib" "/opt/rustwide/target/release/deps/{librustls_symcrypt-a4a5c642d167d130,libsec1-86cee9c47702c20f,libhybrid_array-b025c1cc741111ae,libtypenum-96397e016e1e8cb2,libbase16ct-5592ad3f2f03dde1,libpkcs8-380607e747d914bb,libpkcs1-aafd266dc7f4ce08,libspki-0befbf4b3f03f9f3,libder-64471cf480770f23,libconst_oid-76ed8b8381031860,libder-2ebb26b5216c8b7e,libconst_oid-875e212f8cb941f4,libsymcrypt-da5096154429e755,liblazy_static-fdd6af0286056ca3,libsymcrypt_sys-bc6ee914a7ff8aa6,liblibc-c9e046903fda19dd,librustls-f88ae2c3d34c61c6,libsubtle-55d0ad28af99a64a,libwebpki-127cfbe1c19df091,libuntrusted-5ab0aa40ecba79ee,librustls_pki_types-ba74552c5a3dd367,libzeroize-cd4d2c68f996dced}.rlib" "<sysroot>/lib/rustlib/x86_64-unknown-linux-gnu/lib/{libstd-*,libpanic_unwind-*,libobject-*,libmemchr-*,libaddr2line-*,libgimli-*,libcfg_if-*,librustc_demangle-*,libstd_detect-*,libhashbrown-*,librustc_std_workspace_alloc-*,libminiz_oxide-*,libadler2-*,libunwind-*,liblibc-*,librustc_std_workspace_core-*,liballoc-*,libcore-*,libcompiler_builtins-*}.rlib" "-Wl,-Bdynamic" "-lsymcrypt" "-lgcc_s" "-lutil" "-lrt" "-lpthread" "-lm" "-ldl" "-lc" "-L" "/opt/rustwide/target/release/deps/rustc1Hi0dI/raw-dylibs" "-B<sysroot>/lib/rustlib/x86_64-unknown-linux-gnu/bin/gcc-ld" "-fuse-ld=lld" "-Wl,--eh-frame-hdr" "-Wl,-z,noexecstack" "-L" "<sysroot>/lib/rustlib/x86_64-unknown-linux-gnu/lib" "-o" "/opt/rustwide/target/release/deps/full_test-9dde29f9a938ca0b" "-Wl,--gc-sections" "-pie" "-Wl,-z,relro,-z,now" "-Wl,-O1" "-Wl,--strip-debug" "-nodefaultlibs"
[INFO] [stdout]   = note: some arguments are omitted. use `--verbose` to show all linker arguments
[INFO] [stdout]   = note: rust-lld: error: unable to find library -lsymcrypt
[INFO] [stdout]           collect2: error: ld returned 1 exit status
[INFO] [stdout]           
[INFO] [stdout] 
[INFO] [stdout] 
[INFO] [stderr] error: could not compile `rustls-symcrypt` (test "full_test") due to 1 previous error
[INFO] running `Command { std: "docker" "inspect" "b97dd772d20fb331f0af8ccb3cbce9bb8e96742398493c5b860ad6af08a880c7", kill_on_drop: false }`
[INFO] running `Command { std: "docker" "rm" "-f" "b97dd772d20fb331f0af8ccb3cbce9bb8e96742398493c5b860ad6af08a880c7", kill_on_drop: false }`
[INFO] [stdout] b97dd772d20fb331f0af8ccb3cbce9bb8e96742398493c5b860ad6af08a880c7
