[INFO] fetching crate rustls-post-quantum 0.3.0-dev.2...
[INFO] testing rustls-post-quantum-0.3.0-dev.2 against 1.99.0-beta.8+cargoflags=--release for beta-release-1.100-2
[INFO] extracting crate rustls-post-quantum 0.3.0-dev.2 into /workspace/builds/worker-4-tc1/source
[INFO] started tweaking crates.io crate rustls-post-quantum 0.3.0-dev.2
[INFO] removed 0 missing examples
[INFO] finished tweaking crates.io crate rustls-post-quantum 0.3.0-dev.2
[INFO] tweaked toml for crates.io crate rustls-post-quantum 0.3.0-dev.2 written to /workspace/builds/worker-4-tc1/source/Cargo.toml
[INFO] validating manifest of crates.io crate rustls-post-quantum 0.3.0-dev.2 on toolchain 1.99.0-beta.8
[INFO] running `Command { std: CARGO_HOME="/workspace/cargo-home" RUSTUP_HOME="/workspace/rustup-home" "/workspace/cargo-home/bin/cargo" "+1.99.0-beta.8" "metadata" "--manifest-path" "Cargo.toml" "--no-deps", kill_on_drop: false }`
[INFO] crate crates.io crate rustls-post-quantum 0.3.0-dev.2 already has a lockfile, it will not be regenerated
[INFO] running `Command { std: CARGO_HOME="/workspace/cargo-home" RUSTUP_HOME="/workspace/rustup-home" "/workspace/cargo-home/bin/cargo" "+1.99.0-beta.8" "fetch" "--manifest-path" "Cargo.toml", kill_on_drop: false }`
[INFO] [stderr]     Updating crates.io index
[INFO] [stderr]  Downloading crates ...
[INFO] [stderr]   Downloaded rusticata-macros v4.1.0
[INFO] [stderr]   Downloaded page_size v0.6.0
[INFO] [stderr]   Downloaded asn1-rs-derive v0.6.0
[INFO] [stderr]   Downloaded futures-core v0.3.33
[INFO] [stderr]   Downloaded rustls-aws-lc-rs v0.1.0-dev.1
[INFO] [stderr]   Downloaded plotters-svg v0.3.7
[INFO] [stderr]   Downloaded asn1-rs-impl v0.2.0
[INFO] [stderr]   Downloaded jiff-static v0.2.34
[INFO] [stderr]   Downloaded futures-task v0.3.33
[INFO] [stderr]   Downloaded plotters-backend v0.3.7
[INFO] [stderr]   Downloaded alloca v0.4.0
[INFO] [stderr]   Downloaded pem v3.0.6
[INFO] [stderr]   Downloaded webpki-roots v1.0.9
[INFO] [stderr]   Downloaded criterion-plot v0.8.2
[INFO] [stderr]   Downloaded time-macros v0.2.31
[INFO] [stderr]   Downloaded oid-registry v0.8.1
[INFO] [stderr]   Downloaded clap v4.6.2
[INFO] [stderr]   Downloaded rcgen v0.14.8
[INFO] [stderr]   Downloaded yasna v0.6.0
[INFO] [stderr]   Downloaded der-parser v10.0.0
[INFO] [stderr]   Downloaded asn1-rs v0.7.2
[INFO] [stderr]   Downloaded cc v1.3.0
[INFO] [stderr]   Downloaded x509-parser v0.18.1
[INFO] [stderr]   Downloaded jiff-core v0.1.0
[INFO] [stderr]   Downloaded criterion v0.8.2
[INFO] [stderr]   Downloaded plotters v0.3.7
[INFO] [stderr]   Downloaded futures-util v0.3.33
[INFO] [stderr]   Downloaded clap_builder v4.6.2
[INFO] [stderr]   Downloaded aws-lc-rs v1.17.3
[INFO] [stderr]   Downloaded portable-atomic v1.14.0
[INFO] [stderr]   Downloaded time v0.3.53
[INFO] [stderr]   Downloaded syn v3.0.2
[INFO] [stderr]   Downloaded rustls v0.24.0-dev.1
[INFO] [stderr]   Downloaded jiff v0.2.34
[INFO] [stderr]   Downloaded aws-lc-sys v0.43.0
[INFO] running `Command { std: "docker" "create" "-v" "/var/lib/crater-agent-workspace/builds/worker-4-tc1/source:/opt/rustwide/workdir:ro,Z" "-v" "/var/lib/crater-agent-workspace/builds/worker-4-tc1/target:/opt/rustwide/target:rw,Z" "-v" "/var/lib/crater-agent-workspace/cargo-home:/opt/rustwide/cargo-home:ro,Z" "-v" "/var/lib/crater-agent-workspace/rustup-home:/opt/rustwide/rustup-home:ro,Z" "-m" "1610612736" "--network" "none" "ghcr.io/rust-lang/crates-build-env/linux@sha256:77db811e55d90add9212f6832c23229e3de5f1c1f9905e8cb07319ea15df73ac" "sleep" "infinity", kill_on_drop: false }`
[INFO] [stdout] 1b3b9eaeba2a00bb152d9ecf38a0a74ad19da66f02fa3d029a96484499b6513d
[INFO] running `Command { std: "docker" "start" "1b3b9eaeba2a00bb152d9ecf38a0a74ad19da66f02fa3d029a96484499b6513d", kill_on_drop: false }`
[INFO] running `Command { std: "docker" "inspect" "1b3b9eaeba2a00bb152d9ecf38a0a74ad19da66f02fa3d029a96484499b6513d", kill_on_drop: false }`
[INFO] running `Command { std: "docker" "exec" "-e" "SOURCE_DIR=/opt/rustwide/workdir" "-e" "CARGO_HOME=/opt/rustwide/cargo-home" "-e" "RUSTUP_HOME=/opt/rustwide/rustup-home" "-e" "CARGO_TARGET_DIR=/opt/rustwide/target" "-w" "/opt/rustwide/workdir" "--user" "0:0" "1b3b9eaeba2a00bb152d9ecf38a0a74ad19da66f02fa3d029a96484499b6513d" "/opt/rustwide/cargo-home/bin/cargo" "+1.99.0-beta.8" "metadata" "--no-deps" "--format-version=1", kill_on_drop: false }`
[INFO] running `Command { std: "docker" "inspect" "1b3b9eaeba2a00bb152d9ecf38a0a74ad19da66f02fa3d029a96484499b6513d", kill_on_drop: false }`
[INFO] running `Command { std: "docker" "exec" "-e" "SOURCE_DIR=/opt/rustwide/workdir" "-e" "CARGO_HOME=/opt/rustwide/cargo-home" "-e" "RUSTUP_HOME=/opt/rustwide/rustup-home" "-e" "CARGO_TARGET_DIR=/opt/rustwide/target" "-e" "CARGO_INCREMENTAL=0" "-e" "RUST_BACKTRACE=full" "-e" "RUSTFLAGS=--cap-lints=warn" "-e" "RUSTDOCFLAGS=--cap-lints=warn" "-w" "/opt/rustwide/workdir" "--user" "0:0" "1b3b9eaeba2a00bb152d9ecf38a0a74ad19da66f02fa3d029a96484499b6513d" "/opt/rustwide/cargo-home/bin/cargo" "+1.99.0-beta.8" "build" "--frozen" "--message-format=json" "--release", kill_on_drop: false }`
[INFO] [stderr]    Compiling libc v0.2.186
[INFO] [stderr]    Compiling shlex v2.0.1
[INFO] [stderr]    Compiling pkg-config v0.3.33
[INFO] [stderr]    Compiling fs_extra v1.3.0
[INFO] [stderr]    Compiling dunce v1.0.5
[INFO] [stderr]    Compiling zeroize v1.8.2
[INFO] [stderr]    Compiling aws-lc-rs v1.17.3
[INFO] [stderr]    Compiling subtle v2.6.1
[INFO] [stderr]    Compiling once_cell v1.21.4
[INFO] [stderr]    Compiling rustls-pki-types v1.15.1
[INFO] [stderr]    Compiling rustls v0.24.0-dev.1
[INFO] [stderr]    Compiling jobserver v0.1.35
[INFO] [stderr]    Compiling cc v1.3.0
[INFO] [stderr]    Compiling cmake v0.1.58
[INFO] [stderr]    Compiling aws-lc-sys v0.43.0
[INFO] [stderr]    Compiling rustls-aws-lc-rs v0.1.0-dev.1
[INFO] [stderr]    Compiling rustls-post-quantum v0.3.0-dev.2 (/opt/rustwide/workdir)
[INFO] [stderr]     Finished `release` profile [optimized] target(s) in 1m 49s
[INFO] running `Command { std: "docker" "inspect" "1b3b9eaeba2a00bb152d9ecf38a0a74ad19da66f02fa3d029a96484499b6513d", kill_on_drop: false }`
[INFO] running `Command { std: "docker" "exec" "-e" "SOURCE_DIR=/opt/rustwide/workdir" "-e" "CARGO_HOME=/opt/rustwide/cargo-home" "-e" "RUSTUP_HOME=/opt/rustwide/rustup-home" "-e" "CARGO_TARGET_DIR=/opt/rustwide/target" "-e" "CARGO_INCREMENTAL=0" "-e" "RUST_BACKTRACE=full" "-e" "RUSTFLAGS=--cap-lints=warn" "-e" "RUSTDOCFLAGS=--cap-lints=warn" "-w" "/opt/rustwide/workdir" "--user" "0:0" "1b3b9eaeba2a00bb152d9ecf38a0a74ad19da66f02fa3d029a96484499b6513d" "/opt/rustwide/cargo-home/bin/cargo" "+1.99.0-beta.8" "test" "--frozen" "--no-run" "--message-format=json" "--release", kill_on_drop: false }`
[INFO] [stderr]    Compiling crossbeam-utils v0.8.22
[INFO] [stderr]    Compiling zerocopy v0.8.54
[INFO] [stderr]    Compiling crossbeam-epoch v0.9.20
[INFO] [stderr]    Compiling aho-corasick v1.1.4
[INFO] [stderr]    Compiling syn v3.0.2
[INFO] [stderr]    Compiling zerocopy-derive v0.8.54
[INFO] [stderr]    Compiling crossbeam-deque v0.8.7
[INFO] [stderr]    Compiling num-traits v0.2.19
[INFO] [stderr]    Compiling rayon-core v1.13.0
[INFO] [stderr]    Compiling either v1.16.0
[INFO] [stderr]    Compiling alloca v0.4.0
[INFO] [stderr]    Compiling libc v0.2.186
[INFO] [stderr]    Compiling num-conv v0.2.2
[INFO] [stderr]    Compiling deranged v0.5.8
[INFO] [stderr]    Compiling plotters-backend v0.3.7
[INFO] [stderr]    Compiling time-core v0.1.9
[INFO] [stderr]    Compiling powerfmt v0.2.0
[INFO] [stderr]    Compiling clap_builder v4.6.2
[INFO] [stderr]    Compiling plotters-svg v0.3.7
[INFO] [stderr]    Compiling itertools v0.13.0
[INFO] [stderr]    Compiling anstyle-parse v1.0.0
[INFO] [stderr]    Compiling regex-automata v0.4.16
[INFO] [stderr]    Compiling time v0.3.53
[INFO] [stderr]    Compiling serde_derive v1.0.229
[INFO] [stderr]    Compiling base64 v0.22.1
[INFO] [stderr]    Compiling log v0.4.33
[INFO] [stderr]    Compiling jiff-core v0.1.0
[INFO] [stderr]    Compiling colorchoice v1.0.5
[INFO] [stderr]    Compiling criterion-plot v0.8.2
[INFO] [stderr]    Compiling anstream v1.0.0
[INFO] [stderr]    Compiling plotters v0.3.7
[INFO] [stderr]    Compiling jiff v0.2.34
[INFO] [stderr]    Compiling regex v1.13.1
[INFO] [stderr]    Compiling pem v3.0.6
[INFO] [stderr]    Compiling serde v1.0.229
[INFO] [stderr]    Compiling env_filter v2.0.0
[INFO] [stderr]    Compiling half v2.7.1
[INFO] [stderr]    Compiling tinytemplate v1.2.1
[INFO] [stderr]    Compiling clap v4.6.2
[INFO] [stderr]    Compiling yasna v0.6.0
[INFO] [stderr]    Compiling page_size v0.6.0
[INFO] [stderr]    Compiling rayon v1.12.0
[INFO] [stderr]    Compiling ciborium-ll v0.2.2
[INFO] [stderr]    Compiling ciborium v0.2.2
[INFO] [stderr]    Compiling webpki-roots v1.0.9
[INFO] [stderr]    Compiling env_logger v0.11.11
[INFO] [stderr]    Compiling rcgen v0.14.8
[INFO] [stderr]    Compiling criterion v0.8.2
[INFO] [stderr]    Compiling rustls-post-quantum v0.3.0-dev.2 (/opt/rustwide/workdir)
[INFO] [stdout] error[E0432]: unresolved import `rustls_util`
[INFO] [stdout]   --> examples/client.rs:15:5
[INFO] [stdout]    |
[INFO] [stdout] 15 | use rustls_util::Stream;
[INFO] [stdout]    |     ^^^^^^^^^^^ use of unresolved module or unlinked crate `rustls_util`
[INFO] [stdout]    |
[INFO] [stdout]    = help: if you wanted to use a crate named `rustls_util`, use `cargo add rustls_util` to add it to your `Cargo.toml`
[INFO] [stdout] 
[INFO] [stdout] 
[INFO] [stdout] error[E0422]: cannot find struct, variant or union type `RootCertStore` in crate `rustls`
[INFO] [stdout]    --> examples/client.rs:20:30
[INFO] [stdout]     |
[INFO] [stdout]  20 |     let root_store = rustls::RootCertStore {
[INFO] [stdout]     |                              ^^^^^^^^^^^^^ not found in `rustls`
[INFO] [stdout]     |
[INFO] [stdout] note: found an item that was configured out
[INFO] [stdout]    --> /opt/rustwide/cargo-home/registry/src/index.crates.io-1949cf8c6b5b557f/rustls-0.24.0-dev.1/src/lib.rs:410:24
[INFO] [stdout]     |
[INFO] [stdout] 409 | #[cfg(feature = "webpki")]
[INFO] [stdout]     |       ------------------ the item is gated behind the `webpki` feature
[INFO] [stdout] 410 | pub use crate::webpki::RootCertStore;
[INFO] [stdout]     |                        ^^^^^^^^^^^^^
[INFO] [stdout] 
[INFO] [stdout] 
[INFO] [stdout] error[E0599]: no method named `with_root_certificates` found for struct `ConfigBuilder<Side, State>` in the current scope
[INFO] [stdout]   --> examples/client.rs:25:10
[INFO] [stdout]    |
[INFO] [stdout] 24 |       let config = rustls::ClientConfig::builder(Arc::new(rustls_post_quantum::DEFAULT_PROVIDER))
[INFO] [stdout]    |  __________________-
[INFO] [stdout] 25 | |         .with_root_certificates(root_store)
[INFO] [stdout]    | |         -^^^^^^^^^^^^^^^^^^^^^^ method not found in `ConfigBuilder<ClientConfig, WantsVerifier>`
[INFO] [stdout]    | |_________|
[INFO] [stdout]    |
[INFO] [stdout] 
[INFO] [stdout] 
[INFO] [stdout] error[E0432]: unresolved import `rustls::RootCertStore`
[INFO] [stdout]    --> src/lib.rs:295:32
[INFO] [stdout]     |
[INFO] [stdout] 295 |     use rustls::{ClientConfig, RootCertStore, ServerConfig, ServerConnection, VecInput};
[INFO] [stdout]     |                                ^^^^^^^^^^^^^ no `RootCertStore` in the root
[INFO] [stdout]     |
[INFO] [stdout] note: found an item that was configured out
[INFO] [stdout]    --> /opt/rustwide/cargo-home/registry/src/index.crates.io-1949cf8c6b5b557f/rustls-0.24.0-dev.1/src/lib.rs:410:24
[INFO] [stdout]     |
[INFO] [stdout] 409 | #[cfg(feature = "webpki")]
[INFO] [stdout]     |       ------------------ the item is gated behind the `webpki` feature
[INFO] [stdout] 410 | pub use crate::webpki::RootCertStore;
[INFO] [stdout]     |                        ^^^^^^^^^^^^^
[INFO] [stdout] 
[INFO] [stdout] 
[INFO] [stdout] error[E0432]: unresolved import `rustls_test`
[INFO] [stdout]    --> src/lib.rs:296:9
[INFO] [stdout]     |
[INFO] [stdout] 296 |     use rustls_test::do_handshake;
[INFO] [stdout]     |         ^^^^^^^^^^^ use of unresolved module or unlinked crate `rustls_test`
[INFO] [stdout]     |
[INFO] [stdout]     = help: if you wanted to use a crate named `rustls_test`, use `cargo add rustls_test` to add it to your `Cargo.toml`
[INFO] [stdout] 
[INFO] [stdout] 
[INFO] [stdout] Some errors have detailed explanations: E0422, E0432, E0599.
[INFO] [stdout] 
[INFO] [stdout] For more information about an error, try `rustc --explain E0422`.
[INFO] [stdout] 
[INFO] [stderr] error: could not compile `rustls-post-quantum` (example "client") due to 3 previous errors
[INFO] [stderr] warning: build failed, waiting for other jobs to finish...
[INFO] [stdout] error[E0599]: no method named `with_single_cert` found for struct `ConfigBuilder<Side, State>` in the current scope
[INFO] [stdout]    --> src/lib.rs:321:14
[INFO] [stdout]     |
[INFO] [stdout] 319 |           let server_config = ServerConfig::builder(provider.clone())
[INFO] [stdout]     |  _____________________________-
[INFO] [stdout] 320 | |             .with_no_client_auth()
[INFO] [stdout] 321 | |             .with_single_cert(
[INFO] [stdout]     | |             -^^^^^^^^^^^^^^^^ method not found in `ConfigBuilder<ServerConfig, WantsServerCert>`
[INFO] [stdout]     | |_____________|
[INFO] [stdout]     |
[INFO] [stdout] 
[INFO] [stdout] 
[INFO] [stdout] error[E0599]: no method named `with_root_certificates` found for struct `ConfigBuilder<Side, State>` in the current scope
[INFO] [stdout]    --> src/lib.rs:331:18
[INFO] [stdout]     |
[INFO] [stdout] 330 | /             ClientConfig::builder(provider)
[INFO] [stdout] 331 | |                 .with_root_certificates(roots)
[INFO] [stdout]     | |                 -^^^^^^^^^^^^^^^^^^^^^^ method not found in `ConfigBuilder<ClientConfig, WantsVerifier>`
[INFO] [stdout]     | |_________________|
[INFO] [stdout]     |
[INFO] [stdout] 
[INFO] [stdout] 
[INFO] [stdout] Some errors have detailed explanations: E0432, E0599.
[INFO] [stdout] 
[INFO] [stdout] For more information about an error, try `rustc --explain E0432`.
[INFO] [stdout] 
[INFO] [stderr] error: could not compile `rustls-post-quantum` (lib test) due to 4 previous errors
[INFO] running `Command { std: "docker" "inspect" "1b3b9eaeba2a00bb152d9ecf38a0a74ad19da66f02fa3d029a96484499b6513d", kill_on_drop: false }`
[INFO] running `Command { std: "docker" "rm" "-f" "1b3b9eaeba2a00bb152d9ecf38a0a74ad19da66f02fa3d029a96484499b6513d", kill_on_drop: false }`
[INFO] [stdout] 1b3b9eaeba2a00bb152d9ecf38a0a74ad19da66f02fa3d029a96484499b6513d
