[INFO] fetching crate rustls-cng 0.7.1...
[INFO] testing rustls-cng-0.7.1 against 1.100.0-beta.1+cargoflags=--release for beta-release-1.100-2
[INFO] extracting crate rustls-cng 0.7.1 into /workspace/builds/worker-4-tc2/source
[INFO] started tweaking crates.io crate rustls-cng 0.7.1
[INFO] removed 0 missing examples
[INFO] removed 0 missing tests
[INFO] finished tweaking crates.io crate rustls-cng 0.7.1
[INFO] tweaked toml for crates.io crate rustls-cng 0.7.1 written to /workspace/builds/worker-4-tc2/source/Cargo.toml
[INFO] validating manifest of crates.io crate rustls-cng 0.7.1 on toolchain 1.100.0-beta.1
[INFO] running `Command { std: CARGO_HOME="/workspace/cargo-home" RUSTUP_HOME="/workspace/rustup-home" "/workspace/cargo-home/bin/cargo" "+1.100.0-beta.1" "metadata" "--manifest-path" "Cargo.toml" "--no-deps", kill_on_drop: false }`
[INFO] crate crates.io crate rustls-cng 0.7.1 already has a lockfile, it will not be regenerated
[INFO] running `Command { std: CARGO_HOME="/workspace/cargo-home" RUSTUP_HOME="/workspace/rustup-home" "/workspace/cargo-home/bin/cargo" "+1.100.0-beta.1" "fetch" "--manifest-path" "Cargo.toml", kill_on_drop: false }`
[INFO] running `Command { std: "docker" "create" "-v" "/var/lib/crater-agent-workspace/builds/worker-4-tc2/source:/opt/rustwide/workdir:ro,Z" "-v" "/var/lib/crater-agent-workspace/builds/worker-4-tc2/target:/opt/rustwide/target:rw,Z" "-v" "/var/lib/crater-agent-workspace/cargo-home:/opt/rustwide/cargo-home:ro,Z" "-v" "/var/lib/crater-agent-workspace/rustup-home:/opt/rustwide/rustup-home:ro,Z" "-m" "1610612736" "--network" "none" "ghcr.io/rust-lang/crates-build-env/linux@sha256:77db811e55d90add9212f6832c23229e3de5f1c1f9905e8cb07319ea15df73ac" "sleep" "infinity", kill_on_drop: false }`
[INFO] [stdout] b4d33baa4c1ce9a720ceac8d1e8e95737082b6b364ebc54b8ebdaa6205fd7af3
[INFO] running `Command { std: "docker" "start" "b4d33baa4c1ce9a720ceac8d1e8e95737082b6b364ebc54b8ebdaa6205fd7af3", kill_on_drop: false }`
[INFO] running `Command { std: "docker" "inspect" "b4d33baa4c1ce9a720ceac8d1e8e95737082b6b364ebc54b8ebdaa6205fd7af3", kill_on_drop: false }`
[INFO] running `Command { std: "docker" "exec" "-e" "SOURCE_DIR=/opt/rustwide/workdir" "-e" "CARGO_HOME=/opt/rustwide/cargo-home" "-e" "RUSTUP_HOME=/opt/rustwide/rustup-home" "-e" "CARGO_TARGET_DIR=/opt/rustwide/target" "-w" "/opt/rustwide/workdir" "--user" "0:0" "b4d33baa4c1ce9a720ceac8d1e8e95737082b6b364ebc54b8ebdaa6205fd7af3" "/opt/rustwide/cargo-home/bin/cargo" "+1.100.0-beta.1" "metadata" "--no-deps" "--format-version=1", kill_on_drop: false }`
[INFO] running `Command { std: "docker" "inspect" "b4d33baa4c1ce9a720ceac8d1e8e95737082b6b364ebc54b8ebdaa6205fd7af3", kill_on_drop: false }`
[INFO] running `Command { std: "docker" "exec" "-e" "SOURCE_DIR=/opt/rustwide/workdir" "-e" "CARGO_HOME=/opt/rustwide/cargo-home" "-e" "RUSTUP_HOME=/opt/rustwide/rustup-home" "-e" "CARGO_TARGET_DIR=/opt/rustwide/target" "-e" "CARGO_INCREMENTAL=0" "-e" "RUST_BACKTRACE=full" "-e" "RUSTFLAGS=--cap-lints=warn" "-e" "RUSTDOCFLAGS=--cap-lints=warn" "-w" "/opt/rustwide/workdir" "--user" "0:0" "b4d33baa4c1ce9a720ceac8d1e8e95737082b6b364ebc54b8ebdaa6205fd7af3" "/opt/rustwide/cargo-home/bin/cargo" "+1.100.0-beta.1" "build" "--frozen" "--message-format=json" "--release", kill_on_drop: false }`
[INFO] [stderr]    Compiling cc v1.4.0
[INFO] [stderr]    Compiling pkg-config v0.3.33
[INFO] [stderr]    Compiling aws-lc-rs v1.17.3
[INFO] [stderr]    Compiling rustls v0.23.43
[INFO] [stderr]    Compiling log v0.4.33
[INFO] [stderr]    Compiling windows-sys v0.61.2
[INFO] [stderr]    Compiling cmake v0.1.58
[INFO] [stderr]    Compiling aws-lc-sys v0.43.0
[INFO] [stderr]    Compiling rustls-webpki v0.103.13
[INFO] [stderr]    Compiling rustls-cng v0.7.1 (/opt/rustwide/workdir)
[INFO] [stderr]     Finished `release` profile [optimized] target(s) in 2m 01s
[INFO] running `Command { std: "docker" "inspect" "b4d33baa4c1ce9a720ceac8d1e8e95737082b6b364ebc54b8ebdaa6205fd7af3", kill_on_drop: false }`
[INFO] running `Command { std: "docker" "exec" "-e" "SOURCE_DIR=/opt/rustwide/workdir" "-e" "CARGO_HOME=/opt/rustwide/cargo-home" "-e" "RUSTUP_HOME=/opt/rustwide/rustup-home" "-e" "CARGO_TARGET_DIR=/opt/rustwide/target" "-e" "CARGO_INCREMENTAL=0" "-e" "RUST_BACKTRACE=full" "-e" "RUSTFLAGS=--cap-lints=warn" "-e" "RUSTDOCFLAGS=--cap-lints=warn" "-w" "/opt/rustwide/workdir" "--user" "0:0" "b4d33baa4c1ce9a720ceac8d1e8e95737082b6b364ebc54b8ebdaa6205fd7af3" "/opt/rustwide/cargo-home/bin/cargo" "+1.100.0-beta.1" "test" "--frozen" "--no-run" "--message-format=json" "--release", kill_on_drop: false }`
[INFO] [stderr]    Compiling syn v3.0.3
[INFO] [stderr]    Compiling clap_builder v4.6.5
[INFO] [stderr]    Compiling clap_derive v4.6.4
[INFO] [stderr]    Compiling clap v4.6.5
[INFO] [stderr]    Compiling rustls-cng v0.7.1 (/opt/rustwide/workdir)
[INFO] [stdout] error: linking with `cc` failed: exit status: 1
[INFO] [stdout]   |
[INFO] [stdout]   = note:  "cc" "-m64" "/opt/rustwide/target/release/build/rustls-cng/e2d21890c74555b0/out/rustcnYIMYa/symbols.o" "<2 object files omitted>" "-Wl,--as-needed" "-Wl,-Bstatic" "<sysroot>/lib/rustlib/x86_64-unknown-linux-gnu/lib/{libtest-*,libgetopts-*,librustc_std_workspace_std-*}.rlib" "/opt/rustwide/target/release/build/rustls-cng/655de880d3031699/out/librustls_cng-655de880d3031699.rlib" "/opt/rustwide/target/release/build/bitflags/1be973072239c3aa/out/libbitflags-1be973072239c3aa.rlib" "/opt/rustwide/target/release/build/rustls/deae917f65d71161/out/librustls-deae917f65d71161.rlib" "/opt/rustwide/target/release/build/subtle/55d0ad28af99a64a/out/libsubtle-55d0ad28af99a64a.rlib" "/opt/rustwide/target/release/build/rustls-webpki/fd660bdfc3dc15d3/out/libwebpki-fd660bdfc3dc15d3.rlib" "/opt/rustwide/target/release/build/untrusted/5ab0aa40ecba79ee/out/libuntrusted-5ab0aa40ecba79ee.rlib" "/opt/rustwide/target/release/build/aws-lc-rs/512e1a413652305f/out/libaws_lc_rs-512e1a413652305f.rlib" "/opt/rustwide/target/release/build/aws-lc-sys/bdfe6868a30d8c3f/out/libaws_lc_sys-bdfe6868a30d8c3f.rlib" "/opt/rustwide/target/release/build/rustls-pki-types/ec29bfd160ddfb74/out/librustls_pki_types-ec29bfd160ddfb74.rlib" "/opt/rustwide/target/release/build/zeroize/8127b282d78d45ca/out/libzeroize-8127b282d78d45ca.rlib" "/opt/rustwide/target/release/build/log/2e1778f6a4320459/out/liblog-2e1778f6a4320459.rlib" "/opt/rustwide/target/release/build/windows-sys/b09b3f0a79e5260f/out/libwindows_sys-b09b3f0a79e5260f.rlib" "/opt/rustwide/target/release/build/windows-link/eadd802b00b61929/out/libwindows_link-eadd802b00b61929.rlib" "<sysroot>/lib/rustlib/x86_64-unknown-linux-gnu/lib/{libstd-*,libpanic_unwind-*,libobject-*,libmemchr-*,libaddr2line-*,libgimli-*,libcfg_if-*,librustc_demangle-*,libstd_detect-*,libhashbrown-*,librustc_std_workspace_alloc-*,libminiz_oxide-*,libadler2-*,libunwind-*,liblibc-*,librustc_std_workspace_core-*,liballoc-*,libcore-*,libcompiler_builtins-*}.rlib" "-Wl,-Bdynamic" "-lgcc_s" "-lutil" "-lrt" "-lpthread" "-lm" "-ldl" "-lc" "-L" "/opt/rustwide/target/release/build/rustls-cng/e2d21890c74555b0/out/rustcnYIMYa/raw-dylibs" "-B<sysroot>/lib/rustlib/x86_64-unknown-linux-gnu/bin/gcc-ld" "-fuse-ld=lld" "-Wl,--eh-frame-hdr" "-Wl,-z,noexecstack" "-L" "/opt/rustwide/target/release/build/aws-lc-sys/1b69e405a4ed7515/out" "-L" "<sysroot>/lib/rustlib/x86_64-unknown-linux-gnu/lib" "-o" "/opt/rustwide/target/release/build/rustls-cng/e2d21890c74555b0/out/test_find-e2d21890c74555b0" "-Wl,--gc-sections" "-pie" "-Wl,-z,relro,-z,now" "-Wl,-O1" "-Wl,--strip-debug" "-nodefaultlibs"
[INFO] [stdout]   = note: some arguments are omitted. use `--verbose` to show all linker arguments
[INFO] [stdout]   = note: rust-lld: error: undefined symbol: PFXImportCertStore
[INFO] [stdout]           >>> referenced by rustls_cng.afe2845caf8bb2ed-cgu.1
[INFO] [stdout]           >>>               rustls_cng-655de880d3031699.rustls_cng.afe2845caf8bb2ed-cgu.1.rcgu.o:(<rustls_cng::store::CertStore>::from_pkcs12) in archive /opt/rustwide/target/release/build/rustls-cng/655de880d3031699/out/librustls_cng-655de880d3031699.rlib
[INFO] [stdout]           
[INFO] [stdout]           rust-lld: error: undefined symbol: GetLastError
[INFO] [stdout]           >>> referenced by rustls_cng.afe2845caf8bb2ed-cgu.1
[INFO] [stdout]           >>>               rustls_cng-655de880d3031699.rustls_cng.afe2845caf8bb2ed-cgu.1.rcgu.o:(<rustls_cng::store::CertStore>::from_pkcs12) in archive /opt/rustwide/target/release/build/rustls-cng/655de880d3031699/out/librustls_cng-655de880d3031699.rlib
[INFO] [stdout]           >>> referenced by rustls_cng.afe2845caf8bb2ed-cgu.1
[INFO] [stdout]           >>>               rustls_cng-655de880d3031699.rustls_cng.afe2845caf8bb2ed-cgu.1.rcgu.o:(<rustls_cng::store::CertStore>::find_by_name) in archive /opt/rustwide/target/release/build/rustls-cng/655de880d3031699/out/librustls_cng-655de880d3031699.rlib
[INFO] [stdout]           >>> referenced by rustls_cng.afe2845caf8bb2ed-cgu.1
[INFO] [stdout]           >>>               rustls_cng-655de880d3031699.rustls_cng.afe2845caf8bb2ed-cgu.1.rcgu.o:(<rustls_cng::store::CertStore>::find_by_name) in archive /opt/rustwide/target/release/build/rustls-cng/655de880d3031699/out/librustls_cng-655de880d3031699.rlib
[INFO] [stdout]           
[INFO] [stdout]           rust-lld: error: undefined symbol: CertStrToNameW
[INFO] [stdout]           >>> referenced by rustls_cng.afe2845caf8bb2ed-cgu.1
[INFO] [stdout]           >>>               rustls_cng-655de880d3031699.rustls_cng.afe2845caf8bb2ed-cgu.1.rcgu.o:(<rustls_cng::store::CertStore>::find_by_name) in archive /opt/rustwide/target/release/build/rustls-cng/655de880d3031699/out/librustls_cng-655de880d3031699.rlib
[INFO] [stdout]           >>> referenced by rustls_cng.afe2845caf8bb2ed-cgu.1
[INFO] [stdout]           >>>               rustls_cng-655de880d3031699.rustls_cng.afe2845caf8bb2ed-cgu.1.rcgu.o:(<rustls_cng::store::CertStore>::find_by_name) in archive /opt/rustwide/target/release/build/rustls-cng/655de880d3031699/out/librustls_cng-655de880d3031699.rlib
[INFO] [stdout]           
[INFO] [stdout]           rust-lld: error: undefined symbol: CertFindCertificateInStore
[INFO] [stdout]           >>> referenced by rustls_cng.afe2845caf8bb2ed-cgu.1
[INFO] [stdout]           >>>               rustls_cng-655de880d3031699.rustls_cng.afe2845caf8bb2ed-cgu.1.rcgu.o:(<rustls_cng::store::CertStore>::do_find_by_sha256_property) in archive /opt/rustwide/target/release/build/rustls-cng/655de880d3031699/out/librustls_cng-655de880d3031699.rlib
[INFO] [stdout]           >>> referenced by rustls_cng.afe2845caf8bb2ed-cgu.1
[INFO] [stdout]           >>>               rustls_cng-655de880d3031699.rustls_cng.afe2845caf8bb2ed-cgu.1.rcgu.o:(<rustls_cng::store::CertStore>::do_find_by_sha256_property) in archive /opt/rustwide/target/release/build/rustls-cng/655de880d3031699/out/librustls_cng-655de880d3031699.rlib
[INFO] [stdout]           >>> referenced by rustls_cng.afe2845caf8bb2ed-cgu.1
[INFO] [stdout]           >>>               rustls_cng-655de880d3031699.rustls_cng.afe2845caf8bb2ed-cgu.1.rcgu.o:(<rustls_cng::store::CertStore>::do_find) in archive /opt/rustwide/target/release/build/rustls-cng/655de880d3031699/out/librustls_cng-655de880d3031699.rlib
[INFO] [stdout]           >>> referenced 1 more times
[INFO] [stdout]           
[INFO] [stdout]           rust-lld: error: undefined symbol: CertGetCertificateContextProperty
[INFO] [stdout]           >>> referenced by rustls_cng.afe2845caf8bb2ed-cgu.1
[INFO] [stdout]           >>>               rustls_cng-655de880d3031699.rustls_cng.afe2845caf8bb2ed-cgu.1.rcgu.o:(<rustls_cng::store::CertStore>::do_find_by_sha256_property) in archive /opt/rustwide/target/release/build/rustls-cng/655de880d3031699/out/librustls_cng-655de880d3031699.rlib
[INFO] [stdout]           
[INFO] [stdout]           rust-lld: error: undefined symbol: CertDuplicateCertificateContext
[INFO] [stdout]           >>> referenced by rustls_cng.afe2845caf8bb2ed-cgu.1
[INFO] [stdout]           >>>               rustls_cng-655de880d3031699.rustls_cng.afe2845caf8bb2ed-cgu.1.rcgu.o:(<rustls_cng::store::CertStore>::do_find_by_sha256_property) in archive /opt/rustwide/target/release/build/rustls-cng/655de880d3031699/out/librustls_cng-655de880d3031699.rlib
[INFO] [stdout]           >>> referenced by rustls_cng.afe2845caf8bb2ed-cgu.1
[INFO] [stdout]           >>>               rustls_cng-655de880d3031699.rustls_cng.afe2845caf8bb2ed-cgu.1.rcgu.o:(<rustls_cng::store::CertStore>::do_find) in archive /opt/rustwide/target/release/build/rustls-cng/655de880d3031699/out/librustls_cng-655de880d3031699.rlib
[INFO] [stdout]           
[INFO] [stdout]           rust-lld: error: undefined symbol: CertFreeCertificateContext
[INFO] [stdout]           >>> referenced by rustls_cng.afe2845caf8bb2ed-cgu.1
[INFO] [stdout]           >>>               rustls_cng-655de880d3031699.rustls_cng.afe2845caf8bb2ed-cgu.1.rcgu.o:(<rustls_cng::store::CertStore>::do_find_by_sha256_property) in archive /opt/rustwide/target/release/build/rustls-cng/655de880d3031699/out/librustls_cng-655de880d3031699.rlib
[INFO] [stdout]           >>> referenced by rustls_cng.afe2845caf8bb2ed-cgu.1
[INFO] [stdout]           >>>               rustls_cng-655de880d3031699.rustls_cng.afe2845caf8bb2ed-cgu.1.rcgu.o:(<rustls_cng::store::CertStore>::do_find) in archive /opt/rustwide/target/release/build/rustls-cng/655de880d3031699/out/librustls_cng-655de880d3031699.rlib
[INFO] [stdout]           >>> referenced by rustls_cng.afe2845caf8bb2ed-cgu.1
[INFO] [stdout]           >>>               rustls_cng-655de880d3031699.rustls_cng.afe2845caf8bb2ed-cgu.1.rcgu.o:(<alloc::sync::Arc<rustls_cng::cert::InnerContext>>::drop_slow) in archive /opt/rustwide/target/release/build/rustls-cng/655de880d3031699/out/librustls_cng-655de880d3031699.rlib
[INFO] [stdout]           
[INFO] [stdout]           rust-lld: error: undefined symbol: CertCloseStore
[INFO] [stdout]           >>> referenced by rustls_cng.afe2845caf8bb2ed-cgu.1
[INFO] [stdout]           >>>               rustls_cng-655de880d3031699.rustls_cng.afe2845caf8bb2ed-cgu.1.rcgu.o:(<rustls_cng::store::CertStore as core::ops::drop::Drop>::drop) in archive /opt/rustwide/target/release/build/rustls-cng/655de880d3031699/out/librustls_cng-655de880d3031699.rlib
[INFO] [stdout]           collect2: error: ld returned 1 exit status
[INFO] [stdout]           
[INFO] [stdout] 
[INFO] [stdout] 
[INFO] [stderr] error: could not compile `rustls-cng` (test "test_find") due to 1 previous error
[INFO] [stderr] warning: build failed, waiting for other jobs to finish...
[INFO] [stdout] error: linking with `cc` failed: exit status: 1
[INFO] [stdout]   |
[INFO] [stdout]   = note:  "cc" "-m64" "/opt/rustwide/target/release/build/rustls-cng/a5695e5a1fb5fb35/out/rustcchadoM/symbols.o" "<2 object files omitted>" "-Wl,--as-needed" "-Wl,-Bstatic" "<sysroot>/lib/rustlib/x86_64-unknown-linux-gnu/lib/{libtest-*,libgetopts-*,librustc_std_workspace_std-*}.rlib" "/opt/rustwide/target/release/build/rustls-cng/655de880d3031699/out/librustls_cng-655de880d3031699.rlib" "/opt/rustwide/target/release/build/bitflags/1be973072239c3aa/out/libbitflags-1be973072239c3aa.rlib" "/opt/rustwide/target/release/build/windows-sys/b09b3f0a79e5260f/out/libwindows_sys-b09b3f0a79e5260f.rlib" "/opt/rustwide/target/release/build/windows-link/eadd802b00b61929/out/libwindows_link-eadd802b00b61929.rlib" "/opt/rustwide/target/release/build/rustls/deae917f65d71161/out/librustls-deae917f65d71161.rlib" "/opt/rustwide/target/release/build/subtle/55d0ad28af99a64a/out/libsubtle-55d0ad28af99a64a.rlib" "/opt/rustwide/target/release/build/rustls-webpki/fd660bdfc3dc15d3/out/libwebpki-fd660bdfc3dc15d3.rlib" "/opt/rustwide/target/release/build/untrusted/5ab0aa40ecba79ee/out/libuntrusted-5ab0aa40ecba79ee.rlib" "/opt/rustwide/target/release/build/aws-lc-rs/512e1a413652305f/out/libaws_lc_rs-512e1a413652305f.rlib" "/opt/rustwide/target/release/build/aws-lc-sys/bdfe6868a30d8c3f/out/libaws_lc_sys-bdfe6868a30d8c3f.rlib" "/opt/rustwide/target/release/build/rustls-pki-types/ec29bfd160ddfb74/out/librustls_pki_types-ec29bfd160ddfb74.rlib" "/opt/rustwide/target/release/build/zeroize/8127b282d78d45ca/out/libzeroize-8127b282d78d45ca.rlib" "/opt/rustwide/target/release/build/log/2e1778f6a4320459/out/liblog-2e1778f6a4320459.rlib" "<sysroot>/lib/rustlib/x86_64-unknown-linux-gnu/lib/{libstd-*,libpanic_unwind-*,libobject-*,libmemchr-*,libaddr2line-*,libgimli-*,libcfg_if-*,librustc_demangle-*,libstd_detect-*,libhashbrown-*,librustc_std_workspace_alloc-*,libminiz_oxide-*,libadler2-*,libunwind-*,liblibc-*,librustc_std_workspace_core-*,liballoc-*,libcore-*,libcompiler_builtins-*}.rlib" "-Wl,-Bdynamic" "-lgcc_s" "-lutil" "-lrt" "-lpthread" "-lm" "-ldl" "-lc" "-L" "/opt/rustwide/target/release/build/rustls-cng/a5695e5a1fb5fb35/out/rustcchadoM/raw-dylibs" "-B<sysroot>/lib/rustlib/x86_64-unknown-linux-gnu/bin/gcc-ld" "-fuse-ld=lld" "-Wl,--eh-frame-hdr" "-Wl,-z,noexecstack" "-L" "/opt/rustwide/target/release/build/aws-lc-sys/1b69e405a4ed7515/out" "-L" "<sysroot>/lib/rustlib/x86_64-unknown-linux-gnu/lib" "-o" "/opt/rustwide/target/release/build/rustls-cng/a5695e5a1fb5fb35/out/test_sign-a5695e5a1fb5fb35" "-Wl,--gc-sections" "-pie" "-Wl,-z,relro,-z,now" "-Wl,-O1" "-Wl,--strip-debug" "-nodefaultlibs"
[INFO] [stdout]   = note: some arguments are omitted. use `--verbose` to show all linker arguments
[INFO] [stdout]   = note: rust-lld: error: undefined symbol: NCryptGetProperty
[INFO] [stdout]           >>> referenced by rustls_cng.afe2845caf8bb2ed-cgu.0
[INFO] [stdout]           >>>               rustls_cng-655de880d3031699.rustls_cng.afe2845caf8bb2ed-cgu.0.rcgu.o:(<rustls_cng::signer::CngSigningKey>::new) in archive /opt/rustwide/target/release/build/rustls-cng/655de880d3031699/out/librustls_cng-655de880d3031699.rlib
[INFO] [stdout]           >>> referenced by rustls_cng.afe2845caf8bb2ed-cgu.1
[INFO] [stdout]           >>>               rustls_cng-655de880d3031699.rustls_cng.afe2845caf8bb2ed-cgu.1.rcgu.o:(<rustls_cng::key::NCryptKey>::get_string_property (.llvm.6607316722376453172)) in archive /opt/rustwide/target/release/build/rustls-cng/655de880d3031699/out/librustls_cng-655de880d3031699.rlib
[INFO] [stdout]           >>> referenced by rustls_cng.afe2845caf8bb2ed-cgu.1
[INFO] [stdout]           >>>               rustls_cng-655de880d3031699.rustls_cng.afe2845caf8bb2ed-cgu.1.rcgu.o:(<rustls_cng::key::NCryptKey>::get_string_property (.llvm.6607316722376453172)) in archive /opt/rustwide/target/release/build/rustls-cng/655de880d3031699/out/librustls_cng-655de880d3031699.rlib
[INFO] [stdout]           
[INFO] [stdout]           rust-lld: error: undefined symbol: CryptAcquireCertificatePrivateKey
[INFO] [stdout]           >>> referenced by rustls_cng.afe2845caf8bb2ed-cgu.0
[INFO] [stdout]           >>>               rustls_cng-655de880d3031699.rustls_cng.afe2845caf8bb2ed-cgu.0.rcgu.o:(<rustls_cng::cert::CertContext>::acquire_key) in archive /opt/rustwide/target/release/build/rustls-cng/655de880d3031699/out/librustls_cng-655de880d3031699.rlib
[INFO] [stdout]           
[INFO] [stdout]           rust-lld: error: undefined symbol: GetLastError
[INFO] [stdout]           >>> referenced by rustls_cng.afe2845caf8bb2ed-cgu.0
[INFO] [stdout]           >>>               rustls_cng-655de880d3031699.rustls_cng.afe2845caf8bb2ed-cgu.0.rcgu.o:(<rustls_cng::cert::CertContext>::acquire_key) in archive /opt/rustwide/target/release/build/rustls-cng/655de880d3031699/out/librustls_cng-655de880d3031699.rlib
[INFO] [stdout]           >>> referenced by rustls_cng.afe2845caf8bb2ed-cgu.1
[INFO] [stdout]           >>>               rustls_cng-655de880d3031699.rustls_cng.afe2845caf8bb2ed-cgu.1.rcgu.o:(<rustls_cng::store::CertStore>::from_pkcs12) in archive /opt/rustwide/target/release/build/rustls-cng/655de880d3031699/out/librustls_cng-655de880d3031699.rlib
[INFO] [stdout]           
[INFO] [stdout]           rust-lld: error: undefined symbol: NCryptFreeObject
[INFO] [stdout]           >>> referenced by rustls_cng.afe2845caf8bb2ed-cgu.0
[INFO] [stdout]           >>>               rustls_cng-655de880d3031699.rustls_cng.afe2845caf8bb2ed-cgu.0.rcgu.o:(<rustls_cng::cert::CertContext>::acquire_key) in archive /opt/rustwide/target/release/build/rustls-cng/655de880d3031699/out/librustls_cng-655de880d3031699.rlib
[INFO] [stdout]           >>> referenced by rustls_cng.afe2845caf8bb2ed-cgu.1
[INFO] [stdout]           >>>               rustls_cng-655de880d3031699.rustls_cng.afe2845caf8bb2ed-cgu.1.rcgu.o:(<alloc::sync::Arc<rustls_cng::key::InnerKey>>::drop_slow) in archive /opt/rustwide/target/release/build/rustls-cng/655de880d3031699/out/librustls_cng-655de880d3031699.rlib
[INFO] [stdout]           
[INFO] [stdout]           rust-lld: error: undefined symbol: BCryptHash
[INFO] [stdout]           >>> referenced by rustls_cng.afe2845caf8bb2ed-cgu.0
[INFO] [stdout]           >>>               rustls_cng-655de880d3031699.rustls_cng.afe2845caf8bb2ed-cgu.0.rcgu.o:(<rustls_cng::signer::CngSigner as rustls::crypto::signer::Signer>::sign) in archive /opt/rustwide/target/release/build/rustls-cng/655de880d3031699/out/librustls_cng-655de880d3031699.rlib
[INFO] [stdout]           
[INFO] [stdout]           rust-lld: error: undefined symbol: CryptEncodeObjectEx
[INFO] [stdout]           >>> referenced by rustls_cng.afe2845caf8bb2ed-cgu.0
[INFO] [stdout]           >>>               rustls_cng-655de880d3031699.rustls_cng.afe2845caf8bb2ed-cgu.0.rcgu.o:(<rustls_cng::signer::CngSigner as rustls::crypto::signer::Signer>::sign) in archive /opt/rustwide/target/release/build/rustls-cng/655de880d3031699/out/librustls_cng-655de880d3031699.rlib
[INFO] [stdout]           >>> referenced by rustls_cng.afe2845caf8bb2ed-cgu.0
[INFO] [stdout]           >>>               rustls_cng-655de880d3031699.rustls_cng.afe2845caf8bb2ed-cgu.0.rcgu.o:(<rustls_cng::signer::CngSigner as rustls::crypto::signer::Signer>::sign) in archive /opt/rustwide/target/release/build/rustls-cng/655de880d3031699/out/librustls_cng-655de880d3031699.rlib
[INFO] [stdout]           
[INFO] [stdout]           rust-lld: error: undefined symbol: NCryptSignHash
[INFO] [stdout]           >>> referenced by rustls_cng.afe2845caf8bb2ed-cgu.1
[INFO] [stdout]           >>>               rustls_cng-655de880d3031699.rustls_cng.afe2845caf8bb2ed-cgu.1.rcgu.o:(<rustls_cng::key::NCryptKey>::sign) in archive /opt/rustwide/target/release/build/rustls-cng/655de880d3031699/out/librustls_cng-655de880d3031699.rlib
[INFO] [stdout]           >>> referenced by rustls_cng.afe2845caf8bb2ed-cgu.1
[INFO] [stdout]           >>>               rustls_cng-655de880d3031699.rustls_cng.afe2845caf8bb2ed-cgu.1.rcgu.o:(<rustls_cng::key::NCryptKey>::sign) in archive /opt/rustwide/target/release/build/rustls-cng/655de880d3031699/out/librustls_cng-655de880d3031699.rlib
[INFO] [stdout]           
[INFO] [stdout]           rust-lld: error: undefined symbol: PFXImportCertStore
[INFO] [stdout]           >>> referenced by rustls_cng.afe2845caf8bb2ed-cgu.1
[INFO] [stdout]           >>>               rustls_cng-655de880d3031699.rustls_cng.afe2845caf8bb2ed-cgu.1.rcgu.o:(<rustls_cng::store::CertStore>::from_pkcs12) in archive /opt/rustwide/target/release/build/rustls-cng/655de880d3031699/out/librustls_cng-655de880d3031699.rlib
[INFO] [stdout]           
[INFO] [stdout]           rust-lld: error: undefined symbol: CertFindCertificateInStore
[INFO] [stdout]           >>> referenced by rustls_cng.afe2845caf8bb2ed-cgu.1
[INFO] [stdout]           >>>               rustls_cng-655de880d3031699.rustls_cng.afe2845caf8bb2ed-cgu.1.rcgu.o:(<rustls_cng::store::CertStore>::do_find) in archive /opt/rustwide/target/release/build/rustls-cng/655de880d3031699/out/librustls_cng-655de880d3031699.rlib
[INFO] [stdout]           >>> referenced by rustls_cng.afe2845caf8bb2ed-cgu.1
[INFO] [stdout]           >>>               rustls_cng-655de880d3031699.rustls_cng.afe2845caf8bb2ed-cgu.1.rcgu.o:(<rustls_cng::store::CertStore>::do_find) in archive /opt/rustwide/target/release/build/rustls-cng/655de880d3031699/out/librustls_cng-655de880d3031699.rlib
[INFO] [stdout]           
[INFO] [stdout]           rust-lld: error: undefined symbol: CertDuplicateCertificateContext
[INFO] [stdout]           >>> referenced by rustls_cng.afe2845caf8bb2ed-cgu.1
[INFO] [stdout]           >>>               rustls_cng-655de880d3031699.rustls_cng.afe2845caf8bb2ed-cgu.1.rcgu.o:(<rustls_cng::store::CertStore>::do_find) in archive /opt/rustwide/target/release/build/rustls-cng/655de880d3031699/out/librustls_cng-655de880d3031699.rlib
[INFO] [stdout]           
[INFO] [stdout]           rust-lld: error: undefined symbol: CertFreeCertificateContext
[INFO] [stdout]           >>> referenced by rustls_cng.afe2845caf8bb2ed-cgu.1
[INFO] [stdout]           >>>               rustls_cng-655de880d3031699.rustls_cng.afe2845caf8bb2ed-cgu.1.rcgu.o:(<rustls_cng::store::CertStore>::do_find) in archive /opt/rustwide/target/release/build/rustls-cng/655de880d3031699/out/librustls_cng-655de880d3031699.rlib
[INFO] [stdout]           >>> referenced by rustls_cng.afe2845caf8bb2ed-cgu.1
[INFO] [stdout]           >>>               rustls_cng-655de880d3031699.rustls_cng.afe2845caf8bb2ed-cgu.1.rcgu.o:(<alloc::sync::Arc<rustls_cng::cert::InnerContext>>::drop_slow) in archive /opt/rustwide/target/release/build/rustls-cng/655de880d3031699/out/librustls_cng-655de880d3031699.rlib
[INFO] [stdout]           
[INFO] [stdout]           rust-lld: error: undefined symbol: CertCloseStore
[INFO] [stdout]           >>> referenced by rustls_cng.afe2845caf8bb2ed-cgu.1
[INFO] [stdout]           >>>               rustls_cng-655de880d3031699.rustls_cng.afe2845caf8bb2ed-cgu.1.rcgu.o:(<rustls_cng::store::CertStore as core::ops::drop::Drop>::drop) in archive /opt/rustwide/target/release/build/rustls-cng/655de880d3031699/out/librustls_cng-655de880d3031699.rlib
[INFO] [stdout]           collect2: error: ld returned 1 exit status
[INFO] [stdout]           
[INFO] [stdout] 
[INFO] [stdout] 
[INFO] [stderr] error: could not compile `rustls-cng` (test "test_sign") due to 1 previous error
[INFO] [stdout] error: linking with `cc` failed: exit status: 1
[INFO] [stdout]   |
[INFO] [stdout]   = note:  "cc" "-m64" "/opt/rustwide/target/release/build/rustls-cng/16931c8f1ab2b16e/out/rustcT0NDPT/symbols.o" "<3 object files omitted>" "-Wl,--as-needed" "-Wl,-Bstatic" "<sysroot>/lib/rustlib/x86_64-unknown-linux-gnu/lib/{libtest-*,libgetopts-*,librustc_std_workspace_std-*}.rlib" "/opt/rustwide/target/release/build/bitflags/1be973072239c3aa/out/libbitflags-1be973072239c3aa.rlib" "/opt/rustwide/target/release/build/rustls/deae917f65d71161/out/librustls-deae917f65d71161.rlib" "/opt/rustwide/target/release/build/subtle/55d0ad28af99a64a/out/libsubtle-55d0ad28af99a64a.rlib" "/opt/rustwide/target/release/build/rustls-webpki/fd660bdfc3dc15d3/out/libwebpki-fd660bdfc3dc15d3.rlib" "/opt/rustwide/target/release/build/untrusted/5ab0aa40ecba79ee/out/libuntrusted-5ab0aa40ecba79ee.rlib" "/opt/rustwide/target/release/build/aws-lc-rs/512e1a413652305f/out/libaws_lc_rs-512e1a413652305f.rlib" "/opt/rustwide/target/release/build/aws-lc-sys/bdfe6868a30d8c3f/out/libaws_lc_sys-bdfe6868a30d8c3f.rlib" "/opt/rustwide/target/release/build/rustls-pki-types/ec29bfd160ddfb74/out/librustls_pki_types-ec29bfd160ddfb74.rlib" "/opt/rustwide/target/release/build/zeroize/8127b282d78d45ca/out/libzeroize-8127b282d78d45ca.rlib" "/opt/rustwide/target/release/build/log/2e1778f6a4320459/out/liblog-2e1778f6a4320459.rlib" "/opt/rustwide/target/release/build/windows-sys/b09b3f0a79e5260f/out/libwindows_sys-b09b3f0a79e5260f.rlib" "/opt/rustwide/target/release/build/windows-link/eadd802b00b61929/out/libwindows_link-eadd802b00b61929.rlib" "<sysroot>/lib/rustlib/x86_64-unknown-linux-gnu/lib/{libstd-*,libpanic_unwind-*,libobject-*,libmemchr-*,libaddr2line-*,libgimli-*,libcfg_if-*,librustc_demangle-*,libstd_detect-*,libhashbrown-*,librustc_std_workspace_alloc-*,libminiz_oxide-*,libadler2-*,libunwind-*,liblibc-*,librustc_std_workspace_core-*,liballoc-*,libcore-*,libcompiler_builtins-*}.rlib" "-Wl,-Bdynamic" "-lgcc_s" "-lutil" "-lrt" "-lpthread" "-lm" "-ldl" "-lc" "-L" "/opt/rustwide/target/release/build/rustls-cng/16931c8f1ab2b16e/out/rustcT0NDPT/raw-dylibs" "-B<sysroot>/lib/rustlib/x86_64-unknown-linux-gnu/bin/gcc-ld" "-fuse-ld=lld" "-Wl,--eh-frame-hdr" "-Wl,-z,noexecstack" "-L" "/opt/rustwide/target/release/build/aws-lc-sys/1b69e405a4ed7515/out" "-L" "<sysroot>/lib/rustlib/x86_64-unknown-linux-gnu/lib" "-o" "/opt/rustwide/target/release/build/rustls-cng/16931c8f1ab2b16e/out/rustls_cng-16931c8f1ab2b16e" "-Wl,--gc-sections" "-pie" "-Wl,-z,relro,-z,now" "-Wl,-O1" "-Wl,--strip-debug" "-nodefaultlibs"
[INFO] [stdout]   = note: some arguments are omitted. use `--verbose` to show all linker arguments
[INFO] [stdout]   = note: rust-lld: error: undefined symbol: CryptEncodeObjectEx
[INFO] [stdout]           >>> referenced by rustls_cng.8a44b4324cad7a42-cgu.0
[INFO] [stdout]           >>>               /opt/rustwide/target/release/build/rustls-cng/16931c8f1ab2b16e/out/rustls_cng-16931c8f1ab2b16e.rustls_cng.8a44b4324cad7a42-cgu.0.rcgu.o:(rustls_cng::signer::p1363_to_der)
[INFO] [stdout]           >>> referenced by rustls_cng.8a44b4324cad7a42-cgu.0
[INFO] [stdout]           >>>               /opt/rustwide/target/release/build/rustls-cng/16931c8f1ab2b16e/out/rustls_cng-16931c8f1ab2b16e.rustls_cng.8a44b4324cad7a42-cgu.0.rcgu.o:(rustls_cng::signer::p1363_to_der)
[INFO] [stdout]           
[INFO] [stdout]           rust-lld: error: undefined symbol: CryptDecodeObjectEx
[INFO] [stdout]           >>> referenced by rustls_cng.8a44b4324cad7a42-cgu.0
[INFO] [stdout]           >>>               /opt/rustwide/target/release/build/rustls-cng/16931c8f1ab2b16e/out/rustls_cng-16931c8f1ab2b16e.rustls_cng.8a44b4324cad7a42-cgu.0.rcgu.o:(rustls_cng::signer::tests::validate_der)
[INFO] [stdout]           >>> referenced by rustls_cng.8a44b4324cad7a42-cgu.0
[INFO] [stdout]           >>>               /opt/rustwide/target/release/build/rustls-cng/16931c8f1ab2b16e/out/rustls_cng-16931c8f1ab2b16e.rustls_cng.8a44b4324cad7a42-cgu.0.rcgu.o:(rustls_cng::signer::tests::validate_der)
[INFO] [stdout]           collect2: error: ld returned 1 exit status
[INFO] [stdout]           
[INFO] [stdout] 
[INFO] [stdout] 
[INFO] [stderr] error: could not compile `rustls-cng` (lib test) due to 1 previous error
[INFO] [stdout] error: linking with `cc` failed: exit status: 1
[INFO] [stdout]   |
[INFO] [stdout]   = note:  "cc" "-m64" "/opt/rustwide/target/release/build/rustls-cng/63d2ec3a4f8632ff/out/rustc6UOxsv/symbols.o" "<10 object files omitted>" "-Wl,--as-needed" "-Wl,-Bstatic" "/opt/rustwide/target/release/build/anyhow/d9d662e7f67d1b3f/out/libanyhow-d9d662e7f67d1b3f.rlib" "/opt/rustwide/target/release/build/rustls-cng/655de880d3031699/out/librustls_cng-655de880d3031699.rlib" "/opt/rustwide/target/release/build/bitflags/1be973072239c3aa/out/libbitflags-1be973072239c3aa.rlib" "/opt/rustwide/target/release/build/windows-sys/b09b3f0a79e5260f/out/libwindows_sys-b09b3f0a79e5260f.rlib" "/opt/rustwide/target/release/build/windows-link/eadd802b00b61929/out/libwindows_link-eadd802b00b61929.rlib" "/opt/rustwide/target/release/build/rustls/deae917f65d71161/out/librustls-deae917f65d71161.rlib" "/opt/rustwide/target/release/build/subtle/55d0ad28af99a64a/out/libsubtle-55d0ad28af99a64a.rlib" "/opt/rustwide/target/release/build/rustls-webpki/fd660bdfc3dc15d3/out/libwebpki-fd660bdfc3dc15d3.rlib" "/opt/rustwide/target/release/build/untrusted/5ab0aa40ecba79ee/out/libuntrusted-5ab0aa40ecba79ee.rlib" "/opt/rustwide/target/release/build/aws-lc-rs/512e1a413652305f/out/libaws_lc_rs-512e1a413652305f.rlib" "/opt/rustwide/target/release/build/aws-lc-sys/bdfe6868a30d8c3f/out/libaws_lc_sys-bdfe6868a30d8c3f.rlib" "/opt/rustwide/target/release/build/rustls-pki-types/ec29bfd160ddfb74/out/librustls_pki_types-ec29bfd160ddfb74.rlib" "/opt/rustwide/target/release/build/zeroize/8127b282d78d45ca/out/libzeroize-8127b282d78d45ca.rlib" "/opt/rustwide/target/release/build/log/2e1778f6a4320459/out/liblog-2e1778f6a4320459.rlib" "/opt/rustwide/target/release/build/clap/7b7501635ff5dcca/out/libclap-7b7501635ff5dcca.rlib" "/opt/rustwide/target/release/build/clap_builder/4f7b2d0d596b5787/out/libclap_builder-4f7b2d0d596b5787.rlib" "/opt/rustwide/target/release/build/strsim/59d8e27f2067b49a/out/libstrsim-59d8e27f2067b49a.rlib" "/opt/rustwide/target/release/build/anstream/fbf9902fe662423b/out/libanstream-fbf9902fe662423b.rlib" "/opt/rustwide/target/release/build/anstyle-query/b45e303465962535/out/libanstyle_query-b45e303465962535.rlib" "/opt/rustwide/target/release/build/is_terminal_polyfill/d4b89543c4de780e/out/libis_terminal_polyfill-d4b89543c4de780e.rlib" "/opt/rustwide/target/release/build/colorchoice/fd7c3d86e50e55dc/out/libcolorchoice-fd7c3d86e50e55dc.rlib" "/opt/rustwide/target/release/build/anstyle-parse/5d41ba8ec76e50fb/out/libanstyle_parse-5d41ba8ec76e50fb.rlib" "/opt/rustwide/target/release/build/utf8parse/fd39fdebeec71100/out/libutf8parse-fd39fdebeec71100.rlib" "/opt/rustwide/target/release/build/clap_lex/07d624aa69fa7d24/out/libclap_lex-07d624aa69fa7d24.rlib" "/opt/rustwide/target/release/build/anstyle/bd06819c7e2cd060/out/libanstyle-bd06819c7e2cd060.rlib" "<sysroot>/lib/rustlib/x86_64-unknown-linux-gnu/lib/{libstd-*,libpanic_unwind-*,libobject-*,libmemchr-*,libaddr2line-*,libgimli-*,libcfg_if-*,librustc_demangle-*,libstd_detect-*,libhashbrown-*,librustc_std_workspace_alloc-*,libminiz_oxide-*,libadler2-*,libunwind-*,liblibc-*,librustc_std_workspace_core-*,liballoc-*,libcore-*,libcompiler_builtins-*}.rlib" "-Wl,-Bdynamic" "-lgcc_s" "-lutil" "-lrt" "-lpthread" "-lm" "-ldl" "-lc" "-L" "/opt/rustwide/target/release/build/rustls-cng/63d2ec3a4f8632ff/out/rustc6UOxsv/raw-dylibs" "-B<sysroot>/lib/rustlib/x86_64-unknown-linux-gnu/bin/gcc-ld" "-fuse-ld=lld" "-Wl,--eh-frame-hdr" "-Wl,-z,noexecstack" "-L" "/opt/rustwide/target/release/build/aws-lc-sys/1b69e405a4ed7515/out" "-L" "<sysroot>/lib/rustlib/x86_64-unknown-linux-gnu/lib" "-o" "/opt/rustwide/target/release/build/rustls-cng/63d2ec3a4f8632ff/out/client" "-Wl,--gc-sections" "-pie" "-Wl,-z,relro,-z,now" "-Wl,-O1" "-Wl,--strip-debug" "-nodefaultlibs"
[INFO] [stdout]   = note: some arguments are omitted. use `--verbose` to show all linker arguments
[INFO] [stdout]   = note: rust-lld: error: undefined symbol: NCryptGetProperty
[INFO] [stdout]           >>> referenced by rustls_cng.afe2845caf8bb2ed-cgu.0
[INFO] [stdout]           >>>               rustls_cng-655de880d3031699.rustls_cng.afe2845caf8bb2ed-cgu.0.rcgu.o:(<rustls_cng::signer::CngSigningKey>::new) in archive /opt/rustwide/target/release/build/rustls-cng/655de880d3031699/out/librustls_cng-655de880d3031699.rlib
[INFO] [stdout]           >>> referenced by rustls_cng.afe2845caf8bb2ed-cgu.1
[INFO] [stdout]           >>>               rustls_cng-655de880d3031699.rustls_cng.afe2845caf8bb2ed-cgu.1.rcgu.o:(<rustls_cng::key::NCryptKey>::get_string_property (.llvm.6607316722376453172)) in archive /opt/rustwide/target/release/build/rustls-cng/655de880d3031699/out/librustls_cng-655de880d3031699.rlib
[INFO] [stdout]           >>> referenced by rustls_cng.afe2845caf8bb2ed-cgu.1
[INFO] [stdout]           >>>               rustls_cng-655de880d3031699.rustls_cng.afe2845caf8bb2ed-cgu.1.rcgu.o:(<rustls_cng::key::NCryptKey>::get_string_property (.llvm.6607316722376453172)) in archive /opt/rustwide/target/release/build/rustls-cng/655de880d3031699/out/librustls_cng-655de880d3031699.rlib
[INFO] [stdout]           
[INFO] [stdout]           rust-lld: error: undefined symbol: CryptAcquireCertificatePrivateKey
[INFO] [stdout]           >>> referenced by rustls_cng.afe2845caf8bb2ed-cgu.0
[INFO] [stdout]           >>>               rustls_cng-655de880d3031699.rustls_cng.afe2845caf8bb2ed-cgu.0.rcgu.o:(<rustls_cng::cert::CertContext>::acquire_key) in archive /opt/rustwide/target/release/build/rustls-cng/655de880d3031699/out/librustls_cng-655de880d3031699.rlib
[INFO] [stdout]           
[INFO] [stdout]           rust-lld: error: undefined symbol: GetLastError
[INFO] [stdout]           >>> referenced by rustls_cng.afe2845caf8bb2ed-cgu.0
[INFO] [stdout]           >>>               rustls_cng-655de880d3031699.rustls_cng.afe2845caf8bb2ed-cgu.0.rcgu.o:(<rustls_cng::cert::CertContext>::acquire_key) in archive /opt/rustwide/target/release/build/rustls-cng/655de880d3031699/out/librustls_cng-655de880d3031699.rlib
[INFO] [stdout]           >>> referenced by rustls_cng.afe2845caf8bb2ed-cgu.0
[INFO] [stdout]           >>>               rustls_cng-655de880d3031699.rustls_cng.afe2845caf8bb2ed-cgu.0.rcgu.o:(<rustls_cng::cert::CertContext>::as_chain_der) in archive /opt/rustwide/target/release/build/rustls-cng/655de880d3031699/out/librustls_cng-655de880d3031699.rlib
[INFO] [stdout]           >>> referenced by rustls_cng.afe2845caf8bb2ed-cgu.1
[INFO] [stdout]           >>>               rustls_cng-655de880d3031699.rustls_cng.afe2845caf8bb2ed-cgu.1.rcgu.o:(<rustls_cng::store::CertStore>::from_pkcs12) in archive /opt/rustwide/target/release/build/rustls-cng/655de880d3031699/out/librustls_cng-655de880d3031699.rlib
[INFO] [stdout]           >>> referenced 1 more times
[INFO] [stdout]           
[INFO] [stdout]           rust-lld: error: undefined symbol: NCryptFreeObject
[INFO] [stdout]           >>> referenced by rustls_cng.afe2845caf8bb2ed-cgu.0
[INFO] [stdout]           >>>               rustls_cng-655de880d3031699.rustls_cng.afe2845caf8bb2ed-cgu.0.rcgu.o:(<rustls_cng::cert::CertContext>::acquire_key) in archive /opt/rustwide/target/release/build/rustls-cng/655de880d3031699/out/librustls_cng-655de880d3031699.rlib
[INFO] [stdout]           >>> referenced by rustls_cng.afe2845caf8bb2ed-cgu.1
[INFO] [stdout]           >>>               rustls_cng-655de880d3031699.rustls_cng.afe2845caf8bb2ed-cgu.1.rcgu.o:(<alloc::sync::Arc<rustls_cng::key::InnerKey>>::drop_slow) in archive /opt/rustwide/target/release/build/rustls-cng/655de880d3031699/out/librustls_cng-655de880d3031699.rlib
[INFO] [stdout]           
[INFO] [stdout]           rust-lld: error: undefined symbol: CertGetCertificateContextProperty
[INFO] [stdout]           >>> referenced by rustls_cng.afe2845caf8bb2ed-cgu.0
[INFO] [stdout]           >>>               rustls_cng-655de880d3031699.rustls_cng.afe2845caf8bb2ed-cgu.0.rcgu.o:(<rustls_cng::cert::CertContext>::as_chain_der) in archive /opt/rustwide/target/release/build/rustls-cng/655de880d3031699/out/librustls_cng-655de880d3031699.rlib
[INFO] [stdout]           
[INFO] [stdout]           rust-lld: error: undefined symbol: CertGetCertificateChain
[INFO] [stdout]           >>> referenced by rustls_cng.afe2845caf8bb2ed-cgu.0
[INFO] [stdout]           >>>               rustls_cng-655de880d3031699.rustls_cng.afe2845caf8bb2ed-cgu.0.rcgu.o:(<rustls_cng::cert::CertContext>::as_chain_der) in archive /opt/rustwide/target/release/build/rustls-cng/655de880d3031699/out/librustls_cng-655de880d3031699.rlib
[INFO] [stdout]           
[INFO] [stdout]           rust-lld: error: undefined symbol: CertFreeCertificateChain
[INFO] [stdout]           >>> referenced by rustls_cng.afe2845caf8bb2ed-cgu.0
[INFO] [stdout]           >>>               rustls_cng-655de880d3031699.rustls_cng.afe2845caf8bb2ed-cgu.0.rcgu.o:(<rustls_cng::cert::CertContext>::as_chain_der) in archive /opt/rustwide/target/release/build/rustls-cng/655de880d3031699/out/librustls_cng-655de880d3031699.rlib
[INFO] [stdout]           
[INFO] [stdout]           rust-lld: error: undefined symbol: BCryptHash
[INFO] [stdout]           >>> referenced by rustls_cng.afe2845caf8bb2ed-cgu.0
[INFO] [stdout]           >>>               rustls_cng-655de880d3031699.rustls_cng.afe2845caf8bb2ed-cgu.0.rcgu.o:(<rustls_cng::signer::CngSigner as rustls::crypto::signer::Signer>::sign) in archive /opt/rustwide/target/release/build/rustls-cng/655de880d3031699/out/librustls_cng-655de880d3031699.rlib
[INFO] [stdout]           
[INFO] [stdout]           rust-lld: error: undefined symbol: CryptEncodeObjectEx
[INFO] [stdout]           >>> referenced by rustls_cng.afe2845caf8bb2ed-cgu.0
[INFO] [stdout]           >>>               rustls_cng-655de880d3031699.rustls_cng.afe2845caf8bb2ed-cgu.0.rcgu.o:(<rustls_cng::signer::CngSigner as rustls::crypto::signer::Signer>::sign) in archive /opt/rustwide/target/release/build/rustls-cng/655de880d3031699/out/librustls_cng-655de880d3031699.rlib
[INFO] [stdout]           >>> referenced by rustls_cng.afe2845caf8bb2ed-cgu.0
[INFO] [stdout]           >>>               rustls_cng-655de880d3031699.rustls_cng.afe2845caf8bb2ed-cgu.0.rcgu.o:(<rustls_cng::signer::CngSigner as rustls::crypto::signer::Signer>::sign) in archive /opt/rustwide/target/release/build/rustls-cng/655de880d3031699/out/librustls_cng-655de880d3031699.rlib
[INFO] [stdout]           
[INFO] [stdout]           rust-lld: error: undefined symbol: NCryptSignHash
[INFO] [stdout]           >>> referenced by rustls_cng.afe2845caf8bb2ed-cgu.1
[INFO] [stdout]           >>>               rustls_cng-655de880d3031699.rustls_cng.afe2845caf8bb2ed-cgu.1.rcgu.o:(<rustls_cng::key::NCryptKey>::sign) in archive /opt/rustwide/target/release/build/rustls-cng/655de880d3031699/out/librustls_cng-655de880d3031699.rlib
[INFO] [stdout]           >>> referenced by rustls_cng.afe2845caf8bb2ed-cgu.1
[INFO] [stdout]           >>>               rustls_cng-655de880d3031699.rustls_cng.afe2845caf8bb2ed-cgu.1.rcgu.o:(<rustls_cng::key::NCryptKey>::sign) in archive /opt/rustwide/target/release/build/rustls-cng/655de880d3031699/out/librustls_cng-655de880d3031699.rlib
[INFO] [stdout]           
[INFO] [stdout]           rust-lld: error: undefined symbol: NCryptSetProperty
[INFO] [stdout]           >>> referenced by rustls_cng.afe2845caf8bb2ed-cgu.1
[INFO] [stdout]           >>>               rustls_cng-655de880d3031699.rustls_cng.afe2845caf8bb2ed-cgu.1.rcgu.o:(<rustls_cng::key::NCryptKey>::set_pin) in archive /opt/rustwide/target/release/build/rustls-cng/655de880d3031699/out/librustls_cng-655de880d3031699.rlib
[INFO] [stdout]           
[INFO] [stdout]           rust-lld: error: undefined symbol: PFXImportCertStore
[INFO] [stdout]           >>> referenced by rustls_cng.afe2845caf8bb2ed-cgu.1
[INFO] [stdout]           >>>               rustls_cng-655de880d3031699.rustls_cng.afe2845caf8bb2ed-cgu.1.rcgu.o:(<rustls_cng::store::CertStore>::from_pkcs12) in archive /opt/rustwide/target/release/build/rustls-cng/655de880d3031699/out/librustls_cng-655de880d3031699.rlib
[INFO] [stdout]           
[INFO] [stdout]           rust-lld: error: undefined symbol: CertOpenStore
[INFO] [stdout]           >>> referenced by rustls_cng.afe2845caf8bb2ed-cgu.1
[INFO] [stdout]           >>>               rustls_cng-655de880d3031699.rustls_cng.afe2845caf8bb2ed-cgu.1.rcgu.o:(<rustls_cng::store::CertStore>::open) in archive /opt/rustwide/target/release/build/rustls-cng/655de880d3031699/out/librustls_cng-655de880d3031699.rlib
[INFO] [stdout]           
[INFO] [stdout]           rust-lld: error: undefined symbol: CertFindCertificateInStore
[INFO] [stdout]           >>> referenced by rustls_cng.afe2845caf8bb2ed-cgu.1
[INFO] [stdout]           >>>               rustls_cng-655de880d3031699.rustls_cng.afe2845caf8bb2ed-cgu.1.rcgu.o:(<rustls_cng::store::CertStore>::do_find) in archive /opt/rustwide/target/release/build/rustls-cng/655de880d3031699/out/librustls_cng-655de880d3031699.rlib
[INFO] [stdout]           >>> referenced by rustls_cng.afe2845caf8bb2ed-cgu.1
[INFO] [stdout]           >>>               rustls_cng-655de880d3031699.rustls_cng.afe2845caf8bb2ed-cgu.1.rcgu.o:(<rustls_cng::store::CertStore>::do_find) in archive /opt/rustwide/target/release/build/rustls-cng/655de880d3031699/out/librustls_cng-655de880d3031699.rlib
[INFO] [stdout]           
[INFO] [stdout]           rust-lld: error: undefined symbol: CertDuplicateCertificateContext
[INFO] [stdout]           >>> referenced by rustls_cng.afe2845caf8bb2ed-cgu.1
[INFO] [stdout]           >>>               rustls_cng-655de880d3031699.rustls_cng.afe2845caf8bb2ed-cgu.1.rcgu.o:(<rustls_cng::store::CertStore>::do_find) in archive /opt/rustwide/target/release/build/rustls-cng/655de880d3031699/out/librustls_cng-655de880d3031699.rlib
[INFO] [stdout]           
[INFO] [stdout]           rust-lld: error: undefined symbol: CertFreeCertificateContext
[INFO] [stdout]           >>> referenced by rustls_cng.afe2845caf8bb2ed-cgu.1
[INFO] [stdout]           >>>               rustls_cng-655de880d3031699.rustls_cng.afe2845caf8bb2ed-cgu.1.rcgu.o:(<rustls_cng::store::CertStore>::do_find) in archive /opt/rustwide/target/release/build/rustls-cng/655de880d3031699/out/librustls_cng-655de880d3031699.rlib
[INFO] [stdout]           >>> referenced by rustls_cng.afe2845caf8bb2ed-cgu.1
[INFO] [stdout]           >>>               rustls_cng-655de880d3031699.rustls_cng.afe2845caf8bb2ed-cgu.1.rcgu.o:(<alloc::sync::Arc<rustls_cng::cert::InnerContext>>::drop_slow) in archive /opt/rustwide/target/release/build/rustls-cng/655de880d3031699/out/librustls_cng-655de880d3031699.rlib
[INFO] [stdout]           
[INFO] [stdout]           rust-lld: error: undefined symbol: CertCloseStore
[INFO] [stdout]           >>> referenced by rustls_cng.afe2845caf8bb2ed-cgu.1
[INFO] [stdout]           >>>               rustls_cng-655de880d3031699.rustls_cng.afe2845caf8bb2ed-cgu.1.rcgu.o:(<rustls_cng::store::CertStore as core::ops::drop::Drop>::drop) in archive /opt/rustwide/target/release/build/rustls-cng/655de880d3031699/out/librustls_cng-655de880d3031699.rlib
[INFO] [stdout]           collect2: error: ld returned 1 exit status
[INFO] [stdout]           
[INFO] [stdout] 
[INFO] [stdout] 
[INFO] [stderr] error: could not compile `rustls-cng` (example "client") due to 1 previous error
[INFO] [stdout] error: linking with `cc` failed: exit status: 1
[INFO] [stdout]   |
[INFO] [stdout]   = note:  "cc" "-m64" "/opt/rustwide/target/release/build/rustls-cng/664339e15faddcc0/out/rustcc4Vls4/symbols.o" "<11 object files omitted>" "-Wl,--as-needed" "-Wl,-Bstatic" "/opt/rustwide/target/release/build/anyhow/d9d662e7f67d1b3f/out/libanyhow-d9d662e7f67d1b3f.rlib" "<sysroot>/lib/rustlib/x86_64-unknown-linux-gnu/lib/{libtest-*,libgetopts-*,librustc_std_workspace_std-*}.rlib" "/opt/rustwide/target/release/build/rustls-cng/655de880d3031699/out/librustls_cng-655de880d3031699.rlib" "/opt/rustwide/target/release/build/bitflags/1be973072239c3aa/out/libbitflags-1be973072239c3aa.rlib" "/opt/rustwide/target/release/build/windows-sys/b09b3f0a79e5260f/out/libwindows_sys-b09b3f0a79e5260f.rlib" "/opt/rustwide/target/release/build/windows-link/eadd802b00b61929/out/libwindows_link-eadd802b00b61929.rlib" "/opt/rustwide/target/release/build/rustls/deae917f65d71161/out/librustls-deae917f65d71161.rlib" "/opt/rustwide/target/release/build/subtle/55d0ad28af99a64a/out/libsubtle-55d0ad28af99a64a.rlib" "/opt/rustwide/target/release/build/rustls-webpki/fd660bdfc3dc15d3/out/libwebpki-fd660bdfc3dc15d3.rlib" "/opt/rustwide/target/release/build/untrusted/5ab0aa40ecba79ee/out/libuntrusted-5ab0aa40ecba79ee.rlib" "/opt/rustwide/target/release/build/aws-lc-rs/512e1a413652305f/out/libaws_lc_rs-512e1a413652305f.rlib" "/opt/rustwide/target/release/build/aws-lc-sys/bdfe6868a30d8c3f/out/libaws_lc_sys-bdfe6868a30d8c3f.rlib" "/opt/rustwide/target/release/build/rustls-pki-types/ec29bfd160ddfb74/out/librustls_pki_types-ec29bfd160ddfb74.rlib" "/opt/rustwide/target/release/build/zeroize/8127b282d78d45ca/out/libzeroize-8127b282d78d45ca.rlib" "/opt/rustwide/target/release/build/log/2e1778f6a4320459/out/liblog-2e1778f6a4320459.rlib" "<sysroot>/lib/rustlib/x86_64-unknown-linux-gnu/lib/{libstd-*,libpanic_unwind-*,libobject-*,libmemchr-*,libaddr2line-*,libgimli-*,libcfg_if-*,librustc_demangle-*,libstd_detect-*,libhashbrown-*,librustc_std_workspace_alloc-*,libminiz_oxide-*,libadler2-*,libunwind-*,liblibc-*,librustc_std_workspace_core-*,liballoc-*,libcore-*,libcompiler_builtins-*}.rlib" "-Wl,-Bdynamic" "-lgcc_s" "-lutil" "-lrt" "-lpthread" "-lm" "-ldl" "-lc" "-L" "/opt/rustwide/target/release/build/rustls-cng/664339e15faddcc0/out/rustcc4Vls4/raw-dylibs" "-B<sysroot>/lib/rustlib/x86_64-unknown-linux-gnu/bin/gcc-ld" "-fuse-ld=lld" "-Wl,--eh-frame-hdr" "-Wl,-z,noexecstack" "-L" "/opt/rustwide/target/release/build/aws-lc-sys/1b69e405a4ed7515/out" "-L" "<sysroot>/lib/rustlib/x86_64-unknown-linux-gnu/lib" "-o" "/opt/rustwide/target/release/build/rustls-cng/664339e15faddcc0/out/test_client_server-664339e15faddcc0" "-Wl,--gc-sections" "-pie" "-Wl,-z,relro,-z,now" "-Wl,-O1" "-Wl,--strip-debug" "-nodefaultlibs"
[INFO] [stdout]   = note: some arguments are omitted. use `--verbose` to show all linker arguments
[INFO] [stdout]   = note: rust-lld: error: undefined symbol: NCryptGetProperty
[INFO] [stdout]           >>> referenced by rustls_cng.afe2845caf8bb2ed-cgu.0
[INFO] [stdout]           >>>               rustls_cng-655de880d3031699.rustls_cng.afe2845caf8bb2ed-cgu.0.rcgu.o:(<rustls_cng::signer::CngSigningKey>::new) in archive /opt/rustwide/target/release/build/rustls-cng/655de880d3031699/out/librustls_cng-655de880d3031699.rlib
[INFO] [stdout]           >>> referenced by rustls_cng.afe2845caf8bb2ed-cgu.1
[INFO] [stdout]           >>>               rustls_cng-655de880d3031699.rustls_cng.afe2845caf8bb2ed-cgu.1.rcgu.o:(<rustls_cng::key::NCryptKey>::get_string_property (.llvm.6607316722376453172)) in archive /opt/rustwide/target/release/build/rustls-cng/655de880d3031699/out/librustls_cng-655de880d3031699.rlib
[INFO] [stdout]           >>> referenced by rustls_cng.afe2845caf8bb2ed-cgu.1
[INFO] [stdout]           >>>               rustls_cng-655de880d3031699.rustls_cng.afe2845caf8bb2ed-cgu.1.rcgu.o:(<rustls_cng::key::NCryptKey>::get_string_property (.llvm.6607316722376453172)) in archive /opt/rustwide/target/release/build/rustls-cng/655de880d3031699/out/librustls_cng-655de880d3031699.rlib
[INFO] [stdout]           
[INFO] [stdout]           rust-lld: error: undefined symbol: CryptAcquireCertificatePrivateKey
[INFO] [stdout]           >>> referenced by rustls_cng.afe2845caf8bb2ed-cgu.0
[INFO] [stdout]           >>>               rustls_cng-655de880d3031699.rustls_cng.afe2845caf8bb2ed-cgu.0.rcgu.o:(<rustls_cng::cert::CertContext>::acquire_key) in archive /opt/rustwide/target/release/build/rustls-cng/655de880d3031699/out/librustls_cng-655de880d3031699.rlib
[INFO] [stdout]           
[INFO] [stdout]           rust-lld: error: undefined symbol: GetLastError
[INFO] [stdout]           >>> referenced by rustls_cng.afe2845caf8bb2ed-cgu.0
[INFO] [stdout]           >>>               rustls_cng-655de880d3031699.rustls_cng.afe2845caf8bb2ed-cgu.0.rcgu.o:(<rustls_cng::cert::CertContext>::acquire_key) in archive /opt/rustwide/target/release/build/rustls-cng/655de880d3031699/out/librustls_cng-655de880d3031699.rlib
[INFO] [stdout]           >>> referenced by rustls_cng.afe2845caf8bb2ed-cgu.0
[INFO] [stdout]           >>>               rustls_cng-655de880d3031699.rustls_cng.afe2845caf8bb2ed-cgu.0.rcgu.o:(<rustls_cng::cert::CertContext>::as_chain_der) in archive /opt/rustwide/target/release/build/rustls-cng/655de880d3031699/out/librustls_cng-655de880d3031699.rlib
[INFO] [stdout]           >>> referenced by rustls_cng.afe2845caf8bb2ed-cgu.1
[INFO] [stdout]           >>>               rustls_cng-655de880d3031699.rustls_cng.afe2845caf8bb2ed-cgu.1.rcgu.o:(<rustls_cng::store::CertStore>::from_pkcs12) in archive /opt/rustwide/target/release/build/rustls-cng/655de880d3031699/out/librustls_cng-655de880d3031699.rlib
[INFO] [stdout]           
[INFO] [stdout]           rust-lld: error: undefined symbol: NCryptFreeObject
[INFO] [stdout]           >>> referenced by rustls_cng.afe2845caf8bb2ed-cgu.0
[INFO] [stdout]           >>>               rustls_cng-655de880d3031699.rustls_cng.afe2845caf8bb2ed-cgu.0.rcgu.o:(<rustls_cng::cert::CertContext>::acquire_key) in archive /opt/rustwide/target/release/build/rustls-cng/655de880d3031699/out/librustls_cng-655de880d3031699.rlib
[INFO] [stdout]           >>> referenced by rustls_cng.afe2845caf8bb2ed-cgu.1
[INFO] [stdout]           >>>               rustls_cng-655de880d3031699.rustls_cng.afe2845caf8bb2ed-cgu.1.rcgu.o:(<alloc::sync::Arc<rustls_cng::key::InnerKey>>::drop_slow) in archive /opt/rustwide/target/release/build/rustls-cng/655de880d3031699/out/librustls_cng-655de880d3031699.rlib
[INFO] [stdout]           
[INFO] [stdout]           rust-lld: error: undefined symbol: CertGetCertificateContextProperty
[INFO] [stdout]           >>> referenced by rustls_cng.afe2845caf8bb2ed-cgu.0
[INFO] [stdout]           >>>               rustls_cng-655de880d3031699.rustls_cng.afe2845caf8bb2ed-cgu.0.rcgu.o:(<rustls_cng::cert::CertContext>::as_chain_der) in archive /opt/rustwide/target/release/build/rustls-cng/655de880d3031699/out/librustls_cng-655de880d3031699.rlib
[INFO] [stdout]           
[INFO] [stdout]           rust-lld: error: undefined symbol: CertGetCertificateChain
[INFO] [stdout]           >>> referenced by rustls_cng.afe2845caf8bb2ed-cgu.0
[INFO] [stdout]           >>>               rustls_cng-655de880d3031699.rustls_cng.afe2845caf8bb2ed-cgu.0.rcgu.o:(<rustls_cng::cert::CertContext>::as_chain_der) in archive /opt/rustwide/target/release/build/rustls-cng/655de880d3031699/out/librustls_cng-655de880d3031699.rlib
[INFO] [stdout]           
[INFO] [stdout]           rust-lld: error: undefined symbol: CertFreeCertificateChain
[INFO] [stdout]           >>> referenced by rustls_cng.afe2845caf8bb2ed-cgu.0
[INFO] [stdout]           >>>               rustls_cng-655de880d3031699.rustls_cng.afe2845caf8bb2ed-cgu.0.rcgu.o:(<rustls_cng::cert::CertContext>::as_chain_der) in archive /opt/rustwide/target/release/build/rustls-cng/655de880d3031699/out/librustls_cng-655de880d3031699.rlib
[INFO] [stdout]           
[INFO] [stdout]           rust-lld: error: undefined symbol: BCryptHash
[INFO] [stdout]           >>> referenced by rustls_cng.afe2845caf8bb2ed-cgu.0
[INFO] [stdout]           >>>               rustls_cng-655de880d3031699.rustls_cng.afe2845caf8bb2ed-cgu.0.rcgu.o:(<rustls_cng::signer::CngSigner as rustls::crypto::signer::Signer>::sign) in archive /opt/rustwide/target/release/build/rustls-cng/655de880d3031699/out/librustls_cng-655de880d3031699.rlib
[INFO] [stdout]           
[INFO] [stdout]           rust-lld: error: undefined symbol: CryptEncodeObjectEx
[INFO] [stdout]           >>> referenced by rustls_cng.afe2845caf8bb2ed-cgu.0
[INFO] [stdout]           >>>               rustls_cng-655de880d3031699.rustls_cng.afe2845caf8bb2ed-cgu.0.rcgu.o:(<rustls_cng::signer::CngSigner as rustls::crypto::signer::Signer>::sign) in archive /opt/rustwide/target/release/build/rustls-cng/655de880d3031699/out/librustls_cng-655de880d3031699.rlib
[INFO] [stdout]           >>> referenced by rustls_cng.afe2845caf8bb2ed-cgu.0
[INFO] [stdout]           >>>               rustls_cng-655de880d3031699.rustls_cng.afe2845caf8bb2ed-cgu.0.rcgu.o:(<rustls_cng::signer::CngSigner as rustls::crypto::signer::Signer>::sign) in archive /opt/rustwide/target/release/build/rustls-cng/655de880d3031699/out/librustls_cng-655de880d3031699.rlib
[INFO] [stdout]           
[INFO] [stdout]           rust-lld: error: undefined symbol: NCryptSignHash
[INFO] [stdout]           >>> referenced by rustls_cng.afe2845caf8bb2ed-cgu.1
[INFO] [stdout]           >>>               rustls_cng-655de880d3031699.rustls_cng.afe2845caf8bb2ed-cgu.1.rcgu.o:(<rustls_cng::key::NCryptKey>::sign) in archive /opt/rustwide/target/release/build/rustls-cng/655de880d3031699/out/librustls_cng-655de880d3031699.rlib
[INFO] [stdout]           >>> referenced by rustls_cng.afe2845caf8bb2ed-cgu.1
[INFO] [stdout]           >>>               rustls_cng-655de880d3031699.rustls_cng.afe2845caf8bb2ed-cgu.1.rcgu.o:(<rustls_cng::key::NCryptKey>::sign) in archive /opt/rustwide/target/release/build/rustls-cng/655de880d3031699/out/librustls_cng-655de880d3031699.rlib
[INFO] [stdout]           
[INFO] [stdout]           rust-lld: error: undefined symbol: PFXImportCertStore
[INFO] [stdout]           >>> referenced by rustls_cng.afe2845caf8bb2ed-cgu.1
[INFO] [stdout]           >>>               rustls_cng-655de880d3031699.rustls_cng.afe2845caf8bb2ed-cgu.1.rcgu.o:(<rustls_cng::store::CertStore>::from_pkcs12) in archive /opt/rustwide/target/release/build/rustls-cng/655de880d3031699/out/librustls_cng-655de880d3031699.rlib
[INFO] [stdout]           
[INFO] [stdout]           rust-lld: error: undefined symbol: CertFindCertificateInStore
[INFO] [stdout]           >>> referenced by rustls_cng.afe2845caf8bb2ed-cgu.1
[INFO] [stdout]           >>>               rustls_cng-655de880d3031699.rustls_cng.afe2845caf8bb2ed-cgu.1.rcgu.o:(<rustls_cng::store::CertStore>::do_find) in archive /opt/rustwide/target/release/build/rustls-cng/655de880d3031699/out/librustls_cng-655de880d3031699.rlib
[INFO] [stdout]           >>> referenced by rustls_cng.afe2845caf8bb2ed-cgu.1
[INFO] [stdout]           >>>               rustls_cng-655de880d3031699.rustls_cng.afe2845caf8bb2ed-cgu.1.rcgu.o:(<rustls_cng::store::CertStore>::do_find) in archive /opt/rustwide/target/release/build/rustls-cng/655de880d3031699/out/librustls_cng-655de880d3031699.rlib
[INFO] [stdout]           
[INFO] [stdout]           rust-lld: error: undefined symbol: CertDuplicateCertificateContext
[INFO] [stdout]           >>> referenced by rustls_cng.afe2845caf8bb2ed-cgu.1
[INFO] [stdout]           >>>               rustls_cng-655de880d3031699.rustls_cng.afe2845caf8bb2ed-cgu.1.rcgu.o:(<rustls_cng::store::CertStore>::do_find) in archive /opt/rustwide/target/release/build/rustls-cng/655de880d3031699/out/librustls_cng-655de880d3031699.rlib
[INFO] [stdout]           
[INFO] [stdout]           rust-lld: error: undefined symbol: CertFreeCertificateContext
[INFO] [stdout]           >>> referenced by rustls_cng.afe2845caf8bb2ed-cgu.1
[INFO] [stdout]           >>>               rustls_cng-655de880d3031699.rustls_cng.afe2845caf8bb2ed-cgu.1.rcgu.o:(<rustls_cng::store::CertStore>::do_find) in archive /opt/rustwide/target/release/build/rustls-cng/655de880d3031699/out/librustls_cng-655de880d3031699.rlib
[INFO] [stdout]           >>> referenced by rustls_cng.afe2845caf8bb2ed-cgu.1
[INFO] [stdout]           >>>               rustls_cng-655de880d3031699.rustls_cng.afe2845caf8bb2ed-cgu.1.rcgu.o:(<alloc::sync::Arc<rustls_cng::cert::InnerContext>>::drop_slow) in archive /opt/rustwide/target/release/build/rustls-cng/655de880d3031699/out/librustls_cng-655de880d3031699.rlib
[INFO] [stdout]           
[INFO] [stdout]           rust-lld: error: undefined symbol: CertCloseStore
[INFO] [stdout]           >>> referenced by rustls_cng.afe2845caf8bb2ed-cgu.1
[INFO] [stdout]           >>>               rustls_cng-655de880d3031699.rustls_cng.afe2845caf8bb2ed-cgu.1.rcgu.o:(<rustls_cng::store::CertStore as core::ops::drop::Drop>::drop) in archive /opt/rustwide/target/release/build/rustls-cng/655de880d3031699/out/librustls_cng-655de880d3031699.rlib
[INFO] [stdout]           collect2: error: ld returned 1 exit status
[INFO] [stdout]           
[INFO] [stdout] 
[INFO] [stdout] 
[INFO] [stderr] error: could not compile `rustls-cng` (test "test_client_server") due to 1 previous error
[INFO] [stdout] error: linking with `cc` failed: exit status: 1
[INFO] [stdout]   |
[INFO] [stdout]   = note:  "cc" "-m64" "/opt/rustwide/target/release/build/rustls-cng/4fb96f8b4b332633/out/rustcKjYyOy/symbols.o" "<10 object files omitted>" "-Wl,--as-needed" "-Wl,-Bstatic" "/opt/rustwide/target/release/build/anyhow/d9d662e7f67d1b3f/out/libanyhow-d9d662e7f67d1b3f.rlib" "/opt/rustwide/target/release/build/rustls-cng/655de880d3031699/out/librustls_cng-655de880d3031699.rlib" "/opt/rustwide/target/release/build/bitflags/1be973072239c3aa/out/libbitflags-1be973072239c3aa.rlib" "/opt/rustwide/target/release/build/windows-sys/b09b3f0a79e5260f/out/libwindows_sys-b09b3f0a79e5260f.rlib" "/opt/rustwide/target/release/build/windows-link/eadd802b00b61929/out/libwindows_link-eadd802b00b61929.rlib" "/opt/rustwide/target/release/build/rustls/deae917f65d71161/out/librustls-deae917f65d71161.rlib" "/opt/rustwide/target/release/build/subtle/55d0ad28af99a64a/out/libsubtle-55d0ad28af99a64a.rlib" "/opt/rustwide/target/release/build/rustls-webpki/fd660bdfc3dc15d3/out/libwebpki-fd660bdfc3dc15d3.rlib" "/opt/rustwide/target/release/build/untrusted/5ab0aa40ecba79ee/out/libuntrusted-5ab0aa40ecba79ee.rlib" "/opt/rustwide/target/release/build/aws-lc-rs/512e1a413652305f/out/libaws_lc_rs-512e1a413652305f.rlib" "/opt/rustwide/target/release/build/aws-lc-sys/bdfe6868a30d8c3f/out/libaws_lc_sys-bdfe6868a30d8c3f.rlib" "/opt/rustwide/target/release/build/rustls-pki-types/ec29bfd160ddfb74/out/librustls_pki_types-ec29bfd160ddfb74.rlib" "/opt/rustwide/target/release/build/zeroize/8127b282d78d45ca/out/libzeroize-8127b282d78d45ca.rlib" "/opt/rustwide/target/release/build/log/2e1778f6a4320459/out/liblog-2e1778f6a4320459.rlib" "/opt/rustwide/target/release/build/clap/7b7501635ff5dcca/out/libclap-7b7501635ff5dcca.rlib" "/opt/rustwide/target/release/build/clap_builder/4f7b2d0d596b5787/out/libclap_builder-4f7b2d0d596b5787.rlib" "/opt/rustwide/target/release/build/strsim/59d8e27f2067b49a/out/libstrsim-59d8e27f2067b49a.rlib" "/opt/rustwide/target/release/build/anstream/fbf9902fe662423b/out/libanstream-fbf9902fe662423b.rlib" "/opt/rustwide/target/release/build/anstyle-query/b45e303465962535/out/libanstyle_query-b45e303465962535.rlib" "/opt/rustwide/target/release/build/is_terminal_polyfill/d4b89543c4de780e/out/libis_terminal_polyfill-d4b89543c4de780e.rlib" "/opt/rustwide/target/release/build/colorchoice/fd7c3d86e50e55dc/out/libcolorchoice-fd7c3d86e50e55dc.rlib" "/opt/rustwide/target/release/build/anstyle-parse/5d41ba8ec76e50fb/out/libanstyle_parse-5d41ba8ec76e50fb.rlib" "/opt/rustwide/target/release/build/utf8parse/fd39fdebeec71100/out/libutf8parse-fd39fdebeec71100.rlib" "/opt/rustwide/target/release/build/clap_lex/07d624aa69fa7d24/out/libclap_lex-07d624aa69fa7d24.rlib" "/opt/rustwide/target/release/build/anstyle/bd06819c7e2cd060/out/libanstyle-bd06819c7e2cd060.rlib" "<sysroot>/lib/rustlib/x86_64-unknown-linux-gnu/lib/{libstd-*,libpanic_unwind-*,libobject-*,libmemchr-*,libaddr2line-*,libgimli-*,libcfg_if-*,librustc_demangle-*,libstd_detect-*,libhashbrown-*,librustc_std_workspace_alloc-*,libminiz_oxide-*,libadler2-*,libunwind-*,liblibc-*,librustc_std_workspace_core-*,liballoc-*,libcore-*,libcompiler_builtins-*}.rlib" "-Wl,-Bdynamic" "-lgcc_s" "-lutil" "-lrt" "-lpthread" "-lm" "-ldl" "-lc" "-L" "/opt/rustwide/target/release/build/rustls-cng/4fb96f8b4b332633/out/rustcKjYyOy/raw-dylibs" "-B<sysroot>/lib/rustlib/x86_64-unknown-linux-gnu/bin/gcc-ld" "-fuse-ld=lld" "-Wl,--eh-frame-hdr" "-Wl,-z,noexecstack" "-L" "/opt/rustwide/target/release/build/aws-lc-sys/1b69e405a4ed7515/out" "-L" "<sysroot>/lib/rustlib/x86_64-unknown-linux-gnu/lib" "-o" "/opt/rustwide/target/release/build/rustls-cng/4fb96f8b4b332633/out/server" "-Wl,--gc-sections" "-pie" "-Wl,-z,relro,-z,now" "-Wl,-O1" "-Wl,--strip-debug" "-nodefaultlibs"
[INFO] [stdout]   = note: some arguments are omitted. use `--verbose` to show all linker arguments
[INFO] [stdout]   = note: rust-lld: error: undefined symbol: NCryptGetProperty
[INFO] [stdout]           >>> referenced by rustls_cng.afe2845caf8bb2ed-cgu.0
[INFO] [stdout]           >>>               rustls_cng-655de880d3031699.rustls_cng.afe2845caf8bb2ed-cgu.0.rcgu.o:(<rustls_cng::signer::CngSigningKey>::new) in archive /opt/rustwide/target/release/build/rustls-cng/655de880d3031699/out/librustls_cng-655de880d3031699.rlib
[INFO] [stdout]           >>> referenced by rustls_cng.afe2845caf8bb2ed-cgu.1
[INFO] [stdout]           >>>               rustls_cng-655de880d3031699.rustls_cng.afe2845caf8bb2ed-cgu.1.rcgu.o:(<rustls_cng::key::NCryptKey>::get_string_property (.llvm.6607316722376453172)) in archive /opt/rustwide/target/release/build/rustls-cng/655de880d3031699/out/librustls_cng-655de880d3031699.rlib
[INFO] [stdout]           >>> referenced by rustls_cng.afe2845caf8bb2ed-cgu.1
[INFO] [stdout]           >>>               rustls_cng-655de880d3031699.rustls_cng.afe2845caf8bb2ed-cgu.1.rcgu.o:(<rustls_cng::key::NCryptKey>::get_string_property (.llvm.6607316722376453172)) in archive /opt/rustwide/target/release/build/rustls-cng/655de880d3031699/out/librustls_cng-655de880d3031699.rlib
[INFO] [stdout]           
[INFO] [stdout]           rust-lld: error: undefined symbol: CryptAcquireCertificatePrivateKey
[INFO] [stdout]           >>> referenced by rustls_cng.afe2845caf8bb2ed-cgu.0
[INFO] [stdout]           >>>               rustls_cng-655de880d3031699.rustls_cng.afe2845caf8bb2ed-cgu.0.rcgu.o:(<rustls_cng::cert::CertContext>::acquire_key) in archive /opt/rustwide/target/release/build/rustls-cng/655de880d3031699/out/librustls_cng-655de880d3031699.rlib
[INFO] [stdout]           
[INFO] [stdout]           rust-lld: error: undefined symbol: GetLastError
[INFO] [stdout]           >>> referenced by rustls_cng.afe2845caf8bb2ed-cgu.0
[INFO] [stdout]           >>>               rustls_cng-655de880d3031699.rustls_cng.afe2845caf8bb2ed-cgu.0.rcgu.o:(<rustls_cng::cert::CertContext>::acquire_key) in archive /opt/rustwide/target/release/build/rustls-cng/655de880d3031699/out/librustls_cng-655de880d3031699.rlib
[INFO] [stdout]           >>> referenced by rustls_cng.afe2845caf8bb2ed-cgu.0
[INFO] [stdout]           >>>               rustls_cng-655de880d3031699.rustls_cng.afe2845caf8bb2ed-cgu.0.rcgu.o:(<rustls_cng::cert::CertContext>::as_chain_der) in archive /opt/rustwide/target/release/build/rustls-cng/655de880d3031699/out/librustls_cng-655de880d3031699.rlib
[INFO] [stdout]           >>> referenced by rustls_cng.afe2845caf8bb2ed-cgu.1
[INFO] [stdout]           >>>               rustls_cng-655de880d3031699.rustls_cng.afe2845caf8bb2ed-cgu.1.rcgu.o:(<rustls_cng::store::CertStore>::from_pkcs12) in archive /opt/rustwide/target/release/build/rustls-cng/655de880d3031699/out/librustls_cng-655de880d3031699.rlib
[INFO] [stdout]           >>> referenced 1 more times
[INFO] [stdout]           
[INFO] [stdout]           rust-lld: error: undefined symbol: NCryptFreeObject
[INFO] [stdout]           >>> referenced by rustls_cng.afe2845caf8bb2ed-cgu.0
[INFO] [stdout]           >>>               rustls_cng-655de880d3031699.rustls_cng.afe2845caf8bb2ed-cgu.0.rcgu.o:(<rustls_cng::cert::CertContext>::acquire_key) in archive /opt/rustwide/target/release/build/rustls-cng/655de880d3031699/out/librustls_cng-655de880d3031699.rlib
[INFO] [stdout]           >>> referenced by rustls_cng.afe2845caf8bb2ed-cgu.1
[INFO] [stdout]           >>>               rustls_cng-655de880d3031699.rustls_cng.afe2845caf8bb2ed-cgu.1.rcgu.o:(<alloc::sync::Arc<rustls_cng::key::InnerKey>>::drop_slow) in archive /opt/rustwide/target/release/build/rustls-cng/655de880d3031699/out/librustls_cng-655de880d3031699.rlib
[INFO] [stdout]           
[INFO] [stdout]           rust-lld: error: undefined symbol: NCryptSignHash
[INFO] [stdout]           >>> referenced by rustls_cng.afe2845caf8bb2ed-cgu.1
[INFO] [stdout]           >>>               rustls_cng-655de880d3031699.rustls_cng.afe2845caf8bb2ed-cgu.1.rcgu.o:(<rustls_cng::key::NCryptKey>::sign) in archive /opt/rustwide/target/release/build/rustls-cng/655de880d3031699/out/librustls_cng-655de880d3031699.rlib
[INFO] [stdout]           >>> referenced by rustls_cng.afe2845caf8bb2ed-cgu.1
[INFO] [stdout]           >>>               rustls_cng-655de880d3031699.rustls_cng.afe2845caf8bb2ed-cgu.1.rcgu.o:(<rustls_cng::key::NCryptKey>::sign) in archive /opt/rustwide/target/release/build/rustls-cng/655de880d3031699/out/librustls_cng-655de880d3031699.rlib
[INFO] [stdout]           
[INFO] [stdout]           rust-lld: error: undefined symbol: NCryptSetProperty
[INFO] [stdout]           >>> referenced by rustls_cng.afe2845caf8bb2ed-cgu.1
[INFO] [stdout]           >>>               rustls_cng-655de880d3031699.rustls_cng.afe2845caf8bb2ed-cgu.1.rcgu.o:(<rustls_cng::key::NCryptKey>::set_pin) in archive /opt/rustwide/target/release/build/rustls-cng/655de880d3031699/out/librustls_cng-655de880d3031699.rlib
[INFO] [stdout]           
[INFO] [stdout]           rust-lld: error: undefined symbol: CertGetCertificateContextProperty
[INFO] [stdout]           >>> referenced by rustls_cng.afe2845caf8bb2ed-cgu.0
[INFO] [stdout]           >>>               rustls_cng-655de880d3031699.rustls_cng.afe2845caf8bb2ed-cgu.0.rcgu.o:(<rustls_cng::cert::CertContext>::as_chain_der) in archive /opt/rustwide/target/release/build/rustls-cng/655de880d3031699/out/librustls_cng-655de880d3031699.rlib
[INFO] [stdout]           
[INFO] [stdout]           rust-lld: error: undefined symbol: CertGetCertificateChain
[INFO] [stdout]           >>> referenced by rustls_cng.afe2845caf8bb2ed-cgu.0
[INFO] [stdout]           >>>               rustls_cng-655de880d3031699.rustls_cng.afe2845caf8bb2ed-cgu.0.rcgu.o:(<rustls_cng::cert::CertContext>::as_chain_der) in archive /opt/rustwide/target/release/build/rustls-cng/655de880d3031699/out/librustls_cng-655de880d3031699.rlib
[INFO] [stdout]           
[INFO] [stdout]           rust-lld: error: undefined symbol: CertFreeCertificateChain
[INFO] [stdout]           >>> referenced by rustls_cng.afe2845caf8bb2ed-cgu.0
[INFO] [stdout]           >>>               rustls_cng-655de880d3031699.rustls_cng.afe2845caf8bb2ed-cgu.0.rcgu.o:(<rustls_cng::cert::CertContext>::as_chain_der) in archive /opt/rustwide/target/release/build/rustls-cng/655de880d3031699/out/librustls_cng-655de880d3031699.rlib
[INFO] [stdout]           
[INFO] [stdout]           rust-lld: error: undefined symbol: BCryptHash
[INFO] [stdout]           >>> referenced by rustls_cng.afe2845caf8bb2ed-cgu.0
[INFO] [stdout]           >>>               rustls_cng-655de880d3031699.rustls_cng.afe2845caf8bb2ed-cgu.0.rcgu.o:(<rustls_cng::signer::CngSigner as rustls::crypto::signer::Signer>::sign) in archive /opt/rustwide/target/release/build/rustls-cng/655de880d3031699/out/librustls_cng-655de880d3031699.rlib
[INFO] [stdout]           
[INFO] [stdout]           rust-lld: error: undefined symbol: CryptEncodeObjectEx
[INFO] [stdout]           >>> referenced by rustls_cng.afe2845caf8bb2ed-cgu.0
[INFO] [stdout]           >>>               rustls_cng-655de880d3031699.rustls_cng.afe2845caf8bb2ed-cgu.0.rcgu.o:(<rustls_cng::signer::CngSigner as rustls::crypto::signer::Signer>::sign) in archive /opt/rustwide/target/release/build/rustls-cng/655de880d3031699/out/librustls_cng-655de880d3031699.rlib
[INFO] [stdout]           >>> referenced by rustls_cng.afe2845caf8bb2ed-cgu.0
[INFO] [stdout]           >>>               rustls_cng-655de880d3031699.rustls_cng.afe2845caf8bb2ed-cgu.0.rcgu.o:(<rustls_cng::signer::CngSigner as rustls::crypto::signer::Signer>::sign) in archive /opt/rustwide/target/release/build/rustls-cng/655de880d3031699/out/librustls_cng-655de880d3031699.rlib
[INFO] [stdout]           
[INFO] [stdout]           rust-lld: error: undefined symbol: PFXImportCertStore
[INFO] [stdout]           >>> referenced by rustls_cng.afe2845caf8bb2ed-cgu.1
[INFO] [stdout]           >>>               rustls_cng-655de880d3031699.rustls_cng.afe2845caf8bb2ed-cgu.1.rcgu.o:(<rustls_cng::store::CertStore>::from_pkcs12) in archive /opt/rustwide/target/release/build/rustls-cng/655de880d3031699/out/librustls_cng-655de880d3031699.rlib
[INFO] [stdout]           
[INFO] [stdout]           rust-lld: error: undefined symbol: CertOpenStore
[INFO] [stdout]           >>> referenced by rustls_cng.afe2845caf8bb2ed-cgu.1
[INFO] [stdout]           >>>               rustls_cng-655de880d3031699.rustls_cng.afe2845caf8bb2ed-cgu.1.rcgu.o:(<rustls_cng::store::CertStore>::open) in archive /opt/rustwide/target/release/build/rustls-cng/655de880d3031699/out/librustls_cng-655de880d3031699.rlib
[INFO] [stdout]           
[INFO] [stdout]           rust-lld: error: undefined symbol: CertFindCertificateInStore
[INFO] [stdout]           >>> referenced by rustls_cng.afe2845caf8bb2ed-cgu.1
[INFO] [stdout]           >>>               rustls_cng-655de880d3031699.rustls_cng.afe2845caf8bb2ed-cgu.1.rcgu.o:(<rustls_cng::store::CertStore>::do_find) in archive /opt/rustwide/target/release/build/rustls-cng/655de880d3031699/out/librustls_cng-655de880d3031699.rlib
[INFO] [stdout]           >>> referenced by rustls_cng.afe2845caf8bb2ed-cgu.1
[INFO] [stdout]           >>>               rustls_cng-655de880d3031699.rustls_cng.afe2845caf8bb2ed-cgu.1.rcgu.o:(<rustls_cng::store::CertStore>::do_find) in archive /opt/rustwide/target/release/build/rustls-cng/655de880d3031699/out/librustls_cng-655de880d3031699.rlib
[INFO] [stdout]           
[INFO] [stdout]           rust-lld: error: undefined symbol: CertDuplicateCertificateContext
[INFO] [stdout]           >>> referenced by rustls_cng.afe2845caf8bb2ed-cgu.1
[INFO] [stdout]           >>>               rustls_cng-655de880d3031699.rustls_cng.afe2845caf8bb2ed-cgu.1.rcgu.o:(<rustls_cng::store::CertStore>::do_find) in archive /opt/rustwide/target/release/build/rustls-cng/655de880d3031699/out/librustls_cng-655de880d3031699.rlib
[INFO] [stdout]           
[INFO] [stdout]           rust-lld: error: undefined symbol: CertFreeCertificateContext
[INFO] [stdout]           >>> referenced by rustls_cng.afe2845caf8bb2ed-cgu.1
[INFO] [stdout]           >>>               rustls_cng-655de880d3031699.rustls_cng.afe2845caf8bb2ed-cgu.1.rcgu.o:(<rustls_cng::store::CertStore>::do_find) in archive /opt/rustwide/target/release/build/rustls-cng/655de880d3031699/out/librustls_cng-655de880d3031699.rlib
[INFO] [stdout]           >>> referenced by rustls_cng.afe2845caf8bb2ed-cgu.1
[INFO] [stdout]           >>>               rustls_cng-655de880d3031699.rustls_cng.afe2845caf8bb2ed-cgu.1.rcgu.o:(<alloc::sync::Arc<rustls_cng::cert::InnerContext>>::drop_slow) in archive /opt/rustwide/target/release/build/rustls-cng/655de880d3031699/out/librustls_cng-655de880d3031699.rlib
[INFO] [stdout]           
[INFO] [stdout]           rust-lld: error: undefined symbol: CertCloseStore
[INFO] [stdout]           >>> referenced by rustls_cng.afe2845caf8bb2ed-cgu.1
[INFO] [stdout]           >>>               rustls_cng-655de880d3031699.rustls_cng.afe2845caf8bb2ed-cgu.1.rcgu.o:(<rustls_cng::store::CertStore as core::ops::drop::Drop>::drop) in archive /opt/rustwide/target/release/build/rustls-cng/655de880d3031699/out/librustls_cng-655de880d3031699.rlib
[INFO] [stdout]           collect2: error: ld returned 1 exit status
[INFO] [stdout]           
[INFO] [stdout] 
[INFO] [stdout] 
[INFO] [stderr] error: could not compile `rustls-cng` (example "server") due to 1 previous error
[INFO] running `Command { std: "docker" "inspect" "b4d33baa4c1ce9a720ceac8d1e8e95737082b6b364ebc54b8ebdaa6205fd7af3", kill_on_drop: false }`
[INFO] running `Command { std: "docker" "rm" "-f" "b4d33baa4c1ce9a720ceac8d1e8e95737082b6b364ebc54b8ebdaa6205fd7af3", kill_on_drop: false }`
[INFO] [stdout] b4d33baa4c1ce9a720ceac8d1e8e95737082b6b364ebc54b8ebdaa6205fd7af3
