[INFO] fetching crate rustible-std 0.8.1...
[INFO] testing rustible-std-0.8.1 against 1.99.0-beta.8+cargoflags=--release for beta-release-1.100-2
[INFO] extracting crate rustible-std 0.8.1 into /workspace/builds/worker-2-tc1/source
[INFO] started tweaking crates.io crate rustible-std 0.8.1
[INFO] removed 0 missing tests
[INFO] finished tweaking crates.io crate rustible-std 0.8.1
[INFO] tweaked toml for crates.io crate rustible-std 0.8.1 written to /workspace/builds/worker-2-tc1/source/Cargo.toml
[INFO] validating manifest of crates.io crate rustible-std 0.8.1 on toolchain 1.99.0-beta.8
[INFO] running `Command { std: CARGO_HOME="/workspace/cargo-home" RUSTUP_HOME="/workspace/rustup-home" "/workspace/cargo-home/bin/cargo" "+1.99.0-beta.8" "metadata" "--manifest-path" "Cargo.toml" "--no-deps", kill_on_drop: false }`
[INFO] crate crates.io crate rustible-std 0.8.1 already has a lockfile, it will not be regenerated
[INFO] running `Command { std: CARGO_HOME="/workspace/cargo-home" RUSTUP_HOME="/workspace/rustup-home" "/workspace/cargo-home/bin/cargo" "+1.99.0-beta.8" "fetch" "--manifest-path" "Cargo.toml", kill_on_drop: false }`
[INFO] [stderr]     Updating crates.io index
[INFO] [stderr]  Downloading crates ...
[INFO] [stderr]   Downloaded ureq v3.4.1
[INFO] [stderr]   Downloaded ureq-proto v0.6.2
[INFO] [stderr]   Downloaded minijinja v3.0.0
[INFO] [stderr]   Downloaded rustible-sdk v0.8.1
[INFO] [stderr]   Downloaded lzma-rust2 v0.20.1
[INFO] running `Command { std: "docker" "create" "-v" "/var/lib/crater-agent-workspace/builds/worker-2-tc1/source:/opt/rustwide/workdir:ro,Z" "-v" "/var/lib/crater-agent-workspace/builds/worker-2-tc1/target:/opt/rustwide/target:rw,Z" "-v" "/var/lib/crater-agent-workspace/cargo-home:/opt/rustwide/cargo-home:ro,Z" "-v" "/var/lib/crater-agent-workspace/rustup-home:/opt/rustwide/rustup-home:ro,Z" "-m" "1610612736" "--network" "none" "ghcr.io/rust-lang/crates-build-env/linux@sha256:77db811e55d90add9212f6832c23229e3de5f1c1f9905e8cb07319ea15df73ac" "sleep" "infinity", kill_on_drop: false }`
[INFO] [stdout] 520eb01cf40aa3062377e20783231160243fa614e6a3c8a68c3a9f3487eb61da
[INFO] running `Command { std: "docker" "start" "520eb01cf40aa3062377e20783231160243fa614e6a3c8a68c3a9f3487eb61da", kill_on_drop: false }`
[INFO] running `Command { std: "docker" "inspect" "520eb01cf40aa3062377e20783231160243fa614e6a3c8a68c3a9f3487eb61da", kill_on_drop: false }`
[INFO] running `Command { std: "docker" "exec" "-e" "SOURCE_DIR=/opt/rustwide/workdir" "-e" "CARGO_HOME=/opt/rustwide/cargo-home" "-e" "RUSTUP_HOME=/opt/rustwide/rustup-home" "-e" "CARGO_TARGET_DIR=/opt/rustwide/target" "-w" "/opt/rustwide/workdir" "--user" "0:0" "520eb01cf40aa3062377e20783231160243fa614e6a3c8a68c3a9f3487eb61da" "/opt/rustwide/cargo-home/bin/cargo" "+1.99.0-beta.8" "metadata" "--no-deps" "--format-version=1", kill_on_drop: false }`
[INFO] running `Command { std: "docker" "inspect" "520eb01cf40aa3062377e20783231160243fa614e6a3c8a68c3a9f3487eb61da", kill_on_drop: false }`
[INFO] running `Command { std: "docker" "exec" "-e" "SOURCE_DIR=/opt/rustwide/workdir" "-e" "CARGO_HOME=/opt/rustwide/cargo-home" "-e" "RUSTUP_HOME=/opt/rustwide/rustup-home" "-e" "CARGO_TARGET_DIR=/opt/rustwide/target" "-e" "CARGO_INCREMENTAL=0" "-e" "RUST_BACKTRACE=full" "-e" "RUSTFLAGS=--cap-lints=warn" "-e" "RUSTDOCFLAGS=--cap-lints=warn" "-w" "/opt/rustwide/workdir" "--user" "0:0" "520eb01cf40aa3062377e20783231160243fa614e6a3c8a68c3a9f3487eb61da" "/opt/rustwide/cargo-home/bin/cargo" "+1.99.0-beta.8" "build" "--frozen" "--message-format=json" "--release", kill_on_drop: false }`
[INFO] [stderr]    Compiling typenum v1.20.1
[INFO] [stderr]    Compiling rustls-pki-types v1.15.1
[INFO] [stderr]    Compiling getrandom v0.2.17
[INFO] [stderr]    Compiling ring v0.17.14
[INFO] [stderr]    Compiling rustix v1.1.4
[INFO] [stderr]    Compiling httparse v1.10.1
[INFO] [stderr]    Compiling serde_json v1.0.151
[INFO] [stderr]    Compiling serde v1.0.229
[INFO] [stderr]    Compiling ref-cast-impl v1.0.27
[INFO] [stderr]    Compiling serde_derive_internals v0.30.0
[INFO] [stderr]    Compiling rustls v0.23.44
[INFO] [stderr]    Compiling linux-raw-sys v0.12.1
[INFO] [stderr]    Compiling crc32fast v1.5.1
[INFO] [stderr]    Compiling const-oid v0.10.2
[INFO] [stderr]    Compiling http v1.5.0
[INFO] [stderr]    Compiling ref-cast v1.0.27
[INFO] [stderr]    Compiling base64 v0.23.1
[INFO] [stderr]    Compiling hybrid-array v0.4.14
[INFO] [stderr]    Compiling generic-array v0.14.7
[INFO] [stderr]    Compiling schemars_derive v1.2.2
[INFO] [stderr]    Compiling miniz_oxide v0.9.1
[INFO] [stderr]    Compiling block-buffer v0.12.1
[INFO] [stderr]    Compiling crypto-common v0.2.2
[INFO] [stderr]    Compiling block-buffer v0.10.4
[INFO] [stderr]    Compiling crypto-common v0.1.7
[INFO] [stderr]    Compiling digest v0.10.7
[INFO] [stderr]    Compiling ureq-proto v0.6.2
[INFO] [stderr]    Compiling schemars v1.2.2
[INFO] [stderr]    Compiling digest v0.11.3
[INFO] [stderr]    Compiling sha2 v0.11.0
[INFO] [stderr]    Compiling minijinja v3.0.0
[INFO] [stderr]    Compiling tempfile v3.27.0
[INFO] [stderr]    Compiling webpki-roots v1.0.9
[INFO] [stderr]    Compiling filetime v0.2.29
[INFO] [stderr]    Compiling twox-hash v2.1.4
[INFO] [stderr]    Compiling similar v2.7.0
[INFO] [stderr]    Compiling utf8-zero v0.8.1
[INFO] [stderr]    Compiling sha2 v0.10.9
[INFO] [stderr]    Compiling ruzstd v0.9.0
[INFO] [stderr]    Compiling tar v0.4.46
[INFO] [stderr]    Compiling lzma-rust2 v0.20.1
[INFO] [stderr]    Compiling flate2 v1.1.10
[INFO] [stderr]    Compiling rustible-sdk v0.8.1
[INFO] [stderr]    Compiling rustls-webpki v0.103.15
[INFO] [stderr]    Compiling ureq v3.4.1
[INFO] [stderr]    Compiling rustible-std v0.8.1 (/opt/rustwide/workdir)
[INFO] [stderr]     Finished `release` profile [optimized] target(s) in 3m 00s
[INFO] running `Command { std: "docker" "inspect" "520eb01cf40aa3062377e20783231160243fa614e6a3c8a68c3a9f3487eb61da", kill_on_drop: false }`
[INFO] running `Command { std: "docker" "exec" "-e" "SOURCE_DIR=/opt/rustwide/workdir" "-e" "CARGO_HOME=/opt/rustwide/cargo-home" "-e" "RUSTUP_HOME=/opt/rustwide/rustup-home" "-e" "CARGO_TARGET_DIR=/opt/rustwide/target" "-e" "CARGO_INCREMENTAL=0" "-e" "RUST_BACKTRACE=full" "-e" "RUSTFLAGS=--cap-lints=warn" "-e" "RUSTDOCFLAGS=--cap-lints=warn" "-w" "/opt/rustwide/workdir" "--user" "0:0" "520eb01cf40aa3062377e20783231160243fa614e6a3c8a68c3a9f3487eb61da" "/opt/rustwide/cargo-home/bin/cargo" "+1.99.0-beta.8" "test" "--frozen" "--no-run" "--message-format=json" "--release", kill_on_drop: false }`
[INFO] [stderr]    Compiling lzma-rust2 v0.20.1
[INFO] [stderr]    Compiling rustible-sdk v0.8.1
[INFO] [stderr]    Compiling rustible-std v0.8.1 (/opt/rustwide/workdir)
[INFO] [stdout] error[E0433]: cannot find module or crate `rustible` in this scope
[INFO] [stdout]  --> tests/it_systemd.rs:8:5
[INFO] [stdout]   |
[INFO] [stdout] 8 | use rustible::prelude::*;
[INFO] [stdout]   |     ^^^^^^^^ use of unresolved module or unlinked crate `rustible`
[INFO] [stdout]   |
[INFO] [stdout]   = help: if you wanted to use a crate named `rustible`, use `cargo add rustible` to add it to your `Cargo.toml`
[INFO] [stdout] 
[INFO] [stdout] 
[INFO] [stdout] error[E0433]: cannot find module or crate `rustible` in this scope
[INFO] [stdout]  --> tests/it_systemd.rs:9:5
[INFO] [stdout]   |
[INFO] [stdout] 9 | use rustible::sdk::System;
[INFO] [stdout]   |     ^^^^^^^^ use of unresolved module or unlinked crate `rustible`
[INFO] [stdout]   |
[INFO] [stdout]   = help: if you wanted to use a crate named `rustible`, use `cargo add rustible` to add it to your `Cargo.toml`
[INFO] [stdout] 
[INFO] [stdout] 
[INFO] [stdout] error[E0433]: cannot find module or crate `rustible` in this scope
[INFO] [stdout]   --> tests/it_systemd.rs:10:5
[INFO] [stdout]    |
[INFO] [stdout] 10 | use rustible::sdk::backend::Local;
[INFO] [stdout]    |     ^^^^^^^^ use of unresolved module or unlinked crate `rustible`
[INFO] [stdout]    |
[INFO] [stdout]    = help: if you wanted to use a crate named `rustible`, use `cargo add rustible` to add it to your `Cargo.toml`
[INFO] [stdout] 
[INFO] [stdout] 
[INFO] [stdout] error[E0433]: cannot find module or crate `rustible` in this scope
[INFO] [stdout]   --> tests/it_systemd.rs:11:5
[INFO] [stdout]    |
[INFO] [stdout] 11 | use rustible::sdk::event::Collect;
[INFO] [stdout]    |     ^^^^^^^^ use of unresolved module or unlinked crate `rustible`
[INFO] [stdout]    |
[INFO] [stdout]    = help: if you wanted to use a crate named `rustible`, use `cargo add rustible` to add it to your `Cargo.toml`
[INFO] [stdout] 
[INFO] [stdout] 
[INFO] [stdout] error[E0433]: cannot find module or crate `rustible` in this scope
[INFO] [stdout]   --> tests/it_systemd.rs:12:5
[INFO] [stdout]    |
[INFO] [stdout] 12 | use rustible::sdk::testing::{self, changed_then_ok};
[INFO] [stdout]    |     ^^^^^^^^ use of unresolved module or unlinked crate `rustible`
[INFO] [stdout]    |
[INFO] [stdout]    = help: if you wanted to use a crate named `rustible`, use `cargo add rustible` to add it to your `Cargo.toml`
[INFO] [stdout] 
[INFO] [stdout] 
[INFO] [stdout] error[E0432]: unresolved imports `rustible::sdk::System`, `rustible::sdk::backend::Local`, `rustible::sdk::event::Collect`, `rustible::sdk::testing::self`, `rustible::sdk::testing::changed_then_ok`
[INFO] [stdout]   --> tests/it_systemd.rs:9:5
[INFO] [stdout]    |
[INFO] [stdout]  9 | use rustible::sdk::System;
[INFO] [stdout]    |     ^^^^^^^^^^^^^^^^^^^^^
[INFO] [stdout] 10 | use rustible::sdk::backend::Local;
[INFO] [stdout]    |     ^^^^^^^^^^^^^^^^^^^^^^^^^^^^^
[INFO] [stdout] 11 | use rustible::sdk::event::Collect;
[INFO] [stdout]    |     ^^^^^^^^^^^^^^^^^^^^^^^^^^^^^
[INFO] [stdout] 12 | use rustible::sdk::testing::{self, changed_then_ok};
[INFO] [stdout]    |                              ^^^^  ^^^^^^^^^^^^^^^
[INFO] [stdout] 
[INFO] [stdout] 
[INFO] [stdout] error[E0433]: cannot find module or crate `rustible` in this scope
[INFO] [stdout]   --> tests/it_systemd.rs:94:3
[INFO] [stdout]    |
[INFO] [stdout] 94 | #[rustible::integration_test(systemd_images = ["jrei/systemd-debian:12", "jrei/systemd-ubuntu:24.04"])]
[INFO] [stdout]    |   ^^^^^^^^ use of unresolved module or unlinked crate `rustible`
[INFO] [stdout] 
[INFO] [stdout] 
[INFO] [stdout] error[E0433]: cannot find module or crate `rustible` in this scope
[INFO] [stdout]   --> tests/it_systemd.rs:17:3
[INFO] [stdout]    |
[INFO] [stdout] 17 | #[rustible::integration_test(systemd_images = ["jrei/systemd-debian:12", "jrei/systemd-ubuntu:24.04"])]
[INFO] [stdout]    |   ^^^^^^^^ use of unresolved module or unlinked crate `rustible`
[INFO] [stdout] 
[INFO] [stdout] 
[INFO] [stdout] error[E0433]: cannot find module or crate `rustible` in this scope
[INFO] [stdout]   --> tests/it_http_download.rs:15:5
[INFO] [stdout]    |
[INFO] [stdout] 15 | use rustible::prelude::*;
[INFO] [stdout]    |     ^^^^^^^^ use of unresolved module or unlinked crate `rustible`
[INFO] [stdout]    |
[INFO] [stdout]    = help: if you wanted to use a crate named `rustible`, use `cargo add rustible` to add it to your `Cargo.toml`
[INFO] [stdout] 
[INFO] [stdout] 
[INFO] [stdout] error[E0433]: cannot find module or crate `rustible` in this scope
[INFO] [stdout]   --> tests/it_http_download.rs:16:5
[INFO] [stdout]    |
[INFO] [stdout] 16 | use rustible::sdk::testing::changed_then_ok;
[INFO] [stdout]    |     ^^^^^^^^ use of unresolved module or unlinked crate `rustible`
[INFO] [stdout]    |
[INFO] [stdout]    = help: if you wanted to use a crate named `rustible`, use `cargo add rustible` to add it to your `Cargo.toml`
[INFO] [stdout] 
[INFO] [stdout] 
[INFO] [stdout] error[E0432]: unresolved import `rustible::sdk::testing::changed_then_ok`
[INFO] [stdout]   --> tests/it_http_download.rs:16:5
[INFO] [stdout]    |
[INFO] [stdout] 16 | use rustible::sdk::testing::changed_then_ok;
[INFO] [stdout]    |     ^^^^^^^^^^^^^^^^^^^^^^^^^^^^^^^^^^^^^^^
[INFO] [stdout] 
[INFO] [stdout] 
[INFO] [stdout] error[E0433]: cannot find module or crate `rustible` in this scope
[INFO] [stdout]   --> tests/it_http_download.rs:65:3
[INFO] [stdout]    |
[INFO] [stdout] 65 | #[rustible::integration_test(images = ["debian:12", "ubuntu:24.04"])]
[INFO] [stdout]    |   ^^^^^^^^ use of unresolved module or unlinked crate `rustible`
[INFO] [stdout] 
[INFO] [stdout] 
[INFO] [stdout] error[E0433]: cannot find module or crate `rustible` in this scope
[INFO] [stdout]  --> tests/it_apt_absent.rs:6:5
[INFO] [stdout]   |
[INFO] [stdout] 6 | use rustible::prelude::*;
[INFO] [stdout]   |     ^^^^^^^^ use of unresolved module or unlinked crate `rustible`
[INFO] [stdout]   |
[INFO] [stdout]   = help: if you wanted to use a crate named `rustible`, use `cargo add rustible` to add it to your `Cargo.toml`
[INFO] [stdout] 
[INFO] [stdout] 
[INFO] [stdout] error[E0433]: cannot find module or crate `rustible` in this scope
[INFO] [stdout]  --> tests/it_apt_absent.rs:7:5
[INFO] [stdout]   |
[INFO] [stdout] 7 | use rustible::sdk::testing::changed_then_ok;
[INFO] [stdout]   |     ^^^^^^^^ use of unresolved module or unlinked crate `rustible`
[INFO] [stdout]   |
[INFO] [stdout]   = help: if you wanted to use a crate named `rustible`, use `cargo add rustible` to add it to your `Cargo.toml`
[INFO] [stdout] 
[INFO] [stdout] 
[INFO] [stdout] error[E0432]: unresolved import `rustible::sdk::testing::changed_then_ok`
[INFO] [stdout]  --> tests/it_apt_absent.rs:7:5
[INFO] [stdout]   |
[INFO] [stdout] 7 | use rustible::sdk::testing::changed_then_ok;
[INFO] [stdout]   |     ^^^^^^^^^^^^^^^^^^^^^^^^^^^^^^^^^^^^^^^
[INFO] [stdout] 
[INFO] [stdout] 
[INFO] [stdout] error[E0433]: cannot find module or crate `rustible` in this scope
[INFO] [stdout]   --> tests/it_apt_absent.rs:10:3
[INFO] [stdout]    |
[INFO] [stdout] 10 | #[rustible::integration_test(images = ["debian:12", "ubuntu:24.04"])]
[INFO] [stdout]    |   ^^^^^^^^ use of unresolved module or unlinked crate `rustible`
[INFO] [stdout] 
[INFO] [stdout] 
[INFO] [stdout] error[E0433]: cannot find module or crate `rustible` in this scope
[INFO] [stdout]   --> tests/it_archive_extracted.rs:10:5
[INFO] [stdout]    |
[INFO] [stdout] 10 | use rustible::prelude::*;
[INFO] [stdout]    |     ^^^^^^^^ use of unresolved module or unlinked crate `rustible`
[INFO] [stdout]    |
[INFO] [stdout]    = help: if you wanted to use a crate named `rustible`, use `cargo add rustible` to add it to your `Cargo.toml`
[INFO] [stdout] 
[INFO] [stdout] 
[INFO] [stdout] error[E0433]: cannot find module or crate `rustible` in this scope
[INFO] [stdout]   --> tests/it_archive_extracted.rs:11:5
[INFO] [stdout]    |
[INFO] [stdout] 11 | use rustible::sdk::testing::changed_then_ok;
[INFO] [stdout]    |     ^^^^^^^^ use of unresolved module or unlinked crate `rustible`
[INFO] [stdout]    |
[INFO] [stdout]    = help: if you wanted to use a crate named `rustible`, use `cargo add rustible` to add it to your `Cargo.toml`
[INFO] [stdout] 
[INFO] [stdout] 
[INFO] [stdout] error[E0432]: unresolved import `rustible::sdk::testing::changed_then_ok`
[INFO] [stdout]   --> tests/it_archive_extracted.rs:11:5
[INFO] [stdout]    |
[INFO] [stdout] 11 | use rustible::sdk::testing::changed_then_ok;
[INFO] [stdout]    |     ^^^^^^^^^^^^^^^^^^^^^^^^^^^^^^^^^^^^^^^
[INFO] [stdout] 
[INFO] [stdout] 
[INFO] [stdout] error[E0433]: cannot find module or crate `rustible` in this scope
[INFO] [stdout]   --> tests/it_archive_extracted.rs:69:3
[INFO] [stdout]    |
[INFO] [stdout] 69 | #[rustible::integration_test(images = ["debian:12", "ubuntu:24.04"])]
[INFO] [stdout]    |   ^^^^^^^^ use of unresolved module or unlinked crate `rustible`
[INFO] [stdout] 
[INFO] [stdout] 
[INFO] [stdout] error[E0433]: cannot find module or crate `rustible` in this scope
[INFO] [stdout]   --> tests/it_user_group.rs:15:5
[INFO] [stdout]    |
[INFO] [stdout] 15 | use rustible::prelude::*;
[INFO] [stdout]    |     ^^^^^^^^ use of unresolved module or unlinked crate `rustible`
[INFO] [stdout]    |
[INFO] [stdout]    = help: if you wanted to use a crate named `rustible`, use `cargo add rustible` to add it to your `Cargo.toml`
[INFO] [stdout] 
[INFO] [stdout] 
[INFO] [stdout] error[E0433]: cannot find module or crate `rustible` in this scope
[INFO] [stdout]   --> tests/it_user_group.rs:16:5
[INFO] [stdout]    |
[INFO] [stdout] 16 | use rustible::sdk::System;
[INFO] [stdout]    |     ^^^^^^^^ use of unresolved module or unlinked crate `rustible`
[INFO] [stdout]    |
[INFO] [stdout]    = help: if you wanted to use a crate named `rustible`, use `cargo add rustible` to add it to your `Cargo.toml`
[INFO] [stdout] 
[INFO] [stdout] 
[INFO] [stdout] error[E0433]: cannot find module or crate `rustible` in this scope
[INFO] [stdout]   --> tests/it_user_group.rs:17:5
[INFO] [stdout]    |
[INFO] [stdout] 17 | use rustible::sdk::event::{Collect, Event, Status};
[INFO] [stdout]    |     ^^^^^^^^ use of unresolved module or unlinked crate `rustible`
[INFO] [stdout]    |
[INFO] [stdout]    = help: if you wanted to use a crate named `rustible`, use `cargo add rustible` to add it to your `Cargo.toml`
[INFO] [stdout] 
[INFO] [stdout] 
[INFO] [stdout] error[E0433]: cannot find module or crate `rustible` in this scope
[INFO] [stdout]   --> tests/it_user_group.rs:18:5
[INFO] [stdout]    |
[INFO] [stdout] 18 | use rustible::sdk::testing::{self, changed_then_ok};
[INFO] [stdout]    |     ^^^^^^^^ use of unresolved module or unlinked crate `rustible`
[INFO] [stdout]    |
[INFO] [stdout]    = help: if you wanted to use a crate named `rustible`, use `cargo add rustible` to add it to your `Cargo.toml`
[INFO] [stdout] 
[INFO] [stdout] 
[INFO] [stdout] error[E0432]: unresolved imports `rustible::sdk::System`, `rustible::sdk::event::Collect`, `rustible::sdk::event::Event`, `rustible::sdk::event::Status`, `rustible::sdk::testing::self`, `rustible::sdk::testing::changed_then_ok`
[INFO] [stdout]   --> tests/it_user_group.rs:16:5
[INFO] [stdout]    |
[INFO] [stdout] 16 | use rustible::sdk::System;
[INFO] [stdout]    |     ^^^^^^^^^^^^^^^^^^^^^
[INFO] [stdout] 17 | use rustible::sdk::event::{Collect, Event, Status};
[INFO] [stdout]    |                            ^^^^^^^  ^^^^^  ^^^^^^
[INFO] [stdout] 18 | use rustible::sdk::testing::{self, changed_then_ok};
[INFO] [stdout]    |                              ^^^^  ^^^^^^^^^^^^^^^
[INFO] [stdout] 
[INFO] [stdout] 
[INFO] [stdout] error[E0433]: cannot find module or crate `rustible` in this scope
[INFO] [stdout]    --> tests/it_user_group.rs:270:3
[INFO] [stdout]     |
[INFO] [stdout] 270 | #[rustible::integration_test(images = ["debian:12", "ubuntu:24.04", "alpine:3.20"])]
[INFO] [stdout]     |   ^^^^^^^^ use of unresolved module or unlinked crate `rustible`
[INFO] [stdout] 
[INFO] [stdout] 
[INFO] [stdout] error[E0433]: cannot find module or crate `rustible` in this scope
[INFO] [stdout]   --> tests/it_user_group.rs:35:3
[INFO] [stdout]    |
[INFO] [stdout] 35 | #[rustible::integration_test(images = ["debian:12", "ubuntu:24.04"])]
[INFO] [stdout]    |   ^^^^^^^^ use of unresolved module or unlinked crate `rustible`
[INFO] [stdout] 
[INFO] [stdout] 
[INFO] [stdout] error[E0433]: cannot find module or crate `rustible` in this scope
[INFO] [stdout]   --> tests/it_authorized_keys.rs:16:5
[INFO] [stdout]    |
[INFO] [stdout] 16 | use rustible::prelude::*;
[INFO] [stdout]    |     ^^^^^^^^ use of unresolved module or unlinked crate `rustible`
[INFO] [stdout]    |
[INFO] [stdout]    = help: if you wanted to use a crate named `rustible`, use `cargo add rustible` to add it to your `Cargo.toml`
[INFO] [stdout] 
[INFO] [stdout] 
[INFO] [stdout] error[E0433]: cannot find module or crate `rustible` in this scope
[INFO] [stdout]   --> tests/it_authorized_keys.rs:17:5
[INFO] [stdout]    |
[INFO] [stdout] 17 | use rustible::sdk::testing::{self, changed_then_ok};
[INFO] [stdout]    |     ^^^^^^^^ use of unresolved module or unlinked crate `rustible`
[INFO] [stdout]    |
[INFO] [stdout]    = help: if you wanted to use a crate named `rustible`, use `cargo add rustible` to add it to your `Cargo.toml`
[INFO] [stdout] 
[INFO] [stdout] 
[INFO] [stdout] error[E0432]: unresolved imports `rustible::sdk::testing::self`, `rustible::sdk::testing::changed_then_ok`
[INFO] [stdout]   --> tests/it_authorized_keys.rs:17:30
[INFO] [stdout]    |
[INFO] [stdout] 17 | use rustible::sdk::testing::{self, changed_then_ok};
[INFO] [stdout]    |                              ^^^^  ^^^^^^^^^^^^^^^
[INFO] [stdout] 
[INFO] [stdout] 
[INFO] [stdout] error[E0433]: cannot find module or crate `rustible` in this scope
[INFO] [stdout]    --> tests/it_authorized_keys.rs:343:3
[INFO] [stdout]     |
[INFO] [stdout] 343 | #[rustible::integration_test(images = ["debian:12"])]
[INFO] [stdout]     |   ^^^^^^^^ use of unresolved module or unlinked crate `rustible`
[INFO] [stdout] 
[INFO] [stdout] 
[INFO] [stdout] error[E0433]: cannot find module or crate `rustible` in this scope
[INFO] [stdout]    --> tests/it_authorized_keys.rs:291:3
[INFO] [stdout]     |
[INFO] [stdout] 291 | #[rustible::integration_test(images = ["debian:12"])]
[INFO] [stdout]     |   ^^^^^^^^ use of unresolved module or unlinked crate `rustible`
[INFO] [stdout] 
[INFO] [stdout] 
[INFO] [stdout] error[E0433]: cannot find module or crate `rustible` in this scope
[INFO] [stdout]    --> tests/it_authorized_keys.rs:244:3
[INFO] [stdout]     |
[INFO] [stdout] 244 | #[rustible::integration_test(images = ["debian:12"])]
[INFO] [stdout]     |   ^^^^^^^^ use of unresolved module or unlinked crate `rustible`
[INFO] [stdout] 
[INFO] [stdout] 
[INFO] [stdout] error[E0433]: cannot find module or crate `rustible` in this scope
[INFO] [stdout]    --> tests/it_authorized_keys.rs:164:3
[INFO] [stdout]     |
[INFO] [stdout] 164 | #[rustible::integration_test(images = ["debian:12"])]
[INFO] [stdout]     |   ^^^^^^^^ use of unresolved module or unlinked crate `rustible`
[INFO] [stdout] 
[INFO] [stdout] 
[INFO] [stdout] error[E0433]: cannot find module or crate `rustible` in this scope
[INFO] [stdout]    --> tests/it_authorized_keys.rs:127:3
[INFO] [stdout]     |
[INFO] [stdout] 127 | #[rustible::integration_test(images = ["debian:12"])]
[INFO] [stdout]     |   ^^^^^^^^ use of unresolved module or unlinked crate `rustible`
[INFO] [stdout] 
[INFO] [stdout] 
[INFO] [stdout] error[E0433]: cannot find module or crate `rustible` in this scope
[INFO] [stdout]   --> tests/it_authorized_keys.rs:25:3
[INFO] [stdout]    |
[INFO] [stdout] 25 | #[rustible::integration_test(images = ["debian:12", "ubuntu:24.04"])]
[INFO] [stdout]    |   ^^^^^^^^ use of unresolved module or unlinked crate `rustible`
[INFO] [stdout] 
[INFO] [stdout] 
[INFO] [stdout] error[E0433]: cannot find module or crate `rustible` in this scope
[INFO] [stdout]   --> tests/it_apt_latest.rs:21:5
[INFO] [stdout]    |
[INFO] [stdout] 21 | use rustible::prelude::*;
[INFO] [stdout]    |     ^^^^^^^^ use of unresolved module or unlinked crate `rustible`
[INFO] [stdout]    |
[INFO] [stdout]    = help: if you wanted to use a crate named `rustible`, use `cargo add rustible` to add it to your `Cargo.toml`
[INFO] [stdout] 
[INFO] [stdout] 
[INFO] [stdout] error[E0433]: cannot find module or crate `rustible` in this scope
[INFO] [stdout]   --> tests/it_apt_latest.rs:22:5
[INFO] [stdout]    |
[INFO] [stdout] 22 | use rustible::sdk::testing::{self, changed_then_ok};
[INFO] [stdout]    |     ^^^^^^^^ use of unresolved module or unlinked crate `rustible`
[INFO] [stdout]    |
[INFO] [stdout]    = help: if you wanted to use a crate named `rustible`, use `cargo add rustible` to add it to your `Cargo.toml`
[INFO] [stdout] 
[INFO] [stdout] 
[INFO] [stdout] error[E0432]: unresolved imports `rustible::sdk::testing::self`, `rustible::sdk::testing::changed_then_ok`
[INFO] [stdout]   --> tests/it_apt_latest.rs:22:30
[INFO] [stdout]    |
[INFO] [stdout] 22 | use rustible::sdk::testing::{self, changed_then_ok};
[INFO] [stdout]    |                              ^^^^  ^^^^^^^^^^^^^^^
[INFO] [stdout] 
[INFO] [stdout] 
[INFO] [stdout] error[E0433]: cannot find module or crate `rustible` in this scope
[INFO] [stdout]   --> tests/it_apt_latest.rs:84:3
[INFO] [stdout]    |
[INFO] [stdout] 84 | #[rustible::integration_test(images = ["debian:12", "ubuntu:24.04"])]
[INFO] [stdout]    |   ^^^^^^^^ use of unresolved module or unlinked crate `rustible`
[INFO] [stdout] 
[INFO] [stdout] 
[INFO] [stdout] error[E0433]: cannot find module or crate `rustible` in this scope
[INFO] [stdout]    --> tests/it_apt_latest.rs:152:3
[INFO] [stdout]     |
[INFO] [stdout] 152 | #[rustible::integration_test(images = ["debian:12", "ubuntu:24.04"])]
[INFO] [stdout]     |   ^^^^^^^^ use of unresolved module or unlinked crate `rustible`
[INFO] [stdout] 
[INFO] [stdout] 
[INFO] [stdout] error[E0433]: cannot find module or crate `rustible` in this scope
[INFO] [stdout]    --> tests/it_apt_latest.rs:208:3
[INFO] [stdout]     |
[INFO] [stdout] 208 | #[rustible::integration_test(images = ["debian:12", "ubuntu:24.04"])]
[INFO] [stdout]     |   ^^^^^^^^ use of unresolved module or unlinked crate `rustible`
[INFO] [stdout] 
[INFO] [stdout] 
[INFO] [stdout] error[E0433]: cannot find module or crate `rustible` in this scope
[INFO] [stdout]    --> tests/it_apt_latest.rs:251:3
[INFO] [stdout]     |
[INFO] [stdout] 251 | #[rustible::integration_test(images = ["debian:12", "ubuntu:24.04"])]
[INFO] [stdout]     |   ^^^^^^^^ use of unresolved module or unlinked crate `rustible`
[INFO] [stdout] 
[INFO] [stdout] 
[INFO] [stdout] error[E0433]: cannot find module or crate `rustible` in this scope
[INFO] [stdout]    --> tests/it_apt_latest.rs:289:3
[INFO] [stdout]     |
[INFO] [stdout] 289 | #[rustible::integration_test(images = ["debian:12", "ubuntu:24.04"])]
[INFO] [stdout]     |   ^^^^^^^^ use of unresolved module or unlinked crate `rustible`
[INFO] [stdout] 
[INFO] [stdout] 
[INFO] [stdout] error[E0433]: cannot find module or crate `rustible` in this scope
[INFO] [stdout]    --> tests/it_apt_latest.rs:330:3
[INFO] [stdout]     |
[INFO] [stdout] 330 | #[rustible::integration_test(images = ["debian:12", "ubuntu:24.04"])]
[INFO] [stdout]     |   ^^^^^^^^ use of unresolved module or unlinked crate `rustible`
[INFO] [stdout] 
[INFO] [stdout] 
[INFO] [stdout] error[E0433]: cannot find module or crate `rustible` in this scope
[INFO] [stdout]    --> tests/it_apt_latest.rs:361:3
[INFO] [stdout]     |
[INFO] [stdout] 361 | #[rustible::integration_test(images = ["debian:12", "ubuntu:24.04"])]
[INFO] [stdout]     |   ^^^^^^^^ use of unresolved module or unlinked crate `rustible`
[INFO] [stdout] 
[INFO] [stdout] 
[INFO] [stdout] error[E0433]: cannot find module or crate `rustible` in this scope
[INFO] [stdout]    --> tests/it_apt_latest.rs:409:3
[INFO] [stdout]     |
[INFO] [stdout] 409 | #[rustible::integration_test(images = ["debian:12", "ubuntu:24.04"])]
[INFO] [stdout]     |   ^^^^^^^^ use of unresolved module or unlinked crate `rustible`
[INFO] [stdout] 
[INFO] [stdout] 
[INFO] [stdout] error[E0425]: cannot find type `Ctx` in this scope
[INFO] [stdout]   --> tests/it_http_download.rs:66:39
[INFO] [stdout]    |
[INFO] [stdout] 66 | fn download_changed_then_ok(ctx: &mut Ctx) -> Result<()> {
[INFO] [stdout]    |                                       ^^^ not found in this scope
[INFO] [stdout] 
[INFO] [stdout] 
[INFO] [stdout] error[E0107]: enum takes 2 generic arguments but 1 generic argument was supplied
[INFO] [stdout]   --> tests/it_http_download.rs:66:47
[INFO] [stdout]    |
[INFO] [stdout] 66 | fn download_changed_then_ok(ctx: &mut Ctx) -> Result<()> {
[INFO] [stdout]    |                                               ^^^^^^ -- supplied 1 generic argument
[INFO] [stdout]    |                                               |
[INFO] [stdout]    |                                               expected 2 generic arguments
[INFO] [stdout]    |
[INFO] [stdout] help: add missing generic argument
[INFO] [stdout]    |
[INFO] [stdout] 66 | fn download_changed_then_ok(ctx: &mut Ctx) -> Result<(), E> {
[INFO] [stdout]    |                                                        +++
[INFO] [stdout] 
[INFO] [stdout] 
[INFO] [stdout] error[E0425]: cannot find type `Ctx` in this scope
[INFO] [stdout]   --> tests/it_apt_absent.rs:11:37
[INFO] [stdout]    |
[INFO] [stdout] 11 | fn absent_changed_then_ok(ctx: &mut Ctx) -> Result<()> {
[INFO] [stdout]    |                                     ^^^ not found in this scope
[INFO] [stdout] 
[INFO] [stdout] 
[INFO] [stdout] error[E0107]: enum takes 2 generic arguments but 1 generic argument was supplied
[INFO] [stdout]   --> tests/it_apt_absent.rs:11:45
[INFO] [stdout]    |
[INFO] [stdout] 11 | fn absent_changed_then_ok(ctx: &mut Ctx) -> Result<()> {
[INFO] [stdout]    |                                             ^^^^^^ -- supplied 1 generic argument
[INFO] [stdout]    |                                             |
[INFO] [stdout]    |                                             expected 2 generic arguments
[INFO] [stdout]    |
[INFO] [stdout] help: add missing generic argument
[INFO] [stdout]    |
[INFO] [stdout] 11 | fn absent_changed_then_ok(ctx: &mut Ctx) -> Result<(), E> {
[INFO] [stdout]    |                                                      +++
[INFO] [stdout] 
[INFO] [stdout] 
[INFO] [stdout] error[E0433]: cannot find type `Pm` in this scope
[INFO] [stdout]   --> tests/it_apt_absent.rs:12:33
[INFO] [stdout]    |
[INFO] [stdout] 12 |     assert!(ctx.facts().has_pm(&Pm::Apt));
[INFO] [stdout]    |                                 ^^ use of undeclared type `Pm`
[INFO] [stdout] 
[INFO] [stdout] 
[INFO] [stdout] error: cannot find macro `ensure` in this scope
[INFO] [stdout]    --> tests/it_authorized_keys.rs:301:5
[INFO] [stdout]     |
[INFO] [stdout] 301 |     ensure!(!ctx.sys().exists(&account.home)?, "the home must be absent");
[INFO] [stdout]     |     ^^^^^^
[INFO] [stdout] 
[INFO] [stdout] 
[INFO] [stdout] error: cannot find macro `ensure` in this scope
[INFO] [stdout]    --> tests/it_authorized_keys.rs:175:5
[INFO] [stdout]     |
[INFO] [stdout] 175 |     ensure!(
[INFO] [stdout]     |     ^^^^^^
[INFO] [stdout] 
[INFO] [stdout] 
[INFO] [stdout] error[E0433]: cannot find module or crate `rustible` in this scope
[INFO] [stdout]    --> tests/it_archive_extracted.rs:112:13
[INFO] [stdout]     |
[INFO] [stdout] 112 |             rustible::sdk::backend::FileKind::Dir
[INFO] [stdout]     |             ^^^^^^^^ use of unresolved module or unlinked crate `rustible`
[INFO] [stdout]     |
[INFO] [stdout]     = help: if you wanted to use a crate named `rustible`, use `cargo add rustible` to add it to your `Cargo.toml`
[INFO] [stdout] 
[INFO] [stdout] 
[INFO] [stdout] Some errors have detailed explanations: E0107, E0425, E0432, E0433.
[INFO] [stdout] 
[INFO] [stdout] For more information about an error, try `rustc --explain E0107`.
[INFO] [stdout] 
[INFO] [stdout] error: cannot find macro `ensure` in this scope
[INFO] [stdout]   --> tests/it_authorized_keys.rs:34:5
[INFO] [stdout]    |
[INFO] [stdout] 34 |     ensure!(
[INFO] [stdout]    |     ^^^^^^
[INFO] [stdout] 
[INFO] [stdout] 
[INFO] [stderr] error: could not compile `rustible-std` (test "it_apt_absent") due to 7 previous errors
[INFO] [stderr] warning: build failed, waiting for other jobs to finish...
[INFO] [stdout] error[E0425]: cannot find type `Ctx` in this scope
[INFO] [stdout]   --> tests/it_systemd.rs:18:45
[INFO] [stdout]    |
[INFO] [stdout] 18 | fn unit_lifecycle_changed_then_ok(ctx: &mut Ctx) -> Result<()> {
[INFO] [stdout]    |                                             ^^^ not found in this scope
[INFO] [stdout] 
[INFO] [stdout] 
[INFO] [stdout] error[E0425]: cannot find type `Ctx` in this scope
[INFO] [stdout]   --> tests/it_systemd.rs:95:60
[INFO] [stdout]    |
[INFO] [stdout] 95 | fn user_units_of_another_account_through_as_user(ctx: &mut Ctx) -> Result<()> {
[INFO] [stdout]    |                                                            ^^^ not found in this scope
[INFO] [stdout] 
[INFO] [stdout] 
[INFO] [stdout] error[E0107]: enum takes 2 generic arguments but 1 generic argument was supplied
[INFO] [stdout]   --> tests/it_systemd.rs:18:53
[INFO] [stdout]    |
[INFO] [stdout] 18 | fn unit_lifecycle_changed_then_ok(ctx: &mut Ctx) -> Result<()> {
[INFO] [stdout]    |                                                     ^^^^^^ -- supplied 1 generic argument
[INFO] [stdout]    |                                                     |
[INFO] [stdout]    |                                                     expected 2 generic arguments
[INFO] [stdout]    |
[INFO] [stdout] help: add missing generic argument
[INFO] [stdout]    |
[INFO] [stdout] 18 | fn unit_lifecycle_changed_then_ok(ctx: &mut Ctx) -> Result<(), E> {
[INFO] [stdout]    |                                                              +++
[INFO] [stdout] 
[INFO] [stdout] 
[INFO] [stdout] error[E0425]: cannot find type `Ctx` in this scope
[INFO] [stdout]   --> tests/it_archive_extracted.rs:70:40
[INFO] [stdout]    |
[INFO] [stdout] 70 | fn extracted_changed_then_ok(ctx: &mut Ctx) -> Result<()> {
[INFO] [stdout]    |                                        ^^^ not found in this scope
[INFO] [stdout] 
[INFO] [stdout] 
[INFO] [stdout] error[E0107]: enum takes 2 generic arguments but 1 generic argument was supplied
[INFO] [stdout]   --> tests/it_systemd.rs:95:68
[INFO] [stdout]    |
[INFO] [stdout] 95 | fn user_units_of_another_account_through_as_user(ctx: &mut Ctx) -> Result<()> {
[INFO] [stdout]    |                                                                    ^^^^^^ -- supplied 1 generic argument
[INFO] [stdout]    |                                                                    |
[INFO] [stdout]    |                                                                    expected 2 generic arguments
[INFO] [stdout]    |
[INFO] [stdout] help: add missing generic argument
[INFO] [stdout]    |
[INFO] [stdout] 95 | fn user_units_of_another_account_through_as_user(ctx: &mut Ctx) -> Result<(), E> {
[INFO] [stdout]    |                                                                             +++
[INFO] [stdout] 
[INFO] [stdout] 
[INFO] [stdout] error[E0433]: cannot find type `Init` in this scope
[INFO] [stdout]   --> tests/it_systemd.rs:19:34
[INFO] [stdout]    |
[INFO] [stdout] 19 |     assert_eq!(ctx.facts().init, Init::Systemd);
[INFO] [stdout]    |                                  ^^^^ use of undeclared type `Init`
[INFO] [stdout] 
[INFO] [stdout] 
[INFO] [stdout] error[E0107]: enum takes 2 generic arguments but 1 generic argument was supplied
[INFO] [stdout]   --> tests/it_archive_extracted.rs:70:48
[INFO] [stdout]    |
[INFO] [stdout] 70 | fn extracted_changed_then_ok(ctx: &mut Ctx) -> Result<()> {
[INFO] [stdout]    |                                                ^^^^^^ -- supplied 1 generic argument
[INFO] [stdout]    |                                                |
[INFO] [stdout]    |                                                expected 2 generic arguments
[INFO] [stdout]    |
[INFO] [stdout] help: add missing generic argument
[INFO] [stdout]    |
[INFO] [stdout] 70 | fn extracted_changed_then_ok(ctx: &mut Ctx) -> Result<(), E> {
[INFO] [stdout]    |                                                         +++
[INFO] [stdout] 
[INFO] [stdout] 
[INFO] [stdout] error[E0425]: cannot find type `Ctx` in this scope
[INFO] [stdout]   --> tests/it_user_group.rs:36:47
[INFO] [stdout]    |
[INFO] [stdout] 36 | fn users_and_groups_changed_then_ok(ctx: &mut Ctx) -> Result<()> {
[INFO] [stdout]    |                                               ^^^ not found in this scope
[INFO] [stdout] 
[INFO] [stdout] 
[INFO] [stdout] error[E0425]: cannot find type `Ctx` in this scope
[INFO] [stdout]    --> tests/it_user_group.rs:271:62
[INFO] [stdout]     |
[INFO] [stdout] 271 | fn a_dry_run_waits_for_an_account_it_would_create(_ctx: &mut Ctx) -> Result<()> {
[INFO] [stdout]     |                                                              ^^^ not found in this scope
[INFO] [stdout] 
[INFO] [stdout] 
[INFO] [stdout] Some errors have detailed explanations: E0107, E0425, E0432, E0433.
[INFO] [stdout] 
[INFO] [stdout] For more information about an error, try `rustc --explain E0107`.
[INFO] [stdout] 
[INFO] [stderr] error: could not compile `rustible-std` (test "it_systemd") due to 13 previous errors
[INFO] [stdout] error[E0107]: enum takes 2 generic arguments but 1 generic argument was supplied
[INFO] [stdout]   --> tests/it_user_group.rs:36:55
[INFO] [stdout]    |
[INFO] [stdout] 36 | fn users_and_groups_changed_then_ok(ctx: &mut Ctx) -> Result<()> {
[INFO] [stdout]    |                                                       ^^^^^^ -- supplied 1 generic argument
[INFO] [stdout]    |                                                       |
[INFO] [stdout]    |                                                       expected 2 generic arguments
[INFO] [stdout]    |
[INFO] [stdout] help: add missing generic argument
[INFO] [stdout]    |
[INFO] [stdout] 36 | fn users_and_groups_changed_then_ok(ctx: &mut Ctx) -> Result<(), E> {
[INFO] [stdout]    |                                                                +++
[INFO] [stdout] 
[INFO] [stdout] 
[INFO] [stdout] error[E0107]: enum takes 2 generic arguments but 1 generic argument was supplied
[INFO] [stdout]    --> tests/it_user_group.rs:271:70
[INFO] [stdout]     |
[INFO] [stdout] 271 | fn a_dry_run_waits_for_an_account_it_would_create(_ctx: &mut Ctx) -> Result<()> {
[INFO] [stdout]     |                                                                      ^^^^^^ -- supplied 1 generic argument
[INFO] [stdout]     |                                                                      |
[INFO] [stdout]     |                                                                      expected 2 generic arguments
[INFO] [stdout]     |
[INFO] [stdout] help: add missing generic argument
[INFO] [stdout]     |
[INFO] [stdout] 271 | fn a_dry_run_waits_for_an_account_it_would_create(_ctx: &mut Ctx) -> Result<(), E> {
[INFO] [stdout]     |                                                                               +++
[INFO] [stdout] 
[INFO] [stdout] 
[INFO] [stdout] Some errors have detailed explanations: E0107, E0425, E0432, E0433.
[INFO] [stdout] 
[INFO] [stdout] For more information about an error, try `rustc --explain E0107`.
[INFO] [stdout] 
[INFO] [stderr] error: could not compile `rustible-std` (test "it_http_download") due to 6 previous errors
[INFO] [stdout] error[E0433]: cannot find module or crate `rustible` in this scope
[INFO] [stdout]    --> tests/it_authorized_keys.rs:272:9
[INFO] [stdout]     |
[INFO] [stdout] 272 |         rustible::sdk::backend::FileKind::Symlink,
[INFO] [stdout]     |         ^^^^^^^^ use of unresolved module or unlinked crate `rustible`
[INFO] [stdout]     |
[INFO] [stdout]     = help: if you wanted to use a crate named `rustible`, use `cargo add rustible` to add it to your `Cargo.toml`
[INFO] [stdout] 
[INFO] [stdout] 
[INFO] [stdout] error[E0425]: cannot find type `Ctx` in this scope
[INFO] [stdout]   --> tests/it_authorized_keys.rs:26:46
[INFO] [stdout]    |
[INFO] [stdout] 26 | fn authorized_keys_changed_then_ok(ctx: &mut Ctx) -> Result<()> {
[INFO] [stdout]    |                                              ^^^ not found in this scope
[INFO] [stdout] 
[INFO] [stdout] 
[INFO] [stdout] error[E0425]: cannot find type `Ctx` in this scope
[INFO] [stdout]    --> tests/it_authorized_keys.rs:128:53
[INFO] [stdout]     |
[INFO] [stdout] 128 | fn wrong_modes_and_ownership_are_repaired(ctx: &mut Ctx) -> Result<()> {
[INFO] [stdout]     |                                                     ^^^ not found in this scope
[INFO] [stdout] 
[INFO] [stdout] 
[INFO] [stdout] error[E0425]: cannot find type `Ctx` in this scope
[INFO] [stdout]    --> tests/it_authorized_keys.rs:165:41
[INFO] [stdout]     |
[INFO] [stdout] 165 | fn refusals_that_need_a_human(ctx: &mut Ctx) -> Result<()> {
[INFO] [stdout]     |                                         ^^^ not found in this scope
[INFO] [stdout] 
[INFO] [stdout] 
[INFO] [stdout] error[E0425]: cannot find type `Ctx` in this scope
[INFO] [stdout]    --> tests/it_authorized_keys.rs:245:66
[INFO] [stdout]     |
[INFO] [stdout] 245 | fn symlinked_ssh_dir_is_followed_to_the_real_directory(ctx: &mut Ctx) -> Result<()> {
[INFO] [stdout]     |                                                                  ^^^ not found in this scope
[INFO] [stdout] 
[INFO] [stdout] 
[INFO] [stdout] error[E0425]: cannot find type `Ctx` in this scope
[INFO] [stdout]    --> tests/it_authorized_keys.rs:292:59
[INFO] [stdout]     |
[INFO] [stdout] 292 | fn a_dry_run_of_a_first_provision_does_not_fail(ctx: &mut Ctx) -> Result<()> {
[INFO] [stdout]     |                                                           ^^^ not found in this scope
[INFO] [stdout] 
[INFO] [stdout] 
[INFO] [stdout] error[E0425]: cannot find type `Ctx` in this scope
[INFO] [stdout]    --> tests/it_authorized_keys.rs:344:58
[INFO] [stdout]     |
[INFO] [stdout] 344 | fn in_file_owns_the_file_and_nothing_around_it(ctx: &mut Ctx) -> Result<()> {
[INFO] [stdout]     |                                                          ^^^ not found in this scope
[INFO] [stdout] 
[INFO] [stdout] 
[INFO] [stdout] error[E0599]: no method named `always_changes` found for struct `Extracted` in the current scope
[INFO] [stdout]    --> tests/it_archive_extracted.rs:139:18
[INFO] [stdout]     |
[INFO] [stdout] 139 |     assert!(op().always_changes());
[INFO] [stdout]     |                  ^^^^^^^^^^^^^^ method not found in `Extracted`
[INFO] [stdout]     |
[INFO] [stdout]    ::: /opt/rustwide/cargo-home/registry/src/index.crates.io-1949cf8c6b5b557f/rustible-sdk-0.8.1/src/op.rs:144:8
[INFO] [stdout]     |
[INFO] [stdout] 144 |     fn always_changes(&self) -> bool {
[INFO] [stdout]     |        -------------- the method is available for `Extracted` here
[INFO] [stdout]     |
[INFO] [stdout]     = help: items from traits can only be used if the trait is in scope
[INFO] [stdout] help: trait `Op` which provides `always_changes` is implemented but not in scope; perhaps you want to import it
[INFO] [stdout]     |
[INFO] [stdout]  10 + use rustible_sdk::op::Op;
[INFO] [stdout]     |
[INFO] [stdout] 
[INFO] [stdout] 
[INFO] [stdout] error[E0107]: enum takes 2 generic arguments but 1 generic argument was supplied
[INFO] [stdout]   --> tests/it_authorized_keys.rs:26:54
[INFO] [stdout]    |
[INFO] [stdout] 26 | fn authorized_keys_changed_then_ok(ctx: &mut Ctx) -> Result<()> {
[INFO] [stdout]    |                                                      ^^^^^^ -- supplied 1 generic argument
[INFO] [stdout]    |                                                      |
[INFO] [stdout]    |                                                      expected 2 generic arguments
[INFO] [stdout]    |
[INFO] [stdout] help: add missing generic argument
[INFO] [stdout]    |
[INFO] [stdout] 26 | fn authorized_keys_changed_then_ok(ctx: &mut Ctx) -> Result<(), E> {
[INFO] [stdout]    |                                                               +++
[INFO] [stdout] 
[INFO] [stdout] 
[INFO] [stdout] error[E0107]: enum takes 2 generic arguments but 1 generic argument was supplied
[INFO] [stdout]    --> tests/it_authorized_keys.rs:128:61
[INFO] [stdout]     |
[INFO] [stdout] 128 | fn wrong_modes_and_ownership_are_repaired(ctx: &mut Ctx) -> Result<()> {
[INFO] [stdout]     |                                                             ^^^^^^ -- supplied 1 generic argument
[INFO] [stdout]     |                                                             |
[INFO] [stdout]     |                                                             expected 2 generic arguments
[INFO] [stdout]     |
[INFO] [stdout] help: add missing generic argument
[INFO] [stdout]     |
[INFO] [stdout] 128 | fn wrong_modes_and_ownership_are_repaired(ctx: &mut Ctx) -> Result<(), E> {
[INFO] [stdout]     |                                                                      +++
[INFO] [stdout] 
[INFO] [stdout] 
[INFO] [stdout] error[E0107]: enum takes 2 generic arguments but 1 generic argument was supplied
[INFO] [stdout]    --> tests/it_authorized_keys.rs:165:49
[INFO] [stdout]     |
[INFO] [stdout] 165 | fn refusals_that_need_a_human(ctx: &mut Ctx) -> Result<()> {
[INFO] [stdout]     |                                                 ^^^^^^ -- supplied 1 generic argument
[INFO] [stdout]     |                                                 |
[INFO] [stdout]     |                                                 expected 2 generic arguments
[INFO] [stdout]     |
[INFO] [stdout] help: add missing generic argument
[INFO] [stdout]     |
[INFO] [stdout] 165 | fn refusals_that_need_a_human(ctx: &mut Ctx) -> Result<(), E> {
[INFO] [stdout]     |                                                          +++
[INFO] [stdout] 
[INFO] [stdout] 
[INFO] [stdout] error[E0107]: enum takes 2 generic arguments but 1 generic argument was supplied
[INFO] [stdout]    --> tests/it_authorized_keys.rs:245:74
[INFO] [stdout]     |
[INFO] [stdout] 245 | fn symlinked_ssh_dir_is_followed_to_the_real_directory(ctx: &mut Ctx) -> Result<()> {
[INFO] [stdout]     |                                                                          ^^^^^^ -- supplied 1 generic argument
[INFO] [stdout]     |                                                                          |
[INFO] [stdout]     |                                                                          expected 2 generic arguments
[INFO] [stdout]     |
[INFO] [stdout] help: add missing generic argument
[INFO] [stdout]     |
[INFO] [stdout] 245 | fn symlinked_ssh_dir_is_followed_to_the_real_directory(ctx: &mut Ctx) -> Result<(), E> {
[INFO] [stdout]     |                                                                                   +++
[INFO] [stdout] 
[INFO] [stdout] 
[INFO] [stdout] error[E0107]: enum takes 2 generic arguments but 1 generic argument was supplied
[INFO] [stdout]    --> tests/it_authorized_keys.rs:292:67
[INFO] [stdout]     |
[INFO] [stdout] 292 | fn a_dry_run_of_a_first_provision_does_not_fail(ctx: &mut Ctx) -> Result<()> {
[INFO] [stdout]     |                                                                   ^^^^^^ -- supplied 1 generic argument
[INFO] [stdout]     |                                                                   |
[INFO] [stdout]     |                                                                   expected 2 generic arguments
[INFO] [stdout]     |
[INFO] [stdout] help: add missing generic argument
[INFO] [stdout]     |
[INFO] [stdout] 292 | fn a_dry_run_of_a_first_provision_does_not_fail(ctx: &mut Ctx) -> Result<(), E> {
[INFO] [stdout]     |                                                                            +++
[INFO] [stdout] 
[INFO] [stdout] 
[INFO] [stdout] error[E0107]: enum takes 2 generic arguments but 1 generic argument was supplied
[INFO] [stdout]    --> tests/it_authorized_keys.rs:344:66
[INFO] [stdout]     |
[INFO] [stdout] 344 | fn in_file_owns_the_file_and_nothing_around_it(ctx: &mut Ctx) -> Result<()> {
[INFO] [stdout]     |                                                                  ^^^^^^ -- supplied 1 generic argument
[INFO] [stdout]     |                                                                  |
[INFO] [stdout]     |                                                                  expected 2 generic arguments
[INFO] [stdout]     |
[INFO] [stdout] help: add missing generic argument
[INFO] [stdout]     |
[INFO] [stdout] 344 | fn in_file_owns_the_file_and_nothing_around_it(ctx: &mut Ctx) -> Result<(), E> {
[INFO] [stdout]     |                                                                           +++
[INFO] [stdout] 
[INFO] [stdout] 
[INFO] [stdout] Some errors have detailed explanations: E0107, E0425, E0432, E0433.
[INFO] [stdout] 
[INFO] [stdout] For more information about an error, try `rustc --explain E0107`.
[INFO] [stdout] 
[INFO] [stdout] error[E0599]: no method named `check` found for struct `Extracted` in the current scope
[INFO] [stdout]    --> tests/it_archive_extracted.rs:193:39
[INFO] [stdout]     |
[INFO] [stdout] 193 |         let Plan::Change(intent) = op.check(sys)? else {
[INFO] [stdout]     |                                       ^^^^^ method not found in `Extracted`
[INFO] [stdout]     |
[INFO] [stdout]    ::: /opt/rustwide/cargo-home/registry/src/index.crates.io-1949cf8c6b5b557f/rustible-sdk-0.8.1/src/op.rs:114:8
[INFO] [stdout]     |
[INFO] [stdout] 114 |     fn check(&self, sys: &System) -> Result<Plan<Self>>;
[INFO] [stdout]     |        ----- the method is available for `Extracted` here
[INFO] [stdout]     |
[INFO] [stdout]     = help: items from traits can only be used if the trait is in scope
[INFO] [stdout] help: trait `Op` which provides `check` is implemented but not in scope; perhaps you want to import it
[INFO] [stdout]     |
[INFO] [stdout]  10 + use rustible_sdk::op::Op;
[INFO] [stdout]     |
[INFO] [stdout] 
[INFO] [stdout] 
[INFO] [stdout] error[E0599]: no method named `apply` found for struct `Extracted` in the current scope
[INFO] [stdout]    --> tests/it_archive_extracted.rs:197:22
[INFO] [stdout]     |
[INFO] [stdout] 197 |         let err = op.apply(sys, intent).unwrap_err().chain();
[INFO] [stdout]     |                      ^^^^^ method not found in `Extracted`
[INFO] [stdout]     |
[INFO] [stdout]    ::: /opt/rustwide/cargo-home/registry/src/index.crates.io-1949cf8c6b5b557f/rustible-sdk-0.8.1/src/op.rs:140:8
[INFO] [stdout]     |
[INFO] [stdout] 140 |     fn apply(&self, sys: &System, intent: Self::Intent) -> Result<Self::Output>;
[INFO] [stdout]     |        ----- the method is available for `Extracted` here
[INFO] [stdout]     |
[INFO] [stdout]     = help: items from traits can only be used if the trait is in scope
[INFO] [stdout] help: trait `Op` which provides `apply` is implemented but not in scope; perhaps you want to import it
[INFO] [stdout]     |
[INFO] [stdout]  10 + use rustible_sdk::op::Op;
[INFO] [stdout]     |
[INFO] [stdout] 
[INFO] [stdout] 
[INFO] [stderr] error: could not compile `rustible-std` (test "it_user_group") due to 11 previous errors
[INFO] [stdout] Some errors have detailed explanations: E0107, E0425, E0432, E0433.
[INFO] [stdout] 
[INFO] [stdout] For more information about an error, try `rustc --explain E0107`.
[INFO] [stdout] 
[INFO] [stdout] error[E0433]: cannot find type `Plan` in this scope
[INFO] [stdout]    --> tests/it_archive_extracted.rs:193:13
[INFO] [stdout]     |
[INFO] [stdout] 193 |         let Plan::Change(intent) = op.check(sys)? else {
[INFO] [stdout]     |             ^^^^ use of undeclared type `Plan`
[INFO] [stdout] 
[INFO] [stdout] 
[INFO] [stdout] Some errors have detailed explanations: E0107, E0425, E0432, E0433, E0599.
[INFO] [stdout] 
[INFO] [stdout] For more information about an error, try `rustc --explain E0107`.
[INFO] [stdout] 
[INFO] [stderr] error: could not compile `rustible-std` (test "it_archive_extracted") due to 11 previous errors
[INFO] [stderr] error: could not compile `rustible-std` (test "it_authorized_keys") due to 25 previous errors
[INFO] [stdout] error[E0425]: cannot find type `Ctx` in this scope
[INFO] [stdout]   --> tests/it_apt_latest.rs:40:20
[INFO] [stdout]    |
[INFO] [stdout] 40 | fn mtime(ctx: &mut Ctx, path: &str) -> Result<Option<u64>> {
[INFO] [stdout]    |                    ^^^ not found in this scope
[INFO] [stdout] 
[INFO] [stdout] 
[INFO] [stdout] error[E0425]: cannot find type `Ctx` in this scope
[INFO] [stdout]   --> tests/it_apt_latest.rs:49:24
[INFO] [stdout]    |
[INFO] [stdout] 49 | fn back_date(ctx: &mut Ctx, path: &str, ago: u64) -> Result<u64> {
[INFO] [stdout]    |                        ^^^ not found in this scope
[INFO] [stdout] 
[INFO] [stdout] 
[INFO] [stdout] error[E0425]: cannot find type `Ctx` in this scope
[INFO] [stdout]   --> tests/it_apt_latest.rs:62:30
[INFO] [stdout]    |
[INFO] [stdout] 62 | fn back_date_lists(ctx: &mut Ctx) -> Result<()> {
[INFO] [stdout]    |                              ^^^ not found in this scope
[INFO] [stdout] 
[INFO] [stdout] 
[INFO] [stdout] error[E0425]: cannot find type `Ctx` in this scope
[INFO] [stdout]   --> tests/it_apt_latest.rs:72:31
[INFO] [stdout]    |
[INFO] [stdout] 72 | fn make_lists_stale(ctx: &mut Ctx) -> Result<u64> {
[INFO] [stdout]    |                               ^^^ not found in this scope
[INFO] [stdout] 
[INFO] [stdout] 
[INFO] [stdout] error[E0425]: cannot find type `Ctx` in this scope
[INFO] [stdout]   --> tests/it_apt_latest.rs:79:29
[INFO] [stdout]    |
[INFO] [stdout] 79 | fn apt_get_update(ctx: &mut Ctx) -> Result<()> {
[INFO] [stdout]    |                             ^^^ not found in this scope
[INFO] [stdout] 
[INFO] [stdout] 
[INFO] [stdout] error[E0425]: cannot find type `Ctx` in this scope
[INFO] [stdout]   --> tests/it_apt_latest.rs:85:60
[INFO] [stdout]    |
[INFO] [stdout] 85 | fn latest_does_not_refresh_the_cache_under_check(ctx: &mut Ctx) -> Result<()> {
[INFO] [stdout]    |                                                            ^^^ not found in this scope
[INFO] [stdout] 
[INFO] [stdout] 
[INFO] [stdout] error[E0425]: cannot find type `Ctx` in this scope
[INFO] [stdout]   --> tests/it_apt_latest.rs:89:29
[INFO] [stdout]    |
[INFO] [stdout] 89 |     let policy = |ctx: &mut Ctx| -> Result<apt::Policy> {
[INFO] [stdout]    |                             ^^^ not found in this scope
[INFO] [stdout] 
[INFO] [stdout] 
[INFO] [stdout] error[E0425]: cannot find type `Ctx` in this scope
[INFO] [stdout]    --> tests/it_apt_latest.rs:153:67
[INFO] [stdout]     |
[INFO] [stdout] 153 | fn latest_refresh_that_changes_no_index_counts_as_fresh(ctx: &mut Ctx) -> Result<()> {
[INFO] [stdout]     |                                                                   ^^^ not found in this scope
[INFO] [stdout] 
[INFO] [stdout] 
[INFO] [stdout] error[E0425]: cannot find type `Ctx` in this scope
[INFO] [stdout]    --> tests/it_apt_latest.rs:210:15
[INFO] [stdout]     |
[INFO] [stdout] 210 |     ctx: &mut Ctx,
[INFO] [stdout]     |               ^^^ not found in this scope
[INFO] [stdout] 
[INFO] [stdout] 
[INFO] [stdout] error[E0425]: cannot find type `Ctx` in this scope
[INFO] [stdout]    --> tests/it_apt_latest.rs:252:58
[INFO] [stdout]     |
[INFO] [stdout] 252 | fn a_stale_stamp_does_not_outweigh_fresh_lists(ctx: &mut Ctx) -> Result<()> {
[INFO] [stdout]     |                                                          ^^^ not found in this scope
[INFO] [stdout] 
[INFO] [stdout] 
[INFO] [stdout] error[E0425]: cannot find type `Ctx` in this scope
[INFO] [stdout]    --> tests/it_apt_latest.rs:290:47
[INFO] [stdout]     |
[INFO] [stdout] 290 | fn a_failed_refresh_writes_no_stamp(ctx: &mut Ctx) -> Result<()> {
[INFO] [stdout]     |                                               ^^^ not found in this scope
[INFO] [stdout] 
[INFO] [stdout] 
[INFO] [stdout] error[E0425]: cannot find type `Ctx` in this scope
[INFO] [stdout]    --> tests/it_apt_latest.rs:331:73
[INFO] [stdout]     |
[INFO] [stdout] 331 | fn a_dry_run_against_stale_lists_neither_refreshes_nor_stamps(ctx: &mut Ctx) -> Result<()> {
[INFO] [stdout]     |                                                                         ^^^ not found in this scope
[INFO] [stdout] 
[INFO] [stdout] 
[INFO] [stdout] error[E0425]: cannot find type `Ctx` in this scope
[INFO] [stdout]    --> tests/it_apt_latest.rs:362:75
[INFO] [stdout]     |
[INFO] [stdout] 362 | fn an_install_that_rewrites_pkgcache_does_not_freshen_the_lists(ctx: &mut Ctx) -> Result<()> {
[INFO] [stdout]     |                                                                           ^^^ not found in this scope
[INFO] [stdout] 
[INFO] [stdout] 
[INFO] [stdout] error[E0425]: cannot find type `Ctx` in this scope
[INFO] [stdout]    --> tests/it_apt_latest.rs:410:61
[INFO] [stdout]     |
[INFO] [stdout] 410 | fn an_update_that_fetched_nothing_writes_no_stamp(ctx: &mut Ctx) -> Result<()> {
[INFO] [stdout]     |                                                             ^^^ not found in this scope
[INFO] [stdout] 
[INFO] [stdout] 
[INFO] [stdout] error[E0107]: enum takes 2 generic arguments but 1 generic argument was supplied
[INFO] [stdout]   --> tests/it_apt_latest.rs:40:40
[INFO] [stdout]    |
[INFO] [stdout] 40 | fn mtime(ctx: &mut Ctx, path: &str) -> Result<Option<u64>> {
[INFO] [stdout]    |                                        ^^^^^^ ----------- supplied 1 generic argument
[INFO] [stdout]    |                                        |
[INFO] [stdout]    |                                        expected 2 generic arguments
[INFO] [stdout]    |
[INFO] [stdout] help: add missing generic argument
[INFO] [stdout]    |
[INFO] [stdout] 40 | fn mtime(ctx: &mut Ctx, path: &str) -> Result<Option<u64>, E> {
[INFO] [stdout]    |                                                          +++
[INFO] [stdout] 
[INFO] [stdout] 
[INFO] [stdout] error[E0107]: enum takes 2 generic arguments but 1 generic argument was supplied
[INFO] [stdout]   --> tests/it_apt_latest.rs:49:54
[INFO] [stdout]    |
[INFO] [stdout] 49 | fn back_date(ctx: &mut Ctx, path: &str, ago: u64) -> Result<u64> {
[INFO] [stdout]    |                                                      ^^^^^^ --- supplied 1 generic argument
[INFO] [stdout]    |                                                      |
[INFO] [stdout]    |                                                      expected 2 generic arguments
[INFO] [stdout]    |
[INFO] [stdout] help: add missing generic argument
[INFO] [stdout]    |
[INFO] [stdout] 49 | fn back_date(ctx: &mut Ctx, path: &str, ago: u64) -> Result<u64, E> {
[INFO] [stdout]    |                                                                +++
[INFO] [stdout] 
[INFO] [stdout] 
[INFO] [stdout] error[E0107]: enum takes 2 generic arguments but 1 generic argument was supplied
[INFO] [stdout]   --> tests/it_apt_latest.rs:62:38
[INFO] [stdout]    |
[INFO] [stdout] 62 | fn back_date_lists(ctx: &mut Ctx) -> Result<()> {
[INFO] [stdout]    |                                      ^^^^^^ -- supplied 1 generic argument
[INFO] [stdout]    |                                      |
[INFO] [stdout]    |                                      expected 2 generic arguments
[INFO] [stdout]    |
[INFO] [stdout] help: add missing generic argument
[INFO] [stdout]    |
[INFO] [stdout] 62 | fn back_date_lists(ctx: &mut Ctx) -> Result<(), E> {
[INFO] [stdout]    |                                               +++
[INFO] [stdout] 
[INFO] [stdout] 
[INFO] [stdout] error[E0107]: enum takes 2 generic arguments but 1 generic argument was supplied
[INFO] [stdout]   --> tests/it_apt_latest.rs:72:39
[INFO] [stdout]    |
[INFO] [stdout] 72 | fn make_lists_stale(ctx: &mut Ctx) -> Result<u64> {
[INFO] [stdout]    |                                       ^^^^^^ --- supplied 1 generic argument
[INFO] [stdout]    |                                       |
[INFO] [stdout]    |                                       expected 2 generic arguments
[INFO] [stdout]    |
[INFO] [stdout] help: add missing generic argument
[INFO] [stdout]    |
[INFO] [stdout] 72 | fn make_lists_stale(ctx: &mut Ctx) -> Result<u64, E> {
[INFO] [stdout]    |                                                 +++
[INFO] [stdout] 
[INFO] [stdout] 
[INFO] [stdout] error[E0107]: enum takes 2 generic arguments but 1 generic argument was supplied
[INFO] [stdout]   --> tests/it_apt_latest.rs:79:37
[INFO] [stdout]    |
[INFO] [stdout] 79 | fn apt_get_update(ctx: &mut Ctx) -> Result<()> {
[INFO] [stdout]    |                                     ^^^^^^ -- supplied 1 generic argument
[INFO] [stdout]    |                                     |
[INFO] [stdout]    |                                     expected 2 generic arguments
[INFO] [stdout]    |
[INFO] [stdout] help: add missing generic argument
[INFO] [stdout]    |
[INFO] [stdout] 79 | fn apt_get_update(ctx: &mut Ctx) -> Result<(), E> {
[INFO] [stdout]    |                                              +++
[INFO] [stdout] 
[INFO] [stdout] 
[INFO] [stdout] error[E0107]: enum takes 2 generic arguments but 1 generic argument was supplied
[INFO] [stdout]   --> tests/it_apt_latest.rs:85:68
[INFO] [stdout]    |
[INFO] [stdout] 85 | fn latest_does_not_refresh_the_cache_under_check(ctx: &mut Ctx) -> Result<()> {
[INFO] [stdout]    |                                                                    ^^^^^^ -- supplied 1 generic argument
[INFO] [stdout]    |                                                                    |
[INFO] [stdout]    |                                                                    expected 2 generic arguments
[INFO] [stdout]    |
[INFO] [stdout] help: add missing generic argument
[INFO] [stdout]    |
[INFO] [stdout] 85 | fn latest_does_not_refresh_the_cache_under_check(ctx: &mut Ctx) -> Result<(), E> {
[INFO] [stdout]    |                                                                             +++
[INFO] [stdout] 
[INFO] [stdout] 
[INFO] [stdout] error[E0107]: enum takes 2 generic arguments but 1 generic argument was supplied
[INFO] [stdout]    --> tests/it_apt_latest.rs:153:75
[INFO] [stdout]     |
[INFO] [stdout] 153 | fn latest_refresh_that_changes_no_index_counts_as_fresh(ctx: &mut Ctx) -> Result<()> {
[INFO] [stdout]     |                                                                           ^^^^^^ -- supplied 1 generic argument
[INFO] [stdout]     |                                                                           |
[INFO] [stdout]     |                                                                           expected 2 generic arguments
[INFO] [stdout]     |
[INFO] [stdout] help: add missing generic argument
[INFO] [stdout]     |
[INFO] [stdout] 153 | fn latest_refresh_that_changes_no_index_counts_as_fresh(ctx: &mut Ctx) -> Result<(), E> {
[INFO] [stdout]     |                                                                                    +++
[INFO] [stdout] 
[INFO] [stdout] 
[INFO] [stdout] error[E0107]: enum takes 2 generic arguments but 1 generic argument was supplied
[INFO] [stdout]    --> tests/it_apt_latest.rs:211:6
[INFO] [stdout]     |
[INFO] [stdout] 211 | ) -> Result<()> {
[INFO] [stdout]     |      ^^^^^^ -- supplied 1 generic argument
[INFO] [stdout]     |      |
[INFO] [stdout]     |      expected 2 generic arguments
[INFO] [stdout]     |
[INFO] [stdout] help: add missing generic argument
[INFO] [stdout]     |
[INFO] [stdout] 211 | ) -> Result<(), E> {
[INFO] [stdout]     |               +++
[INFO] [stdout] 
[INFO] [stdout] 
[INFO] [stdout] error[E0107]: enum takes 2 generic arguments but 1 generic argument was supplied
[INFO] [stdout]    --> tests/it_apt_latest.rs:252:66
[INFO] [stdout]     |
[INFO] [stdout] 252 | fn a_stale_stamp_does_not_outweigh_fresh_lists(ctx: &mut Ctx) -> Result<()> {
[INFO] [stdout]     |                                                                  ^^^^^^ -- supplied 1 generic argument
[INFO] [stdout]     |                                                                  |
[INFO] [stdout]     |                                                                  expected 2 generic arguments
[INFO] [stdout]     |
[INFO] [stdout] help: add missing generic argument
[INFO] [stdout]     |
[INFO] [stdout] 252 | fn a_stale_stamp_does_not_outweigh_fresh_lists(ctx: &mut Ctx) -> Result<(), E> {
[INFO] [stdout]     |                                                                           +++
[INFO] [stdout] 
[INFO] [stdout] 
[INFO] [stdout] error[E0107]: enum takes 2 generic arguments but 1 generic argument was supplied
[INFO] [stdout]    --> tests/it_apt_latest.rs:290:55
[INFO] [stdout]     |
[INFO] [stdout] 290 | fn a_failed_refresh_writes_no_stamp(ctx: &mut Ctx) -> Result<()> {
[INFO] [stdout]     |                                                       ^^^^^^ -- supplied 1 generic argument
[INFO] [stdout]     |                                                       |
[INFO] [stdout]     |                                                       expected 2 generic arguments
[INFO] [stdout]     |
[INFO] [stdout] help: add missing generic argument
[INFO] [stdout]     |
[INFO] [stdout] 290 | fn a_failed_refresh_writes_no_stamp(ctx: &mut Ctx) -> Result<(), E> {
[INFO] [stdout]     |                                                                +++
[INFO] [stdout] 
[INFO] [stdout] 
[INFO] [stdout] error[E0107]: enum takes 2 generic arguments but 1 generic argument was supplied
[INFO] [stdout]    --> tests/it_apt_latest.rs:331:81
[INFO] [stdout]     |
[INFO] [stdout] 331 | fn a_dry_run_against_stale_lists_neither_refreshes_nor_stamps(ctx: &mut Ctx) -> Result<()> {
[INFO] [stdout]     |                                                                                 ^^^^^^ -- supplied 1 generic argument
[INFO] [stdout]     |                                                                                 |
[INFO] [stdout]     |                                                                                 expected 2 generic arguments
[INFO] [stdout]     |
[INFO] [stdout] help: add missing generic argument
[INFO] [stdout]     |
[INFO] [stdout] 331 | fn a_dry_run_against_stale_lists_neither_refreshes_nor_stamps(ctx: &mut Ctx) -> Result<(), E> {
[INFO] [stdout]     |                                                                                          +++
[INFO] [stdout] 
[INFO] [stdout] 
[INFO] [stdout] error[E0107]: enum takes 2 generic arguments but 1 generic argument was supplied
[INFO] [stdout]    --> tests/it_apt_latest.rs:362:83
[INFO] [stdout]     |
[INFO] [stdout] 362 | fn an_install_that_rewrites_pkgcache_does_not_freshen_the_lists(ctx: &mut Ctx) -> Result<()> {
[INFO] [stdout]     |                                                                                   ^^^^^^ -- supplied 1 generic argument
[INFO] [stdout]     |                                                                                   |
[INFO] [stdout]     |                                                                                   expected 2 generic arguments
[INFO] [stdout]     |
[INFO] [stdout] help: add missing generic argument
[INFO] [stdout]     |
[INFO] [stdout] 362 | fn an_install_that_rewrites_pkgcache_does_not_freshen_the_lists(ctx: &mut Ctx) -> Result<(), E> {
[INFO] [stdout]     |                                                                                            +++
[INFO] [stdout] 
[INFO] [stdout] 
[INFO] [stdout] error[E0107]: enum takes 2 generic arguments but 1 generic argument was supplied
[INFO] [stdout]    --> tests/it_apt_latest.rs:410:69
[INFO] [stdout]     |
[INFO] [stdout] 410 | fn an_update_that_fetched_nothing_writes_no_stamp(ctx: &mut Ctx) -> Result<()> {
[INFO] [stdout]     |                                                                     ^^^^^^ -- supplied 1 generic argument
[INFO] [stdout]     |                                                                     |
[INFO] [stdout]     |                                                                     expected 2 generic arguments
[INFO] [stdout]     |
[INFO] [stdout] help: add missing generic argument
[INFO] [stdout]     |
[INFO] [stdout] 410 | fn an_update_that_fetched_nothing_writes_no_stamp(ctx: &mut Ctx) -> Result<(), E> {
[INFO] [stdout]     |                                                                              +++
[INFO] [stdout] 
[INFO] [stdout] 
[INFO] [stdout] error[E0433]: cannot find type `Pm` in this scope
[INFO] [stdout]   --> tests/it_apt_latest.rs:86:33
[INFO] [stdout]    |
[INFO] [stdout] 86 |     assert!(ctx.facts().has_pm(&Pm::Apt));
[INFO] [stdout]    |                                 ^^ use of undeclared type `Pm`
[INFO] [stdout] 
[INFO] [stdout] 
[INFO] [stdout] error[E0107]: enum takes 2 generic arguments but 1 generic argument was supplied
[INFO] [stdout]   --> tests/it_apt_latest.rs:89:37
[INFO] [stdout]    |
[INFO] [stdout] 89 |     let policy = |ctx: &mut Ctx| -> Result<apt::Policy> {
[INFO] [stdout]    |                                     ^^^^^^ ----------- supplied 1 generic argument
[INFO] [stdout]    |                                     |
[INFO] [stdout]    |                                     expected 2 generic arguments
[INFO] [stdout]    |
[INFO] [stdout] help: add missing generic argument
[INFO] [stdout]    |
[INFO] [stdout] 89 |     let policy = |ctx: &mut Ctx| -> Result<apt::Policy, E> {
[INFO] [stdout]    |                                                       +++
[INFO] [stdout] 
[INFO] [stdout] 
[INFO] [stdout] error[E0599]: no method named `check` found for struct `Latest` in the current scope
[INFO] [stdout]    --> tests/it_apt_latest.rs:109:35
[INFO] [stdout]     |
[INFO] [stdout] 109 |     let Plan::Change(change) = op.check(&dry)? else {
[INFO] [stdout]     |                                   ^^^^^ method not found in `Latest`
[INFO] [stdout]     |
[INFO] [stdout]    ::: /opt/rustwide/cargo-home/registry/src/index.crates.io-1949cf8c6b5b557f/rustible-sdk-0.8.1/src/op.rs:114:8
[INFO] [stdout]     |
[INFO] [stdout] 114 |     fn check(&self, sys: &System) -> Result<Plan<Self>>;
[INFO] [stdout]     |        ----- the method is available for `Latest` here
[INFO] [stdout]     |
[INFO] [stdout]     = help: items from traits can only be used if the trait is in scope
[INFO] [stdout] help: trait `Op` which provides `check` is implemented but not in scope; perhaps you want to import it
[INFO] [stdout]     |
[INFO] [stdout]  19 + use rustible_sdk::op::Op;
[INFO] [stdout]     |
[INFO] [stdout] 
[INFO] [stdout] 
[INFO] [stderr] error: could not compile `rustible-std` (test "it_apt_latest") due to 55 previous errors
[INFO] [stdout] error[E0599]: no method named `check` found for struct `Latest` in the current scope
[INFO] [stdout]    --> tests/it_apt_latest.rs:140:41
[INFO] [stdout]     |
[INFO] [stdout] 140 |     let Plan::Satisfied(report) = fresh.check(&dry)? else {
[INFO] [stdout]     |                                         ^^^^^ method not found in `Latest`
[INFO] [stdout]     |
[INFO] [stdout]    ::: /opt/rustwide/cargo-home/registry/src/index.crates.io-1949cf8c6b5b557f/rustible-sdk-0.8.1/src/op.rs:114:8
[INFO] [stdout]     |
[INFO] [stdout] 114 |     fn check(&self, sys: &System) -> Result<Plan<Self>>;
[INFO] [stdout]     |        ----- the method is available for `Latest` here
[INFO] [stdout]     |
[INFO] [stdout]     = help: items from traits can only be used if the trait is in scope
[INFO] [stdout] help: trait `Op` which provides `check` is implemented but not in scope; perhaps you want to import it
[INFO] [stdout]     |
[INFO] [stdout]  19 + use rustible_sdk::op::Op;
[INFO] [stdout]     |
[INFO] [stdout] 
[INFO] [stdout] 
[INFO] [stdout] error[E0599]: no method named `check` found for struct `Latest` in the current scope
[INFO] [stdout]    --> tests/it_apt_latest.rs:159:32
[INFO] [stdout]     |
[INFO] [stdout] 159 |     let Plan::Change(c) = op().check(testing::dry(ctx).sys())? else {
[INFO] [stdout]     |                                ^^^^^ method not found in `Latest`
[INFO] [stdout]     |
[INFO] [stdout]    ::: /opt/rustwide/cargo-home/registry/src/index.crates.io-1949cf8c6b5b557f/rustible-sdk-0.8.1/src/op.rs:114:8
[INFO] [stdout]     |
[INFO] [stdout] 114 |     fn check(&self, sys: &System) -> Result<Plan<Self>>;
[INFO] [stdout]     |        ----- the method is available for `Latest` here
[INFO] [stdout]     |
[INFO] [stdout]     = help: items from traits can only be used if the trait is in scope
[INFO] [stdout] help: trait `Op` which provides `check` is implemented but not in scope; perhaps you want to import it
[INFO] [stdout]     |
[INFO] [stdout]  19 + use rustible_sdk::op::Op;
[INFO] [stdout]     |
[INFO] [stdout] 
[INFO] [stdout] 
[INFO] [stdout] error[E0599]: no method named `check` found for struct `Latest` in the current scope
[INFO] [stdout]    --> tests/it_apt_latest.rs:192:29
[INFO] [stdout]     |
[INFO] [stdout] 192 |     let report = match op().check(testing::dry(ctx).sys())? {
[INFO] [stdout]     |                             ^^^^^ method not found in `Latest`
[INFO] [stdout]     |
[INFO] [stdout]    ::: /opt/rustwide/cargo-home/registry/src/index.crates.io-1949cf8c6b5b557f/rustible-sdk-0.8.1/src/op.rs:114:8
[INFO] [stdout]     |
[INFO] [stdout] 114 |     fn check(&self, sys: &System) -> Result<Plan<Self>>;
[INFO] [stdout]     |        ----- the method is available for `Latest` here
[INFO] [stdout]     |
[INFO] [stdout]     = help: items from traits can only be used if the trait is in scope
[INFO] [stdout] help: trait `Op` which provides `check` is implemented but not in scope; perhaps you want to import it
[INFO] [stdout]     |
[INFO] [stdout]  19 + use rustible_sdk::op::Op;
[INFO] [stdout]     |
[INFO] [stdout] 
[INFO] [stdout] 
[INFO] [stdout] error[E0599]: no method named `check` found for struct `Latest` in the current scope
[INFO] [stdout]    --> tests/it_apt_latest.rs:261:32
[INFO] [stdout]     |
[INFO] [stdout] 261 |     let Plan::Change(c) = op().check(testing::dry(ctx).sys())? else {
[INFO] [stdout]     |                                ^^^^^ method not found in `Latest`
[INFO] [stdout]     |
[INFO] [stdout]    ::: /opt/rustwide/cargo-home/registry/src/index.crates.io-1949cf8c6b5b557f/rustible-sdk-0.8.1/src/op.rs:114:8
[INFO] [stdout]     |
[INFO] [stdout] 114 |     fn check(&self, sys: &System) -> Result<Plan<Self>>;
[INFO] [stdout]     |        ----- the method is available for `Latest` here
[INFO] [stdout]     |
[INFO] [stdout]     = help: items from traits can only be used if the trait is in scope
[INFO] [stdout] help: trait `Op` which provides `check` is implemented but not in scope; perhaps you want to import it
[INFO] [stdout]     |
[INFO] [stdout]  19 + use rustible_sdk::op::Op;
[INFO] [stdout]     |
[INFO] [stdout] 
[INFO] [stdout] 
[INFO] [stdout] error[E0599]: no method named `check` found for struct `Latest` in the current scope
[INFO] [stdout]    --> tests/it_apt_latest.rs:390:10
[INFO] [stdout]     |
[INFO] [stdout] 388 |       let Plan::Change(c) = apt::Latest::new(["sl"])
[INFO] [stdout]     |  ___________________________-
[INFO] [stdout] 389 | |         .update_cache(HOUR)
[INFO] [stdout] 390 | |         .check(testing::dry(ctx).sys())?
[INFO] [stdout]     | |         -^^^^^ method not found in `Latest`
[INFO] [stdout]     | |_________|
[INFO] [stdout]     |
[INFO] [stdout]     |
[INFO] [stdout]    ::: /opt/rustwide/cargo-home/registry/src/index.crates.io-1949cf8c6b5b557f/rustible-sdk-0.8.1/src/op.rs:114:8
[INFO] [stdout]     |
[INFO] [stdout] 114 |       fn check(&self, sys: &System) -> Result<Plan<Self>>;
[INFO] [stdout]     |          ----- the method is available for `Latest` here
[INFO] [stdout]     |
[INFO] [stdout]     = help: items from traits can only be used if the trait is in scope
[INFO] [stdout] help: trait `Op` which provides `check` is implemented but not in scope; perhaps you want to import it
[INFO] [stdout]     |
[INFO] [stdout]  19 + use rustible_sdk::op::Op;
[INFO] [stdout]     |
[INFO] [stdout] 
[INFO] [stdout] 
[INFO] [stdout] error[E0599]: no method named `check` found for struct `Latest` in the current scope
[INFO] [stdout]    --> tests/it_apt_latest.rs:443:32
[INFO] [stdout]     |
[INFO] [stdout] 443 |     let Plan::Change(c) = op().check(testing::dry(ctx).sys())? else {
[INFO] [stdout]     |                                ^^^^^ method not found in `Latest`
[INFO] [stdout]     |
[INFO] [stdout]    ::: /opt/rustwide/cargo-home/registry/src/index.crates.io-1949cf8c6b5b557f/rustible-sdk-0.8.1/src/op.rs:114:8
[INFO] [stdout]     |
[INFO] [stdout] 114 |     fn check(&self, sys: &System) -> Result<Plan<Self>>;
[INFO] [stdout]     |        ----- the method is available for `Latest` here
[INFO] [stdout]     |
[INFO] [stdout]     = help: items from traits can only be used if the trait is in scope
[INFO] [stdout] help: trait `Op` which provides `check` is implemented but not in scope; perhaps you want to import it
[INFO] [stdout]     |
[INFO] [stdout]  19 + use rustible_sdk::op::Op;
[INFO] [stdout]     |
[INFO] [stdout] 
[INFO] [stdout] 
[INFO] [stdout] error[E0433]: cannot find type `Plan` in this scope
[INFO] [stdout]    --> tests/it_apt_latest.rs:443:9
[INFO] [stdout]     |
[INFO] [stdout] 443 |     let Plan::Change(c) = op().check(testing::dry(ctx).sys())? else {
[INFO] [stdout]     |         ^^^^ use of undeclared type `Plan`
[INFO] [stdout] 
[INFO] [stdout] 
[INFO] [stdout] error[E0433]: cannot find type `Plan` in this scope
[INFO] [stdout]    --> tests/it_apt_latest.rs:109:9
[INFO] [stdout]     |
[INFO] [stdout] 109 |     let Plan::Change(change) = op.check(&dry)? else {
[INFO] [stdout]     |         ^^^^ use of undeclared type `Plan`
[INFO] [stdout] 
[INFO] [stdout] 
[INFO] [stdout] error[E0433]: cannot find type `Plan` in this scope
[INFO] [stdout]    --> tests/it_apt_latest.rs:140:9
[INFO] [stdout]     |
[INFO] [stdout] 140 |     let Plan::Satisfied(report) = fresh.check(&dry)? else {
[INFO] [stdout]     |         ^^^^ use of undeclared type `Plan`
[INFO] [stdout] 
[INFO] [stdout] 
[INFO] [stdout] error[E0433]: cannot find type `Plan` in this scope
[INFO] [stdout]    --> tests/it_apt_latest.rs:159:9
[INFO] [stdout]     |
[INFO] [stdout] 159 |     let Plan::Change(c) = op().check(testing::dry(ctx).sys())? else {
[INFO] [stdout]     |         ^^^^ use of undeclared type `Plan`
[INFO] [stdout] 
[INFO] [stdout] 
[INFO] [stdout] error[E0433]: cannot find type `Plan` in this scope
[INFO] [stdout]    --> tests/it_apt_latest.rs:193:9
[INFO] [stdout]     |
[INFO] [stdout] 193 |         Plan::Satisfied(report) => report,
[INFO] [stdout]     |         ^^^^ use of undeclared type `Plan`
[INFO] [stdout] 
[INFO] [stdout] 
[INFO] [stdout] error[E0433]: cannot find type `Plan` in this scope
[INFO] [stdout]    --> tests/it_apt_latest.rs:194:9
[INFO] [stdout]     |
[INFO] [stdout] 194 |         Plan::Change(c) => panic!(
[INFO] [stdout]     |         ^^^^ use of undeclared type `Plan`
[INFO] [stdout] 
[INFO] [stdout] 
[INFO] [stdout] error[E0433]: cannot find type `Plan` in this scope
[INFO] [stdout]    --> tests/it_apt_latest.rs:261:9
[INFO] [stdout]     |
[INFO] [stdout] 261 |     let Plan::Change(c) = op().check(testing::dry(ctx).sys())? else {
[INFO] [stdout]     |         ^^^^ use of undeclared type `Plan`
[INFO] [stdout] 
[INFO] [stdout] 
[INFO] [stdout] error[E0433]: cannot find type `Plan` in this scope
[INFO] [stdout]    --> tests/it_apt_latest.rs:388:9
[INFO] [stdout]     |
[INFO] [stdout] 388 |     let Plan::Change(c) = apt::Latest::new(["sl"])
[INFO] [stdout]     |         ^^^^ use of undeclared type `Plan`
[INFO] [stdout] 
[INFO] [stdout] 
[INFO] [stdout] Some errors have detailed explanations: E0107, E0425, E0432, E0433, E0599.
[INFO] [stdout] 
[INFO] [stdout] For more information about an error, try `rustc --explain E0107`.
[INFO] [stdout] 
[INFO] running `Command { std: "docker" "inspect" "520eb01cf40aa3062377e20783231160243fa614e6a3c8a68c3a9f3487eb61da", kill_on_drop: false }`
[INFO] running `Command { std: "docker" "rm" "-f" "520eb01cf40aa3062377e20783231160243fa614e6a3c8a68c3a9f3487eb61da", kill_on_drop: false }`
[INFO] [stdout] 520eb01cf40aa3062377e20783231160243fa614e6a3c8a68c3a9f3487eb61da
