[INFO] fetching crate rusthesia 0.1.21...
[INFO] testing rusthesia-0.1.21 against 1.99.0-beta.8+cargoflags=--release for beta-release-1.100-2
[INFO] extracting crate rusthesia 0.1.21 into /workspace/builds/worker-0-tc1/source
[INFO] started tweaking crates.io crate rusthesia 0.1.21
[INFO] finished tweaking crates.io crate rusthesia 0.1.21
[INFO] tweaked toml for crates.io crate rusthesia 0.1.21 written to /workspace/builds/worker-0-tc1/source/Cargo.toml
[INFO] validating manifest of crates.io crate rusthesia 0.1.21 on toolchain 1.99.0-beta.8
[INFO] running `Command { std: CARGO_HOME="/workspace/cargo-home" RUSTUP_HOME="/workspace/rustup-home" "/workspace/cargo-home/bin/cargo" "+1.99.0-beta.8" "metadata" "--manifest-path" "Cargo.toml" "--no-deps", kill_on_drop: false }`
[INFO] crate crates.io crate rusthesia 0.1.21 already has a lockfile, it will not be regenerated
[INFO] running `Command { std: CARGO_HOME="/workspace/cargo-home" RUSTUP_HOME="/workspace/rustup-home" "/workspace/cargo-home/bin/cargo" "+1.99.0-beta.8" "fetch" "--manifest-path" "Cargo.toml", kill_on_drop: false }`
[INFO] [stderr]     Updating crates.io index
[INFO] [stderr]  Downloading crates ...
[INFO] [stderr]   Downloaded termcolor v1.1.0
[INFO] [stderr]   Downloaded winapi-util v0.1.5
[INFO] [stderr]   Downloaded thread_local v1.0.1
[INFO] [stderr]   Downloaded sdl2_timing v0.2.0
[INFO] [stderr]   Downloaded autocfg v1.0.1
[INFO] [stderr]   Downloaded sdl2 v0.33.0
[INFO] [stderr]   Downloaded scopeguard v1.1.0
[INFO] [stderr]   Downloaded synstructure v0.12.4
[INFO] [stderr]   Downloaded crossbeam-epoch v0.9.0
[INFO] [stderr]   Downloaded proc-macro2 v1.0.24
[INFO] [stderr]   Downloaded hermit-abi v0.1.17
[INFO] [stderr]   Downloaded unicode-xid v0.2.1
[INFO] [stderr]   Downloaded const_fn v0.4.3
[INFO] [stderr]   Downloaded piano_keyboard v0.2.3
[INFO] [stderr]   Downloaded either v1.6.1
[INFO] [stderr]   Downloaded c_vec v1.3.3
[INFO] [stderr]   Downloaded crossbeam-deque v0.8.0
[INFO] [stderr]   Downloaded quote v1.0.7
[INFO] [stderr]   Downloaded bitflags v0.9.1
[INFO] [stderr]   Downloaded float-ord v0.2.0
[INFO] [stderr]   Downloaded dirs v2.0.2
[INFO] [stderr]   Downloaded unicode-width v0.1.8
[INFO] [stderr]   Downloaded num_cpus v1.13.0
[INFO] [stderr]   Downloaded winmm-sys v0.2.0
[INFO] [stderr]   Downloaded coremidi-sys v2.0.2
[INFO] [stderr]   Downloaded bitflags v0.3.3
[INFO] [stderr]   Downloaded cmake v0.1.44
[INFO] [stderr]   Downloaded memalloc v0.1.0
[INFO] [stderr]   Downloaded core-foundation-sys v0.2.3
[INFO] [stderr]   Downloaded indoc v0.3.6
[INFO] [stderr]   Downloaded lyon_path v0.14.0
[INFO] [stderr]   Downloaded nodrop v0.1.14
[INFO] [stderr]   Downloaded redox_users v0.3.5
[INFO] [stderr]   Downloaded proc-macro-hack v0.5.19
[INFO] [stderr]   Downloaded freetype v0.4.1
[INFO] [stderr]   Downloaded constant_time_eq v0.1.5
[INFO] [stderr]   Downloaded arrayvec v0.5.2
[INFO] [stderr]   Downloaded arrayref v0.3.6
[INFO] [stderr]   Downloaded core-text v15.0.0
[INFO] [stderr]   Downloaded num-integer v0.1.44
[INFO] [stderr]   Downloaded bitflags v1.2.1
[INFO] [stderr]   Downloaded backtrace v0.3.54
[INFO] [stderr]   Downloaded rustc-demangle v0.1.18
[INFO] [stderr]   Downloaded adler v0.2.3
[INFO] [stderr]   Downloaded coremidi v0.3.1
[INFO] [stderr]   Downloaded core-foundation v0.2.3
[INFO] [stderr]   Downloaded alsa-sys v0.1.2
[INFO] [stderr]   Downloaded pkg-config v0.3.19
[INFO] [stderr]   Downloaded indoc-impl v0.3.6
[INFO] [stderr]   Downloaded unindent v0.1.7
[INFO] [stderr]   Downloaded walkdir v2.3.1
[INFO] [stderr]   Downloaded servo-fontconfig v0.4.0
[INFO] [stderr]   Downloaded arrayvec v0.4.12
[INFO] [stderr]   Downloaded dwrote v0.9.0
[INFO] [stderr]   Downloaded dirs-sys v0.3.5
[INFO] [stderr]   Downloaded rust-argon2 v0.8.2
[INFO] [stderr]   Downloaded getrandom v0.1.15
[INFO] [stderr]   Downloaded core-foundation v0.7.0
[INFO] [stderr]   Downloaded core-foundation-sys v0.7.0
[INFO] [stderr]   Downloaded byteorder v1.3.4
[INFO] [stderr]   Downloaded ansi_term v0.11.0
[INFO] [stderr]   Downloaded midly v0.4.1
[INFO] [stderr]   Downloaded crossbeam-utils v0.8.0
[INFO] [stderr]   Downloaded crossbeam-channel v0.5.0
[INFO] [stderr]   Downloaded addr2line v0.14.0
[INFO] [stderr]   Downloaded midir v0.5.0
[INFO] [stderr]   Downloaded time v0.1.44
[INFO] [stderr]   Downloaded alsa v0.2.2
[INFO] [stderr]   Downloaded lyon_geom v0.14.1
[INFO] [stderr]   Downloaded num-traits v0.2.14
[INFO] [stderr]   Downloaded blake2b_simd v0.5.11
[INFO] [stderr]   Downloaded core-graphics v0.19.2
[INFO] [stderr]   Downloaded miniz_oxide v0.4.3
[INFO] [stderr]   Downloaded cc v1.0.62
[INFO] [stderr]   Downloaded euclid v0.20.14
[INFO] [stderr]   Downloaded log v0.4.11
[INFO] [stderr]   Downloaded rayon-core v1.9.0
[INFO] [stderr]   Downloaded font-kit v0.5.0
[INFO] [stderr]   Downloaded nix v0.9.0
[INFO] [stderr]   Downloaded chrono v0.4.19
[INFO] [stderr]   Downloaded rayon v1.5.0
[INFO] [stderr]   Downloaded object v0.22.0
[INFO] [stderr]   Downloaded syn v1.0.48
[INFO] [stderr]   Downloaded clap v2.33.3
[INFO] [stderr]   Downloaded sdl2-sys v0.33.0
[INFO] [stderr]   Downloaded libc v0.2.80
[INFO] [stderr]   Downloaded expat-sys v2.1.6
[INFO] [stderr]   Downloaded gimli v0.23.0
[INFO] [stderr]   Downloaded servo-fontconfig-sys v4.0.9
[INFO] [stderr]   Downloaded servo-freetype-sys v4.0.5
[INFO] running `Command { std: "docker" "create" "-v" "/var/lib/crater-agent-workspace/builds/worker-0-tc1/source:/opt/rustwide/workdir:ro,Z" "-v" "/var/lib/crater-agent-workspace/builds/worker-0-tc1/target:/opt/rustwide/target:rw,Z" "-v" "/var/lib/crater-agent-workspace/cargo-home:/opt/rustwide/cargo-home:ro,Z" "-v" "/var/lib/crater-agent-workspace/rustup-home:/opt/rustwide/rustup-home:ro,Z" "-m" "1610612736" "--network" "none" "ghcr.io/rust-lang/crates-build-env/linux@sha256:77db811e55d90add9212f6832c23229e3de5f1c1f9905e8cb07319ea15df73ac" "sleep" "infinity", kill_on_drop: false }`
[INFO] [stdout] f1ac19259e55ae8fb3138d42911135ed22f4db0e4333458435b11370cd5a5f5f
[INFO] running `Command { std: "docker" "start" "f1ac19259e55ae8fb3138d42911135ed22f4db0e4333458435b11370cd5a5f5f", kill_on_drop: false }`
[INFO] running `Command { std: "docker" "inspect" "f1ac19259e55ae8fb3138d42911135ed22f4db0e4333458435b11370cd5a5f5f", kill_on_drop: false }`
[INFO] running `Command { std: "docker" "exec" "-e" "SOURCE_DIR=/opt/rustwide/workdir" "-e" "CARGO_HOME=/opt/rustwide/cargo-home" "-e" "RUSTUP_HOME=/opt/rustwide/rustup-home" "-e" "CARGO_TARGET_DIR=/opt/rustwide/target" "-w" "/opt/rustwide/workdir" "--user" "0:0" "f1ac19259e55ae8fb3138d42911135ed22f4db0e4333458435b11370cd5a5f5f" "/opt/rustwide/cargo-home/bin/cargo" "+1.99.0-beta.8" "metadata" "--no-deps" "--format-version=1", kill_on_drop: false }`
[INFO] running `Command { std: "docker" "inspect" "f1ac19259e55ae8fb3138d42911135ed22f4db0e4333458435b11370cd5a5f5f", kill_on_drop: false }`
[INFO] running `Command { std: "docker" "exec" "-e" "SOURCE_DIR=/opt/rustwide/workdir" "-e" "CARGO_HOME=/opt/rustwide/cargo-home" "-e" "RUSTUP_HOME=/opt/rustwide/rustup-home" "-e" "CARGO_TARGET_DIR=/opt/rustwide/target" "-e" "CARGO_INCREMENTAL=0" "-e" "RUST_BACKTRACE=full" "-e" "RUSTFLAGS=--cap-lints=warn" "-e" "RUSTDOCFLAGS=--cap-lints=warn" "-w" "/opt/rustwide/workdir" "--user" "0:0" "f1ac19259e55ae8fb3138d42911135ed22f4db0e4333458435b11370cd5a5f5f" "/opt/rustwide/cargo-home/bin/cargo" "+1.99.0-beta.8" "build" "--frozen" "--message-format=json" "--release", kill_on_drop: false }`
[INFO] [stderr]    Compiling autocfg v1.0.1
[INFO] [stderr]    Compiling libc v0.2.80
[INFO] [stderr]    Compiling pkg-config v0.3.19
[INFO] [stderr]    Compiling cc v1.0.62
[INFO] [stderr]    Compiling lazy_static v1.4.0
[INFO] [stderr]    Compiling proc-macro2 v1.0.24
[INFO] [stderr]    Compiling const_fn v0.4.3
[INFO] [stderr]    Compiling cfg-if v1.0.0
[INFO] [stderr]    Compiling unicode-xid v0.2.1
[INFO] [stderr]    Compiling syn v1.0.48
[INFO] [stderr]    Compiling cfg-if v0.1.10
[INFO] [stderr]    Compiling sdl2-sys v0.33.0
[INFO] [stderr]    Compiling rayon-core v1.9.0
[INFO] [stderr]    Compiling bitflags v1.2.1
[INFO] [stderr]    Compiling arrayvec v0.4.12
[INFO] [stderr]    Compiling crossbeam-utils v0.8.0
[INFO] [stderr]    Compiling num-traits v0.2.14
[INFO] [stderr]    Compiling cmake v0.1.44
[INFO] [stderr]    Compiling memoffset v0.5.6
[INFO] [stderr]    Compiling miniz_oxide v0.4.3
[INFO] [stderr]    Compiling scopeguard v1.1.0
[INFO] [stderr]    Compiling quote v1.0.7
[INFO] [stderr]    Compiling servo-fontconfig-sys v4.0.9
[INFO] [stderr]    Compiling alsa-sys v0.1.2
[INFO] [stderr]    Compiling gimli v0.23.0
[INFO] [stderr]    Compiling adler v0.2.3
[INFO] [stderr]    Compiling proc-macro-hack v0.5.19
[INFO] [stderr]    Compiling failure_derive v0.1.8
[INFO] [stderr]    Compiling log v0.4.11
[INFO] [stderr]    Compiling nodrop v0.1.14
[INFO] [stderr]    Compiling servo-freetype-sys v4.0.5
[INFO] [stderr]    Compiling expat-sys v2.1.6
[INFO] [stderr]    Compiling crossbeam-epoch v0.9.0
[INFO] [stderr]    Compiling crossbeam-channel v0.5.0
[INFO] [stderr]    Compiling num_cpus v1.13.0
[INFO] [stderr]    Compiling num-integer v0.1.44
[INFO] [stderr]    Compiling crossbeam-deque v0.8.0
[INFO] [stderr]    Compiling euclid v0.20.14
[INFO] [stderr]    Compiling rayon v1.5.0
[INFO] [stderr]    Compiling rustc-demangle v0.1.18
[INFO] [stderr]    Compiling byteorder v1.3.4
[INFO] [stderr]    Compiling object v0.22.0
[INFO] [stderr]    Compiling bitflags v0.9.1
[INFO] [stderr]    Compiling void v1.0.2
[INFO] [stderr]    Compiling sdl2 v0.33.0
[INFO] [stderr]    Compiling nix v0.9.0
[INFO] [stderr]    Compiling lyon_geom v0.14.1
[INFO] [stderr]    Compiling dirs-sys v0.3.5
[INFO] [stderr]    Compiling addr2line v0.14.0
[INFO] [stderr]    Compiling synstructure v0.12.4
[INFO] [stderr]    Compiling unicode-width v0.1.8
[INFO] [stderr]    Compiling either v1.6.1
[INFO] [stderr]    Compiling c_vec v1.3.3
[INFO] [stderr]    Compiling unindent v0.1.7
[INFO] [stderr]    Compiling walkdir v2.3.1
[INFO] [stderr]    Compiling alsa v0.2.2
[INFO] [stderr]    Compiling backtrace v0.3.54
[INFO] [stderr]    Compiling indoc-impl v0.3.6
[INFO] [stderr]    Compiling textwrap v0.11.0
[INFO] [stderr]    Compiling dirs v2.0.2
[INFO] [stderr]    Compiling servo-fontconfig v0.4.0
[INFO] [stderr]    Compiling failure v0.1.8
[INFO] [stderr]    Compiling lyon_path v0.14.0
[INFO] [stderr]    Compiling freetype v0.4.1
[INFO] [stderr]    Compiling time v0.1.44
[INFO] [stderr]    Compiling atty v0.2.14
[INFO] [stderr]    Compiling ansi_term v0.11.0
[INFO] [stderr]    Compiling bitflags v0.3.3
[INFO] [stderr]    Compiling float-ord v0.2.0
[INFO] [stderr]    Compiling vec_map v0.8.2
[INFO] [stderr]    Compiling strsim v0.8.0
[INFO] [stderr]    Compiling memalloc v0.1.0
[INFO] [stderr]    Compiling chrono v0.4.19
[INFO] [stderr]    Compiling midir v0.5.0
[INFO] [stderr]    Compiling clap v2.33.3
[INFO] [stderr]    Compiling font-kit v0.5.0
[INFO] [stderr]    Compiling midly v0.4.1
[INFO] [stderr]    Compiling sdl2_timing v0.2.0
[INFO] [stderr]    Compiling indoc v0.3.6
[INFO] [stderr]    Compiling thread_local v1.0.1
[INFO] [stderr]    Compiling piano_keyboard v0.2.3
[INFO] [stderr]    Compiling termcolor v1.1.0
[INFO] [stderr]    Compiling rusthesia v0.1.21 (/opt/rustwide/workdir)
[INFO] [stdout] warning: trailing semicolon in macro used in expression position
[INFO] [stdout]    --> src/app_control.rs:387:26
[INFO] [stdout]     |
[INFO] [stdout] 387 |             .inspect(|e| trace!("{:?}", e))
[INFO] [stdout]     |                          ^^^^^^^^^^^^^^^^^
[INFO] [stdout]     |
[INFO] [stdout]     = warning: this was previously accepted by the compiler but is being phased out; it will become a hard error in a future release!
[INFO] [stdout]     = note: for more information, see issue #79813 <https://github.com/rust-lang/rust/issues/79813>
[INFO] [stdout]     = note: `#[warn(semicolon_in_expressions_from_non_local_macros)]` (part of `#[warn(future_incompatible)]`) on by default
[INFO] [stdout]     = note: this warning originates in the macro `trace` (in Nightly builds, run with -Z macro-backtrace for more info)
[INFO] [stdout] 
[INFO] [stdout] 
[INFO] [stdout] warning: trailing semicolon in macro used in expression position
[INFO] [stdout]    --> src/draw_engine.rs:251:21
[INFO] [stdout]     |
[INFO] [stdout] 251 |                     warn!("Note Off with Note On should not happen")
[INFO] [stdout]     |                     ^^^^^^^^^^^^^^^^^^^^^^^^^^^^^^^^^^^^^^^^^^^^^^^^
[INFO] [stdout]     |
[INFO] [stdout]     = note: macro invocations at the end of a block are treated as expressions
[INFO] [stdout]     = note: to ignore the value produced by the macro, add a semicolon after the invocation of `warn`
[INFO] [stdout]     = warning: this was previously accepted by the compiler but is being phased out; it will become a hard error in a future release!
[INFO] [stdout]     = note: for more information, see issue #79813 <https://github.com/rust-lang/rust/issues/79813>
[INFO] [stdout]     = note: this warning originates in the macro `warn` (in Nightly builds, run with -Z macro-backtrace for more info)
[INFO] [stdout] 
[INFO] [stdout] 
[INFO] [stdout] warning: trailing semicolon in macro used in expression position
[INFO] [stdout]    --> src/midi_container.rs:233:27
[INFO] [stdout]     |
[INFO] [stdout] 233 |                     mm => warn!("Not treated meta message: {:?}", mm),
[INFO] [stdout]     |                           ^^^^^^^^^^^^^^^^^^^^^^^^^^^^^^^^^^^^^^^^^^^
[INFO] [stdout]     |
[INFO] [stdout]     = warning: this was previously accepted by the compiler but is being phased out; it will become a hard error in a future release!
[INFO] [stdout]     = note: for more information, see issue #79813 <https://github.com/rust-lang/rust/issues/79813>
[INFO] [stdout]     = note: this warning originates in the macro `warn` (in Nightly builds, run with -Z macro-backtrace for more info)
[INFO] [stdout] 
[INFO] [stdout] 
[INFO] [stdout] warning: this attribute can only be applied at the crate level
[INFO] [stdout]  --> src/stderrlog.rs:9:8
[INFO] [stdout]   |
[INFO] [stdout] 9 | #![doc(html_root_url = "https://docs.rs/stderrlog/0.4.1")]
[INFO] [stdout]   |        ^^^^^^^^^^^^^
[INFO] [stdout]   |
[INFO] [stdout]   = note: read <https://doc.rust-lang.org/nightly/rustdoc/the-doc-attribute.html#at-the-crate-level> for more information
[INFO] [stdout]   = note: `#[warn(invalid_doc_attributes)]` on by default
[INFO] [stdout] 
[INFO] [stdout] 
[INFO] [stdout] warning: this attribute can only be applied at the crate level
[INFO] [stdout]    --> src/stderrlog.rs:219:8
[INFO] [stdout]     |
[INFO] [stdout] 219 | #![doc(html_root_url = "https://docs.rs/stderrlog/0.4.0")]
[INFO] [stdout]     |        ^^^^^^^^^^^^^
[INFO] [stdout]     |
[INFO] [stdout]     = note: read <https://doc.rust-lang.org/nightly/rustdoc/the-doc-attribute.html#at-the-crate-level> for more information
[INFO] [stdout] 
[INFO] [stdout] 
[INFO] [stdout] warning: method `is_running` is never used
[INFO] [stdout]   --> src/time_controller.rs:83:8
[INFO] [stdout]    |
[INFO] [stdout] 75 | pub trait TimeListenerTrait {
[INFO] [stdout]    |           ----------------- method in this trait
[INFO] [stdout] ...
[INFO] [stdout] 83 |     fn is_running(&self) -> bool {
[INFO] [stdout]    |        ^^^^^^^^^^
[INFO] [stdout]    |
[INFO] [stdout]    = note: `#[warn(dead_code)]` (part of `#[warn(unused)]`) on by default
[INFO] [stdout] 
[INFO] [stdout] 
[INFO] [stdout] warning: eliding a lifetime that's named elsewhere is confusing
[INFO] [stdout]    --> src/midi_container.rs:176:32
[INFO] [stdout]     |
[INFO] [stdout] 176 |     pub fn header(&'m self) -> &midly::Header {
[INFO] [stdout]     |                    --          ^^^^^^^^^^^^^^ the same lifetime is elided here
[INFO] [stdout]     |                    |
[INFO] [stdout]     |                    the lifetime is named here
[INFO] [stdout]     |
[INFO] [stdout]     = help: the same lifetime is referred to in inconsistent ways, making the signature confusing
[INFO] [stdout]     = note: `#[warn(mismatched_lifetime_syntaxes)]` on by default
[INFO] [stdout] help: consistently use `'m`
[INFO] [stdout]     |
[INFO] [stdout] 176 |     pub fn header(&'m self) -> &'m midly::Header {
[INFO] [stdout]     |                                 ++
[INFO] [stdout] 
[INFO] [stdout] 
[INFO] [stdout] warning: hiding a lifetime that's elided elsewhere is confusing
[INFO] [stdout]   --> src/time_controller.rs:76:19
[INFO] [stdout]    |
[INFO] [stdout] 76 |     fn get_locked(&self) -> Option<MutexGuard<RefPosition>>;
[INFO] [stdout]    |                   ^^^^^            ^^^^^^^^^^^^^^^^^^^^^^^ the same lifetime is hidden here
[INFO] [stdout]    |                   |
[INFO] [stdout]    |                   the lifetime is elided here
[INFO] [stdout]    |
[INFO] [stdout]    = help: the same lifetime is referred to in inconsistent ways, making the signature confusing
[INFO] [stdout] help: use `'_` for type paths
[INFO] [stdout]    |
[INFO] [stdout] 76 |     fn get_locked(&self) -> Option<MutexGuard<'_, RefPosition>>;
[INFO] [stdout]    |                                               +++
[INFO] [stdout] 
[INFO] [stdout] 
[INFO] [stdout] warning: hiding a lifetime that's elided elsewhere is confusing
[INFO] [stdout]   --> src/time_controller.rs:96:19
[INFO] [stdout]    |
[INFO] [stdout] 96 |     fn get_locked(&self) -> Option<MutexGuard<RefPosition>> {
[INFO] [stdout]    |                   ^^^^^            ^^^^^^^^^^^^^^^^^^^^^^^ the same lifetime is hidden here
[INFO] [stdout]    |                   |
[INFO] [stdout]    |                   the lifetime is elided here
[INFO] [stdout]    |
[INFO] [stdout]    = help: the same lifetime is referred to in inconsistent ways, making the signature confusing
[INFO] [stdout] help: use `'_` for type paths
[INFO] [stdout]    |
[INFO] [stdout] 96 |     fn get_locked(&self) -> Option<MutexGuard<'_, RefPosition>> {
[INFO] [stdout]    |                                               +++
[INFO] [stdout] 
[INFO] [stdout] 
[INFO] [stdout] warning: hiding a lifetime that's elided elsewhere is confusing
[INFO] [stdout]    --> src/time_controller.rs:133:19
[INFO] [stdout]     |
[INFO] [stdout] 133 |     fn get_locked(&self) -> Option<MutexGuard<RefPosition>> {
[INFO] [stdout]     |                   ^^^^^            ^^^^^^^^^^^^^^^^^^^^^^^ the same lifetime is hidden here
[INFO] [stdout]     |                   |
[INFO] [stdout]     |                   the lifetime is elided here
[INFO] [stdout]     |
[INFO] [stdout]     = help: the same lifetime is referred to in inconsistent ways, making the signature confusing
[INFO] [stdout] help: use `'_` for type paths
[INFO] [stdout]     |
[INFO] [stdout] 133 |     fn get_locked(&self) -> Option<MutexGuard<'_, RefPosition>> {
[INFO] [stdout]     |                                               +++
[INFO] [stdout] 
[INFO] [stdout] 
[INFO] [stdout] error: linking with `cc` failed: exit status: 1
[INFO] [stdout]   |
[INFO] [stdout]   = note:  "cc" "-m64" "/opt/rustwide/target/release/deps/rustcIQ60R2/symbols.o" "<17 object files omitted>" "-Wl,--as-needed" "-Wl,-Bstatic" "/opt/rustwide/target/release/deps/{libindoc-e7f55617ae2731c4,libmidir-f1c6f284d9ed4e24,libalsa-9b447416bb6c4676,libnix-c18e2398b4bbad1d,libvoid-aa258f5f08d938d3,libbitflags-628f2c8bb7d25b86,libalsa_sys-2b3408a89e357efb,libmemalloc-2cb4bc01df8c8db9,libpiano_keyboard-362e5120977cf98c,libmidly-612ef74007c96ece,librayon-bba2cdcc6a15b9ce,librayon_core-7b0aed9d51d2f583,libnum_cpus-dbc5211b5f1b859e,libcrossbeam_deque-508fe72221ef4f33,libcrossbeam_epoch-9f0e793dfc55b93b,libmemoffset-ae90859736b1d3fa,libscopeguard-d6f31e6f1ec771b5,libcrossbeam_channel-a6171c4552c137f0,libcrossbeam_utils-f0879cb825451c3f,libeither-0e43800670165d52,libfailure-453e1f2a8683eac0,libbacktrace-6f62d89dd16b7d94,libminiz_oxide-3b72781b03e133e8,libadler-b10583cbbe557536,libobject-e7c9d68eb225f794,libaddr2line-5ea2fa13b4fc21c3,libgimli-28295cea62ead3e5,libcfg_if-193575a6b29a3ab9,librustc_demangle-79eea36e4b7e4741,libclap-22fc75111593be5a,libvec_map-0c63c46b16946dae,libtextwrap-c1100f590ee88e14,libunicode_width-7f4314b0a8887d65,libstrsim-a9397c47b6022ed0,libatty-d8a1c610ba5385e0,libansi_term-b862d686b521bf39,libsdl2_timing-7538ec2e04328ac8,libsdl2-2e5d6f7cbfca535e,libc_vec-dcd27bba42d90ccc,libsdl2_sys-a6826affb89fdc78,libbitflags-a7685ea2c2c46ab3,libthread_local-9456af524bef5229,liblazy_static-480433dca0d17907,libtermcolor-35499457d21a37a4,liblog-3e6df1334846b071,libcfg_if-6ffcd2bb3ed34b7c,libchrono-4ba3e67c3719114b,libnum_integer-3dd2a1d18bc11213,libnum_traits-81ff9b7db63d5d89,libtime-f4f6b3657057f75a,liblibc-307bd0a45cf3e591}.rlib" "<sysroot>/lib/rustlib/x86_64-unknown-linux-gnu/lib/{libstd-*,libpanic_unwind-*,libobject-*,libmemchr-*,libaddr2line-*,libgimli-*,libcfg_if-*,librustc_demangle-*,libstd_detect-*,libhashbrown-*,librustc_std_workspace_alloc-*,libminiz_oxide-*,libadler2-*,libunwind-*,liblibc-*,librustc_std_workspace_core-*,liballoc-*,libcore-*,libcompiler_builtins-*}.rlib" "-Wl,-Bdynamic" "-lasound" "-lSDL2" "-lSDL2_ttf" "-lSDL2_gfx" "-lgcc_s" "-lutil" "-lrt" "-lpthread" "-lm" "-ldl" "-lc" "-L" "/opt/rustwide/target/release/deps/rustcIQ60R2/raw-dylibs" "-B<sysroot>/lib/rustlib/x86_64-unknown-linux-gnu/bin/gcc-ld" "-fuse-ld=lld" "-Wl,--eh-frame-hdr" "-Wl,-z,noexecstack" "-L" "/usr/lib/x86_64-linux-gnu" "-L" "<sysroot>/lib/rustlib/x86_64-unknown-linux-gnu/lib" "-o" "/opt/rustwide/target/release/deps/rusthesia-d0bc776c2b051eb3" "-Wl,--gc-sections" "-pie" "-Wl,-z,relro,-z,now" "-Wl,-O1" "-Wl,--strip-debug" "-nodefaultlibs"
[INFO] [stdout]   = note: some arguments are omitted. use `--verbose` to show all linker arguments
[INFO] [stdout]   = note: rust-lld: error: unable to find library -lSDL2_ttf
[INFO] [stdout]           rust-lld: error: unable to find library -lSDL2_gfx
[INFO] [stdout]           collect2: error: ld returned 1 exit status
[INFO] [stdout]           
[INFO] [stdout] 
[INFO] [stdout] 
[INFO] [stderr] error: could not compile `rusthesia` (bin "rusthesia") due to 1 previous error; 10 warnings emitted
[INFO] running `Command { std: "docker" "inspect" "f1ac19259e55ae8fb3138d42911135ed22f4db0e4333458435b11370cd5a5f5f", kill_on_drop: false }`
[INFO] running `Command { std: "docker" "rm" "-f" "f1ac19259e55ae8fb3138d42911135ed22f4db0e4333458435b11370cd5a5f5f", kill_on_drop: false }`
[INFO] [stdout] f1ac19259e55ae8fb3138d42911135ed22f4db0e4333458435b11370cd5a5f5f
