[INFO] fetching crate rusteron-archive 0.2.11...
[INFO] testing rusteron-archive-0.2.11 against 1.99.0-beta.8+cargoflags=--release for beta-release-1.100-2
[INFO] extracting crate rusteron-archive 0.2.11 into /workspace/builds/worker-6-tc1/source
[INFO] started tweaking crates.io crate rusteron-archive 0.2.11
[INFO] removed 0 missing examples
[INFO] finished tweaking crates.io crate rusteron-archive 0.2.11
[INFO] tweaked toml for crates.io crate rusteron-archive 0.2.11 written to /workspace/builds/worker-6-tc1/source/Cargo.toml
[INFO] validating manifest of crates.io crate rusteron-archive 0.2.11 on toolchain 1.99.0-beta.8
[INFO] running `Command { std: CARGO_HOME="/workspace/cargo-home" RUSTUP_HOME="/workspace/rustup-home" "/workspace/cargo-home/bin/cargo" "+1.99.0-beta.8" "metadata" "--manifest-path" "Cargo.toml" "--no-deps", kill_on_drop: false }`
[INFO] crate crates.io crate rusteron-archive 0.2.11 already has a lockfile, it will not be regenerated
[INFO] running `Command { std: CARGO_HOME="/workspace/cargo-home" RUSTUP_HOME="/workspace/rustup-home" "/workspace/cargo-home/bin/cargo" "+1.99.0-beta.8" "fetch" "--manifest-path" "Cargo.toml", kill_on_drop: false }`
[INFO] [stderr]     Updating crates.io index
[INFO] [stderr]  Downloading crates ...
[INFO] [stderr]   Downloaded rusteron-code-gen v0.2.11
[INFO] running `Command { std: "docker" "create" "-v" "/var/lib/crater-agent-workspace/builds/worker-6-tc1/source:/opt/rustwide/workdir:ro,Z" "-v" "/var/lib/crater-agent-workspace/builds/worker-6-tc1/target:/opt/rustwide/target:rw,Z" "-v" "/var/lib/crater-agent-workspace/cargo-home:/opt/rustwide/cargo-home:ro,Z" "-v" "/var/lib/crater-agent-workspace/rustup-home:/opt/rustwide/rustup-home:ro,Z" "-m" "1610612736" "--network" "none" "ghcr.io/rust-lang/crates-build-env/linux@sha256:77db811e55d90add9212f6832c23229e3de5f1c1f9905e8cb07319ea15df73ac" "sleep" "infinity", kill_on_drop: false }`
[INFO] [stdout] 1c53ce79220c5f69d8429f148f2ec3b3a6ca5307d11cabf442879df6511ae264
[INFO] running `Command { std: "docker" "start" "1c53ce79220c5f69d8429f148f2ec3b3a6ca5307d11cabf442879df6511ae264", kill_on_drop: false }`
[INFO] running `Command { std: "docker" "inspect" "1c53ce79220c5f69d8429f148f2ec3b3a6ca5307d11cabf442879df6511ae264", kill_on_drop: false }`
[INFO] running `Command { std: "docker" "exec" "-e" "SOURCE_DIR=/opt/rustwide/workdir" "-e" "CARGO_HOME=/opt/rustwide/cargo-home" "-e" "RUSTUP_HOME=/opt/rustwide/rustup-home" "-e" "CARGO_TARGET_DIR=/opt/rustwide/target" "-w" "/opt/rustwide/workdir" "--user" "0:0" "1c53ce79220c5f69d8429f148f2ec3b3a6ca5307d11cabf442879df6511ae264" "/opt/rustwide/cargo-home/bin/cargo" "+1.99.0-beta.8" "metadata" "--no-deps" "--format-version=1", kill_on_drop: false }`
[INFO] running `Command { std: "docker" "inspect" "1c53ce79220c5f69d8429f148f2ec3b3a6ca5307d11cabf442879df6511ae264", kill_on_drop: false }`
[INFO] running `Command { std: "docker" "exec" "-e" "SOURCE_DIR=/opt/rustwide/workdir" "-e" "CARGO_HOME=/opt/rustwide/cargo-home" "-e" "RUSTUP_HOME=/opt/rustwide/rustup-home" "-e" "CARGO_TARGET_DIR=/opt/rustwide/target" "-e" "CARGO_INCREMENTAL=0" "-e" "RUST_BACKTRACE=full" "-e" "RUSTFLAGS=--cap-lints=warn" "-e" "RUSTDOCFLAGS=--cap-lints=warn" "-w" "/opt/rustwide/workdir" "--user" "0:0" "1c53ce79220c5f69d8429f148f2ec3b3a6ca5307d11cabf442879df6511ae264" "/opt/rustwide/cargo-home/bin/cargo" "+1.99.0-beta.8" "build" "--frozen" "--message-format=json" "--release", kill_on_drop: false }`
[INFO] [stderr]    Compiling clang-sys v1.9.1
[INFO] [stderr]    Compiling aho-corasick v1.1.5
[INFO] [stderr]    Compiling libc v0.2.190
[INFO] [stderr]    Compiling either v1.19.0
[INFO] [stderr]    Compiling rusteron-code-gen v0.2.11
[INFO] [stderr]    Compiling bitflags v2.13.2
[INFO] [stderr]    Compiling nom v7.1.3
[INFO] [stderr]    Compiling libloading v0.8.9
[INFO] [stderr]    Compiling rustc-hash v2.1.3
[INFO] [stderr]    Compiling prettyplease v0.2.37
[INFO] [stderr]    Compiling cmake v0.1.58
[INFO] [stderr]    Compiling bindgen v0.72.1
[INFO] [stderr]    Compiling itertools v0.15.0
[INFO] [stderr]    Compiling itertools v0.13.0
[INFO] [stderr]    Compiling regex-automata v0.4.18
[INFO] [stderr]    Compiling cexpr v0.6.0
[INFO] [stderr]    Compiling regex v1.13.1
[INFO] [stderr]    Compiling rusteron-archive v0.2.11 (/opt/rustwide/workdir)
[INFO] [stderr] error: failed to run custom build command for `rusteron-archive v0.2.11 (/opt/rustwide/workdir)`
[INFO] [stderr] note: To improve backtraces for build dependencies, set the CARGO_PROFILE_RELEASE_BUILD_OVERRIDE_DEBUG=true environment variable to enable debug information generation.
[INFO] [stderr] 
[INFO] [stderr] Caused by:
[INFO] [stderr]   process didn't exit successfully: `/opt/rustwide/target/release/build/rusteron-archive-f616b80871c8993a/build-script-build` (exit status: 101)
[INFO] [stderr]   --- stdout
[INFO] [stderr]   cargo:include=/opt/rustwide/workdir/aeron/aeron-archive/src/main/c
[INFO] [stderr]   cargo:client_include=/opt/rustwide/workdir/aeron/aeron-client/src/main/c
[INFO] [stderr]   cargo:aeron_root=/opt/rustwide/workdir/aeron
[INFO] [stderr]   cargo:rerun-if-changed=build.rs
[INFO] [stderr]   cargo:rerun-if-changed=bindings.h
[INFO] [stderr]   cargo:rerun-if-changed=aeron/version.txt
[INFO] [stderr]   cargo:rerun-if-env-changed=COPY_BINDINGS
[INFO] [stderr]   cargo:rerun-if-env-changed=PUBLISH_ARTIFACTS
[INFO] [stderr]   cargo:rerun-if-env-changed=RUSTERON_C_MARCH
[INFO] [stderr]   cargo:rerun-if-env-changed=UUID_NO_PKG_CONFIG
[INFO] [stderr]   cargo:rerun-if-env-changed=PKG_CONFIG_x86_64-unknown-linux-gnu
[INFO] [stderr]   cargo:rerun-if-env-changed=PKG_CONFIG_x86_64_unknown_linux_gnu
[INFO] [stderr]   cargo:rerun-if-env-changed=HOST_PKG_CONFIG
[INFO] [stderr]   cargo:rerun-if-env-changed=PKG_CONFIG
[INFO] [stderr]   cargo:rerun-if-env-changed=UUID_STATIC
[INFO] [stderr]   cargo:rerun-if-env-changed=UUID_DYNAMIC
[INFO] [stderr]   cargo:rerun-if-env-changed=PKG_CONFIG_ALL_STATIC
[INFO] [stderr]   cargo:rerun-if-env-changed=PKG_CONFIG_ALL_DYNAMIC
[INFO] [stderr]   cargo:rerun-if-env-changed=PKG_CONFIG_PATH_x86_64-unknown-linux-gnu
[INFO] [stderr]   cargo:rerun-if-env-changed=PKG_CONFIG_PATH_x86_64_unknown_linux_gnu
[INFO] [stderr]   cargo:rerun-if-env-changed=HOST_PKG_CONFIG_PATH
[INFO] [stderr]   cargo:rerun-if-env-changed=PKG_CONFIG_PATH
[INFO] [stderr]   cargo:rerun-if-env-changed=PKG_CONFIG_LIBDIR_x86_64-unknown-linux-gnu
[INFO] [stderr]   cargo:rerun-if-env-changed=PKG_CONFIG_LIBDIR_x86_64_unknown_linux_gnu
[INFO] [stderr]   cargo:rerun-if-env-changed=HOST_PKG_CONFIG_LIBDIR
[INFO] [stderr]   cargo:rerun-if-env-changed=PKG_CONFIG_LIBDIR
[INFO] [stderr]   cargo:rerun-if-env-changed=PKG_CONFIG_SYSROOT_DIR_x86_64-unknown-linux-gnu
[INFO] [stderr]   cargo:rerun-if-env-changed=PKG_CONFIG_SYSROOT_DIR_x86_64_unknown_linux_gnu
[INFO] [stderr]   cargo:rerun-if-env-changed=HOST_PKG_CONFIG_SYSROOT_DIR
[INFO] [stderr]   cargo:rerun-if-env-changed=PKG_CONFIG_SYSROOT_DIR
[INFO] [stderr]   cargo:rerun-if-env-changed=PKG_CONFIG_SYSROOT_DIR
[INFO] [stderr]   cargo:rerun-if-env-changed=SYSROOT
[INFO] [stderr]   cargo:rerun-if-env-changed=UUID_STATIC
[INFO] [stderr]   cargo:rerun-if-env-changed=UUID_DYNAMIC
[INFO] [stderr]   cargo:rerun-if-env-changed=PKG_CONFIG_ALL_STATIC
[INFO] [stderr]   cargo:rerun-if-env-changed=PKG_CONFIG_ALL_DYNAMIC
[INFO] [stderr]   cargo:rustc-link-search=native=/usr/lib/x86_64-linux-gnu
[INFO] [stderr]   cargo:rustc-link-lib=uuid
[INFO] [stderr]   cargo:rerun-if-env-changed=PKG_CONFIG_x86_64-unknown-linux-gnu
[INFO] [stderr]   cargo:rerun-if-env-changed=PKG_CONFIG_x86_64_unknown_linux_gnu
[INFO] [stderr]   cargo:rerun-if-env-changed=HOST_PKG_CONFIG
[INFO] [stderr]   cargo:rerun-if-env-changed=PKG_CONFIG
[INFO] [stderr]   cargo:rerun-if-env-changed=UUID_STATIC
[INFO] [stderr]   cargo:rerun-if-env-changed=UUID_DYNAMIC
[INFO] [stderr]   cargo:rerun-if-env-changed=PKG_CONFIG_ALL_STATIC
[INFO] [stderr]   cargo:rerun-if-env-changed=PKG_CONFIG_ALL_DYNAMIC
[INFO] [stderr]   cargo:rerun-if-env-changed=PKG_CONFIG_PATH_x86_64-unknown-linux-gnu
[INFO] [stderr]   cargo:rerun-if-env-changed=PKG_CONFIG_PATH_x86_64_unknown_linux_gnu
[INFO] [stderr]   cargo:rerun-if-env-changed=HOST_PKG_CONFIG_PATH
[INFO] [stderr]   cargo:rerun-if-env-changed=PKG_CONFIG_PATH
[INFO] [stderr]   cargo:rerun-if-env-changed=PKG_CONFIG_LIBDIR_x86_64-unknown-linux-gnu
[INFO] [stderr]   cargo:rerun-if-env-changed=PKG_CONFIG_LIBDIR_x86_64_unknown_linux_gnu
[INFO] [stderr]   cargo:rerun-if-env-changed=HOST_PKG_CONFIG_LIBDIR
[INFO] [stderr]   cargo:rerun-if-env-changed=PKG_CONFIG_LIBDIR
[INFO] [stderr]   cargo:rerun-if-env-changed=PKG_CONFIG_SYSROOT_DIR_x86_64-unknown-linux-gnu
[INFO] [stderr]   cargo:rerun-if-env-changed=PKG_CONFIG_SYSROOT_DIR_x86_64_unknown_linux_gnu
[INFO] [stderr]   cargo:rerun-if-env-changed=HOST_PKG_CONFIG_SYSROOT_DIR
[INFO] [stderr]   cargo:rerun-if-env-changed=PKG_CONFIG_SYSROOT_DIR
[INFO] [stderr]   Fetching distribution.
[INFO] [stderr]   Downloading https://services.gradle.org/distributions/gradle-9.7.1-all.zip
[INFO] [stderr] 
[INFO] [stderr]   Attempt 1/1 failed. Reason: services.gradle.org
[INFO] [stderr]   cargo:rerun-if-changed=aeron/aeron-all/build/libs
[INFO] [stderr]   cargo:rustc-link-lib=dylib=aeron_archive_c_client
[INFO] [stderr]   cargo:rustc-link-lib=dylib=aeron
[INFO] [stderr]   cargo:rustc-link-arg=-Wl,--allow-multiple-definition
[INFO] [stderr]   cargo:rustc-link-arg=-Wl,--no-as-needed
[INFO] [stderr]   cargo:rustc-link-lib=bsd
[INFO] [stderr]   cargo:rustc-link-arg=-Wl,--as-needed
[INFO] [stderr]   cargo:rerun-if-env-changed=RUSTERON_CLANG
[INFO] [stderr]   cargo:rerun-if-env-changed=RUSTERON_C_LTO
[INFO] [stderr]   cargo:rerun-if-env-changed=RUSTERON_SANITIZE
[INFO] [stderr]   CMAKE_TOOLCHAIN_FILE_x86_64-unknown-linux-gnu = None
[INFO] [stderr]   CMAKE_TOOLCHAIN_FILE_x86_64_unknown_linux_gnu = None
[INFO] [stderr]   HOST_CMAKE_TOOLCHAIN_FILE = None
[INFO] [stderr]   CMAKE_TOOLCHAIN_FILE = None
[INFO] [stderr]   CMAKE_GENERATOR_x86_64-unknown-linux-gnu = None
[INFO] [stderr]   CMAKE_GENERATOR_x86_64_unknown_linux_gnu = None
[INFO] [stderr]   HOST_CMAKE_GENERATOR = None
[INFO] [stderr]   CMAKE_GENERATOR = None
[INFO] [stderr]   CMAKE_PREFIX_PATH_x86_64-unknown-linux-gnu = None
[INFO] [stderr]   CMAKE_PREFIX_PATH_x86_64_unknown_linux_gnu = None
[INFO] [stderr]   HOST_CMAKE_PREFIX_PATH = None
[INFO] [stderr]   CMAKE_PREFIX_PATH = None
[INFO] [stderr]   CMAKE_x86_64-unknown-linux-gnu = None
[INFO] [stderr]   CMAKE_x86_64_unknown_linux_gnu = None
[INFO] [stderr]   HOST_CMAKE = None
[INFO] [stderr]   CMAKE = None
[INFO] [stderr]   -- The C compiler identification is GNU 15.2.0
[INFO] [stderr]   -- The CXX compiler identification is GNU 15.2.0
[INFO] [stderr]   -- Detecting C compiler ABI info
[INFO] [stderr]   -- Detecting C compiler ABI info - done
[INFO] [stderr]   -- Check for working C compiler: /usr/bin/cc - skipped
[INFO] [stderr]   -- Detecting C compile features
[INFO] [stderr]   -- Detecting C compile features - done
[INFO] [stderr]   -- Detecting CXX compiler ABI info
[INFO] [stderr]   -- Detecting CXX compiler ABI info - done
[INFO] [stderr]   -- Check for working CXX compiler: /usr/bin/c++ - skipped
[INFO] [stderr]   -- Detecting CXX compile features
[INFO] [stderr]   -- Detecting CXX compile features - done
[INFO] [stderr]   -- Performing Test CMAKE_HAVE_LIBC_PTHREAD
[INFO] [stderr]   -- Performing Test CMAKE_HAVE_LIBC_PTHREAD - Success
[INFO] [stderr]   -- Found Threads: TRUE
[INFO] [stderr]   -- Looking up: /dev/urandom
[INFO] [stderr]   -- Looking for bsd/stdlib.h
[INFO] [stderr]   -- Looking for bsd/stdlib.h - found
[INFO] [stderr]   -- Looking for arc4random
[INFO] [stderr]   -- Looking for arc4random - found
[INFO] [stderr]   -- Looking for posix_memalign
[INFO] [stderr]   -- Looking for posix_memalign - found
[INFO] [stderr]   -- Looking for reallocf
[INFO] [stderr]   -- Looking for reallocf - found
[INFO] [stderr]   -- Looking for fallocate
[INFO] [stderr]   -- Looking for fallocate - found
[INFO] [stderr]   -- Looking for posix_fallocate
[INFO] [stderr]   -- Looking for posix_fallocate - found
[INFO] [stderr]   -- Looking for F_PREALLOCATE
[INFO] [stderr]   -- Looking for F_PREALLOCATE - not found
[INFO] [stderr]   -- Found: /dev/urandom
[INFO] [stderr]   -- Configuring incomplete, errors occurred!
[INFO] [stderr] 
[INFO] [stderr]   --- stderr
[INFO] [stderr]   running ./gradlew in /opt/rustwide/workdir/aeron
[INFO] [stderr]   Exception in thread "main" java.net.UnknownHostException: services.gradle.org
[INFO] [stderr]   	at java.net.AbstractPlainSocketImpl.connect(AbstractPlainSocketImpl.java:184)
[INFO] [stderr]   	at java.net.SocksSocketImpl.connect(SocksSocketImpl.java:392)
[INFO] [stderr]   	at java.net.Socket.connect(Socket.java:607)
[INFO] [stderr]   	at sun.security.ssl.SSLSocketImpl.connect(SSLSocketImpl.java:293)
[INFO] [stderr]   	at sun.net.NetworkClient.doConnect(NetworkClient.java:175)
[INFO] [stderr]   	at sun.net.www.http.HttpClient.openServer(HttpClient.java:473)
[INFO] [stderr]   	at sun.net.www.http.HttpClient.openServer(HttpClient.java:568)
[INFO] [stderr]   	at sun.net.www.protocol.https.HttpsClient.<init>(HttpsClient.java:264)
[INFO] [stderr]   	at sun.net.www.protocol.https.HttpsClient.New(HttpsClient.java:367)
[INFO] [stderr]   	at sun.net.www.protocol.https.AbstractDelegateHttpsURLConnection.getNewHttpClient(AbstractDelegateHttpsURLConnection.java:203)
[INFO] [stderr]   	at sun.net.www.protocol.http.HttpURLConnection.plainConnect0(HttpURLConnection.java:1182)
[INFO] [stderr]   	at sun.net.www.protocol.http.HttpURLConnection.plainConnect(HttpURLConnection.java:1076)
[INFO] [stderr]   	at sun.net.www.protocol.http.HttpURLConnection.connect(HttpURLConnection.java:1010)
[INFO] [stderr]   	at sun.net.www.protocol.https.AbstractDelegateHttpsURLConnection.connect(AbstractDelegateHttpsURLConnection.java:189)
[INFO] [stderr]   	at sun.net.www.protocol.http.HttpURLConnection.getInputStream0(HttpURLConnection.java:1591)
[INFO] [stderr]   	at sun.net.www.protocol.http.HttpURLConnection.getInputStream(HttpURLConnection.java:1520)
[INFO] [stderr]   	at java.net.HttpURLConnection.getResponseCode(HttpURLConnection.java:480)
[INFO] [stderr]   	at sun.net.www.protocol.https.HttpsURLConnectionImpl.getResponseCode(HttpsURLConnectionImpl.java:352)
[INFO] [stderr]   	at org.gradle.wrapper.Download.download(SourceFile:1)
[INFO] [stderr]   	at org.gradle.wrapper.Install.forceFetch(SourceFile)
[INFO] [stderr]   	at org.gradle.wrapper.Install.lambda$createDist$0(SourceFile:9)
[INFO] [stderr]   	at org.gradle.wrapper.Install.createDist(SourceFile:24)
[INFO] [stderr]   	at org.gradle.wrapper.GradleWrapperMain.lambda$prepareWrapper$0(SourceFile:2)
[INFO] [stderr]   	at org.gradle.wrapper.GradleWrapperMain.main(SourceFile:2)
[INFO] [stderr]   running: cd "/opt/rustwide/target/release/build/rusteron-archive-f010fe4af83ca892/out/build" && CMAKE_PREFIX_PATH="" LC_ALL="C" "cmake" "/opt/rustwide/workdir/aeron" "-B" "/opt/rustwide/target/release/build/rusteron-archive-f010fe4af83ca892/out/build" "-DCMAKE_CXX_FLAGS_RELEASE=-O3 -DNDEBUG -funroll-loops -march=native" "-DCMAKE_C_FLAGS_RELEASE=-O3 -DNDEBUG -funroll-loops -march=native" "-DCMAKE_C_FLAGS=-fcommon" "-DBUILD_AERON_DRIVER=OFF" "-DBUILD_AERON_ARCHIVE_API=OFF" "-DAERON_TESTS=OFF" "-DAERON_BUILD_SAMPLES=OFF" "-DAERON_BUILD_DOCUMENTATION=OFF" "-DBUILD_AERON_ARCHIVE_API=ON" "-DCMAKE_OSX_DEPLOYMENT_TARGET=14.0" "-DBUILD_SHARED_LIBS=ON" "-DCMAKE_INSTALL_PREFIX=/opt/rustwide/target/release/build/rusteron-archive-f010fe4af83ca892/out" "-DCMAKE_C_COMPILER=/usr/bin/cc" "-DCMAKE_CXX_FLAGS= -ffunction-sections -fdata-sections -fPIC -m64 -w" "-DCMAKE_CXX_COMPILER=/usr/bin/c++" "-DCMAKE_ASM_FLAGS= -ffunction-sections -fdata-sections -fPIC -m64 -w" "-DCMAKE_ASM_COMPILER=/usr/bin/cc" "-DCMAKE_BUILD_TYPE=Release"
[INFO] [stderr]   fatal: not a git repository (or any parent up to mount point /opt/rustwide)
[INFO] [stderr]   Stopping at filesystem boundary (GIT_DISCOVERY_ACROSS_FILESYSTEM not set).
[INFO] [stderr]   fatal: not a git repository (or any parent up to mount point /opt/rustwide)
[INFO] [stderr]   Stopping at filesystem boundary (GIT_DISCOVERY_ACROSS_FILESYSTEM not set).
[INFO] [stderr]   CMake Error at /usr/share/cmake-4.2/Modules/FindPackageHandleStandardArgs.cmake:290 (message):
[INFO] [stderr]     Could NOT find Java: Found unsuitable version "1.8.0.504", but required is
[INFO] [stderr]     at least "17" (found /usr/bin/java)
[INFO] [stderr]   Call Stack (most recent call first):
[INFO] [stderr]     /usr/share/cmake-4.2/Modules/FindPackageHandleStandardArgs.cmake:652 (_FPHSA_FAILURE_MESSAGE)
[INFO] [stderr]     /usr/share/cmake-4.2/Modules/FindJava.cmake:410 (find_package_handle_standard_args)
[INFO] [stderr]     aeron-archive/src/main/c/CMakeLists.txt:61 (find_package)
[INFO] [stderr] 
[INFO] [stderr] 
[INFO] [stderr] 
[INFO] [stderr]   thread 'main' (377) panicked at /opt/rustwide/cargo-home/registry/src/index.crates.io-1949cf8c6b5b557f/cmake-0.1.58/src/lib.rs:1132:5:
[INFO] [stderr] 
[INFO] [stderr]   command did not execute successfully, got: exit status: 1
[INFO] [stderr] 
[INFO] [stderr]   build script failed, must exit now
[INFO] [stderr]   stack backtrace:
[INFO] [stderr]      0:     0x61c0765f9f21 - <<std[70759c8f55707aa4]::sys::backtrace::BacktraceLock>::print::DisplayBacktrace as core[df12db4294e9bfd3]::fmt::Display>::fmt
[INFO] [stderr]      1:     0x61c0766121ea - core[df12db4294e9bfd3]::fmt::write
[INFO] [stderr]      2:     0x61c07660044c - <std[70759c8f55707aa4]::sys::stdio::unix::Stderr as core[df12db4294e9bfd3]::io::write::Write>::write_fmt
[INFO] [stderr]      3:     0x61c0765d23d6 - std[70759c8f55707aa4]::panicking::default_hook::{closure#0}
[INFO] [stderr]      4:     0x61c0765f08e1 - std[70759c8f55707aa4]::panicking::default_hook
[INFO] [stderr]      5:     0x61c0765f0c0b - std[70759c8f55707aa4]::panicking::panic_with_hook
[INFO] [stderr]      6:     0x61c0765d2482 - std[70759c8f55707aa4]::panicking::panic_handler::{closure#0}
[INFO] [stderr]      7:     0x61c0765caeb9 - std[70759c8f55707aa4]::sys::backtrace::__rust_end_short_backtrace::<std[70759c8f55707aa4]::panicking::panic_handler::{closure#0}, !>
[INFO] [stderr]      8:     0x61c0765d306d - __rustc[8fa7c3cbc660c2b3]::rust_begin_unwind
[INFO] [stderr]      9:     0x61c076612a0c - core[df12db4294e9bfd3]::panicking::panic_fmt
[INFO] [stderr]     10:     0x61c075f42747 - cmake[7e771a39bb3c34a8]::fail
[INFO] [stderr]     11:     0x61c075f423d3 - cmake[7e771a39bb3c34a8]::run
[INFO] [stderr]     12:     0x61c075f47d52 - <cmake[7e771a39bb3c34a8]::Config>::build
[INFO] [stderr]     13:     0x61c075e58dc9 - build_script_build[c10642fec0de7530]::build_from_source
[INFO] [stderr]     14:     0x61c075e5d17e - build_script_build[c10642fec0de7530]::rusteron_build_main
[INFO] [stderr]     15:     0x61c075e5da5d - build_script_build[c10642fec0de7530]::main
[INFO] [stderr]     16:     0x61c075e60b23 - <fn() as core[df12db4294e9bfd3]::ops::function::FnOnce<()>>::call_once
[INFO] [stderr]     17:     0x61c075e551ce - std[70759c8f55707aa4]::sys::backtrace::__rust_begin_short_backtrace::<fn(), ()>
[INFO] [stderr]     18:     0x61c075e55699 - std[70759c8f55707aa4]::rt::lang_start::<()>::{closure#0}
[INFO] [stderr]     19:     0x61c0765ef7f9 - std[70759c8f55707aa4]::rt::lang_start_internal
[INFO] [stderr]     20:     0x61c075e54921 - std[70759c8f55707aa4]::rt::lang_start::<()>
[INFO] [stderr]     21:     0x61c075e60d25 - main
[INFO] [stderr]     22:     0x770a07547601 - <unknown>
[INFO] [stderr]     23:     0x770a07547718 - __libc_start_main
[INFO] [stderr]     24:     0x61c075e51f15 - _start
[INFO] [stderr]     25:                0x0 - <unknown>
[INFO] running `Command { std: "docker" "inspect" "1c53ce79220c5f69d8429f148f2ec3b3a6ca5307d11cabf442879df6511ae264", kill_on_drop: false }`
[INFO] running `Command { std: "docker" "rm" "-f" "1c53ce79220c5f69d8429f148f2ec3b3a6ca5307d11cabf442879df6511ae264", kill_on_drop: false }`
[INFO] [stdout] 1c53ce79220c5f69d8429f148f2ec3b3a6ca5307d11cabf442879df6511ae264
