[INFO] fetching crate rustauth-core 0.3.2...
[INFO] testing rustauth-core-0.3.2 against 1.99.0-beta.8+cargoflags=--release for beta-release-1.100-2
[INFO] extracting crate rustauth-core 0.3.2 into /workspace/builds/worker-1-tc1/source
[INFO] started tweaking crates.io crate rustauth-core 0.3.2
[INFO] removed 0 missing tests
[INFO] finished tweaking crates.io crate rustauth-core 0.3.2
[INFO] tweaked toml for crates.io crate rustauth-core 0.3.2 written to /workspace/builds/worker-1-tc1/source/Cargo.toml
[INFO] validating manifest of crates.io crate rustauth-core 0.3.2 on toolchain 1.99.0-beta.8
[INFO] running `Command { std: CARGO_HOME="/workspace/cargo-home" RUSTUP_HOME="/workspace/rustup-home" "/workspace/cargo-home/bin/cargo" "+1.99.0-beta.8" "metadata" "--manifest-path" "Cargo.toml" "--no-deps", kill_on_drop: false }`
[INFO] crate crates.io crate rustauth-core 0.3.2 already has a lockfile, it will not be regenerated
[INFO] running `Command { std: CARGO_HOME="/workspace/cargo-home" RUSTUP_HOME="/workspace/rustup-home" "/workspace/cargo-home/bin/cargo" "+1.99.0-beta.8" "fetch" "--manifest-path" "Cargo.toml", kill_on_drop: false }`
[INFO] [stderr]     Updating crates.io index
[INFO] [stderr]  Downloading crates ...
[INFO] [stderr]   Downloaded rustauth-oauth v0.3.2
[INFO] [stderr]   Downloaded josekit v0.10.3
[INFO] [stderr]   Downloaded rustauth-social-providers v0.3.2
[INFO] running `Command { std: "docker" "create" "-v" "/var/lib/crater-agent-workspace/builds/worker-1-tc1/source:/opt/rustwide/workdir:ro,Z" "-v" "/var/lib/crater-agent-workspace/builds/worker-1-tc1/target:/opt/rustwide/target:rw,Z" "-v" "/var/lib/crater-agent-workspace/cargo-home:/opt/rustwide/cargo-home:ro,Z" "-v" "/var/lib/crater-agent-workspace/rustup-home:/opt/rustwide/rustup-home:ro,Z" "-m" "1610612736" "--network" "none" "ghcr.io/rust-lang/crates-build-env/linux@sha256:77db811e55d90add9212f6832c23229e3de5f1c1f9905e8cb07319ea15df73ac" "sleep" "infinity", kill_on_drop: false }`
[INFO] [stdout] 6baa6aee7f5830409660b80b773ae2afee4e53684ac01c75cdfbcbd96707e7d2
[INFO] running `Command { std: "docker" "start" "6baa6aee7f5830409660b80b773ae2afee4e53684ac01c75cdfbcbd96707e7d2", kill_on_drop: false }`
[INFO] running `Command { std: "docker" "inspect" "6baa6aee7f5830409660b80b773ae2afee4e53684ac01c75cdfbcbd96707e7d2", kill_on_drop: false }`
[INFO] running `Command { std: "docker" "exec" "-e" "SOURCE_DIR=/opt/rustwide/workdir" "-e" "CARGO_HOME=/opt/rustwide/cargo-home" "-e" "RUSTUP_HOME=/opt/rustwide/rustup-home" "-e" "CARGO_TARGET_DIR=/opt/rustwide/target" "-w" "/opt/rustwide/workdir" "--user" "0:0" "6baa6aee7f5830409660b80b773ae2afee4e53684ac01c75cdfbcbd96707e7d2" "/opt/rustwide/cargo-home/bin/cargo" "+1.99.0-beta.8" "metadata" "--no-deps" "--format-version=1", kill_on_drop: false }`
[INFO] running `Command { std: "docker" "inspect" "6baa6aee7f5830409660b80b773ae2afee4e53684ac01c75cdfbcbd96707e7d2", kill_on_drop: false }`
[INFO] running `Command { std: "docker" "exec" "-e" "SOURCE_DIR=/opt/rustwide/workdir" "-e" "CARGO_HOME=/opt/rustwide/cargo-home" "-e" "RUSTUP_HOME=/opt/rustwide/rustup-home" "-e" "CARGO_TARGET_DIR=/opt/rustwide/target" "-e" "CARGO_INCREMENTAL=0" "-e" "RUST_BACKTRACE=full" "-e" "RUSTFLAGS=--cap-lints=warn" "-e" "RUSTDOCFLAGS=--cap-lints=warn" "-w" "/opt/rustwide/workdir" "--user" "0:0" "6baa6aee7f5830409660b80b773ae2afee4e53684ac01c75cdfbcbd96707e7d2" "/opt/rustwide/cargo-home/bin/cargo" "+1.99.0-beta.8" "build" "--frozen" "--message-format=json" "--release", kill_on_drop: false }`
[INFO] [stderr]    Compiling syn v2.0.117
[INFO] [stderr]    Compiling smallvec v1.15.2
[INFO] [stderr]    Compiling zeroize v1.9.0
[INFO] [stderr]    Compiling portable-atomic v1.13.1
[INFO] [stderr]    Compiling futures-core v0.3.32
[INFO] [stderr]    Compiling base64ct v1.8.3
[INFO] [stderr]    Compiling tinyvec v1.11.0
[INFO] [stderr]    Compiling pbkdf2 v0.12.2
[INFO] [stderr]    Compiling futures-util v0.3.32
[INFO] [stderr]    Compiling spinning_top v0.3.0
[INFO] [stderr]    Compiling cipher v0.4.4
[INFO] [stderr]    Compiling aead v0.5.2
[INFO] [stderr]    Compiling parking_lot_core v0.9.12
[INFO] [stderr]    Compiling password-hash v0.5.0
[INFO] [stderr]    Compiling deranged v0.5.8
[INFO] [stderr]    Compiling salsa20 v0.10.2
[INFO] [stderr]    Compiling parking_lot v0.12.5
[INFO] [stderr]    Compiling dashmap v6.2.1
[INFO] [stderr]    Compiling chacha20 v0.9.1
[INFO] [stderr]    Compiling web-time v1.1.0
[INFO] [stderr]    Compiling nonzero_ext v0.3.0
[INFO] [stderr]    Compiling futures-timer v3.0.4
[INFO] [stderr]    Compiling indexmap v2.14.0
[INFO] [stderr]    Compiling chacha20poly1305 v0.10.1
[INFO] [stderr]    Compiling unicode-normalization v0.1.25
[INFO] [stderr]    Compiling scrypt v0.11.0
[INFO] [stderr]    Compiling hkdf v0.12.4
[INFO] [stderr]    Compiling time v0.3.49
[INFO] [stderr]    Compiling governor v0.10.4
[INFO] [stderr]    Compiling synstructure v0.13.2
[INFO] [stderr]    Compiling zerovec-derive v0.11.3
[INFO] [stderr]    Compiling displaydoc v0.2.6
[INFO] [stderr]    Compiling tokio-macros v2.7.0
[INFO] [stderr]    Compiling serde_derive v1.0.228
[INFO] [stderr]    Compiling thiserror-impl v2.0.18
[INFO] [stderr]    Compiling zerofrom-derive v0.1.7
[INFO] [stderr]    Compiling yoke-derive v0.8.2
[INFO] [stderr]    Compiling tokio v1.52.3
[INFO] [stderr]    Compiling zerofrom v0.1.8
[INFO] [stderr]    Compiling thiserror v2.0.18
[INFO] [stderr]    Compiling yoke v0.8.3
[INFO] [stderr]    Compiling zerovec v0.11.6
[INFO] [stderr]    Compiling zerotrie v0.2.4
[INFO] [stderr]    Compiling tinystr v0.8.3
[INFO] [stderr]    Compiling potential_utf v0.1.5
[INFO] [stderr]    Compiling icu_collections v2.2.0
[INFO] [stderr]    Compiling icu_locale_core v2.2.0
[INFO] [stderr]    Compiling serde v1.0.228
[INFO] [stderr]    Compiling icu_provider v2.2.0
[INFO] [stderr]    Compiling icu_normalizer v2.2.0
[INFO] [stderr]    Compiling icu_properties v2.2.0
[INFO] [stderr]    Compiling idna_adapter v1.2.2
[INFO] [stderr]    Compiling idna v1.1.0
[INFO] [stderr]    Compiling url v2.5.8
[INFO] [stderr]    Compiling rustauth-core v0.3.2 (/opt/rustwide/workdir)
[INFO] [stderr]     Finished `release` profile [optimized] target(s) in 1m 50s
[INFO] running `Command { std: "docker" "inspect" "6baa6aee7f5830409660b80b773ae2afee4e53684ac01c75cdfbcbd96707e7d2", kill_on_drop: false }`
[INFO] running `Command { std: "docker" "exec" "-e" "SOURCE_DIR=/opt/rustwide/workdir" "-e" "CARGO_HOME=/opt/rustwide/cargo-home" "-e" "RUSTUP_HOME=/opt/rustwide/rustup-home" "-e" "CARGO_TARGET_DIR=/opt/rustwide/target" "-e" "CARGO_INCREMENTAL=0" "-e" "RUST_BACKTRACE=full" "-e" "RUSTFLAGS=--cap-lints=warn" "-e" "RUSTDOCFLAGS=--cap-lints=warn" "-w" "/opt/rustwide/workdir" "--user" "0:0" "6baa6aee7f5830409660b80b773ae2afee4e53684ac01c75cdfbcbd96707e7d2" "/opt/rustwide/cargo-home/bin/cargo" "+1.99.0-beta.8" "test" "--frozen" "--no-run" "--message-format=json" "--release", kill_on_drop: false }`
[INFO] [stderr]    Compiling rustauth-core v0.3.2 (/opt/rustwide/workdir)
[INFO] [stdout] error[E0432]: unresolved import `rustauth_core::test_utils`
[INFO] [stdout]   --> tests/env/../common/mod.rs:2:24
[INFO] [stdout]    |
[INFO] [stdout]  2 | pub use rustauth_core::test_utils::{
[INFO] [stdout]    |                        ^^^^^^^^^^ could not find `test_utils` in `rustauth_core`
[INFO] [stdout]    |
[INFO] [stdout] note: found an item that was configured out
[INFO] [stdout]   --> src/lib.rs:31:9
[INFO] [stdout]    |
[INFO] [stdout] 30 | #[cfg(feature = "test-utils")]
[INFO] [stdout]    |       ---------------------- the item is gated behind the `test-utils` feature
[INFO] [stdout] 31 | pub mod test_utils;
[INFO] [stdout]    |         ^^^^^^^^^^
[INFO] [stdout] 
[INFO] [stdout] 
[INFO] [stdout] error[E0432]: unresolved import `rustauth_core::test_utils`
[INFO] [stdout]   --> tests/utils/../common/mod.rs:2:24
[INFO] [stdout]    |
[INFO] [stdout]  2 | pub use rustauth_core::test_utils::{
[INFO] [stdout]    |                        ^^^^^^^^^^ could not find `test_utils` in `rustauth_core`
[INFO] [stdout]    |
[INFO] [stdout] note: found an item that was configured out
[INFO] [stdout]   --> src/lib.rs:31:9
[INFO] [stdout]    |
[INFO] [stdout] 30 | #[cfg(feature = "test-utils")]
[INFO] [stdout]    |       ---------------------- the item is gated behind the `test-utils` feature
[INFO] [stdout] 31 | pub mod test_utils;
[INFO] [stdout]    |         ^^^^^^^^^^
[INFO] [stdout] 
[INFO] [stdout] 
[INFO] [stdout] error[E0432]: unresolved import `rustauth_core::test_utils`
[INFO] [stdout]   --> tests/crypto/../common/mod.rs:2:24
[INFO] [stdout]    |
[INFO] [stdout]  2 | pub use rustauth_core::test_utils::{
[INFO] [stdout]    |                        ^^^^^^^^^^ could not find `test_utils` in `rustauth_core`
[INFO] [stdout]    |
[INFO] [stdout] note: found an item that was configured out
[INFO] [stdout]   --> src/lib.rs:31:9
[INFO] [stdout]    |
[INFO] [stdout] 30 | #[cfg(feature = "test-utils")]
[INFO] [stdout]    |       ---------------------- the item is gated behind the `test-utils` feature
[INFO] [stdout] 31 | pub mod test_utils;
[INFO] [stdout]    |         ^^^^^^^^^^
[INFO] [stdout] 
[INFO] [stdout] 
[INFO] [stdout] error[E0432]: unresolved import `rustauth_core::test_utils`
[INFO] [stdout]   --> tests/cookies/../common/mod.rs:2:24
[INFO] [stdout]    |
[INFO] [stdout]  2 | pub use rustauth_core::test_utils::{
[INFO] [stdout]    |                        ^^^^^^^^^^ could not find `test_utils` in `rustauth_core`
[INFO] [stdout]    |
[INFO] [stdout] note: found an item that was configured out
[INFO] [stdout]   --> src/lib.rs:31:9
[INFO] [stdout]    |
[INFO] [stdout] 30 | #[cfg(feature = "test-utils")]
[INFO] [stdout]    |       ---------------------- the item is gated behind the `test-utils` feature
[INFO] [stdout] 31 | pub mod test_utils;
[INFO] [stdout]    |         ^^^^^^^^^^
[INFO] [stdout] 
[INFO] [stdout] 
[INFO] [stdout] error[E0432]: unresolved import `rustauth_core::test_utils`
[INFO] [stdout]   --> tests/context/../common/mod.rs:2:24
[INFO] [stdout]    |
[INFO] [stdout]  2 | pub use rustauth_core::test_utils::{
[INFO] [stdout]    |                        ^^^^^^^^^^ could not find `test_utils` in `rustauth_core`
[INFO] [stdout]    |
[INFO] [stdout] note: found an item that was configured out
[INFO] [stdout]   --> src/lib.rs:31:9
[INFO] [stdout]    |
[INFO] [stdout] 30 | #[cfg(feature = "test-utils")]
[INFO] [stdout]    |       ---------------------- the item is gated behind the `test-utils` feature
[INFO] [stdout] 31 | pub mod test_utils;
[INFO] [stdout]    |         ^^^^^^^^^^
[INFO] [stdout] 
[INFO] [stdout] 
[INFO] [stdout] For more information about this error, try `rustc --explain E0432`.
[INFO] [stdout] 
[INFO] [stderr] error: could not compile `rustauth-core` (test "env") due to 1 previous error
[INFO] [stderr] warning: build failed, waiting for other jobs to finish...
[INFO] [stdout] For more information about this error, try `rustc --explain E0432`.
[INFO] [stdout] 
[INFO] [stderr] error: could not compile `rustauth-core` (test "utils") due to 1 previous error
[INFO] [stdout] error[E0432]: unresolved import `rustauth_core::test_utils`
[INFO] [stdout]   --> tests/db/../common/mod.rs:2:24
[INFO] [stdout]    |
[INFO] [stdout]  2 | pub use rustauth_core::test_utils::{
[INFO] [stdout]    |                        ^^^^^^^^^^ could not find `test_utils` in `rustauth_core`
[INFO] [stdout]    |
[INFO] [stdout] note: found an item that was configured out
[INFO] [stdout]   --> src/lib.rs:31:9
[INFO] [stdout]    |
[INFO] [stdout] 30 | #[cfg(feature = "test-utils")]
[INFO] [stdout]    |       ---------------------- the item is gated behind the `test-utils` feature
[INFO] [stdout] 31 | pub mod test_utils;
[INFO] [stdout]    |         ^^^^^^^^^^
[INFO] [stdout] 
[INFO] [stdout] 
[INFO] [stdout] error[E0432]: unresolved import `rustauth_core::test_utils`
[INFO] [stdout]   --> tests/db/secondary_session_store.rs:6:20
[INFO] [stdout]    |
[INFO] [stdout]  6 | use rustauth_core::test_utils::MemorySecondaryStorage;
[INFO] [stdout]    |                    ^^^^^^^^^^ could not find `test_utils` in `rustauth_core`
[INFO] [stdout]    |
[INFO] [stdout] note: found an item that was configured out
[INFO] [stdout]   --> src/lib.rs:31:9
[INFO] [stdout]    |
[INFO] [stdout] 30 | #[cfg(feature = "test-utils")]
[INFO] [stdout]    |       ---------------------- the item is gated behind the `test-utils` feature
[INFO] [stdout] 31 | pub mod test_utils;
[INFO] [stdout]    |         ^^^^^^^^^^
[INFO] [stdout] 
[INFO] [stdout] 
[INFO] [stdout] For more information about this error, try `rustc --explain E0432`.
[INFO] [stdout] 
[INFO] [stderr] error: could not compile `rustauth-core` (test "crypto") due to 1 previous error
[INFO] [stdout] For more information about this error, try `rustc --explain E0432`.
[INFO] [stdout] 
[INFO] [stderr] error: could not compile `rustauth-core` (test "cookies") due to 1 previous error
[INFO] [stdout] For more information about this error, try `rustc --explain E0432`.
[INFO] [stdout] 
[INFO] [stderr] error: could not compile `rustauth-core` (test "context") due to 1 previous error
[INFO] [stdout] For more information about this error, try `rustc --explain E0432`.
[INFO] [stdout] 
[INFO] [stderr] error: could not compile `rustauth-core` (test "db") due to 2 previous errors
[INFO] running `Command { std: "docker" "inspect" "6baa6aee7f5830409660b80b773ae2afee4e53684ac01c75cdfbcbd96707e7d2", kill_on_drop: false }`
[INFO] running `Command { std: "docker" "rm" "-f" "6baa6aee7f5830409660b80b773ae2afee4e53684ac01c75cdfbcbd96707e7d2", kill_on_drop: false }`
[INFO] [stdout] 6baa6aee7f5830409660b80b773ae2afee4e53684ac01c75cdfbcbd96707e7d2
