[INFO] fetching crate rustapi-validate 0.2.2...
[INFO] testing rustapi-validate-0.2.2 against 1.100.0-beta.1+cargoflags=--release for beta-release-1.100-2
[INFO] extracting crate rustapi-validate 0.2.2 into /workspace/builds/worker-0-tc2/source
[INFO] started tweaking crates.io crate rustapi-validate 0.2.2
[INFO] removed 0 missing tests
[INFO] finished tweaking crates.io crate rustapi-validate 0.2.2
[INFO] tweaked toml for crates.io crate rustapi-validate 0.2.2 written to /workspace/builds/worker-0-tc2/source/Cargo.toml
[INFO] validating manifest of crates.io crate rustapi-validate 0.2.2 on toolchain 1.100.0-beta.1
[INFO] running `Command { std: CARGO_HOME="/workspace/cargo-home" RUSTUP_HOME="/workspace/rustup-home" "/workspace/cargo-home/bin/cargo" "+1.100.0-beta.1" "metadata" "--manifest-path" "Cargo.toml" "--no-deps", kill_on_drop: false }`
[INFO] crate crates.io crate rustapi-validate 0.2.2 already has a lockfile, it will not be regenerated
[INFO] running `Command { std: CARGO_HOME="/workspace/cargo-home" RUSTUP_HOME="/workspace/rustup-home" "/workspace/cargo-home/bin/cargo" "+1.100.0-beta.1" "fetch" "--manifest-path" "Cargo.toml", kill_on_drop: false }`
[INFO] [stderr] warning: `package.homepage` is redundant with `package.repository`
[INFO] [stderr]   --> Cargo.toml:50:12
[INFO] [stderr]    |
[INFO] [stderr] 50 | homepage = "https://github.com/Tuntii/RustAPI"
[INFO] [stderr]    |            ^^^^^^^^^^^^^^^^^^^^^^^^^^^^^^^^^^^
[INFO] [stderr] ...
[INFO] [stderr] 54 | repository = "https://github.com/Tuntii/RustAPI"
[INFO] [stderr]    |              -----------------------------------
[INFO] [stderr]    |
[INFO] [stderr]    = note: `cargo::redundant_homepage` is set to `warn` by default
[INFO] [stderr] help: consider removing `package.homepage`
[INFO] [stderr] warning: `rustapi-validate` (manifest) generated 1 warning
[INFO] running `Command { std: "docker" "create" "-v" "/var/lib/crater-agent-workspace/builds/worker-0-tc2/source:/opt/rustwide/workdir:ro,Z" "-v" "/var/lib/crater-agent-workspace/builds/worker-0-tc2/target:/opt/rustwide/target:rw,Z" "-v" "/var/lib/crater-agent-workspace/cargo-home:/opt/rustwide/cargo-home:ro,Z" "-v" "/var/lib/crater-agent-workspace/rustup-home:/opt/rustwide/rustup-home:ro,Z" "-m" "1610612736" "--network" "none" "ghcr.io/rust-lang/crates-build-env/linux@sha256:77db811e55d90add9212f6832c23229e3de5f1c1f9905e8cb07319ea15df73ac" "sleep" "infinity", kill_on_drop: false }`
[INFO] [stdout] 837c02812bebdd7b9e28b9b4ac19666956072c0ac86ad0d6a00aa053b8a8ad98
[INFO] running `Command { std: "docker" "start" "837c02812bebdd7b9e28b9b4ac19666956072c0ac86ad0d6a00aa053b8a8ad98", kill_on_drop: false }`
[INFO] running `Command { std: "docker" "inspect" "837c02812bebdd7b9e28b9b4ac19666956072c0ac86ad0d6a00aa053b8a8ad98", kill_on_drop: false }`
[INFO] running `Command { std: "docker" "exec" "-e" "SOURCE_DIR=/opt/rustwide/workdir" "-e" "CARGO_HOME=/opt/rustwide/cargo-home" "-e" "RUSTUP_HOME=/opt/rustwide/rustup-home" "-e" "CARGO_TARGET_DIR=/opt/rustwide/target" "-w" "/opt/rustwide/workdir" "--user" "0:0" "837c02812bebdd7b9e28b9b4ac19666956072c0ac86ad0d6a00aa053b8a8ad98" "/opt/rustwide/cargo-home/bin/cargo" "+1.100.0-beta.1" "metadata" "--no-deps" "--format-version=1", kill_on_drop: false }`
[INFO] running `Command { std: "docker" "inspect" "837c02812bebdd7b9e28b9b4ac19666956072c0ac86ad0d6a00aa053b8a8ad98", kill_on_drop: false }`
[INFO] running `Command { std: "docker" "exec" "-e" "SOURCE_DIR=/opt/rustwide/workdir" "-e" "CARGO_HOME=/opt/rustwide/cargo-home" "-e" "RUSTUP_HOME=/opt/rustwide/rustup-home" "-e" "CARGO_TARGET_DIR=/opt/rustwide/target" "-e" "CARGO_INCREMENTAL=0" "-e" "RUST_BACKTRACE=full" "-e" "RUSTFLAGS=--cap-lints=warn" "-e" "RUSTDOCFLAGS=--cap-lints=warn" "-w" "/opt/rustwide/workdir" "--user" "0:0" "837c02812bebdd7b9e28b9b4ac19666956072c0ac86ad0d6a00aa053b8a8ad98" "/opt/rustwide/cargo-home/bin/cargo" "+1.100.0-beta.1" "build" "--frozen" "--message-format=json" "--release", kill_on_drop: false }`
[INFO] [stderr] warning: `package.homepage` is redundant with `package.repository`
[INFO] [stderr]   --> Cargo.toml:50:12
[INFO] [stderr]    |
[INFO] [stderr] 50 | homepage = "https://github.com/Tuntii/RustAPI"
[INFO] [stderr]    |            ^^^^^^^^^^^^^^^^^^^^^^^^^^^^^^^^^^^
[INFO] [stderr] ...
[INFO] [stderr] 54 | repository = "https://github.com/Tuntii/RustAPI"
[INFO] [stderr]    |              -----------------------------------
[INFO] [stderr]    |
[INFO] [stderr]    = note: `cargo::redundant_homepage` is set to `warn` by default
[INFO] [stderr] help: consider removing `package.homepage`
[INFO] [stderr] warning: `rustapi-validate` (manifest) generated 1 warning
[INFO] [stderr]    Compiling syn v3.0.6
[INFO] [stderr]    Compiling toml_edit v0.25.15+spec-1.1.0
[INFO] [stderr]    Compiling serde_json v1.0.151
[INFO] [stderr]    Compiling proc-macro-crate v3.5.0
[INFO] [stderr]    Compiling serde_derive v1.0.229
[INFO] [stderr]    Compiling async-trait v0.1.92
[INFO] [stderr]    Compiling rustapi-macros v0.2.2
[INFO] [stderr]    Compiling serde v1.0.229
[INFO] [stderr]    Compiling rustapi-validate v0.2.2 (/opt/rustwide/workdir)
[INFO] [stderr] warning: unused dependency `http`
[INFO] [stderr]  --> Cargo.toml:4:15
[INFO] [stderr]   |
[INFO] [stderr] 4 | [dependencies.http]
[INFO] [stderr]   |               ^^^^^
[INFO] [stderr]   |
[INFO] [stderr]   = note: `cargo::unused_dependencies` is set to `warn` by default
[INFO] [stderr] help: consider removing the dependency on `http`
[INFO] [stderr] warning: `rustapi-validate` (manifest) generated 1 warning
[INFO] [stderr]     Finished `release` profile [optimized] target(s) in 18.92s
[INFO] running `Command { std: "docker" "inspect" "837c02812bebdd7b9e28b9b4ac19666956072c0ac86ad0d6a00aa053b8a8ad98", kill_on_drop: false }`
[INFO] running `Command { std: "docker" "exec" "-e" "SOURCE_DIR=/opt/rustwide/workdir" "-e" "CARGO_HOME=/opt/rustwide/cargo-home" "-e" "RUSTUP_HOME=/opt/rustwide/rustup-home" "-e" "CARGO_TARGET_DIR=/opt/rustwide/target" "-e" "CARGO_INCREMENTAL=0" "-e" "RUST_BACKTRACE=full" "-e" "RUSTFLAGS=--cap-lints=warn" "-e" "RUSTDOCFLAGS=--cap-lints=warn" "-w" "/opt/rustwide/workdir" "--user" "0:0" "837c02812bebdd7b9e28b9b4ac19666956072c0ac86ad0d6a00aa053b8a8ad98" "/opt/rustwide/cargo-home/bin/cargo" "+1.100.0-beta.1" "test" "--frozen" "--no-run" "--message-format=json" "--release", kill_on_drop: false }`
[INFO] [stderr] warning: `package.homepage` is redundant with `package.repository`
[INFO] [stderr]   --> Cargo.toml:50:12
[INFO] [stderr]    |
[INFO] [stderr] 50 | homepage = "https://github.com/Tuntii/RustAPI"
[INFO] [stderr]    |            ^^^^^^^^^^^^^^^^^^^^^^^^^^^^^^^^^^^
[INFO] [stderr] ...
[INFO] [stderr] 54 | repository = "https://github.com/Tuntii/RustAPI"
[INFO] [stderr]    |              -----------------------------------
[INFO] [stderr]    |
[INFO] [stderr]    = note: `cargo::redundant_homepage` is set to `warn` by default
[INFO] [stderr] help: consider removing `package.homepage`
[INFO] [stderr] warning: `rustapi-validate` (manifest) generated 1 warning
[INFO] [stderr]    Compiling zerocopy v0.8.56
[INFO] [stderr]    Compiling getrandom v0.4.3
[INFO] [stderr]    Compiling num-traits v0.2.19
[INFO] [stderr]    Compiling once_cell v1.21.4
[INFO] [stderr]    Compiling wait-timeout v0.2.1
[INFO] [stderr]    Compiling bit-vec v0.8.0
[INFO] [stderr]    Compiling quick-error v1.2.3
[INFO] [stderr]    Compiling tokio-macros v2.7.2
[INFO] [stderr]    Compiling rand v0.9.5
[INFO] [stderr]    Compiling rand_xorshift v0.4.0
[INFO] [stderr]    Compiling unarray v0.1.4
[INFO] [stderr]    Compiling tempfile v3.27.0
[INFO] [stderr]    Compiling bit-set v0.8.0
[INFO] [stderr]    Compiling tokio v1.53.1
[INFO] [stderr]    Compiling rusty-fork v0.3.1
[INFO] [stderr]    Compiling ppv-lite86 v0.2.21
[INFO] [stderr]    Compiling rand_chacha v0.9.0
[INFO] [stderr]    Compiling proptest v1.11.0
[INFO] [stderr]    Compiling rustapi-validate v0.2.2 (/opt/rustwide/workdir)
[INFO] [stdout] error[E0433]: cannot find `time` in `tokio`
[INFO] [stdout]    --> tests/custom_async.rs:11:12
[INFO] [stdout]     |
[INFO] [stdout]  11 |     tokio::time::sleep(tokio::time::Duration::from_millis(10)).await;
[INFO] [stdout]     |            ^^^^ could not find `time` in `tokio`
[INFO] [stdout]     |
[INFO] [stdout] note: found an item that was configured out
[INFO] [stdout]    --> /opt/rustwide/cargo-home/registry/src/index.crates.io-1949cf8c6b5b557f/tokio-1.53.1/src/lib.rs:581:13
[INFO] [stdout]     |
[INFO] [stdout] 581 |     pub mod time;
[INFO] [stdout]     |             ^^^^
[INFO] [stdout]     |
[INFO] [stdout]    ::: /opt/rustwide/cargo-home/registry/src/index.crates.io-1949cf8c6b5b557f/tokio-1.53.1/src/macros/cfg.rs:583:19
[INFO] [stdout]     |
[INFO] [stdout] 583 |             #[cfg(feature = "time")]
[INFO] [stdout]     |                   ---------------- the item is gated behind the `time` feature
[INFO] [stdout] 
[INFO] [stdout] 
[INFO] [stdout] error[E0433]: cannot find `rustapi_core` in the list of imported crates
[INFO] [stdout]  --> tests/rich_rules.rs:5:17
[INFO] [stdout]   |
[INFO] [stdout] 5 | #[derive(Debug, Validate, Serialize)]
[INFO] [stdout]   |                 ^^^^^^^^ could not find `rustapi_core` in the list of imported crates
[INFO] [stdout]   |
[INFO] [stdout]   = note: this error originates in the derive macro `Validate` (in Nightly builds, run with -Z macro-backtrace for more info)
[INFO] [stdout] 
[INFO] [stdout] 
[INFO] [stdout] error[E0433]: cannot find `rustapi_core` in the list of imported crates
[INFO] [stdout]  --> tests/groups.rs:4:10
[INFO] [stdout]   |
[INFO] [stdout] 4 | #[derive(Validate)]
[INFO] [stdout]   |          ^^^^^^^^ could not find `rustapi_core` in the list of imported crates
[INFO] [stdout]   |
[INFO] [stdout]   = note: this error originates in the derive macro `Validate` (in Nightly builds, run with -Z macro-backtrace for more info)
[INFO] [stdout] 
[INFO] [stdout] 
[INFO] [stdout] error[E0433]: cannot find `rustapi_core` in the list of imported crates
[INFO] [stdout]   --> tests/custom_async.rs:29:17
[INFO] [stdout]    |
[INFO] [stdout] 29 | #[derive(Debug, Validate)]
[INFO] [stdout]    |                 ^^^^^^^^ could not find `rustapi_core` in the list of imported crates
[INFO] [stdout]    |
[INFO] [stdout]    = note: this error originates in the derive macro `Validate` (in Nightly builds, run with -Z macro-backtrace for more info)
[INFO] [stdout] 
[INFO] [stdout] 
[INFO] [stdout] For more information about this error, try `rustc --explain E0433`.
[INFO] [stdout] 
[INFO] [stderr] error: could not compile `rustapi-validate` (test "groups") due to 1 previous error
[INFO] [stderr] warning: build failed, waiting for other jobs to finish...
[INFO] [stdout] error[E0433]: cannot find `rustapi_core` in the list of imported crates
[INFO] [stdout]  --> tests/custom_messages.rs:4:10
[INFO] [stdout]   |
[INFO] [stdout] 4 | #[derive(Validate)]
[INFO] [stdout]   |          ^^^^^^^^ could not find `rustapi_core` in the list of imported crates
[INFO] [stdout]   |
[INFO] [stdout]   = note: this error originates in the derive macro `Validate` (in Nightly builds, run with -Z macro-backtrace for more info)
[INFO] [stdout] 
[INFO] [stdout] 
[INFO] [stdout] error[E0433]: cannot find `rustapi_core` in the list of imported crates
[INFO] [stdout]   --> tests/derive_macro_tests.rs:11:10
[INFO] [stdout]    |
[INFO] [stdout] 11 | #[derive(DeriveValidate)]
[INFO] [stdout]    |          ^^^^^^^^^^^^^^ could not find `rustapi_core` in the list of imported crates
[INFO] [stdout]    |
[INFO] [stdout]    = note: this error originates in the derive macro `DeriveValidate` (in Nightly builds, run with -Z macro-backtrace for more info)
[INFO] [stdout] 
[INFO] [stdout] 
[INFO] [stdout] error[E0433]: cannot find `rustapi_core` in the list of imported crates
[INFO] [stdout]   --> tests/rich_rules.rs:64:17
[INFO] [stdout]    |
[INFO] [stdout] 64 | #[derive(Debug, Validate)]
[INFO] [stdout]    |                 ^^^^^^^^ could not find `rustapi_core` in the list of imported crates
[INFO] [stdout]    |
[INFO] [stdout]    = note: this error originates in the derive macro `Validate` (in Nightly builds, run with -Z macro-backtrace for more info)
[INFO] [stdout] 
[INFO] [stdout] 
[INFO] [stdout] error[E0433]: cannot find `time` in `tokio`
[INFO] [stdout]    --> tests/custom_async.rs:11:31
[INFO] [stdout]     |
[INFO] [stdout]  11 |     tokio::time::sleep(tokio::time::Duration::from_millis(10)).await;
[INFO] [stdout]     |                               ^^^^ could not find `time` in `tokio`
[INFO] [stdout]     |
[INFO] [stdout] note: found an item that was configured out
[INFO] [stdout]    --> /opt/rustwide/cargo-home/registry/src/index.crates.io-1949cf8c6b5b557f/tokio-1.53.1/src/lib.rs:581:13
[INFO] [stdout]     |
[INFO] [stdout] 581 |     pub mod time;
[INFO] [stdout]     |             ^^^^
[INFO] [stdout]     |
[INFO] [stdout]    ::: /opt/rustwide/cargo-home/registry/src/index.crates.io-1949cf8c6b5b557f/tokio-1.53.1/src/macros/cfg.rs:583:19
[INFO] [stdout]     |
[INFO] [stdout] 583 |             #[cfg(feature = "time")]
[INFO] [stdout]     |                   ---------------- the item is gated behind the `time` feature
[INFO] [stdout] help: consider importing this struct
[INFO] [stdout]     |
[INFO] [stdout]   1 + use std::time::Duration;
[INFO] [stdout]     |
[INFO] [stdout] help: if you import `Duration`, refer to it directly
[INFO] [stdout]     |
[INFO] [stdout]  11 -     tokio::time::sleep(tokio::time::Duration::from_millis(10)).await;
[INFO] [stdout]  11 +     tokio::time::sleep(Duration::from_millis(10)).await;
[INFO] [stdout]     |
[INFO] [stdout] 
[INFO] [stdout] 
[INFO] [stdout] For more information about this error, try `rustc --explain E0433`.
[INFO] [stdout] 
[INFO] [stderr] error: could not compile `rustapi-validate` (test "custom_async") due to 3 previous errors
[INFO] [stdout] error[E0433]: cannot find `rustapi_core` in the list of imported crates
[INFO] [stdout]   --> tests/derive_macro_tests.rs:98:10
[INFO] [stdout]    |
[INFO] [stdout] 98 | #[derive(DeriveValidate)]
[INFO] [stdout]    |          ^^^^^^^^^^^^^^ could not find `rustapi_core` in the list of imported crates
[INFO] [stdout]    |
[INFO] [stdout]    = note: this error originates in the derive macro `DeriveValidate` (in Nightly builds, run with -Z macro-backtrace for more info)
[INFO] [stdout] 
[INFO] [stdout] 
[INFO] [stdout] For more information about this error, try `rustc --explain E0433`.
[INFO] [stdout] 
[INFO] [stderr] error: could not compile `rustapi-validate` (test "custom_messages") due to 1 previous error
[INFO] [stdout] For more information about this error, try `rustc --explain E0433`.
[INFO] [stdout] 
[INFO] [stderr] error: could not compile `rustapi-validate` (test "rich_rules") due to 2 previous errors
[INFO] [stdout] error[E0433]: cannot find `rustapi_core` in the list of imported crates
[INFO] [stdout]    --> tests/derive_macro_tests.rs:144:10
[INFO] [stdout]     |
[INFO] [stdout] 144 | #[derive(DeriveValidate)]
[INFO] [stdout]     |          ^^^^^^^^^^^^^^ could not find `rustapi_core` in the list of imported crates
[INFO] [stdout]     |
[INFO] [stdout]     = note: this error originates in the derive macro `DeriveValidate` (in Nightly builds, run with -Z macro-backtrace for more info)
[INFO] [stdout] 
[INFO] [stdout] 
[INFO] [stdout] error[E0433]: cannot find `rustapi_core` in the list of imported crates
[INFO] [stdout]    --> tests/derive_macro_tests.rs:176:10
[INFO] [stdout]     |
[INFO] [stdout] 176 | #[derive(DeriveValidate)]
[INFO] [stdout]     |          ^^^^^^^^^^^^^^ could not find `rustapi_core` in the list of imported crates
[INFO] [stdout]     |
[INFO] [stdout]     = note: this error originates in the derive macro `DeriveValidate` (in Nightly builds, run with -Z macro-backtrace for more info)
[INFO] [stdout] 
[INFO] [stdout] 
[INFO] [stdout] error[E0432]: unresolved import `tokio::sync::Mutex`
[INFO] [stdout]    --> src/v2/tests.rs:470:9
[INFO] [stdout]     |
[INFO] [stdout] 470 |     use tokio::sync::Mutex;
[INFO] [stdout]     |         ^^^^^^^^^^^^^-----
[INFO] [stdout]     |                      |
[INFO] [stdout]     |                      no `Mutex` in `sync`
[INFO] [stdout]     |
[INFO] [stdout] help: consider importing this struct instead
[INFO] [stdout]     |
[INFO] [stdout] 470 -     use tokio::sync::Mutex;
[INFO] [stdout] 470 +     use std::sync::Mutex;
[INFO] [stdout]     |
[INFO] [stdout] 
[INFO] [stdout] 
[INFO] [stdout] For more information about this error, try `rustc --explain E0433`.
[INFO] [stdout] 
[INFO] [stderr] error: could not compile `rustapi-validate` (test "derive_macro_tests") due to 4 previous errors
[INFO] [stdout] error[E0603]: module `sync` is private
[INFO] [stdout]    --> src/v2/tests.rs:470:16
[INFO] [stdout]     |
[INFO] [stdout] 470 |     use tokio::sync::Mutex;
[INFO] [stdout]     |                ^^^^ private module
[INFO] [stdout]     |
[INFO] [stdout] note: the module `sync` is defined here
[INFO] [stdout]    --> /opt/rustwide/cargo-home/registry/src/index.crates.io-1949cf8c6b5b557f/tokio-1.53.1/src/lib.rs:567:5
[INFO] [stdout]     |
[INFO] [stdout] 567 |     mod sync;
[INFO] [stdout]     |     ^^^^^^^^
[INFO] [stdout] 
[INFO] [stdout] 
[INFO] [stdout] Some errors have detailed explanations: E0432, E0603.
[INFO] [stdout] 
[INFO] [stdout] For more information about an error, try `rustc --explain E0432`.
[INFO] [stdout] 
[INFO] [stderr] error: could not compile `rustapi-validate` (lib test) due to 2 previous errors
[INFO] [stderr] warning: unused dependency `http`
[INFO] [stderr]  --> Cargo.toml:4:15
[INFO] [stderr]   |
[INFO] [stderr] 4 | [dependencies.http]
[INFO] [stderr]   |               ^^^^^
[INFO] [stderr]   |
[INFO] [stderr]   = note: `cargo::unused_dependencies` is set to `warn` by default
[INFO] [stderr] help: consider removing the dependency on `http`
[INFO] [stderr] warning: `rustapi-validate` (manifest) generated 1 warning
[INFO] running `Command { std: "docker" "inspect" "837c02812bebdd7b9e28b9b4ac19666956072c0ac86ad0d6a00aa053b8a8ad98", kill_on_drop: false }`
[INFO] running `Command { std: "docker" "rm" "-f" "837c02812bebdd7b9e28b9b4ac19666956072c0ac86ad0d6a00aa053b8a8ad98", kill_on_drop: false }`
[INFO] [stdout] 837c02812bebdd7b9e28b9b4ac19666956072c0ac86ad0d6a00aa053b8a8ad98
