[INFO] fetching crate rust_unity 0.1.4...
[INFO] testing rust_unity-0.1.4 against 1.100.0-beta.1+cargoflags=--release for beta-release-1.100-2
[INFO] extracting crate rust_unity 0.1.4 into /workspace/builds/worker-6-tc2/source
[INFO] started tweaking crates.io crate rust_unity 0.1.4
[INFO] finished tweaking crates.io crate rust_unity 0.1.4
[INFO] tweaked toml for crates.io crate rust_unity 0.1.4 written to /workspace/builds/worker-6-tc2/source/Cargo.toml
[INFO] validating manifest of crates.io crate rust_unity 0.1.4 on toolchain 1.100.0-beta.1
[INFO] running `Command { std: CARGO_HOME="/workspace/cargo-home" RUSTUP_HOME="/workspace/rustup-home" "/workspace/cargo-home/bin/cargo" "+1.100.0-beta.1" "metadata" "--manifest-path" "Cargo.toml" "--no-deps", kill_on_drop: false }`
[INFO] running `Command { std: CARGO_HOME="/workspace/cargo-home" RUSTUP_HOME="/workspace/rustup-home" "/workspace/cargo-home/bin/cargo" "+1.100.0-beta.1" "generate-lockfile" "--manifest-path" "Cargo.toml", kill_on_drop: false }`
[INFO] [stderr]     Updating crates.io index
[INFO] [stderr]      Locking 178 packages to highest compatible versions
[INFO] [stderr]       Adding generic-array v0.14.7 (available: v0.14.9)
[INFO] [stderr]       Adding rand v0.8.8 (available: v0.10.3)
[INFO] running `Command { std: CARGO_HOME="/workspace/cargo-home" RUSTUP_HOME="/workspace/rustup-home" "/workspace/cargo-home/bin/cargo" "+1.100.0-beta.1" "fetch" "--manifest-path" "Cargo.toml", kill_on_drop: false }`
[INFO] running `Command { std: "docker" "create" "-v" "/var/lib/crater-agent-workspace/builds/worker-6-tc2/source:/opt/rustwide/workdir:ro,Z" "-v" "/var/lib/crater-agent-workspace/builds/worker-6-tc2/target:/opt/rustwide/target:rw,Z" "-v" "/var/lib/crater-agent-workspace/cargo-home:/opt/rustwide/cargo-home:ro,Z" "-v" "/var/lib/crater-agent-workspace/rustup-home:/opt/rustwide/rustup-home:ro,Z" "-m" "1610612736" "--network" "none" "ghcr.io/rust-lang/crates-build-env/linux@sha256:77db811e55d90add9212f6832c23229e3de5f1c1f9905e8cb07319ea15df73ac" "sleep" "infinity", kill_on_drop: false }`
[INFO] [stdout] fadfc6f9d0477429d30c5b456e046bcaa965445f1ab07da78c743530cf6a9beb
[INFO] running `Command { std: "docker" "start" "fadfc6f9d0477429d30c5b456e046bcaa965445f1ab07da78c743530cf6a9beb", kill_on_drop: false }`
[INFO] running `Command { std: "docker" "inspect" "fadfc6f9d0477429d30c5b456e046bcaa965445f1ab07da78c743530cf6a9beb", kill_on_drop: false }`
[INFO] running `Command { std: "docker" "exec" "-e" "SOURCE_DIR=/opt/rustwide/workdir" "-e" "CARGO_HOME=/opt/rustwide/cargo-home" "-e" "RUSTUP_HOME=/opt/rustwide/rustup-home" "-e" "CARGO_TARGET_DIR=/opt/rustwide/target" "-w" "/opt/rustwide/workdir" "--user" "0:0" "fadfc6f9d0477429d30c5b456e046bcaa965445f1ab07da78c743530cf6a9beb" "/opt/rustwide/cargo-home/bin/cargo" "+1.100.0-beta.1" "metadata" "--no-deps" "--format-version=1", kill_on_drop: false }`
[INFO] running `Command { std: "docker" "inspect" "fadfc6f9d0477429d30c5b456e046bcaa965445f1ab07da78c743530cf6a9beb", kill_on_drop: false }`
[INFO] running `Command { std: "docker" "exec" "-e" "SOURCE_DIR=/opt/rustwide/workdir" "-e" "CARGO_HOME=/opt/rustwide/cargo-home" "-e" "RUSTUP_HOME=/opt/rustwide/rustup-home" "-e" "CARGO_TARGET_DIR=/opt/rustwide/target" "-e" "CARGO_INCREMENTAL=0" "-e" "RUST_BACKTRACE=full" "-e" "RUSTFLAGS=--cap-lints=warn" "-e" "RUSTDOCFLAGS=--cap-lints=warn" "-w" "/opt/rustwide/workdir" "--user" "0:0" "fadfc6f9d0477429d30c5b456e046bcaa965445f1ab07da78c743530cf6a9beb" "/opt/rustwide/cargo-home/bin/cargo" "+1.100.0-beta.1" "build" "--frozen" "--message-format=json" "--release", kill_on_drop: false }`
[INFO] [stderr]    Compiling libz-sys v1.1.30
[INFO] [stderr]    Compiling curl-sys v0.4.91+curl-8.22.0
[INFO] [stderr]    Compiling crc32fast v1.5.2
[INFO] [stderr]    Compiling getrandom v0.2.17
[INFO] [stderr]    Compiling darling_core v0.24.1
[INFO] [stderr]    Compiling is-docker v0.2.0
[INFO] [stderr]    Compiling thiserror-impl v1.0.69
[INFO] [stderr]    Compiling curl v0.4.51
[INFO] [stderr]    Compiling serde v1.0.229
[INFO] [stderr]    Compiling socket2 v0.6.5
[INFO] [stderr]    Compiling serde_json v1.0.154
[INFO] [stderr]    Compiling sha1 v0.10.7
[INFO] [stderr]    Compiling enum_all_variants v0.2.0
[INFO] [stderr]    Compiling simple_env_load v0.2.0
[INFO] [stderr]    Compiling icu_normalizer v2.3.0
[INFO] [stderr]    Compiling is-wsl v0.4.0
[INFO] [stderr]    Compiling open v5.4.4
[INFO] [stderr]    Compiling rand_core v0.6.4
[INFO] [stderr]    Compiling flate2 v1.1.10
[INFO] [stderr]    Compiling idna_adapter v1.2.2
[INFO] [stderr]    Compiling idna v1.1.0
[INFO] [stderr]    Compiling rand_chacha v0.3.1
[INFO] [stderr]    Compiling url v2.5.8
[INFO] [stderr]    Compiling rand v0.8.8
[INFO] [stderr]    Compiling thiserror v1.0.69
[INFO] [stderr]    Compiling attohttpc v0.28.5
[INFO] [stderr]    Compiling tungstenite v0.24.0
[INFO] [stderr]    Compiling darling_macro v0.24.1
[INFO] [stderr]    Compiling darling v0.24.1
[INFO] [stderr]    Compiling serde_with_macros v3.24.0
[INFO] [stderr]    Compiling serde_with v3.24.0
[INFO] [stderr]    Compiling twitcheventsub-structs v0.1.5
[INFO] [stderr]    Compiling twitcheventsub v0.1.5
[INFO] [stderr]    Compiling rust_unity v0.1.4 (/opt/rustwide/workdir)
[INFO] [stdout] warning: unused import: `rand::Rng`
[INFO] [stdout]  --> src/lib.rs:3:5
[INFO] [stdout]   |
[INFO] [stdout] 3 | use rand::Rng;
[INFO] [stdout]   |     ^^^^^^^^^
[INFO] [stdout]   |
[INFO] [stdout]   = note: `#[warn(unused_imports)]` (part of `#[warn(unused)]`) on by default
[INFO] [stdout] 
[INFO] [stdout] 
[INFO] [stdout] warning: unused import: `Serialize as Serialise`
[INFO] [stdout]  --> src/lib.rs:7:41
[INFO] [stdout]   |
[INFO] [stdout] 7 | use serde::{Deserialize as Deserialise, Serialize as Serialise};
[INFO] [stdout]   |                                         ^^^^^^^^^^^^^^^^^^^^^^
[INFO] [stdout] 
[INFO] [stdout] 
[INFO] [stdout] warning: unused variable: `twitch`
[INFO] [stdout]    --> src/lib.rs:298:7
[INFO] [stdout]     |
[INFO] [stdout] 298 |   let twitch: Box<TwitchEvents> = unsafe { transmute(twitch_events) };
[INFO] [stdout]     |       ^^^^^^ help: if this is intentional, prefix it with an underscore: `_twitch`
[INFO] [stdout]     |
[INFO] [stdout]     = note: `#[warn(unused_variables)]` (part of `#[warn(unused)]`) on by default
[INFO] [stdout] 
[INFO] [stdout] 
[INFO] [stdout] error[E0433]: cannot find type `Event` in this scope
[INFO] [stdout]    --> src/lib.rs:240:9
[INFO] [stdout]     |
[INFO] [stdout] 240 |         Event::ChatMessage(message_data) => {
[INFO] [stdout]     |         ^^^^^ use of undeclared type `Event`
[INFO] [stdout] 
[INFO] [stdout] 
[INFO] [stdout] error[E0433]: cannot find type `Event` in this scope
[INFO] [stdout]    --> src/lib.rs:250:9
[INFO] [stdout]     |
[INFO] [stdout] 250 |         Event::PointsCustomRewardRedeem(custom_reward_redeem) => {
[INFO] [stdout]     |         ^^^^^ use of undeclared type `Event`
[INFO] [stdout] 
[INFO] [stdout] 
[INFO] [stdout] error[E0433]: cannot find type `Event` in this scope
[INFO] [stdout]    --> src/lib.rs:254:9
[INFO] [stdout]     |
[INFO] [stdout] 254 |         Event::AdBreakBegin(ad_break_begin) => {
[INFO] [stdout]     |         ^^^^^ use of undeclared type `Event`
[INFO] [stdout] 
[INFO] [stdout] 
[INFO] [stdout] error[E0433]: cannot find type `Event` in this scope
[INFO] [stdout]    --> src/lib.rs:258:9
[INFO] [stdout]     |
[INFO] [stdout] 258 |         Event::Raid(raid) => {
[INFO] [stdout]     |         ^^^^^ use of undeclared type `Event`
[INFO] [stdout] 
[INFO] [stdout] 
[INFO] [stdout] error[E0433]: cannot find type `Event` in this scope
[INFO] [stdout]    --> src/lib.rs:262:9
[INFO] [stdout]     |
[INFO] [stdout] 262 |         Event::Follow(follow) => {
[INFO] [stdout]     |         ^^^^^ use of undeclared type `Event`
[INFO] [stdout] 
[INFO] [stdout] 
[INFO] [stdout] error[E0433]: cannot find type `Event` in this scope
[INFO] [stdout]    --> src/lib.rs:266:9
[INFO] [stdout]     |
[INFO] [stdout] 266 |         Event::NewSubscription(new_subscritpion) => {
[INFO] [stdout]     |         ^^^^^ use of undeclared type `Event`
[INFO] [stdout] 
[INFO] [stdout] 
[INFO] [stdout] error[E0433]: cannot find type `Event` in this scope
[INFO] [stdout]    --> src/lib.rs:270:9
[INFO] [stdout]     |
[INFO] [stdout] 270 |         Event::GiftSubscription(gift) => {
[INFO] [stdout]     |         ^^^^^ use of undeclared type `Event`
[INFO] [stdout] 
[INFO] [stdout] 
[INFO] [stdout] error[E0433]: cannot find type `Event` in this scope
[INFO] [stdout]    --> src/lib.rs:274:9
[INFO] [stdout]     |
[INFO] [stdout] 274 |         Event::Resubscription(resubscription) => {
[INFO] [stdout]     |         ^^^^^ use of undeclared type `Event`
[INFO] [stdout] 
[INFO] [stdout] 
[INFO] [stdout] error[E0433]: cannot find type `Event` in this scope
[INFO] [stdout]    --> src/lib.rs:278:9
[INFO] [stdout]     |
[INFO] [stdout] 278 |         Event::Cheer(cheer) => {
[INFO] [stdout]     |         ^^^^^ use of undeclared type `Event`
[INFO] [stdout] 
[INFO] [stdout] 
[INFO] [stdout] For more information about this error, try `rustc --explain E0433`.
[INFO] [stdout] 
[INFO] [stderr] error: could not compile `rust_unity` (lib) due to 9 previous errors; 3 warnings emitted
[INFO] running `Command { std: "docker" "inspect" "fadfc6f9d0477429d30c5b456e046bcaa965445f1ab07da78c743530cf6a9beb", kill_on_drop: false }`
[INFO] running `Command { std: "docker" "rm" "-f" "fadfc6f9d0477429d30c5b456e046bcaa965445f1ab07da78c743530cf6a9beb", kill_on_drop: false }`
[INFO] [stdout] fadfc6f9d0477429d30c5b456e046bcaa965445f1ab07da78c743530cf6a9beb
