[INFO] fetching crate rust_test_framework 0.1.3-alpha.2...
[INFO] testing rust_test_framework-0.1.3-alpha.2 against 1.99.0-beta.8+cargoflags=--release for beta-release-1.100-2
[INFO] extracting crate rust_test_framework 0.1.3-alpha.2 into /workspace/builds/worker-2-tc1/source
[INFO] started tweaking crates.io crate rust_test_framework 0.1.3-alpha.2
[INFO] removed 0 missing tests
[INFO] finished tweaking crates.io crate rust_test_framework 0.1.3-alpha.2
[INFO] tweaked toml for crates.io crate rust_test_framework 0.1.3-alpha.2 written to /workspace/builds/worker-2-tc1/source/Cargo.toml
[INFO] validating manifest of crates.io crate rust_test_framework 0.1.3-alpha.2 on toolchain 1.99.0-beta.8
[INFO] running `Command { std: CARGO_HOME="/workspace/cargo-home" RUSTUP_HOME="/workspace/rustup-home" "/workspace/cargo-home/bin/cargo" "+1.99.0-beta.8" "metadata" "--manifest-path" "Cargo.toml" "--no-deps", kill_on_drop: false }`
[INFO] crate crates.io crate rust_test_framework 0.1.3-alpha.2 already has a lockfile, it will not be regenerated
[INFO] running `Command { std: CARGO_HOME="/workspace/cargo-home" RUSTUP_HOME="/workspace/rustup-home" "/workspace/cargo-home/bin/cargo" "+1.99.0-beta.8" "fetch" "--manifest-path" "Cargo.toml", kill_on_drop: false }`
[INFO] [stderr]     Updating crates.io index
[INFO] [stderr]  Downloading crates ...
[INFO] [stderr]   Downloaded trybuild v1.0.114
[INFO] [stderr]   Downloaded target-triple v1.0.0
[INFO] [stderr]   Downloaded thirtyfour-macros v0.2.0
[INFO] [stderr]   Downloaded stringmatch v0.4.0
[INFO] [stderr]   Downloaded thirtyfour v0.36.1
[INFO] [stderr]   Downloaded rust_test_proc_macro v0.1.3-alpha.2
[INFO] [stderr]   Downloaded rust_test_core v0.1.3-alpha.2
[INFO] [stderr]   Downloaded webpki-root-certs v1.0.5
[INFO] running `Command { std: "docker" "create" "-v" "/var/lib/crater-agent-workspace/builds/worker-2-tc1/source:/opt/rustwide/workdir:ro,Z" "-v" "/var/lib/crater-agent-workspace/builds/worker-2-tc1/target:/opt/rustwide/target:rw,Z" "-v" "/var/lib/crater-agent-workspace/cargo-home:/opt/rustwide/cargo-home:ro,Z" "-v" "/var/lib/crater-agent-workspace/rustup-home:/opt/rustwide/rustup-home:ro,Z" "-m" "1610612736" "--network" "none" "ghcr.io/rust-lang/crates-build-env/linux@sha256:77db811e55d90add9212f6832c23229e3de5f1c1f9905e8cb07319ea15df73ac" "sleep" "infinity", kill_on_drop: false }`
[INFO] [stdout] ff8841e1408bd9d985394fd94472a08390dd813c60f2a226620d2c4f0fec4568
[INFO] running `Command { std: "docker" "start" "ff8841e1408bd9d985394fd94472a08390dd813c60f2a226620d2c4f0fec4568", kill_on_drop: false }`
[INFO] running `Command { std: "docker" "inspect" "ff8841e1408bd9d985394fd94472a08390dd813c60f2a226620d2c4f0fec4568", kill_on_drop: false }`
[INFO] running `Command { std: "docker" "exec" "-e" "SOURCE_DIR=/opt/rustwide/workdir" "-e" "CARGO_HOME=/opt/rustwide/cargo-home" "-e" "RUSTUP_HOME=/opt/rustwide/rustup-home" "-e" "CARGO_TARGET_DIR=/opt/rustwide/target" "-w" "/opt/rustwide/workdir" "--user" "0:0" "ff8841e1408bd9d985394fd94472a08390dd813c60f2a226620d2c4f0fec4568" "/opt/rustwide/cargo-home/bin/cargo" "+1.99.0-beta.8" "metadata" "--no-deps" "--format-version=1", kill_on_drop: false }`
[INFO] running `Command { std: "docker" "inspect" "ff8841e1408bd9d985394fd94472a08390dd813c60f2a226620d2c4f0fec4568", kill_on_drop: false }`
[INFO] running `Command { std: "docker" "exec" "-e" "SOURCE_DIR=/opt/rustwide/workdir" "-e" "CARGO_HOME=/opt/rustwide/cargo-home" "-e" "RUSTUP_HOME=/opt/rustwide/rustup-home" "-e" "CARGO_TARGET_DIR=/opt/rustwide/target" "-e" "CARGO_INCREMENTAL=0" "-e" "RUST_BACKTRACE=full" "-e" "RUSTFLAGS=--cap-lints=warn" "-e" "RUSTDOCFLAGS=--cap-lints=warn" "-w" "/opt/rustwide/workdir" "--user" "0:0" "ff8841e1408bd9d985394fd94472a08390dd813c60f2a226620d2c4f0fec4568" "/opt/rustwide/cargo-home/bin/cargo" "+1.99.0-beta.8" "build" "--frozen" "--message-format=json" "--release", kill_on_drop: false }`
[INFO] [stderr]    Compiling libc v0.2.179
[INFO] [stderr]    Compiling find-msvc-tools v0.1.6
[INFO] [stderr]    Compiling aws-lc-rs v1.15.2
[INFO] [stderr]    Compiling stable_deref_trait v1.2.1
[INFO] [stderr]    Compiling bytes v1.11.0
[INFO] [stderr]    Compiling pin-project-lite v0.2.16
[INFO] [stderr]    Compiling futures-core v0.3.31
[INFO] [stderr]    Compiling futures-sink v0.3.31
[INFO] [stderr]    Compiling zeroize v1.8.2
[INFO] [stderr]    Compiling zmij v1.0.12
[INFO] [stderr]    Compiling smallvec v1.15.1
[INFO] [stderr]    Compiling syn v2.0.114
[INFO] [stderr]    Compiling writeable v0.6.2
[INFO] [stderr]    Compiling litemap v0.8.1
[INFO] [stderr]    Compiling slab v0.4.11
[INFO] [stderr]    Compiling http v1.4.0
[INFO] [stderr]    Compiling pin-utils v0.1.0
[INFO] [stderr]    Compiling memchr v2.7.6
[INFO] [stderr]    Compiling rustls-pki-types v1.13.2
[INFO] [stderr]    Compiling tracing-core v0.1.36
[INFO] [stderr]    Compiling icu_normalizer_data v2.1.1
[INFO] [stderr]    Compiling icu_properties_data v2.1.2
[INFO] [stderr]    Compiling futures-io v0.3.31
[INFO] [stderr]    Compiling futures-task v0.3.31
[INFO] [stderr]    Compiling atomic-waker v1.1.2
[INFO] [stderr]    Compiling futures-util v0.3.31
[INFO] [stderr]    Compiling want v0.3.1
[INFO] [stderr]    Compiling tracing v0.1.44
[INFO] [stderr]    Compiling futures-channel v0.3.31
[INFO] [stderr]    Compiling sync_wrapper v1.0.2
[INFO] [stderr]    Compiling base64 v0.22.1
[INFO] [stderr]    Compiling tower-layer v0.3.3
[INFO] [stderr]    Compiling openssl-probe v0.2.0
[INFO] [stderr]    Compiling ipnet v2.11.0
[INFO] [stderr]    Compiling rustls-native-certs v0.8.3
[INFO] [stderr]    Compiling form_urlencoded v1.2.2
[INFO] [stderr]    Compiling proc-macro2 v1.0.105
[INFO] [stderr]    Compiling bitflags v2.10.0
[INFO] [stderr]    Compiling iri-string v0.7.10
[INFO] [stderr]    Compiling unicode-ident v1.0.22
[INFO] [stderr]    Compiling encoding_rs v0.8.35
[INFO] [stderr]    Compiling serde_json v1.0.149
[INFO] [stderr]    Compiling quote v1.0.43
[INFO] [stderr]    Compiling http-body v1.0.1
[INFO] [stderr]    Compiling mime v0.3.17
[INFO] [stderr]    Compiling jobserver v0.1.34
[INFO] [stderr]    Compiling socket2 v0.6.1
[INFO] [stderr]    Compiling mio v1.1.1
[INFO] [stderr]    Compiling http-body-util v0.1.3
[INFO] [stderr]    Compiling cc v1.2.51
[INFO] [stderr]    Compiling tokio v1.49.0
[INFO] [stderr]    Compiling cmake v0.1.57
[INFO] [stderr]    Compiling aws-lc-sys v0.35.0
[INFO] [stderr]    Compiling synstructure v0.13.2
[INFO] [stderr]    Compiling tokio-util v0.7.18
[INFO] [stderr]    Compiling tower v0.5.2
[INFO] [stderr]    Compiling zerofrom-derive v0.1.6
[INFO] [stderr]    Compiling yoke-derive v0.8.1
[INFO] [stderr]    Compiling zerovec-derive v0.11.2
[INFO] [stderr]    Compiling displaydoc v0.2.5
[INFO] [stderr]    Compiling serde_derive v1.0.228
[INFO] [stderr]    Compiling h2 v0.4.13
[INFO] [stderr]    Compiling tower-http v0.6.8
[INFO] [stderr]    Compiling zerofrom v0.1.6
[INFO] [stderr]    Compiling yoke v0.8.1
[INFO] [stderr]    Compiling zerovec v0.11.5
[INFO] [stderr]    Compiling zerotrie v0.2.3
[INFO] [stderr]    Compiling tinystr v0.8.2
[INFO] [stderr]    Compiling potential_utf v0.1.4
[INFO] [stderr]    Compiling icu_collections v2.1.1
[INFO] [stderr]    Compiling icu_locale_core v2.1.1
[INFO] [stderr]    Compiling icu_provider v2.1.1
[INFO] [stderr]    Compiling icu_normalizer v2.1.1
[INFO] [stderr]    Compiling icu_properties v2.1.2
[INFO] [stderr]    Compiling hyper v1.8.1
[INFO] [stderr]    Compiling serde v1.0.228
[INFO] [stderr]    Compiling idna_adapter v1.2.1
[INFO] [stderr]    Compiling hyper-util v0.1.19
[INFO] [stderr]    Compiling idna v1.1.0
[INFO] [stderr]    Compiling url v2.5.8
[INFO] [stderr]    Compiling rustls v0.23.36
[INFO] [stderr]    Compiling rustls-webpki v0.103.8
[INFO] [stderr]    Compiling tokio-rustls v0.26.4
[INFO] [stderr]    Compiling rustls-platform-verifier v0.6.2
[INFO] [stderr]    Compiling hyper-rustls v0.27.7
[INFO] [stderr]    Compiling reqwest v0.13.1
[INFO] [stderr]    Compiling rust_test_core v0.1.3-alpha.2
[INFO] [stderr]    Compiling rust_test_proc_macro v0.1.3-alpha.2
[INFO] [stderr]    Compiling rust_test_framework v0.1.3-alpha.2 (/opt/rustwide/workdir)
[INFO] [stderr]     Finished `release` profile [optimized] target(s) in 3m 01s
[INFO] running `Command { std: "docker" "inspect" "ff8841e1408bd9d985394fd94472a08390dd813c60f2a226620d2c4f0fec4568", kill_on_drop: false }`
[INFO] running `Command { std: "docker" "exec" "-e" "SOURCE_DIR=/opt/rustwide/workdir" "-e" "CARGO_HOME=/opt/rustwide/cargo-home" "-e" "RUSTUP_HOME=/opt/rustwide/rustup-home" "-e" "CARGO_TARGET_DIR=/opt/rustwide/target" "-e" "CARGO_INCREMENTAL=0" "-e" "RUST_BACKTRACE=full" "-e" "RUSTFLAGS=--cap-lints=warn" "-e" "RUSTDOCFLAGS=--cap-lints=warn" "-w" "/opt/rustwide/workdir" "--user" "0:0" "ff8841e1408bd9d985394fd94472a08390dd813c60f2a226620d2c4f0fec4568" "/opt/rustwide/cargo-home/bin/cargo" "+1.99.0-beta.8" "test" "--frozen" "--no-run" "--message-format=json" "--release", kill_on_drop: false }`
[INFO] [stderr]    Compiling zerofrom v0.1.6
[INFO] [stderr]    Compiling tokio v1.49.0
[INFO] [stderr]    Compiling ring v0.17.14
[INFO] [stderr]    Compiling getrandom v0.2.16
[INFO] [stderr]    Compiling rustls v0.23.36
[INFO] [stderr]    Compiling tracing v0.1.44
[INFO] [stderr]    Compiling serde_json v1.0.149
[INFO] [stderr]    Compiling serde v1.0.228
[INFO] [stderr]    Compiling webpki-roots v1.0.5
[INFO] [stderr]    Compiling regex-automata v0.4.13
[INFO] [stderr]    Compiling target-triple v1.0.0
[INFO] [stderr]    Compiling winnow v0.7.14
[INFO] [stderr]    Compiling const_format_proc_macros v0.2.34
[INFO] [stderr]    Compiling toml_datetime v0.7.5+spec-1.1.0
[INFO] [stderr]    Compiling serde_spanned v1.0.4
[INFO] [stderr]    Compiling thiserror-impl v2.0.17
[INFO] [stderr]    Compiling yoke v0.8.1
[INFO] [stderr]    Compiling toml_writer v1.0.6+spec-1.1.0
[INFO] [stderr]    Compiling arc-swap v1.8.0
[INFO] [stderr]    Compiling serde_repr v0.1.20
[INFO] [stderr]    Compiling thirtyfour-macros v0.2.0
[INFO] [stderr]    Compiling zerovec v0.11.5
[INFO] [stderr]    Compiling zerotrie v0.2.3
[INFO] [stderr]    Compiling tinystr v0.8.2
[INFO] [stderr]    Compiling potential_utf v0.1.4
[INFO] [stderr]    Compiling serde_urlencoded v0.7.1
[INFO] [stderr]    Compiling icu_collections v2.1.1
[INFO] [stderr]    Compiling const_format v0.2.35
[INFO] [stderr]    Compiling icu_locale_core v2.1.1
[INFO] [stderr]    Compiling thiserror v2.0.17
[INFO] [stderr]    Compiling icu_provider v2.1.1
[INFO] [stderr]    Compiling icu_normalizer v2.1.1
[INFO] [stderr]    Compiling icu_properties v2.1.2
[INFO] [stderr]    Compiling regex v1.12.2
[INFO] [stderr]    Compiling idna_adapter v1.2.1
[INFO] [stderr]    Compiling idna v1.1.0
[INFO] [stderr]    Compiling toml_parser v1.0.6+spec-1.1.0
[INFO] [stderr]    Compiling stringmatch v0.4.0
[INFO] [stderr]    Compiling url v2.5.8
[INFO] [stderr]    Compiling toml v0.9.10+spec-1.1.0
[INFO] [stderr]    Compiling reqwest v0.13.1
[INFO] [stderr]    Compiling trybuild v1.0.114
[INFO] [stderr]    Compiling tokio-util v0.7.18
[INFO] [stderr]    Compiling tower v0.5.2
[INFO] [stderr]    Compiling tower-http v0.6.8
[INFO] [stderr]    Compiling rust_test_core v0.1.3-alpha.2
[INFO] [stderr]    Compiling h2 v0.4.13
[INFO] [stderr]    Compiling rust_test_proc_macro v0.1.3-alpha.2
[INFO] [stderr]    Compiling rustls-webpki v0.103.8
[INFO] [stderr]    Compiling hyper v1.8.1
[INFO] [stderr]    Compiling hyper-util v0.1.19
[INFO] [stderr]    Compiling tokio-rustls v0.26.4
[INFO] [stderr]    Compiling rustls-platform-verifier v0.6.2
[INFO] [stderr]    Compiling hyper-rustls v0.27.7
[INFO] [stderr]    Compiling reqwest v0.12.28
[INFO] [stderr]    Compiling thirtyfour v0.36.1
[INFO] [stderr]    Compiling rust_test_framework v0.1.3-alpha.2 (/opt/rustwide/workdir)
[INFO] [stdout] error: Could not fetch URL https://jsonplaceholder.typicode.com/posts/1: error sending request for url (https://jsonplaceholder.typicode.com/posts/1)
[INFO] [stdout]   --> tests/test_params_source/json_response.rs:11:35
[INFO] [stdout]    |
[INFO] [stdout] 11 | #[test_params_source(JsonResponse("https://jsonplaceholder.typicode.com/posts/1"))]
[INFO] [stdout]    |                                   ^^^^^^^^^^^^^^^^^^^^^^^^^^^^^^^^^^^^^^^^^^^^^^
[INFO] [stdout] 
[INFO] [stdout] 
[INFO] [stdout] error: Could not fetch URL https://jsonplaceholder.typicode.com/posts: error sending request for url (https://jsonplaceholder.typicode.com/posts)
[INFO] [stdout]   --> tests/test_params_source/json_response.rs:16:35
[INFO] [stdout]    |
[INFO] [stdout] 16 | #[test_params_source(JsonResponse("https://jsonplaceholder.typicode.com/posts"))]
[INFO] [stdout]    |                                   ^^^^^^^^^^^^^^^^^^^^^^^^^^^^^^^^^^^^^^^^^^^^
[INFO] [stdout] 
[INFO] [stdout] 
[INFO] [stdout] error: Could not fetch URL https://jsonplaceholder.typicode.com/posts?_limit=3: error sending request for url (https://jsonplaceholder.typicode.com/posts?_limit=3)
[INFO] [stdout]   --> tests/test_params_source/json_response.rs:21:48
[INFO] [stdout]    |
[INFO] [stdout] 21 | #[test_params_source(JsonResponse::<Vec<Post>>("https://jsonplaceholder.typicode.com/posts?_limit=3"))]
[INFO] [stdout]    |                                                ^^^^^^^^^^^^^^^^^^^^^^^^^^^^^^^^^^^^^^^^^^^^^^^^^^^^^
[INFO] [stdout] 
[INFO] [stdout] 
[INFO] [stdout] error: Could not fetch URL https://jsonplaceholder.typicode.com/users/1: error sending request for url (https://jsonplaceholder.typicode.com/users/1)
[INFO] [stdout]   --> tests/test_params_source/json_response.rs:33:35
[INFO] [stdout]    |
[INFO] [stdout] 33 | #[test_params_source(JsonResponse("https://jsonplaceholder.typicode.com/users/1"))]
[INFO] [stdout]    |                                   ^^^^^^^^^^^^^^^^^^^^^^^^^^^^^^^^^^^^^^^^^^^^^^
[INFO] [stdout] 
[INFO] [stdout] 
[INFO] [stdout] error: No files matched pattern: ../rust_test_core/src/**/*.rs
[INFO] [stdout]   --> tests/test_params_source/path_mask_recursive.rs:12:64
[INFO] [stdout]    |
[INFO] [stdout] 12 | #[test_params_source(rust_test_framework::SourceType::PathMask("../rust_test_core/src/**/*.rs"))]
[INFO] [stdout]    |                                                                ^^^^^^^^^^^^^^^^^^^^^^^^^^^^^^^
[INFO] [stdout] 
[INFO] [stdout] 
[INFO] [stderr] error: could not compile `rust_test_framework` (test "test_params_source") due to 5 previous errors
[INFO] [stderr] warning: build failed, waiting for other jobs to finish...
[INFO] running `Command { std: "docker" "inspect" "ff8841e1408bd9d985394fd94472a08390dd813c60f2a226620d2c4f0fec4568", kill_on_drop: false }`
[INFO] running `Command { std: "docker" "rm" "-f" "ff8841e1408bd9d985394fd94472a08390dd813c60f2a226620d2c4f0fec4568", kill_on_drop: false }`
[INFO] [stdout] ff8841e1408bd9d985394fd94472a08390dd813c60f2a226620d2c4f0fec4568
