[INFO] fetching crate rust_smt 0.2.0...
[INFO] testing rust_smt-0.2.0 against 1.100.0-beta.1+cargoflags=--release for beta-release-1.100-2
[INFO] extracting crate rust_smt 0.2.0 into /workspace/builds/worker-6-tc2/source
[INFO] started tweaking crates.io crate rust_smt 0.2.0
[INFO] finished tweaking crates.io crate rust_smt 0.2.0
[INFO] tweaked toml for crates.io crate rust_smt 0.2.0 written to /workspace/builds/worker-6-tc2/source/Cargo.toml
[INFO] validating manifest of crates.io crate rust_smt 0.2.0 on toolchain 1.100.0-beta.1
[INFO] running `Command { std: CARGO_HOME="/workspace/cargo-home" RUSTUP_HOME="/workspace/rustup-home" "/workspace/cargo-home/bin/cargo" "+1.100.0-beta.1" "metadata" "--manifest-path" "Cargo.toml" "--no-deps", kill_on_drop: false }`
[INFO] running `Command { std: CARGO_HOME="/workspace/cargo-home" RUSTUP_HOME="/workspace/rustup-home" "/workspace/cargo-home/bin/cargo" "+1.100.0-beta.1" "generate-lockfile" "--manifest-path" "Cargo.toml", kill_on_drop: false }`
[INFO] [stderr]     Updating crates.io index
[INFO] [stderr]      Locking 2 packages to highest compatible versions
[INFO] [stderr]       Adding z3-sys v0.4.0 (available: v0.13.1)
[INFO] running `Command { std: CARGO_HOME="/workspace/cargo-home" RUSTUP_HOME="/workspace/rustup-home" "/workspace/cargo-home/bin/cargo" "+1.100.0-beta.1" "fetch" "--manifest-path" "Cargo.toml", kill_on_drop: false }`
[INFO] running `Command { std: "docker" "create" "-v" "/var/lib/crater-agent-workspace/builds/worker-6-tc2/source:/opt/rustwide/workdir:ro,Z" "-v" "/var/lib/crater-agent-workspace/builds/worker-6-tc2/target:/opt/rustwide/target:rw,Z" "-v" "/var/lib/crater-agent-workspace/cargo-home:/opt/rustwide/cargo-home:ro,Z" "-v" "/var/lib/crater-agent-workspace/rustup-home:/opt/rustwide/rustup-home:ro,Z" "-m" "1610612736" "--network" "none" "ghcr.io/rust-lang/crates-build-env/linux@sha256:77db811e55d90add9212f6832c23229e3de5f1c1f9905e8cb07319ea15df73ac" "sleep" "infinity", kill_on_drop: false }`
[INFO] [stdout] 2e862bae0bf4085dbee47cee66303cc07723aca7bd3e6c380ac1749b206d846c
[INFO] running `Command { std: "docker" "start" "2e862bae0bf4085dbee47cee66303cc07723aca7bd3e6c380ac1749b206d846c", kill_on_drop: false }`
[INFO] running `Command { std: "docker" "inspect" "2e862bae0bf4085dbee47cee66303cc07723aca7bd3e6c380ac1749b206d846c", kill_on_drop: false }`
[INFO] running `Command { std: "docker" "exec" "-e" "SOURCE_DIR=/opt/rustwide/workdir" "-e" "CARGO_HOME=/opt/rustwide/cargo-home" "-e" "RUSTUP_HOME=/opt/rustwide/rustup-home" "-e" "CARGO_TARGET_DIR=/opt/rustwide/target" "-w" "/opt/rustwide/workdir" "--user" "0:0" "2e862bae0bf4085dbee47cee66303cc07723aca7bd3e6c380ac1749b206d846c" "/opt/rustwide/cargo-home/bin/cargo" "+1.100.0-beta.1" "metadata" "--no-deps" "--format-version=1", kill_on_drop: false }`
[INFO] running `Command { std: "docker" "inspect" "2e862bae0bf4085dbee47cee66303cc07723aca7bd3e6c380ac1749b206d846c", kill_on_drop: false }`
[INFO] running `Command { std: "docker" "exec" "-e" "SOURCE_DIR=/opt/rustwide/workdir" "-e" "CARGO_HOME=/opt/rustwide/cargo-home" "-e" "RUSTUP_HOME=/opt/rustwide/rustup-home" "-e" "CARGO_TARGET_DIR=/opt/rustwide/target" "-e" "CARGO_INCREMENTAL=0" "-e" "RUST_BACKTRACE=full" "-e" "RUSTFLAGS=--cap-lints=warn" "-e" "RUSTDOCFLAGS=--cap-lints=warn" "-w" "/opt/rustwide/workdir" "--user" "0:0" "2e862bae0bf4085dbee47cee66303cc07723aca7bd3e6c380ac1749b206d846c" "/opt/rustwide/cargo-home/bin/cargo" "+1.100.0-beta.1" "build" "--frozen" "--message-format=json" "--release", kill_on_drop: false }`
[INFO] [stderr]    Compiling z3-sys v0.4.0
[INFO] [stderr]    Compiling rust_smt v0.2.0 (/opt/rustwide/workdir)
[INFO] [stdout] warning: use of deprecated method `std::error::Error::description`: use the Display impl or to_string()
[INFO] [stdout]   --> src/z3.rs:82:60
[INFO] [stdout]    |
[INFO] [stdout] 82 |                     Err(e) => Err(SMTError::new_internal(e.description())),
[INFO] [stdout]    |                                                            ^^^^^^^^^^^
[INFO] [stdout]    |
[INFO] [stdout]    = note: `#[warn(deprecated)]` on by default
[INFO] [stdout] 
[INFO] [stdout] 
[INFO] [stdout] warning: use of deprecated method `std::error::Error::description`: use the Display impl or to_string()
[INFO] [stdout]    --> src/z3.rs:144:64
[INFO] [stdout]     |
[INFO] [stdout] 144 |                         Err(e) => Err(SMTError::new_internal(e.description())),
[INFO] [stdout]     |                                                                ^^^^^^^^^^^
[INFO] [stdout] 
[INFO] [stdout] 
[INFO] [stdout] warning: use of deprecated method `std::error::Error::description`: use the Display impl or to_string()
[INFO] [stdout]    --> src/z3.rs:195:60
[INFO] [stdout]     |
[INFO] [stdout] 195 |                     Err(e) => Err(SMTError::new_internal(e.description())),
[INFO] [stdout]     |                                                            ^^^^^^^^^^^
[INFO] [stdout] 
[INFO] [stdout] 
[INFO] [stdout] warning: use of deprecated method `std::error::Error::description`: use the Display impl or to_string()
[INFO] [stdout]    --> src/z3.rs:297:56
[INFO] [stdout]     |
[INFO] [stdout] 297 |                 Err(e) => Err(SMTError::new_internal(e.description())),
[INFO] [stdout]     |                                                        ^^^^^^^^^^^
[INFO] [stdout] 
[INFO] [stdout] 
[INFO] [stdout] warning: use of deprecated method `std::error::Error::description`: use the Display impl or to_string()
[INFO] [stdout]    --> src/z3.rs:374:63
[INFO] [stdout]     |
[INFO] [stdout] 374 |                         result = Err(SMTError::new_internal(e.description()));
[INFO] [stdout]     |                                                               ^^^^^^^^^^^
[INFO] [stdout] 
[INFO] [stdout] 
[INFO] [stdout] warning: use of deprecated method `std::error::Error::description`: use the Display impl or to_string()
[INFO] [stdout]    --> src/z3.rs:383:63
[INFO] [stdout]     |
[INFO] [stdout] 383 |                         result = Err(SMTError::new_internal(e.description()));
[INFO] [stdout]     |                                                               ^^^^^^^^^^^
[INFO] [stdout] 
[INFO] [stdout] 
[INFO] [stdout] warning: use of deprecated method `std::error::Error::description`: use the Display impl or to_string()
[INFO] [stdout]    --> src/z3.rs:392:63
[INFO] [stdout]     |
[INFO] [stdout] 392 |                         result = Err(SMTError::new_internal(e.description()));
[INFO] [stdout]     |                                                               ^^^^^^^^^^^
[INFO] [stdout] 
[INFO] [stdout] 
[INFO] [stdout] warning: use of deprecated method `std::error::Error::description`: use the Display impl or to_string()
[INFO] [stdout]    --> src/z3.rs:406:67
[INFO] [stdout]     |
[INFO] [stdout] 406 | ...                   result = Err(SMTError::new_internal(e.description()));
[INFO] [stdout]     |                                                             ^^^^^^^^^^^
[INFO] [stdout] 
[INFO] [stdout] 
[INFO] [stdout] warning: use of deprecated method `std::error::Error::description`: use the Display impl or to_string()
[INFO] [stdout]    --> src/z3.rs:498:56
[INFO] [stdout]     |
[INFO] [stdout] 498 |                 Err(e) => Err(SMTError::new_internal(e.description())),
[INFO] [stdout]     |                                                        ^^^^^^^^^^^
[INFO] [stdout] 
[INFO] [stdout] 
[INFO] [stdout] warning: use of deprecated method `std::error::Error::description`: use the Display impl or to_string()
[INFO] [stdout]    --> src/z3.rs:523:56
[INFO] [stdout]     |
[INFO] [stdout] 523 |                 Err(e) => Err(SMTError::new_internal(e.description())),
[INFO] [stdout]     |                                                        ^^^^^^^^^^^
[INFO] [stdout] 
[INFO] [stdout] 
[INFO] [stdout] warning: use of deprecated method `std::error::Error::description`: use the Display impl or to_string()
[INFO] [stdout]    --> src/z3.rs:628:64
[INFO] [stdout]     |
[INFO] [stdout] 628 |                         Err(e) => Err(SMTError::new_internal(e.description())),
[INFO] [stdout]     |                                                                ^^^^^^^^^^^
[INFO] [stdout] 
[INFO] [stdout] 
[INFO] [stderr]     Finished `release` profile [optimized] target(s) in 1.23s
[INFO] running `Command { std: "docker" "inspect" "2e862bae0bf4085dbee47cee66303cc07723aca7bd3e6c380ac1749b206d846c", kill_on_drop: false }`
[INFO] running `Command { std: "docker" "exec" "-e" "SOURCE_DIR=/opt/rustwide/workdir" "-e" "CARGO_HOME=/opt/rustwide/cargo-home" "-e" "RUSTUP_HOME=/opt/rustwide/rustup-home" "-e" "CARGO_TARGET_DIR=/opt/rustwide/target" "-e" "CARGO_INCREMENTAL=0" "-e" "RUST_BACKTRACE=full" "-e" "RUSTFLAGS=--cap-lints=warn" "-e" "RUSTDOCFLAGS=--cap-lints=warn" "-w" "/opt/rustwide/workdir" "--user" "0:0" "2e862bae0bf4085dbee47cee66303cc07723aca7bd3e6c380ac1749b206d846c" "/opt/rustwide/cargo-home/bin/cargo" "+1.100.0-beta.1" "test" "--frozen" "--no-run" "--message-format=json" "--release", kill_on_drop: false }`
[INFO] [stderr]    Compiling rust_smt v0.2.0 (/opt/rustwide/workdir)
[INFO] [stdout] warning: use of deprecated method `std::error::Error::description`: use the Display impl or to_string()
[INFO] [stdout]   --> src/z3.rs:82:60
[INFO] [stdout]    |
[INFO] [stdout] 82 |                     Err(e) => Err(SMTError::new_internal(e.description())),
[INFO] [stdout]    |                                                            ^^^^^^^^^^^
[INFO] [stdout]    |
[INFO] [stdout]    = note: `#[warn(deprecated)]` on by default
[INFO] [stdout] 
[INFO] [stdout] 
[INFO] [stdout] warning: use of deprecated method `std::error::Error::description`: use the Display impl or to_string()
[INFO] [stdout]    --> src/z3.rs:144:64
[INFO] [stdout]     |
[INFO] [stdout] 144 |                         Err(e) => Err(SMTError::new_internal(e.description())),
[INFO] [stdout]     |                                                                ^^^^^^^^^^^
[INFO] [stdout] 
[INFO] [stdout] 
[INFO] [stdout] warning: use of deprecated method `std::error::Error::description`: use the Display impl or to_string()
[INFO] [stdout]    --> src/z3.rs:195:60
[INFO] [stdout]     |
[INFO] [stdout] 195 |                     Err(e) => Err(SMTError::new_internal(e.description())),
[INFO] [stdout]     |                                                            ^^^^^^^^^^^
[INFO] [stdout] 
[INFO] [stdout] 
[INFO] [stdout] warning: use of deprecated method `std::error::Error::description`: use the Display impl or to_string()
[INFO] [stdout]    --> src/z3.rs:297:56
[INFO] [stdout]     |
[INFO] [stdout] 297 |                 Err(e) => Err(SMTError::new_internal(e.description())),
[INFO] [stdout]     |                                                        ^^^^^^^^^^^
[INFO] [stdout] 
[INFO] [stdout] 
[INFO] [stdout] warning: use of deprecated method `std::error::Error::description`: use the Display impl or to_string()
[INFO] [stdout]    --> src/z3.rs:374:63
[INFO] [stdout]     |
[INFO] [stdout] 374 |                         result = Err(SMTError::new_internal(e.description()));
[INFO] [stdout]     |                                                               ^^^^^^^^^^^
[INFO] [stdout] 
[INFO] [stdout] 
[INFO] [stdout] warning: use of deprecated method `std::error::Error::description`: use the Display impl or to_string()
[INFO] [stdout]    --> src/z3.rs:383:63
[INFO] [stdout]     |
[INFO] [stdout] 383 |                         result = Err(SMTError::new_internal(e.description()));
[INFO] [stdout]     |                                                               ^^^^^^^^^^^
[INFO] [stdout] 
[INFO] [stdout] 
[INFO] [stdout] warning: use of deprecated method `std::error::Error::description`: use the Display impl or to_string()
[INFO] [stdout]    --> src/z3.rs:392:63
[INFO] [stdout]     |
[INFO] [stdout] 392 |                         result = Err(SMTError::new_internal(e.description()));
[INFO] [stdout]     |                                                               ^^^^^^^^^^^
[INFO] [stdout] 
[INFO] [stdout] 
[INFO] [stdout] warning: use of deprecated method `std::error::Error::description`: use the Display impl or to_string()
[INFO] [stdout]    --> src/z3.rs:406:67
[INFO] [stdout]     |
[INFO] [stdout] 406 | ...                   result = Err(SMTError::new_internal(e.description()));
[INFO] [stdout]     |                                                             ^^^^^^^^^^^
[INFO] [stdout] 
[INFO] [stdout] 
[INFO] [stdout] warning: use of deprecated method `std::error::Error::description`: use the Display impl or to_string()
[INFO] [stdout]    --> src/z3.rs:498:56
[INFO] [stdout]     |
[INFO] [stdout] 498 |                 Err(e) => Err(SMTError::new_internal(e.description())),
[INFO] [stdout]     |                                                        ^^^^^^^^^^^
[INFO] [stdout] 
[INFO] [stdout] 
[INFO] [stdout] warning: use of deprecated method `std::error::Error::description`: use the Display impl or to_string()
[INFO] [stdout]    --> src/z3.rs:523:56
[INFO] [stdout]     |
[INFO] [stdout] 523 |                 Err(e) => Err(SMTError::new_internal(e.description())),
[INFO] [stdout]     |                                                        ^^^^^^^^^^^
[INFO] [stdout] 
[INFO] [stdout] 
[INFO] [stdout] warning: use of deprecated method `std::error::Error::description`: use the Display impl or to_string()
[INFO] [stdout]    --> src/z3.rs:628:64
[INFO] [stdout]     |
[INFO] [stdout] 628 |                         Err(e) => Err(SMTError::new_internal(e.description())),
[INFO] [stdout]     |                                                                ^^^^^^^^^^^
[INFO] [stdout] 
[INFO] [stdout] 
[INFO] [stdout] warning: use of deprecated method `std::error::Error::description`: use the Display impl or to_string()
[INFO] [stdout]   --> src/z3.rs:82:60
[INFO] [stdout]    |
[INFO] [stdout] 82 |                     Err(e) => Err(SMTError::new_internal(e.description())),
[INFO] [stdout]    |                                                            ^^^^^^^^^^^
[INFO] [stdout]    |
[INFO] [stdout]    = note: `#[warn(deprecated)]` on by default
[INFO] [stdout] 
[INFO] [stdout] 
[INFO] [stdout] warning: use of deprecated method `std::error::Error::description`: use the Display impl or to_string()
[INFO] [stdout]    --> src/z3.rs:144:64
[INFO] [stdout]     |
[INFO] [stdout] 144 |                         Err(e) => Err(SMTError::new_internal(e.description())),
[INFO] [stdout]     |                                                                ^^^^^^^^^^^
[INFO] [stdout] 
[INFO] [stdout] 
[INFO] [stdout] warning: use of deprecated method `std::error::Error::description`: use the Display impl or to_string()
[INFO] [stdout]    --> src/z3.rs:195:60
[INFO] [stdout]     |
[INFO] [stdout] 195 |                     Err(e) => Err(SMTError::new_internal(e.description())),
[INFO] [stdout]     |                                                            ^^^^^^^^^^^
[INFO] [stdout] 
[INFO] [stdout] 
[INFO] [stdout] warning: use of deprecated method `std::error::Error::description`: use the Display impl or to_string()
[INFO] [stdout]    --> src/z3.rs:297:56
[INFO] [stdout]     |
[INFO] [stdout] 297 |                 Err(e) => Err(SMTError::new_internal(e.description())),
[INFO] [stdout]     |                                                        ^^^^^^^^^^^
[INFO] [stdout] 
[INFO] [stdout] 
[INFO] [stdout] warning: use of deprecated method `std::error::Error::description`: use the Display impl or to_string()
[INFO] [stdout]    --> src/z3.rs:374:63
[INFO] [stdout]     |
[INFO] [stdout] 374 |                         result = Err(SMTError::new_internal(e.description()));
[INFO] [stdout]     |                                                               ^^^^^^^^^^^
[INFO] [stdout] 
[INFO] [stdout] 
[INFO] [stdout] warning: use of deprecated method `std::error::Error::description`: use the Display impl or to_string()
[INFO] [stdout]    --> src/z3.rs:383:63
[INFO] [stdout]     |
[INFO] [stdout] 383 |                         result = Err(SMTError::new_internal(e.description()));
[INFO] [stdout]     |                                                               ^^^^^^^^^^^
[INFO] [stdout] 
[INFO] [stdout] 
[INFO] [stdout] warning: use of deprecated method `std::error::Error::description`: use the Display impl or to_string()
[INFO] [stdout]    --> src/z3.rs:392:63
[INFO] [stdout]     |
[INFO] [stdout] 392 |                         result = Err(SMTError::new_internal(e.description()));
[INFO] [stdout]     |                                                               ^^^^^^^^^^^
[INFO] [stdout] 
[INFO] [stdout] 
[INFO] [stdout] warning: use of deprecated method `std::error::Error::description`: use the Display impl or to_string()
[INFO] [stdout]    --> src/z3.rs:406:67
[INFO] [stdout]     |
[INFO] [stdout] 406 | ...                   result = Err(SMTError::new_internal(e.description()));
[INFO] [stdout]     |                                                             ^^^^^^^^^^^
[INFO] [stdout] 
[INFO] [stdout] 
[INFO] [stdout] warning: use of deprecated method `std::error::Error::description`: use the Display impl or to_string()
[INFO] [stdout]    --> src/z3.rs:498:56
[INFO] [stdout]     |
[INFO] [stdout] 498 |                 Err(e) => Err(SMTError::new_internal(e.description())),
[INFO] [stdout]     |                                                        ^^^^^^^^^^^
[INFO] [stdout] 
[INFO] [stdout] 
[INFO] [stdout] warning: use of deprecated method `std::error::Error::description`: use the Display impl or to_string()
[INFO] [stdout]    --> src/z3.rs:523:56
[INFO] [stdout]     |
[INFO] [stdout] 523 |                 Err(e) => Err(SMTError::new_internal(e.description())),
[INFO] [stdout]     |                                                        ^^^^^^^^^^^
[INFO] [stdout] 
[INFO] [stdout] 
[INFO] [stdout] warning: use of deprecated method `std::error::Error::description`: use the Display impl or to_string()
[INFO] [stdout]    --> src/z3.rs:628:64
[INFO] [stdout]     |
[INFO] [stdout] 628 |                         Err(e) => Err(SMTError::new_internal(e.description())),
[INFO] [stdout]     |                                                                ^^^^^^^^^^^
[INFO] [stdout] 
[INFO] [stdout] 
[INFO] [stdout] error: linking with `cc` failed: exit status: 1
[INFO] [stdout]   |
[INFO] [stdout]   = note:  "cc" "-m64" "/opt/rustwide/target/release/build/rust_smt/64f9be4266424489/out/rustckbgm6B/symbols.o" "<2 object files omitted>" "-Wl,--as-needed" "-Wl,-Bstatic" "<sysroot>/lib/rustlib/x86_64-unknown-linux-gnu/lib/{libtest-*,libgetopts-*,librustc_std_workspace_std-*}.rlib" "/opt/rustwide/target/release/build/z3-sys/e0fd46c170d79a62/out/libz3_sys-e0fd46c170d79a62.rlib" "/opt/rustwide/target/release/build/lazy_static/149e86038c126fb0/out/liblazy_static-149e86038c126fb0.rlib" "<sysroot>/lib/rustlib/x86_64-unknown-linux-gnu/lib/{libstd-*,libpanic_unwind-*,libobject-*,libmemchr-*,libaddr2line-*,libgimli-*,libcfg_if-*,librustc_demangle-*,libstd_detect-*,libhashbrown-*,librustc_std_workspace_alloc-*,libminiz_oxide-*,libadler2-*,libunwind-*,liblibc-*,librustc_std_workspace_core-*,liballoc-*,libcore-*,libcompiler_builtins-*}.rlib" "-Wl,-Bdynamic" "-lz3" "-lgcc_s" "-lutil" "-lrt" "-lpthread" "-lm" "-ldl" "-lc" "-L" "/opt/rustwide/target/release/build/rust_smt/64f9be4266424489/out/rustckbgm6B/raw-dylibs" "-B<sysroot>/lib/rustlib/x86_64-unknown-linux-gnu/bin/gcc-ld" "-fuse-ld=lld" "-Wl,--eh-frame-hdr" "-Wl,-z,noexecstack" "-L" "<sysroot>/lib/rustlib/x86_64-unknown-linux-gnu/lib" "-o" "/opt/rustwide/target/release/build/rust_smt/64f9be4266424489/out/rust_smt-64f9be4266424489" "-Wl,--gc-sections" "-pie" "-Wl,-z,relro,-z,now" "-Wl,-O1" "-Wl,--strip-debug" "-nodefaultlibs"
[INFO] [stdout]   = note: some arguments are omitted. use `--verbose` to show all linker arguments
[INFO] [stdout]   = note: rust-lld: error: unable to find library -lz3
[INFO] [stdout]           collect2: error: ld returned 1 exit status
[INFO] [stdout]           
[INFO] [stdout] 
[INFO] [stdout] 
[INFO] [stderr] error: could not compile `rust_smt` (lib test) due to 1 previous error; 11 warnings emitted
[INFO] [stderr] warning: build failed, waiting for other jobs to finish...
[INFO] [stdout] error: linking with `cc` failed: exit status: 1
[INFO] [stdout]   |
[INFO] [stdout]   = note:  "cc" "-m64" "/opt/rustwide/target/release/build/rust_smt/26c141c52415c328/out/rustczQ1bX8/symbols.o" "<2 object files omitted>" "-Wl,--as-needed" "-Wl,-Bstatic" "<sysroot>/lib/rustlib/x86_64-unknown-linux-gnu/lib/{libtest-*,libgetopts-*,librustc_std_workspace_std-*}.rlib" "/opt/rustwide/target/release/build/rust_smt/4fa8fd5f6d0cb945/out/librust_smt-4fa8fd5f6d0cb945.rlib" "/opt/rustwide/target/release/build/z3-sys/e0fd46c170d79a62/out/libz3_sys-e0fd46c170d79a62.rlib" "/opt/rustwide/target/release/build/lazy_static/149e86038c126fb0/out/liblazy_static-149e86038c126fb0.rlib" "<sysroot>/lib/rustlib/x86_64-unknown-linux-gnu/lib/{libstd-*,libpanic_unwind-*,libobject-*,libmemchr-*,libaddr2line-*,libgimli-*,libcfg_if-*,librustc_demangle-*,libstd_detect-*,libhashbrown-*,librustc_std_workspace_alloc-*,libminiz_oxide-*,libadler2-*,libunwind-*,liblibc-*,librustc_std_workspace_core-*,liballoc-*,libcore-*,libcompiler_builtins-*}.rlib" "-Wl,-Bdynamic" "-lz3" "-lgcc_s" "-lutil" "-lrt" "-lpthread" "-lm" "-ldl" "-lc" "-L" "/opt/rustwide/target/release/build/rust_smt/26c141c52415c328/out/rustczQ1bX8/raw-dylibs" "-B<sysroot>/lib/rustlib/x86_64-unknown-linux-gnu/bin/gcc-ld" "-fuse-ld=lld" "-Wl,--eh-frame-hdr" "-Wl,-z,noexecstack" "-L" "<sysroot>/lib/rustlib/x86_64-unknown-linux-gnu/lib" "-o" "/opt/rustwide/target/release/build/rust_smt/26c141c52415c328/out/test-26c141c52415c328" "-Wl,--gc-sections" "-pie" "-Wl,-z,relro,-z,now" "-Wl,-O1" "-Wl,--strip-debug" "-nodefaultlibs"
[INFO] [stdout]   = note: some arguments are omitted. use `--verbose` to show all linker arguments
[INFO] [stdout]   = note: rust-lld: error: unable to find library -lz3
[INFO] [stdout]           collect2: error: ld returned 1 exit status
[INFO] [stdout]           
[INFO] [stdout] 
[INFO] [stdout] 
[INFO] [stderr] error: could not compile `rust_smt` (test "test") due to 1 previous error
[INFO] running `Command { std: "docker" "inspect" "2e862bae0bf4085dbee47cee66303cc07723aca7bd3e6c380ac1749b206d846c", kill_on_drop: false }`
[INFO] running `Command { std: "docker" "rm" "-f" "2e862bae0bf4085dbee47cee66303cc07723aca7bd3e6c380ac1749b206d846c", kill_on_drop: false }`
[INFO] [stdout] 2e862bae0bf4085dbee47cee66303cc07723aca7bd3e6c380ac1749b206d846c
