[INFO] fetching crate rust_ocr 0.1.5...
[INFO] testing rust_ocr-0.1.5 against 1.99.0-beta.8+cargoflags=--release for beta-release-1.100-2
[INFO] extracting crate rust_ocr 0.1.5 into /workspace/builds/worker-4-tc1/source
[INFO] started tweaking crates.io crate rust_ocr 0.1.5
[INFO] finished tweaking crates.io crate rust_ocr 0.1.5
[INFO] tweaked toml for crates.io crate rust_ocr 0.1.5 written to /workspace/builds/worker-4-tc1/source/Cargo.toml
[INFO] validating manifest of crates.io crate rust_ocr 0.1.5 on toolchain 1.99.0-beta.8
[INFO] running `Command { std: CARGO_HOME="/workspace/cargo-home" RUSTUP_HOME="/workspace/rustup-home" "/workspace/cargo-home/bin/cargo" "+1.99.0-beta.8" "metadata" "--manifest-path" "Cargo.toml" "--no-deps", kill_on_drop: false }`
[INFO] crate crates.io crate rust_ocr 0.1.5 already has a lockfile, it will not be regenerated
[INFO] running `Command { std: CARGO_HOME="/workspace/cargo-home" RUSTUP_HOME="/workspace/rustup-home" "/workspace/cargo-home/bin/cargo" "+1.99.0-beta.8" "fetch" "--manifest-path" "Cargo.toml", kill_on_drop: false }`
[INFO] [stderr]  Downloading crates ...
[INFO] [stderr]   Downloaded itoa v1.0.6
[INFO] [stderr]   Downloaded proc-macro2 v1.0.51
[INFO] [stderr]   Downloaded ryu v1.0.13
[INFO] [stderr]   Downloaded serde_derive v1.0.153
[INFO] [stderr]   Downloaded unicode-ident v1.0.8
[INFO] [stderr]   Downloaded serde v1.0.153
[INFO] [stderr]   Downloaded serde_json v1.0.94
[INFO] [stderr]   Downloaded windows_x86_64_gnullvm v0.42.1
[INFO] [stderr]   Downloaded windows_aarch64_gnullvm v0.42.1
[INFO] [stderr]   Downloaded windows_i686_msvc v0.42.1
[INFO] [stderr]   Downloaded windows_x86_64_gnu v0.42.1
[INFO] [stderr]   Downloaded windows_aarch64_msvc v0.42.1
[INFO] [stderr]   Downloaded windows_x86_64_msvc v0.42.1
[INFO] [stderr]   Downloaded windows_i686_gnu v0.42.1
[INFO] [stderr]   Downloaded windows v0.43.0
[INFO] running `Command { std: "docker" "create" "-v" "/var/lib/crater-agent-workspace/builds/worker-4-tc1/source:/opt/rustwide/workdir:ro,Z" "-v" "/var/lib/crater-agent-workspace/builds/worker-4-tc1/target:/opt/rustwide/target:rw,Z" "-v" "/var/lib/crater-agent-workspace/cargo-home:/opt/rustwide/cargo-home:ro,Z" "-v" "/var/lib/crater-agent-workspace/rustup-home:/opt/rustwide/rustup-home:ro,Z" "-m" "1610612736" "--network" "none" "ghcr.io/rust-lang/crates-build-env/linux@sha256:77db811e55d90add9212f6832c23229e3de5f1c1f9905e8cb07319ea15df73ac" "sleep" "infinity", kill_on_drop: false }`
[INFO] [stdout] 975ab50c9cda8157581f2942383321b9a86421953f7156da0479746d8b2df306
[INFO] running `Command { std: "docker" "start" "975ab50c9cda8157581f2942383321b9a86421953f7156da0479746d8b2df306", kill_on_drop: false }`
[INFO] running `Command { std: "docker" "inspect" "975ab50c9cda8157581f2942383321b9a86421953f7156da0479746d8b2df306", kill_on_drop: false }`
[INFO] running `Command { std: "docker" "exec" "-e" "SOURCE_DIR=/opt/rustwide/workdir" "-e" "CARGO_HOME=/opt/rustwide/cargo-home" "-e" "RUSTUP_HOME=/opt/rustwide/rustup-home" "-e" "CARGO_TARGET_DIR=/opt/rustwide/target" "-w" "/opt/rustwide/workdir" "--user" "0:0" "975ab50c9cda8157581f2942383321b9a86421953f7156da0479746d8b2df306" "/opt/rustwide/cargo-home/bin/cargo" "+1.99.0-beta.8" "metadata" "--no-deps" "--format-version=1", kill_on_drop: false }`
[INFO] running `Command { std: "docker" "inspect" "975ab50c9cda8157581f2942383321b9a86421953f7156da0479746d8b2df306", kill_on_drop: false }`
[INFO] running `Command { std: "docker" "exec" "-e" "SOURCE_DIR=/opt/rustwide/workdir" "-e" "CARGO_HOME=/opt/rustwide/cargo-home" "-e" "RUSTUP_HOME=/opt/rustwide/rustup-home" "-e" "CARGO_TARGET_DIR=/opt/rustwide/target" "-e" "CARGO_INCREMENTAL=0" "-e" "RUST_BACKTRACE=full" "-e" "RUSTFLAGS=--cap-lints=warn" "-e" "RUSTDOCFLAGS=--cap-lints=warn" "-w" "/opt/rustwide/workdir" "--user" "0:0" "975ab50c9cda8157581f2942383321b9a86421953f7156da0479746d8b2df306" "/opt/rustwide/cargo-home/bin/cargo" "+1.99.0-beta.8" "build" "--frozen" "--message-format=json" "--release", kill_on_drop: false }`
[INFO] [stderr]    Compiling proc-macro2 v1.0.51
[INFO] [stderr]    Compiling quote v1.0.23
[INFO] [stderr]    Compiling unicode-ident v1.0.8
[INFO] [stderr]    Compiling syn v1.0.109
[INFO] [stderr]    Compiling serde_derive v1.0.153
[INFO] [stderr]    Compiling serde v1.0.153
[INFO] [stderr]    Compiling serde_json v1.0.94
[INFO] [stderr]    Compiling itoa v1.0.6
[INFO] [stderr]    Compiling ryu v1.0.13
[INFO] [stderr]    Compiling windows v0.43.0
[INFO] [stderr]    Compiling rust_ocr v0.1.5 (/opt/rustwide/workdir)
[INFO] [stdout] error: linking with `cc` failed: exit status: 1
[INFO] [stdout]   |
[INFO] [stdout]   = note:  "cc" "-m64" "/opt/rustwide/target/release/deps/rustcR4K3eo/symbols.o" "<6 object files omitted>" "-Wl,--as-needed" "-Wl,-Bstatic" "/opt/rustwide/target/release/deps/{libserde_json-af65794d0e401c5f,libryu-f1de7c80d5c794ff,libitoa-47ad8c24b23cbf7a,libwindows-8abb95e104c603b5,libserde-53258b54fe81caa5}.rlib" "<sysroot>/lib/rustlib/x86_64-unknown-linux-gnu/lib/{libstd-*,libpanic_unwind-*,libobject-*,libmemchr-*,libaddr2line-*,libgimli-*,libcfg_if-*,librustc_demangle-*,libstd_detect-*,libhashbrown-*,librustc_std_workspace_alloc-*,libminiz_oxide-*,libadler2-*,libunwind-*,liblibc-*,librustc_std_workspace_core-*,liballoc-*,libcore-*,libcompiler_builtins-*}.rlib" "-Wl,-Bdynamic" "-lgcc_s" "-lutil" "-lrt" "-lpthread" "-lm" "-ldl" "-lc" "-L" "/opt/rustwide/target/release/deps/rustcR4K3eo/raw-dylibs" "-B<sysroot>/lib/rustlib/x86_64-unknown-linux-gnu/bin/gcc-ld" "-fuse-ld=lld" "-Wl,--eh-frame-hdr" "-Wl,-z,noexecstack" "-L" "<sysroot>/lib/rustlib/x86_64-unknown-linux-gnu/lib" "-o" "/opt/rustwide/target/release/deps/rust_ocr-814144a266716e10" "-Wl,--gc-sections" "-pie" "-Wl,-z,relro,-z,now" "-Wl,-O1" "-Wl,--strip-debug" "-nodefaultlibs"
[INFO] [stdout]   = note: some arguments are omitted. use `--verbose` to show all linker arguments
[INFO] [stdout]   = note: rust-lld: error: undefined symbol: LoadLibraryA
[INFO] [stdout]           >>> referenced by windows.2dda8dd40f2ccf8d-cgu.00
[INFO] [stdout]           >>>               windows-8abb95e104c603b5.windows.2dda8dd40f2ccf8d-cgu.00.rcgu.o:(<windows::core::factory_cache::FactoryCache<windows::Windows::Globalization::Language, windows::Windows::Globalization::ILanguageFactory>>::call::<windows::Windows::Globalization::Language, <windows::Windows::Globalization::Language>::CreateLanguage::{closure#0}>) in archive /opt/rustwide/target/release/deps/libwindows-8abb95e104c603b5.rlib
[INFO] [stdout]           >>> referenced by windows.2dda8dd40f2ccf8d-cgu.00
[INFO] [stdout]           >>>               windows-8abb95e104c603b5.windows.2dda8dd40f2ccf8d-cgu.00.rcgu.o:(<windows::core::factory_cache::FactoryCache<windows::Windows::Globalization::Language, windows::Windows::Globalization::ILanguageFactory>>::call::<windows::Windows::Globalization::Language, <windows::Windows::Globalization::Language>::CreateLanguage::{closure#0}>) in archive /opt/rustwide/target/release/deps/libwindows-8abb95e104c603b5.rlib
[INFO] [stdout]           >>> referenced by windows.2dda8dd40f2ccf8d-cgu.00
[INFO] [stdout]           >>>               windows-8abb95e104c603b5.windows.2dda8dd40f2ccf8d-cgu.00.rcgu.o:(<windows::core::factory_cache::FactoryCache<windows::Windows::Globalization::Language, windows::Windows::Globalization::ILanguageFactory>>::call::<windows::Windows::Globalization::Language, <windows::Windows::Globalization::Language>::CreateLanguage::{closure#0}>) in archive /opt/rustwide/target/release/deps/libwindows-8abb95e104c603b5.rlib
[INFO] [stdout]           >>> referenced 12 more times
[INFO] [stdout]           
[INFO] [stdout]           rust-lld: error: undefined symbol: GetProcAddress
[INFO] [stdout]           >>> referenced by windows.2dda8dd40f2ccf8d-cgu.00
[INFO] [stdout]           >>>               windows-8abb95e104c603b5.windows.2dda8dd40f2ccf8d-cgu.00.rcgu.o:(<windows::core::factory_cache::FactoryCache<windows::Windows::Globalization::Language, windows::Windows::Globalization::ILanguageFactory>>::call::<windows::Windows::Globalization::Language, <windows::Windows::Globalization::Language>::CreateLanguage::{closure#0}>) in archive /opt/rustwide/target/release/deps/libwindows-8abb95e104c603b5.rlib
[INFO] [stdout]           >>> referenced by windows.2dda8dd40f2ccf8d-cgu.00
[INFO] [stdout]           >>>               windows-8abb95e104c603b5.windows.2dda8dd40f2ccf8d-cgu.00.rcgu.o:(<windows::core::factory_cache::FactoryCache<windows::Windows::Globalization::Language, windows::Windows::Globalization::ILanguageFactory>>::call::<windows::Windows::Globalization::Language, <windows::Windows::Globalization::Language>::CreateLanguage::{closure#0}>) in archive /opt/rustwide/target/release/deps/libwindows-8abb95e104c603b5.rlib
[INFO] [stdout]           >>> referenced by windows.2dda8dd40f2ccf8d-cgu.00
[INFO] [stdout]           >>>               windows-8abb95e104c603b5.windows.2dda8dd40f2ccf8d-cgu.00.rcgu.o:(<windows::core::factory_cache::FactoryCache<windows::Windows::Globalization::Language, windows::Windows::Globalization::ILanguageFactory>>::call::<windows::Windows::Globalization::Language, <windows::Windows::Globalization::Language>::CreateLanguage::{closure#0}>) in archive /opt/rustwide/target/release/deps/libwindows-8abb95e104c603b5.rlib
[INFO] [stdout]           >>> referenced 12 more times
[INFO] [stdout]           
[INFO] [stdout]           rust-lld: error: undefined symbol: GetLastError
[INFO] [stdout]           >>> referenced by windows.2dda8dd40f2ccf8d-cgu.00
[INFO] [stdout]           >>>               windows-8abb95e104c603b5.windows.2dda8dd40f2ccf8d-cgu.00.rcgu.o:(<windows::core::factory_cache::FactoryCache<windows::Windows::Globalization::Language, windows::Windows::Globalization::ILanguageFactory>>::call::<windows::Windows::Globalization::Language, <windows::Windows::Globalization::Language>::CreateLanguage::{closure#0}>) in archive /opt/rustwide/target/release/deps/libwindows-8abb95e104c603b5.rlib
[INFO] [stdout]           >>> referenced by windows.2dda8dd40f2ccf8d-cgu.00
[INFO] [stdout]           >>>               windows-8abb95e104c603b5.windows.2dda8dd40f2ccf8d-cgu.00.rcgu.o:(<windows::core::factory_cache::FactoryCache<windows::Windows::Globalization::Language, windows::Windows::Globalization::ILanguageFactory>>::call::<windows::Windows::Globalization::Language, <windows::Windows::Globalization::Language>::CreateLanguage::{closure#0}>) in archive /opt/rustwide/target/release/deps/libwindows-8abb95e104c603b5.rlib
[INFO] [stdout]           >>> referenced by windows.2dda8dd40f2ccf8d-cgu.00
[INFO] [stdout]           >>>               windows-8abb95e104c603b5.windows.2dda8dd40f2ccf8d-cgu.00.rcgu.o:(<windows::core::factory_cache::FactoryCache<windows::Windows::Globalization::Language, windows::Windows::Globalization::ILanguageFactory>>::call::<windows::Windows::Globalization::Language, <windows::Windows::Globalization::Language>::CreateLanguage::{closure#0}>) in archive /opt/rustwide/target/release/deps/libwindows-8abb95e104c603b5.rlib
[INFO] [stdout]           >>> referenced 28 more times
[INFO] [stdout]           
[INFO] [stdout]           rust-lld: error: undefined symbol: FreeLibrary
[INFO] [stdout]           >>> referenced by windows.2dda8dd40f2ccf8d-cgu.00
[INFO] [stdout]           >>>               windows-8abb95e104c603b5.windows.2dda8dd40f2ccf8d-cgu.00.rcgu.o:(<windows::core::factory_cache::FactoryCache<windows::Windows::Globalization::Language, windows::Windows::Globalization::ILanguageFactory>>::call::<windows::Windows::Globalization::Language, <windows::Windows::Globalization::Language>::CreateLanguage::{closure#0}>) in archive /opt/rustwide/target/release/deps/libwindows-8abb95e104c603b5.rlib
[INFO] [stdout]           >>> referenced by windows.2dda8dd40f2ccf8d-cgu.00
[INFO] [stdout]           >>>               windows-8abb95e104c603b5.windows.2dda8dd40f2ccf8d-cgu.00.rcgu.o:(<windows::core::factory_cache::FactoryCache<windows::Windows::Globalization::Language, windows::Windows::Globalization::ILanguageFactory>>::call::<windows::Windows::Globalization::Language, <windows::Windows::Globalization::Language>::CreateLanguage::{closure#0}>) in archive /opt/rustwide/target/release/deps/libwindows-8abb95e104c603b5.rlib
[INFO] [stdout]           >>> referenced by windows.2dda8dd40f2ccf8d-cgu.00
[INFO] [stdout]           >>>               windows-8abb95e104c603b5.windows.2dda8dd40f2ccf8d-cgu.00.rcgu.o:(<windows::core::factory_cache::FactoryCache<windows::Windows::Globalization::Language, windows::Windows::Globalization::ILanguageFactory>>::call::<windows::Windows::Globalization::Language, <windows::Windows::Globalization::Language>::CreateLanguage::{closure#0}>) in archive /opt/rustwide/target/release/deps/libwindows-8abb95e104c603b5.rlib
[INFO] [stdout]           >>> referenced 12 more times
[INFO] [stdout]           
[INFO] [stdout]           rust-lld: error: undefined symbol: GetProcessHeap
[INFO] [stdout]           >>> referenced by windows.2dda8dd40f2ccf8d-cgu.00
[INFO] [stdout]           >>>               windows-8abb95e104c603b5.windows.2dda8dd40f2ccf8d-cgu.00.rcgu.o:(<windows::core::factory_cache::FactoryCache<windows::Windows::Globalization::Language, windows::Windows::Globalization::ILanguageFactory>>::call::<windows::Windows::Globalization::Language, <windows::Windows::Globalization::Language>::CreateLanguage::{closure#0}>) in archive /opt/rustwide/target/release/deps/libwindows-8abb95e104c603b5.rlib
[INFO] [stdout]           >>> referenced by windows.2dda8dd40f2ccf8d-cgu.00
[INFO] [stdout]           >>>               windows-8abb95e104c603b5.windows.2dda8dd40f2ccf8d-cgu.00.rcgu.o:(<windows::core::factory_cache::FactoryCache<windows::Windows::Globalization::Language, windows::Windows::Globalization::ILanguageFactory>>::call::<windows::Windows::Globalization::Language, <windows::Windows::Globalization::Language>::CreateLanguage::{closure#0}>) in archive /opt/rustwide/target/release/deps/libwindows-8abb95e104c603b5.rlib
[INFO] [stdout]           >>> referenced by windows.2dda8dd40f2ccf8d-cgu.05
[INFO] [stdout]           >>>               windows-8abb95e104c603b5.windows.2dda8dd40f2ccf8d-cgu.05.rcgu.o:(<windows::core::hresult::HRESULT>::message) in archive /opt/rustwide/target/release/deps/libwindows-8abb95e104c603b5.rlib
[INFO] [stdout]           >>> referenced 15 more times
[INFO] [stdout]           
[INFO] [stdout]           rust-lld: error: undefined symbol: HeapFree
[INFO] [stdout]           >>> referenced by windows.2dda8dd40f2ccf8d-cgu.00
[INFO] [stdout]           >>>               windows-8abb95e104c603b5.windows.2dda8dd40f2ccf8d-cgu.00.rcgu.o:(<windows::core::factory_cache::FactoryCache<windows::Windows::Globalization::Language, windows::Windows::Globalization::ILanguageFactory>>::call::<windows::Windows::Globalization::Language, <windows::Windows::Globalization::Language>::CreateLanguage::{closure#0}>) in archive /opt/rustwide/target/release/deps/libwindows-8abb95e104c603b5.rlib
[INFO] [stdout]           >>> referenced by windows.2dda8dd40f2ccf8d-cgu.00
[INFO] [stdout]           >>>               windows-8abb95e104c603b5.windows.2dda8dd40f2ccf8d-cgu.00.rcgu.o:(<windows::core::factory_cache::FactoryCache<windows::Windows::Globalization::Language, windows::Windows::Globalization::ILanguageFactory>>::call::<windows::Windows::Globalization::Language, <windows::Windows::Globalization::Language>::CreateLanguage::{closure#0}>) in archive /opt/rustwide/target/release/deps/libwindows-8abb95e104c603b5.rlib
[INFO] [stdout]           >>> referenced by windows.2dda8dd40f2ccf8d-cgu.05
[INFO] [stdout]           >>>               windows-8abb95e104c603b5.windows.2dda8dd40f2ccf8d-cgu.05.rcgu.o:(<windows::core::hresult::HRESULT>::message) in archive /opt/rustwide/target/release/deps/libwindows-8abb95e104c603b5.rlib
[INFO] [stdout]           >>> referenced 13 more times
[INFO] [stdout]           
[INFO] [stdout]           rust-lld: error: undefined symbol: FormatMessageW
[INFO] [stdout]           >>> referenced by windows.2dda8dd40f2ccf8d-cgu.05
[INFO] [stdout]           >>>               windows-8abb95e104c603b5.windows.2dda8dd40f2ccf8d-cgu.05.rcgu.o:(<windows::core::hresult::HRESULT>::message) in archive /opt/rustwide/target/release/deps/libwindows-8abb95e104c603b5.rlib
[INFO] [stdout]           
[INFO] [stdout]           rust-lld: error: undefined symbol: HeapAlloc
[INFO] [stdout]           >>> referenced by windows.2dda8dd40f2ccf8d-cgu.14
[INFO] [stdout]           >>>               windows-8abb95e104c603b5.windows.2dda8dd40f2ccf8d-cgu.14.rcgu.o:(<windows::core::strings::hstring::HSTRING>::from_wide) in archive /opt/rustwide/target/release/deps/libwindows-8abb95e104c603b5.rlib
[INFO] [stdout]           >>> referenced by windows.2dda8dd40f2ccf8d-cgu.14
[INFO] [stdout]           >>>               windows-8abb95e104c603b5.windows.2dda8dd40f2ccf8d-cgu.14.rcgu.o:(<windows::core::strings::hstring::HSTRING as core::convert::From<&str>>::from) in archive /opt/rustwide/target/release/deps/libwindows-8abb95e104c603b5.rlib
[INFO] [stdout]           
[INFO] [stdout]           rust-lld: error: undefined symbol: GetErrorInfo
[INFO] [stdout]           >>> referenced by windows.2dda8dd40f2ccf8d-cgu.12
[INFO] [stdout]           >>>               windows-8abb95e104c603b5.windows.2dda8dd40f2ccf8d-cgu.12.rcgu.o:(<windows::core::error::Error>::new) in archive /opt/rustwide/target/release/deps/libwindows-8abb95e104c603b5.rlib
[INFO] [stdout]           >>> referenced by windows.2dda8dd40f2ccf8d-cgu.12
[INFO] [stdout]           >>>               windows-8abb95e104c603b5.windows.2dda8dd40f2ccf8d-cgu.12.rcgu.o:(<windows::core::error::Error as core::convert::From<windows::core::hresult::HRESULT>>::from) in archive /opt/rustwide/target/release/deps/libwindows-8abb95e104c603b5.rlib
[INFO] [stdout]           >>> referenced by windows.2dda8dd40f2ccf8d-cgu.12
[INFO] [stdout]           >>>               windows-8abb95e104c603b5.windows.2dda8dd40f2ccf8d-cgu.12.rcgu.o:(<windows::core::error::Error as core::convert::From<windows::core::hresult::HRESULT>>::from) in archive /opt/rustwide/target/release/deps/libwindows-8abb95e104c603b5.rlib
[INFO] [stdout]           
[INFO] [stdout]           rust-lld: error: undefined symbol: SysStringLen
[INFO] [stdout]           >>> referenced by windows.2dda8dd40f2ccf8d-cgu.12
[INFO] [stdout]           >>>               windows-8abb95e104c603b5.windows.2dda8dd40f2ccf8d-cgu.12.rcgu.o:(<windows::core::error::Error>::message) in archive /opt/rustwide/target/release/deps/libwindows-8abb95e104c603b5.rlib
[INFO] [stdout]           >>> referenced by windows.2dda8dd40f2ccf8d-cgu.12
[INFO] [stdout]           >>>               windows-8abb95e104c603b5.windows.2dda8dd40f2ccf8d-cgu.12.rcgu.o:(<windows::core::error::Error>::message) in archive /opt/rustwide/target/release/deps/libwindows-8abb95e104c603b5.rlib
[INFO] [stdout]           >>> referenced by windows.2dda8dd40f2ccf8d-cgu.12
[INFO] [stdout]           >>>               windows-8abb95e104c603b5.windows.2dda8dd40f2ccf8d-cgu.12.rcgu.o:(<windows::core::error::Error as core::convert::From<windows::core::hresult::HRESULT>>::from) in archive /opt/rustwide/target/release/deps/libwindows-8abb95e104c603b5.rlib
[INFO] [stdout]           
[INFO] [stdout]           rust-lld: error: undefined symbol: SysFreeString
[INFO] [stdout]           >>> referenced by windows.2dda8dd40f2ccf8d-cgu.12
[INFO] [stdout]           >>>               windows-8abb95e104c603b5.windows.2dda8dd40f2ccf8d-cgu.12.rcgu.o:(<windows::core::error::Error>::message) in archive /opt/rustwide/target/release/deps/libwindows-8abb95e104c603b5.rlib
[INFO] [stdout]           >>> referenced by windows.2dda8dd40f2ccf8d-cgu.12
[INFO] [stdout]           >>>               windows-8abb95e104c603b5.windows.2dda8dd40f2ccf8d-cgu.12.rcgu.o:(<windows::core::error::Error>::message) in archive /opt/rustwide/target/release/deps/libwindows-8abb95e104c603b5.rlib
[INFO] [stdout]           >>> referenced by windows.2dda8dd40f2ccf8d-cgu.12
[INFO] [stdout]           >>>               windows-8abb95e104c603b5.windows.2dda8dd40f2ccf8d-cgu.12.rcgu.o:(<windows::core::error::Error>::message) in archive /opt/rustwide/target/release/deps/libwindows-8abb95e104c603b5.rlib
[INFO] [stdout]           >>> referenced 8 more times
[INFO] [stdout]           
[INFO] [stdout]           rust-lld: error: undefined symbol: CreateEventW
[INFO] [stdout]           >>> referenced by windows.2dda8dd40f2ccf8d-cgu.12
[INFO] [stdout]           >>>               windows-8abb95e104c603b5.windows.2dda8dd40f2ccf8d-cgu.12.rcgu.o:(<windows::core::waiter::Waiter>::new) in archive /opt/rustwide/target/release/deps/libwindows-8abb95e104c603b5.rlib
[INFO] [stdout]           
[INFO] [stdout]           rust-lld: error: undefined symbol: SetEvent
[INFO] [stdout]           >>> referenced by windows.2dda8dd40f2ccf8d-cgu.12
[INFO] [stdout]           >>>               windows-8abb95e104c603b5.windows.2dda8dd40f2ccf8d-cgu.12.rcgu.o:(<windows::core::waiter::WaiterSignaler>::signal) in archive /opt/rustwide/target/release/deps/libwindows-8abb95e104c603b5.rlib
[INFO] [stdout]           
[INFO] [stdout]           rust-lld: error: undefined symbol: WaitForSingleObject
[INFO] [stdout]           >>> referenced by windows.2dda8dd40f2ccf8d-cgu.12
[INFO] [stdout]           >>>               windows-8abb95e104c603b5.windows.2dda8dd40f2ccf8d-cgu.12.rcgu.o:(<windows::core::waiter::Waiter as core::ops::drop::Drop>::drop) in archive /opt/rustwide/target/release/deps/libwindows-8abb95e104c603b5.rlib
[INFO] [stdout]           
[INFO] [stdout]           rust-lld: error: undefined symbol: CloseHandle
[INFO] [stdout]           >>> referenced by windows.2dda8dd40f2ccf8d-cgu.12
[INFO] [stdout]           >>>               windows-8abb95e104c603b5.windows.2dda8dd40f2ccf8d-cgu.12.rcgu.o:(<windows::core::waiter::Waiter as core::ops::drop::Drop>::drop) in archive /opt/rustwide/target/release/deps/libwindows-8abb95e104c603b5.rlib
[INFO] [stdout]           collect2: error: ld returned 1 exit status
[INFO] [stdout]           
[INFO] [stdout] 
[INFO] [stdout] 
[INFO] [stderr] error: could not compile `rust_ocr` (bin "rust_ocr") due to 1 previous error
[INFO] running `Command { std: "docker" "inspect" "975ab50c9cda8157581f2942383321b9a86421953f7156da0479746d8b2df306", kill_on_drop: false }`
[INFO] running `Command { std: "docker" "rm" "-f" "975ab50c9cda8157581f2942383321b9a86421953f7156da0479746d8b2df306", kill_on_drop: false }`
[INFO] [stdout] 975ab50c9cda8157581f2942383321b9a86421953f7156da0479746d8b2df306
