[INFO] fetching crate rust-queries-builder 1.0.7...
[INFO] testing rust-queries-builder-1.0.7 against 1.99.0-beta.8+cargoflags=--release for beta-release-1.100-2
[INFO] extracting crate rust-queries-builder 1.0.7 into /workspace/builds/worker-1-tc1/source
[INFO] started tweaking crates.io crate rust-queries-builder 1.0.7
[INFO] removed 0 missing examples
[INFO] finished tweaking crates.io crate rust-queries-builder 1.0.7
[INFO] tweaked toml for crates.io crate rust-queries-builder 1.0.7 written to /workspace/builds/worker-1-tc1/source/Cargo.toml
[INFO] validating manifest of crates.io crate rust-queries-builder 1.0.7 on toolchain 1.99.0-beta.8
[INFO] running `Command { std: CARGO_HOME="/workspace/cargo-home" RUSTUP_HOME="/workspace/rustup-home" "/workspace/cargo-home/bin/cargo" "+1.99.0-beta.8" "metadata" "--manifest-path" "Cargo.toml" "--no-deps", kill_on_drop: false }`
[INFO] crate crates.io crate rust-queries-builder 1.0.7 already has a lockfile, it will not be regenerated
[INFO] running `Command { std: CARGO_HOME="/workspace/cargo-home" RUSTUP_HOME="/workspace/rustup-home" "/workspace/cargo-home/bin/cargo" "+1.99.0-beta.8" "fetch" "--manifest-path" "Cargo.toml", kill_on_drop: false }`
[INFO] [stderr]     Updating crates.io index
[INFO] [stderr]  Downloading crates ...
[INFO] [stderr]   Downloaded key-paths-derive v1.0.2
[INFO] [stderr]   Downloaded rust-queries-derive v1.0.7
[INFO] [stderr]   Downloaded key-paths-core v1.0.8
[INFO] [stderr]   Downloaded rust-queries-core v1.0.7
[INFO] [stderr]   Downloaded tagged-core v0.7.0
[INFO] [stderr]   Downloaded wasm-bindgen-macro v0.2.104
[INFO] [stderr]   Downloaded js-sys v0.3.81
[INFO] [stderr]   Downloaded wasm-bindgen-shared v0.2.104
[INFO] [stderr]   Downloaded wasm-bindgen-macro-support v0.2.104
[INFO] [stderr]   Downloaded wasm-bindgen-backend v0.2.104
[INFO] [stderr]   Downloaded wasm-bindgen v0.2.104
[INFO] [stderr]   Downloaded cc v1.2.41
[INFO] running `Command { std: "docker" "create" "-v" "/var/lib/crater-agent-workspace/builds/worker-1-tc1/source:/opt/rustwide/workdir:ro,Z" "-v" "/var/lib/crater-agent-workspace/builds/worker-1-tc1/target:/opt/rustwide/target:rw,Z" "-v" "/var/lib/crater-agent-workspace/cargo-home:/opt/rustwide/cargo-home:ro,Z" "-v" "/var/lib/crater-agent-workspace/rustup-home:/opt/rustwide/rustup-home:ro,Z" "-m" "1610612736" "--network" "none" "ghcr.io/rust-lang/crates-build-env/linux@sha256:77db811e55d90add9212f6832c23229e3de5f1c1f9905e8cb07319ea15df73ac" "sleep" "infinity", kill_on_drop: false }`
[INFO] [stdout] b4a83b38294d93787af7fcf626b84a69e59b089e9cb891ffc32562be09aede20
[INFO] running `Command { std: "docker" "start" "b4a83b38294d93787af7fcf626b84a69e59b089e9cb891ffc32562be09aede20", kill_on_drop: false }`
[INFO] running `Command { std: "docker" "inspect" "b4a83b38294d93787af7fcf626b84a69e59b089e9cb891ffc32562be09aede20", kill_on_drop: false }`
[INFO] running `Command { std: "docker" "exec" "-e" "SOURCE_DIR=/opt/rustwide/workdir" "-e" "CARGO_HOME=/opt/rustwide/cargo-home" "-e" "RUSTUP_HOME=/opt/rustwide/rustup-home" "-e" "CARGO_TARGET_DIR=/opt/rustwide/target" "-w" "/opt/rustwide/workdir" "--user" "0:0" "b4a83b38294d93787af7fcf626b84a69e59b089e9cb891ffc32562be09aede20" "/opt/rustwide/cargo-home/bin/cargo" "+1.99.0-beta.8" "metadata" "--no-deps" "--format-version=1", kill_on_drop: false }`
[INFO] running `Command { std: "docker" "inspect" "b4a83b38294d93787af7fcf626b84a69e59b089e9cb891ffc32562be09aede20", kill_on_drop: false }`
[INFO] running `Command { std: "docker" "exec" "-e" "SOURCE_DIR=/opt/rustwide/workdir" "-e" "CARGO_HOME=/opt/rustwide/cargo-home" "-e" "RUSTUP_HOME=/opt/rustwide/rustup-home" "-e" "CARGO_TARGET_DIR=/opt/rustwide/target" "-e" "CARGO_INCREMENTAL=0" "-e" "RUST_BACKTRACE=full" "-e" "RUSTFLAGS=--cap-lints=warn" "-e" "RUSTDOCFLAGS=--cap-lints=warn" "-w" "/opt/rustwide/workdir" "--user" "0:0" "b4a83b38294d93787af7fcf626b84a69e59b089e9cb891ffc32562be09aede20" "/opt/rustwide/cargo-home/bin/cargo" "+1.99.0-beta.8" "build" "--frozen" "--message-format=json" "--release", kill_on_drop: false }`
[INFO] [stderr]    Compiling quote v1.0.41
[INFO] [stderr]    Compiling tagged-core v0.7.0
[INFO] [stderr]    Compiling num-traits v0.2.19
[INFO] [stderr]    Compiling key-paths-core v1.0.8
[INFO] [stderr]    Compiling syn v2.0.106
[INFO] [stderr]    Compiling chrono v0.4.42
[INFO] [stderr]    Compiling key-paths-derive v1.0.2
[INFO] [stderr]    Compiling rust-queries-derive v1.0.7
[INFO] [stderr]    Compiling rust-queries-core v1.0.7
[INFO] [stderr]    Compiling rust-queries-builder v1.0.7 (/opt/rustwide/workdir)
[INFO] [stderr]     Finished `release` profile [optimized] target(s) in 9.43s
[INFO] running `Command { std: "docker" "inspect" "b4a83b38294d93787af7fcf626b84a69e59b089e9cb891ffc32562be09aede20", kill_on_drop: false }`
[INFO] running `Command { std: "docker" "exec" "-e" "SOURCE_DIR=/opt/rustwide/workdir" "-e" "CARGO_HOME=/opt/rustwide/cargo-home" "-e" "RUSTUP_HOME=/opt/rustwide/rustup-home" "-e" "CARGO_TARGET_DIR=/opt/rustwide/target" "-e" "CARGO_INCREMENTAL=0" "-e" "RUST_BACKTRACE=full" "-e" "RUSTFLAGS=--cap-lints=warn" "-e" "RUSTDOCFLAGS=--cap-lints=warn" "-w" "/opt/rustwide/workdir" "--user" "0:0" "b4a83b38294d93787af7fcf626b84a69e59b089e9cb891ffc32562be09aede20" "/opt/rustwide/cargo-home/bin/cargo" "+1.99.0-beta.8" "test" "--frozen" "--no-run" "--message-format=json" "--release", kill_on_drop: false }`
[INFO] [stderr]    Compiling libc v0.2.177
[INFO] [stderr]    Compiling smallvec v1.15.1
[INFO] [stderr]    Compiling tokio-macros v2.6.0
[INFO] [stderr]    Compiling parking_lot_core v0.9.12
[INFO] [stderr]    Compiling socket2 v0.6.1
[INFO] [stderr]    Compiling signal-hook-registry v1.4.6
[INFO] [stderr]    Compiling mio v1.1.0
[INFO] [stderr]    Compiling parking_lot v0.12.5
[INFO] [stderr]    Compiling tokio v1.48.0
[INFO] [stderr]    Compiling rust-queries-builder v1.0.7 (/opt/rustwide/workdir)
[INFO] [stdout] warning: unused import: `LockQueryable`
[INFO] [stdout]   --> examples/lazy_aggregators_demo.rs:13:28
[INFO] [stdout]    |
[INFO] [stdout] 13 | use rust_queries_builder::{LockQueryable, LockLazyQueryable};
[INFO] [stdout]    |                            ^^^^^^^^^^^^^
[INFO] [stdout]    |
[INFO] [stdout]    = note: `#[warn(unused_imports)]` (part of `#[warn(unused)]`) on by default
[INFO] [stdout] 
[INFO] [stdout] 
[INFO] [stdout] warning: fields `id` and `rating` are never read
[INFO] [stdout]   --> examples/doc_examples.rs:9:5
[INFO] [stdout]    |
[INFO] [stdout]  8 | struct Product {
[INFO] [stdout]    |        ------- fields in this struct
[INFO] [stdout]  9 |     id: u32,
[INFO] [stdout]    |     ^^
[INFO] [stdout] ...
[INFO] [stdout] 14 |     rating: f64,
[INFO] [stdout]    |     ^^^^^^
[INFO] [stdout]    |
[INFO] [stdout]    = note: `Product` has derived impls for the traits `Clone` and `Debug`, but these are intentionally ignored during dead code analysis
[INFO] [stdout]    = note: `#[warn(dead_code)]` (part of `#[warn(unused)]`) on by default
[INFO] [stdout] 
[INFO] [stdout] 
[INFO] [stdout] warning: field `id` is never read
[INFO] [stdout]   --> examples/doc_examples.rs:25:5
[INFO] [stdout]    |
[INFO] [stdout] 24 | struct Order {
[INFO] [stdout]    |        ----- field in this struct
[INFO] [stdout] 25 |     id: u32,
[INFO] [stdout]    |     ^^
[INFO] [stdout]    |
[INFO] [stdout]    = note: `Order` has derived impls for the traits `Clone` and `Debug`, but these are intentionally ignored during dead code analysis
[INFO] [stdout] 
[INFO] [stdout] 
[INFO] [stdout] warning: fields `id`, `category`, and `priority` are never read
[INFO] [stdout]   --> examples/complete_api_showcase.rs:31:5
[INFO] [stdout]    |
[INFO] [stdout] 30 | struct Event {
[INFO] [stdout]    |        ----- fields in this struct
[INFO] [stdout] 31 |     id: u32,
[INFO] [stdout]    |     ^^
[INFO] [stdout] ...
[INFO] [stdout] 34 |     category: String,
[INFO] [stdout]    |     ^^^^^^^^
[INFO] [stdout] 35 |     priority: u32,
[INFO] [stdout]    |     ^^^^^^^^
[INFO] [stdout]    |
[INFO] [stdout]    = note: `Event` has derived impls for the traits `Clone` and `Debug`, but these are intentionally ignored during dead code analysis
[INFO] [stdout]    = note: `#[warn(dead_code)]` (part of `#[warn(unused)]`) on by default
[INFO] [stdout] 
[INFO] [stdout] 
[INFO] [stdout] warning: fields `id` and `category` are never read
[INFO] [stdout]   --> examples/datetime_helper_functions.rs:17:5
[INFO] [stdout]    |
[INFO] [stdout] 16 | struct Event {
[INFO] [stdout]    |        ----- fields in this struct
[INFO] [stdout] 17 |     id: u32,
[INFO] [stdout]    |     ^^
[INFO] [stdout] ...
[INFO] [stdout] 21 |     category: String,
[INFO] [stdout]    |     ^^^^^^^^
[INFO] [stdout]    |
[INFO] [stdout]    = note: `Event` has derived impls for the traits `Clone` and `Debug`, but these are intentionally ignored during dead code analysis
[INFO] [stdout]    = note: `#[warn(dead_code)]` (part of `#[warn(unused)]`) on by default
[INFO] [stdout] 
[INFO] [stdout] 
[INFO] [stdout] warning: field `id` is never read
[INFO] [stdout]   --> examples/custom_queryable.rs:11:5
[INFO] [stdout]    |
[INFO] [stdout] 10 | struct Product {
[INFO] [stdout]    |        ------- field in this struct
[INFO] [stdout] 11 |     id: u32,
[INFO] [stdout]    |     ^^
[INFO] [stdout]    |
[INFO] [stdout]    = note: `Product` has derived impls for the traits `Clone` and `Debug`, but these are intentionally ignored during dead code analysis
[INFO] [stdout]    = note: `#[warn(dead_code)]` (part of `#[warn(unused)]`) on by default
[INFO] [stdout] 
[INFO] [stdout] 
[INFO] [stdout] warning: field `id` is never read
[INFO] [stdout]   --> examples/sql_verification.rs:10:5
[INFO] [stdout]    |
[INFO] [stdout]  9 | struct Employee {
[INFO] [stdout]    |        -------- field in this struct
[INFO] [stdout] 10 |     id: u32,
[INFO] [stdout]    |     ^^
[INFO] [stdout]    |
[INFO] [stdout]    = note: `Employee` has derived impls for the traits `Clone` and `Debug`, but these are intentionally ignored during dead code analysis
[INFO] [stdout]    = note: `#[warn(dead_code)]` (part of `#[warn(unused)]`) on by default
[INFO] [stdout] 
[INFO] [stdout] 
[INFO] [stdout] warning: fields `id`, `email`, and `large_data` are never read
[INFO] [stdout]   --> examples/without_clone.rs:11:5
[INFO] [stdout]    |
[INFO] [stdout] 10 | struct Employee {
[INFO] [stdout]    |        -------- fields in this struct
[INFO] [stdout] 11 |     id: u32,
[INFO] [stdout]    |     ^^
[INFO] [stdout] 12 |     name: String,
[INFO] [stdout] 13 |     email: String,
[INFO] [stdout]    |     ^^^^^
[INFO] [stdout] ...
[INFO] [stdout] 17 |     large_data: Vec<u8>,
[INFO] [stdout]    |     ^^^^^^^^^^
[INFO] [stdout]    |
[INFO] [stdout]    = note: `Employee` has a derived impl for the trait `Debug`, but this is intentionally ignored during dead code analysis
[INFO] [stdout]    = note: `#[warn(dead_code)]` (part of `#[warn(unused)]`) on by default
[INFO] [stdout] 
[INFO] [stdout] 
[INFO] [stdout] warning: field `id` is never read
[INFO] [stdout]   --> examples/without_clone.rs:23:5
[INFO] [stdout]    |
[INFO] [stdout] 22 | struct Department {
[INFO] [stdout]    |        ---------- field in this struct
[INFO] [stdout] 23 |     id: u32,
[INFO] [stdout]    |     ^^
[INFO] [stdout]    |
[INFO] [stdout]    = note: `Department` has a derived impl for the trait `Debug`, but this is intentionally ignored during dead code analysis
[INFO] [stdout] 
[INFO] [stdout] 
[INFO] [stdout] warning: fields `id` and `email` are never read
[INFO] [stdout]   --> examples/tokio_rwlock_support.rs:24:5
[INFO] [stdout]    |
[INFO] [stdout] 23 | struct User {
[INFO] [stdout]    |        ---- fields in this struct
[INFO] [stdout] 24 |     id: u32,
[INFO] [stdout]    |     ^^
[INFO] [stdout] 25 |     name: String,
[INFO] [stdout] 26 |     email: String,
[INFO] [stdout]    |     ^^^^^
[INFO] [stdout]    |
[INFO] [stdout]    = note: `User` has derived impls for the traits `Clone` and `Debug`, but these are intentionally ignored during dead code analysis
[INFO] [stdout]    = note: `#[warn(dead_code)]` (part of `#[warn(unused)]`) on by default
[INFO] [stdout] 
[INFO] [stdout] 
[INFO] [stdout] warning: field `id` is never read
[INFO] [stdout]   --> examples/tokio_rwlock_support.rs:33:5
[INFO] [stdout]    |
[INFO] [stdout] 32 | struct Product {
[INFO] [stdout]    |        ------- field in this struct
[INFO] [stdout] 33 |     id: u32,
[INFO] [stdout]    |     ^^
[INFO] [stdout]    |
[INFO] [stdout]    = note: `Product` has derived impls for the traits `Clone` and `Debug`, but these are intentionally ignored during dead code analysis
[INFO] [stdout] 
[INFO] [stdout] 
[INFO] [stdout] warning: field `id` is never read
[INFO] [stdout]   --> examples/lazy_evaluation.rs:16:5
[INFO] [stdout]    |
[INFO] [stdout] 15 | struct Product {
[INFO] [stdout]    |        ------- field in this struct
[INFO] [stdout] 16 |     id: u32,
[INFO] [stdout]    |     ^^
[INFO] [stdout]    |
[INFO] [stdout]    = note: `Product` has derived impls for the traits `Clone` and `Debug`, but these are intentionally ignored during dead code analysis
[INFO] [stdout]    = note: `#[warn(dead_code)]` (part of `#[warn(unused)]`) on by default
[INFO] [stdout] 
[INFO] [stdout] 
[INFO] [stdout] warning: fields `id` and `drop_tracker` are never read
[INFO] [stdout]    --> examples/memory_safety_verification.rs:224:9
[INFO] [stdout]     |
[INFO] [stdout] 223 |     struct Department {
[INFO] [stdout]     |            ---------- fields in this struct
[INFO] [stdout] 224 |         id: u32,
[INFO] [stdout]     |         ^^
[INFO] [stdout] 225 |         name: String,
[INFO] [stdout] 226 |         drop_tracker: DropTracker,
[INFO] [stdout]     |         ^^^^^^^^^^^^
[INFO] [stdout]     |
[INFO] [stdout]     = note: `#[warn(dead_code)]` (part of `#[warn(unused)]`) on by default
[INFO] [stdout] 
[INFO] [stdout] 
[INFO] [stdout] warning: field `value` is never read
[INFO] [stdout]    --> examples/memory_safety_verification.rs:412:13
[INFO] [stdout]     |
[INFO] [stdout] 410 |         struct SharedData {
[INFO] [stdout]     |                ---------- field in this struct
[INFO] [stdout] 411 |             id: u32,
[INFO] [stdout] 412 |             value: Arc<String>,  // Shared ownership
[INFO] [stdout]     |             ^^^^^
[INFO] [stdout] 
[INFO] [stdout] 
[INFO] [stdout] warning: field `huge_data` is never read
[INFO] [stdout]    --> examples/memory_safety_verification.rs:449:9
[INFO] [stdout]     |
[INFO] [stdout] 446 |     struct LargeRecord {
[INFO] [stdout]     |            ----------- field in this struct
[INFO] [stdout] ...
[INFO] [stdout] 449 |         huge_data: Vec<u8>,
[INFO] [stdout]     |         ^^^^^^^^^
[INFO] [stdout] 
[INFO] [stdout] 
[INFO] [stdout] warning: field `id` is never read
[INFO] [stdout]   --> examples/lazy_aggregators_demo.rs:20:5
[INFO] [stdout]    |
[INFO] [stdout] 19 | struct Product {
[INFO] [stdout]    |        ------- field in this struct
[INFO] [stdout] 20 |     id: u32,
[INFO] [stdout]    |     ^^
[INFO] [stdout]    |
[INFO] [stdout]    = note: `Product` has derived impls for the traits `Clone` and `Debug`, but these are intentionally ignored during dead code analysis
[INFO] [stdout]    = note: `#[warn(dead_code)]` (part of `#[warn(unused)]`) on by default
[INFO] [stdout] 
[INFO] [stdout] 
[INFO] [stdout] warning: struct `Order` is never constructed
[INFO] [stdout]   --> examples/lazy_aggregators_demo.rs:29:8
[INFO] [stdout]    |
[INFO] [stdout] 29 | struct Order {
[INFO] [stdout]    |        ^^^^^
[INFO] [stdout] 
[INFO] [stdout] 
[INFO] [stdout] warning: field `rating` is never read
[INFO] [stdout]   --> examples/macro_helpers.rs:22:5
[INFO] [stdout]    |
[INFO] [stdout] 16 | struct Product {
[INFO] [stdout]    |        ------- field in this struct
[INFO] [stdout] ...
[INFO] [stdout] 22 |     rating: f64,
[INFO] [stdout]    |     ^^^^^^
[INFO] [stdout]    |
[INFO] [stdout]    = note: `Product` has derived impls for the traits `Clone` and `Debug`, but these are intentionally ignored during dead code analysis
[INFO] [stdout]    = note: `#[warn(dead_code)]` (part of `#[warn(unused)]`) on by default
[INFO] [stdout] 
[INFO] [stdout] 
[INFO] [stdout] warning: fields `id` and `category` are never read
[INFO] [stdout]   --> examples/lazy_datetime_helpers.rs:18:5
[INFO] [stdout]    |
[INFO] [stdout] 17 | struct Event {
[INFO] [stdout]    |        ----- fields in this struct
[INFO] [stdout] 18 |     id: u32,
[INFO] [stdout]    |     ^^
[INFO] [stdout] ...
[INFO] [stdout] 22 |     category: String,
[INFO] [stdout]    |     ^^^^^^^^
[INFO] [stdout]    |
[INFO] [stdout]    = note: `Event` has derived impls for the traits `Clone` and `Debug`, but these are intentionally ignored during dead code analysis
[INFO] [stdout]    = note: `#[warn(dead_code)]` (part of `#[warn(unused)]`) on by default
[INFO] [stdout] 
[INFO] [stdout] 
[INFO] [stdout] warning: field `email` is never read
[INFO] [stdout]   --> examples/parking_lot_support.rs:25:5
[INFO] [stdout]    |
[INFO] [stdout] 22 | struct User {
[INFO] [stdout]    |        ---- field in this struct
[INFO] [stdout] ...
[INFO] [stdout] 25 |     email: String,
[INFO] [stdout]    |     ^^^^^
[INFO] [stdout]    |
[INFO] [stdout]    = note: `User` has derived impls for the traits `Clone` and `Debug`, but these are intentionally ignored during dead code analysis
[INFO] [stdout]    = note: `#[warn(dead_code)]` (part of `#[warn(unused)]`) on by default
[INFO] [stdout] 
[INFO] [stdout] 
[INFO] [stdout] warning: fields `id`, `name`, and `category` are never read
[INFO] [stdout]   --> examples/parking_lot_support.rs:32:5
[INFO] [stdout]    |
[INFO] [stdout] 31 | struct Product {
[INFO] [stdout]    |        ------- fields in this struct
[INFO] [stdout] 32 |     id: u32,
[INFO] [stdout]    |     ^^
[INFO] [stdout] 33 |     name: String,
[INFO] [stdout]    |     ^^^^
[INFO] [stdout] ...
[INFO] [stdout] 36 |     category: String,
[INFO] [stdout]    |     ^^^^^^^^
[INFO] [stdout]    |
[INFO] [stdout]    = note: `Product` has derived impls for the traits `Clone` and `Debug`, but these are intentionally ignored during dead code analysis
[INFO] [stdout] 
[INFO] [stdout] 
[INFO] [stdout] warning: field `user_email` is never read
[INFO] [stdout]   --> examples/join_query_builder.rs:44:5
[INFO] [stdout]    |
[INFO] [stdout] 42 | struct UserOrder {
[INFO] [stdout]    |        --------- field in this struct
[INFO] [stdout] 43 |     user_name: String,
[INFO] [stdout] 44 |     user_email: String,
[INFO] [stdout]    |     ^^^^^^^^^^
[INFO] [stdout]    |
[INFO] [stdout]    = note: `UserOrder` has derived impls for the traits `Clone` and `Debug`, but these are intentionally ignored during dead code analysis
[INFO] [stdout]    = note: `#[warn(dead_code)]` (part of `#[warn(unused)]`) on by default
[INFO] [stdout] 
[INFO] [stdout] 
[INFO] [stdout] warning: unused variable: `electronics_query`
[INFO] [stdout]    --> examples/lock_lazy_complete.rs:181:9
[INFO] [stdout]     |
[INFO] [stdout] 181 |     let electronics_query = products
[INFO] [stdout]     |         ^^^^^^^^^^^^^^^^^ help: if this is intentional, prefix it with an underscore: `_electronics_query`
[INFO] [stdout]     |
[INFO] [stdout]     = note: `#[warn(unused_variables)]` (part of `#[warn(unused)]`) on by default
[INFO] [stdout] 
[INFO] [stdout] 
[INFO] [stdout] warning: unused variable: `electronics`
[INFO] [stdout]    --> examples/lock_lazy_complete.rs:301:9
[INFO] [stdout]     |
[INFO] [stdout] 301 |     let electronics = products
[INFO] [stdout]     |         ^^^^^^^^^^^ help: if this is intentional, prefix it with an underscore: `_electronics`
[INFO] [stdout] 
[INFO] [stdout] 
[INFO] [stdout] warning: field `id` is never read
[INFO] [stdout]   --> examples/lock_lazy_complete.rs:23:5
[INFO] [stdout]    |
[INFO] [stdout] 22 | struct Product {
[INFO] [stdout]    |        ------- field in this struct
[INFO] [stdout] 23 |     id: u32,
[INFO] [stdout]    |     ^^
[INFO] [stdout]    |
[INFO] [stdout]    = note: `Product` has derived impls for the traits `Clone` and `Debug`, but these are intentionally ignored during dead code analysis
[INFO] [stdout]    = note: `#[warn(dead_code)]` (part of `#[warn(unused)]`) on by default
[INFO] [stdout] 
[INFO] [stdout] 
[INFO] [stdout] warning: fields `id`, `category`, and `priority` are never read
[INFO] [stdout]   --> examples/lock_lazy_complete.rs:35:5
[INFO] [stdout]    |
[INFO] [stdout] 34 | struct Event {
[INFO] [stdout]    |        ----- fields in this struct
[INFO] [stdout] 35 |     id: u32,
[INFO] [stdout]    |     ^^
[INFO] [stdout] ...
[INFO] [stdout] 38 |     category: String,
[INFO] [stdout]    |     ^^^^^^^^
[INFO] [stdout] 39 |     priority: u32,
[INFO] [stdout]    |     ^^^^^^^^
[INFO] [stdout]    |
[INFO] [stdout]    = note: `Event` has derived impls for the traits `Clone` and `Debug`, but these are intentionally ignored during dead code analysis
[INFO] [stdout] 
[INFO] [stdout] 
[INFO] [stdout] error[E0599]: no method named `lazy_query` found for struct `Vec<Product>` in the current scope
[INFO] [stdout]   --> examples/derive_and_ext.rs:73:10
[INFO] [stdout]    |
[INFO] [stdout] 72 |       let low_stock: Vec<_> = products
[INFO] [stdout]    |  _____________________________-
[INFO] [stdout] 73 | |         .lazy_query()
[INFO] [stdout]    | |_________-^^^^^^^^^^
[INFO] [stdout]    |
[INFO] [stdout]   ::: /opt/rustwide/cargo-home/registry/src/index.crates.io-1949cf8c6b5b557f/rust-queries-core-1.0.7/src/ext.rs:68:8
[INFO] [stdout]    |
[INFO] [stdout] 68 |       fn lazy_query(&self) -> LazyQuery<T, Box<dyn Iterator<Item = &T> + '_>>;
[INFO] [stdout]    |          ---------- the method is available for `Vec<Product>` here
[INFO] [stdout]    |
[INFO] [stdout]    = help: items from traits can only be used if the trait is in scope
[INFO] [stdout] help: trait `QueryableExt` which provides `lazy_query` is implemented but not in scope; perhaps you want to import it
[INFO] [stdout]    |
[INFO] [stdout]  1 + use rust_queries_builder::QueryableExt;
[INFO] [stdout]    |
[INFO] [stdout] help: there is a method `query` with a similar name
[INFO] [stdout]    |
[INFO] [stdout] 73 -         .lazy_query()
[INFO] [stdout] 73 +         .query()
[INFO] [stdout]    |
[INFO] [stdout] 
[INFO] [stdout] 
[INFO] [stdout] error[E0599]: no method named `lazy_query` found for struct `Vec<Product>` in the current scope
[INFO] [stdout]   --> examples/derive_and_ext.rs:87:10
[INFO] [stdout]    |
[INFO] [stdout] 86 |       let names: Vec<String> = products
[INFO] [stdout]    |  ______________________________-
[INFO] [stdout] 87 | |         .lazy_query()
[INFO] [stdout]    | |_________-^^^^^^^^^^
[INFO] [stdout]    |
[INFO] [stdout]   ::: /opt/rustwide/cargo-home/registry/src/index.crates.io-1949cf8c6b5b557f/rust-queries-core-1.0.7/src/ext.rs:68:8
[INFO] [stdout]    |
[INFO] [stdout] 68 |       fn lazy_query(&self) -> LazyQuery<T, Box<dyn Iterator<Item = &T> + '_>>;
[INFO] [stdout]    |          ---------- the method is available for `Vec<Product>` here
[INFO] [stdout]    |
[INFO] [stdout]    = help: items from traits can only be used if the trait is in scope
[INFO] [stdout] help: trait `QueryableExt` which provides `lazy_query` is implemented but not in scope; perhaps you want to import it
[INFO] [stdout]    |
[INFO] [stdout]  1 + use rust_queries_builder::QueryableExt;
[INFO] [stdout]    |
[INFO] [stdout] help: there is a method `query` with a similar name
[INFO] [stdout]    |
[INFO] [stdout] 87 -         .lazy_query()
[INFO] [stdout] 87 +         .query()
[INFO] [stdout]    |
[INFO] [stdout] 
[INFO] [stdout] 
[INFO] [stdout] error[E0599]: no method named `lazy_query` found for struct `Vec<Product>` in the current scope
[INFO] [stdout]    --> examples/derive_and_ext.rs:125:10
[INFO] [stdout]     |
[INFO] [stdout] 124 |       let formatted: Vec<String> = products
[INFO] [stdout]     |  __________________________________-
[INFO] [stdout] 125 | |         .lazy_query()
[INFO] [stdout]     | |_________-^^^^^^^^^^
[INFO] [stdout]     |
[INFO] [stdout]    ::: /opt/rustwide/cargo-home/registry/src/index.crates.io-1949cf8c6b5b557f/rust-queries-core-1.0.7/src/ext.rs:68:8
[INFO] [stdout]     |
[INFO] [stdout]  68 |       fn lazy_query(&self) -> LazyQuery<T, Box<dyn Iterator<Item = &T> + '_>>;
[INFO] [stdout]     |          ---------- the method is available for `Vec<Product>` here
[INFO] [stdout]     |
[INFO] [stdout]     = help: items from traits can only be used if the trait is in scope
[INFO] [stdout] help: trait `QueryableExt` which provides `lazy_query` is implemented but not in scope; perhaps you want to import it
[INFO] [stdout]     |
[INFO] [stdout]   1 + use rust_queries_builder::QueryableExt;
[INFO] [stdout]     |
[INFO] [stdout] help: there is a method `query` with a similar name
[INFO] [stdout]     |
[INFO] [stdout] 125 -         .lazy_query()
[INFO] [stdout] 125 +         .query()
[INFO] [stdout]     |
[INFO] [stdout] 
[INFO] [stdout] 
[INFO] [stdout] error[E0599]: no method named `lazy_query` found for struct `Vec<Product>` in the current scope
[INFO] [stdout]    --> examples/derive_and_ext.rs:141:10
[INFO] [stdout]     |
[INFO] [stdout] 140 |       let total_stock = products
[INFO] [stdout]     |  _______________________-
[INFO] [stdout] 141 | |         .lazy_query()
[INFO] [stdout]     | |_________-^^^^^^^^^^
[INFO] [stdout]     |
[INFO] [stdout]    ::: /opt/rustwide/cargo-home/registry/src/index.crates.io-1949cf8c6b5b557f/rust-queries-core-1.0.7/src/ext.rs:68:8
[INFO] [stdout]     |
[INFO] [stdout]  68 |       fn lazy_query(&self) -> LazyQuery<T, Box<dyn Iterator<Item = &T> + '_>>;
[INFO] [stdout]     |          ---------- the method is available for `Vec<Product>` here
[INFO] [stdout]     |
[INFO] [stdout]     = help: items from traits can only be used if the trait is in scope
[INFO] [stdout] help: trait `QueryableExt` which provides `lazy_query` is implemented but not in scope; perhaps you want to import it
[INFO] [stdout]     |
[INFO] [stdout]   1 + use rust_queries_builder::QueryableExt;
[INFO] [stdout]     |
[INFO] [stdout] help: there is a method `query` with a similar name
[INFO] [stdout]     |
[INFO] [stdout] 141 -         .lazy_query()
[INFO] [stdout] 141 +         .query()
[INFO] [stdout]     |
[INFO] [stdout] 
[INFO] [stdout] 
[INFO] [stdout] error[E0599]: no method named `lazy_query` found for struct `Vec<Product>` in the current scope
[INFO] [stdout]    --> examples/derive_and_ext.rs:150:35
[INFO] [stdout]     |
[INFO] [stdout] 150 |     if let Some(chair) = products.lazy_query().find(|p| p.name.contains("Chair")) {
[INFO] [stdout]     |                                   ^^^^^^^^^^
[INFO] [stdout]     |
[INFO] [stdout]    ::: /opt/rustwide/cargo-home/registry/src/index.crates.io-1949cf8c6b5b557f/rust-queries-core-1.0.7/src/ext.rs:68:8
[INFO] [stdout]     |
[INFO] [stdout]  68 |     fn lazy_query(&self) -> LazyQuery<T, Box<dyn Iterator<Item = &T> + '_>>;
[INFO] [stdout]     |        ---------- the method is available for `Vec<Product>` here
[INFO] [stdout]     |
[INFO] [stdout]     = help: items from traits can only be used if the trait is in scope
[INFO] [stdout] help: trait `QueryableExt` which provides `lazy_query` is implemented but not in scope; perhaps you want to import it
[INFO] [stdout]     |
[INFO] [stdout]   1 + use rust_queries_builder::QueryableExt;
[INFO] [stdout]     |
[INFO] [stdout] help: there is a method `query` with a similar name
[INFO] [stdout]     |
[INFO] [stdout] 150 -     if let Some(chair) = products.lazy_query().find(|p| p.name.contains("Chair")) {
[INFO] [stdout] 150 +     if let Some(chair) = products.query().find(|p| p.name.contains("Chair")) {
[INFO] [stdout]     |
[INFO] [stdout] 
[INFO] [stdout] 
[INFO] [stdout] error[E0599]: no method named `lazy_query` found for struct `Vec<Product>` in the current scope
[INFO] [stdout]    --> examples/derive_and_ext.rs:159:10
[INFO] [stdout]     |
[INFO] [stdout] 158 |       let has_luxury = products
[INFO] [stdout]     |  ______________________-
[INFO] [stdout] 159 | |         .lazy_query()
[INFO] [stdout]     | |_________-^^^^^^^^^^
[INFO] [stdout]     |
[INFO] [stdout]    ::: /opt/rustwide/cargo-home/registry/src/index.crates.io-1949cf8c6b5b557f/rust-queries-core-1.0.7/src/ext.rs:68:8
[INFO] [stdout]     |
[INFO] [stdout]  68 |       fn lazy_query(&self) -> LazyQuery<T, Box<dyn Iterator<Item = &T> + '_>>;
[INFO] [stdout]     |          ---------- the method is available for `Vec<Product>` here
[INFO] [stdout]     |
[INFO] [stdout]     = help: items from traits can only be used if the trait is in scope
[INFO] [stdout] help: trait `QueryableExt` which provides `lazy_query` is implemented but not in scope; perhaps you want to import it
[INFO] [stdout]     |
[INFO] [stdout]   1 + use rust_queries_builder::QueryableExt;
[INFO] [stdout]     |
[INFO] [stdout] help: there is a method `query` with a similar name
[INFO] [stdout]     |
[INFO] [stdout] 159 -         .lazy_query()
[INFO] [stdout] 159 +         .query()
[INFO] [stdout]     |
[INFO] [stdout] 
[INFO] [stdout] 
[INFO] [stdout] error[E0599]: no method named `lazy_query` found for reference `&[Product]` in the current scope
[INFO] [stdout]    --> examples/derive_and_ext.rs:170:10
[INFO] [stdout]     |
[INFO] [stdout] 169 |       let slice_count = (&products[..])
[INFO] [stdout]     |  _______________________-
[INFO] [stdout] 170 | |         .lazy_query()
[INFO] [stdout]     | |_________-^^^^^^^^^^
[INFO] [stdout]     |
[INFO] [stdout] help: there is a method `query` with a similar name
[INFO] [stdout]     |
[INFO] [stdout] 170 -         .lazy_query()
[INFO] [stdout] 170 +         .query()
[INFO] [stdout]     |
[INFO] [stdout] 
[INFO] [stdout] 
[INFO] [stdout] For more information about this error, try `rustc --explain E0599`.
[INFO] [stdout] 
[INFO] [stderr] error: could not compile `rust-queries-builder` (example "derive_and_ext") due to 7 previous errors
[INFO] [stderr] warning: build failed, waiting for other jobs to finish...
[INFO] running `Command { std: "docker" "inspect" "b4a83b38294d93787af7fcf626b84a69e59b089e9cb891ffc32562be09aede20", kill_on_drop: false }`
[INFO] running `Command { std: "docker" "rm" "-f" "b4a83b38294d93787af7fcf626b84a69e59b089e9cb891ffc32562be09aede20", kill_on_drop: false }`
[INFO] [stdout] b4a83b38294d93787af7fcf626b84a69e59b089e9cb891ffc32562be09aede20
