[INFO] fetching crate rust-mcp-extra 2.0.0...
[INFO] testing rust-mcp-extra-2.0.0 against 1.100.0-beta.1+cargoflags=--release for beta-release-1.100-2
[INFO] extracting crate rust-mcp-extra 2.0.0 into /workspace/builds/worker-4-tc2/source
[INFO] started tweaking crates.io crate rust-mcp-extra 2.0.0
[INFO] removed 0 missing examples
[INFO] finished tweaking crates.io crate rust-mcp-extra 2.0.0
[INFO] tweaked toml for crates.io crate rust-mcp-extra 2.0.0 written to /workspace/builds/worker-4-tc2/source/Cargo.toml
[INFO] validating manifest of crates.io crate rust-mcp-extra 2.0.0 on toolchain 1.100.0-beta.1
[INFO] running `Command { std: CARGO_HOME="/workspace/cargo-home" RUSTUP_HOME="/workspace/rustup-home" "/workspace/cargo-home/bin/cargo" "+1.100.0-beta.1" "metadata" "--manifest-path" "Cargo.toml" "--no-deps", kill_on_drop: false }`
[INFO] crate crates.io crate rust-mcp-extra 2.0.0 already has a lockfile, it will not be regenerated
[INFO] running `Command { std: CARGO_HOME="/workspace/cargo-home" RUSTUP_HOME="/workspace/rustup-home" "/workspace/cargo-home/bin/cargo" "+1.100.0-beta.1" "fetch" "--manifest-path" "Cargo.toml", kill_on_drop: false }`
[INFO] [stderr]     Blocking waiting for file lock on package cache
[INFO] running `Command { std: "docker" "create" "-v" "/var/lib/crater-agent-workspace/builds/worker-4-tc2/source:/opt/rustwide/workdir:ro,Z" "-v" "/var/lib/crater-agent-workspace/builds/worker-4-tc2/target:/opt/rustwide/target:rw,Z" "-v" "/var/lib/crater-agent-workspace/cargo-home:/opt/rustwide/cargo-home:ro,Z" "-v" "/var/lib/crater-agent-workspace/rustup-home:/opt/rustwide/rustup-home:ro,Z" "-m" "1610612736" "--network" "none" "ghcr.io/rust-lang/crates-build-env/linux@sha256:77db811e55d90add9212f6832c23229e3de5f1c1f9905e8cb07319ea15df73ac" "sleep" "infinity", kill_on_drop: false }`
[INFO] [stdout] 2fc4228a56b9308a7f5f12dff48fcf64007e9bf52ed6c38879ba110ccfc4fe51
[INFO] running `Command { std: "docker" "start" "2fc4228a56b9308a7f5f12dff48fcf64007e9bf52ed6c38879ba110ccfc4fe51", kill_on_drop: false }`
[INFO] running `Command { std: "docker" "inspect" "2fc4228a56b9308a7f5f12dff48fcf64007e9bf52ed6c38879ba110ccfc4fe51", kill_on_drop: false }`
[INFO] running `Command { std: "docker" "exec" "-e" "SOURCE_DIR=/opt/rustwide/workdir" "-e" "CARGO_HOME=/opt/rustwide/cargo-home" "-e" "RUSTUP_HOME=/opt/rustwide/rustup-home" "-e" "CARGO_TARGET_DIR=/opt/rustwide/target" "-w" "/opt/rustwide/workdir" "--user" "0:0" "2fc4228a56b9308a7f5f12dff48fcf64007e9bf52ed6c38879ba110ccfc4fe51" "/opt/rustwide/cargo-home/bin/cargo" "+1.100.0-beta.1" "metadata" "--no-deps" "--format-version=1", kill_on_drop: false }`
[INFO] running `Command { std: "docker" "inspect" "2fc4228a56b9308a7f5f12dff48fcf64007e9bf52ed6c38879ba110ccfc4fe51", kill_on_drop: false }`
[INFO] running `Command { std: "docker" "exec" "-e" "SOURCE_DIR=/opt/rustwide/workdir" "-e" "CARGO_HOME=/opt/rustwide/cargo-home" "-e" "RUSTUP_HOME=/opt/rustwide/rustup-home" "-e" "CARGO_TARGET_DIR=/opt/rustwide/target" "-e" "CARGO_INCREMENTAL=0" "-e" "RUST_BACKTRACE=full" "-e" "RUSTFLAGS=--cap-lints=warn" "-e" "RUSTDOCFLAGS=--cap-lints=warn" "-w" "/opt/rustwide/workdir" "--user" "0:0" "2fc4228a56b9308a7f5f12dff48fcf64007e9bf52ed6c38879ba110ccfc4fe51" "/opt/rustwide/cargo-home/bin/cargo" "+1.100.0-beta.1" "build" "--frozen" "--message-format=json" "--release", kill_on_drop: false }`
[INFO] [stderr]    Compiling tokio v1.53.1
[INFO] [stderr]    Compiling zeroize v1.9.0
[INFO] [stderr]    Compiling futures-util v0.3.33
[INFO] [stderr]    Compiling getrandom v0.2.17
[INFO] [stderr]    Compiling time v0.3.54
[INFO] [stderr]    Compiling rustls v0.23.42
[INFO] [stderr]    Compiling idna v1.1.0
[INFO] [stderr]    Compiling aws-lc-sys v0.43.0
[INFO] [stderr]    Compiling serde_json v1.0.151
[INFO] [stderr]    Compiling cookie v0.18.1
[INFO] [stderr]    Compiling psl-types v2.0.11
[INFO] [stderr]    Compiling thiserror v2.0.19
[INFO] [stderr]    Compiling num-integer v0.1.46
[INFO] [stderr]    Compiling aws-lc-rs v1.17.3
[INFO] [stderr]    Compiling concurrent-queue v2.5.0
[INFO] [stderr]    Compiling serde v1.0.229
[INFO] [stderr]    Compiling pem v3.0.6
[INFO] [stderr]    Compiling signature v2.2.0
[INFO] [stderr]    Compiling ring v0.17.14
[INFO] [stderr]    Compiling nanoid v0.5.0
[INFO] [stderr]    Compiling rustls-pki-types v1.15.1
[INFO] [stderr]    Compiling event-listener v5.4.1
[INFO] [stderr]    Compiling num-bigint v0.4.8
[INFO] [stderr]    Compiling url v2.5.8
[INFO] [stderr]    Compiling publicsuffix v2.3.0
[INFO] [stderr]    Compiling event-listener-strategy v0.5.4
[INFO] [stderr]    Compiling webpki-roots v1.0.9
[INFO] [stderr]    Compiling async-lock v3.4.2
[INFO] [stderr]    Compiling rust-mcp-macros v2.0.0
[INFO] [stderr]    Compiling rustls-webpki v0.103.13
[INFO] [stderr]    Compiling rust-mcp-schema v2.0.0
[INFO] [stderr]    Compiling simple_asn1 v0.6.4
[INFO] [stderr]    Compiling futures-executor v0.3.33
[INFO] [stderr]    Compiling futures v0.3.33
[INFO] [stderr]    Compiling cookie_store v0.22.1
[INFO] [stderr]    Compiling hyper v1.11.0
[INFO] [stderr]    Compiling tower v0.5.3
[INFO] [stderr]    Compiling tokio-util v0.7.19
[INFO] [stderr]    Compiling tokio-stream v0.1.19
[INFO] [stderr]    Compiling hyper-util v0.1.20
[INFO] [stderr]    Compiling tower-http v0.6.11
[INFO] [stderr]    Compiling tokio-rustls v0.26.4
[INFO] [stderr]    Compiling hyper-rustls v0.27.9
[INFO] [stderr]    Compiling reqwest v0.12.28
[INFO] [stderr]    Compiling rust-mcp-transport v2.0.0
[INFO] [stderr]    Compiling jsonwebtoken v10.4.0
[INFO] [stderr]    Compiling rust-mcp-sdk v2.0.0
[INFO] [stderr]    Compiling rust-mcp-extra v2.0.0 (/opt/rustwide/workdir)
[INFO] [stdout] warning: unreachable call
[INFO] [stdout]    --> src/auth_provider/keycloak.rs:209:56
[INFO] [stdout]     |
[INFO] [stdout] 209 |             .map_err(|err| McpHttpError::HttpError(err.to_string()))
[INFO] [stdout]     |                                                    --- ^^^^^^^^^ unreachable call
[INFO] [stdout]     |                                                    |
[INFO] [stdout]     |                                                    any code following this expression is unreachable
[INFO] [stdout]     |
[INFO] [stdout]     = note: `#[warn(unreachable_code)]` (part of `#[warn(unused)]`) on by default
[INFO] [stdout] 
[INFO] [stdout] 
[INFO] [stdout] warning: unreachable call
[INFO] [stdout]    --> src/auth_provider/keycloak.rs:225:56
[INFO] [stdout]     |
[INFO] [stdout] 225 |             .map_err(|err| McpHttpError::HttpError(err.to_string()))
[INFO] [stdout]     |                                                    --- ^^^^^^^^^ unreachable call
[INFO] [stdout]     |                                                    |
[INFO] [stdout]     |                                                    any code following this expression is unreachable
[INFO] [stdout] 
[INFO] [stdout] 
[INFO] [stdout] warning: unreachable call
[INFO] [stdout]    --> src/auth_provider/scalekit.rs:190:56
[INFO] [stdout]     |
[INFO] [stdout] 190 |             .map_err(|err| McpHttpError::HttpError(err.to_string()))
[INFO] [stdout]     |                                                    --- ^^^^^^^^^ unreachable call
[INFO] [stdout]     |                                                    |
[INFO] [stdout]     |                                                    any code following this expression is unreachable
[INFO] [stdout] 
[INFO] [stdout] 
[INFO] [stdout] warning: unreachable call
[INFO] [stdout]    --> src/auth_provider/scalekit.rs:206:56
[INFO] [stdout]     |
[INFO] [stdout] 206 |             .map_err(|err| McpHttpError::HttpError(err.to_string()))
[INFO] [stdout]     |                                                    --- ^^^^^^^^^ unreachable call
[INFO] [stdout]     |                                                    |
[INFO] [stdout]     |                                                    any code following this expression is unreachable
[INFO] [stdout] 
[INFO] [stdout] 
[INFO] [stdout] warning: unreachable call
[INFO] [stdout]    --> src/auth_provider/work_os.rs:194:56
[INFO] [stdout]     |
[INFO] [stdout] 194 |             .map_err(|err| McpHttpError::HttpError(err.to_string()))
[INFO] [stdout]     |                                                    --- ^^^^^^^^^ unreachable call
[INFO] [stdout]     |                                                    |
[INFO] [stdout]     |                                                    any code following this expression is unreachable
[INFO] [stdout] 
[INFO] [stdout] 
[INFO] [stdout] warning: unreachable call
[INFO] [stdout]    --> src/auth_provider/work_os.rs:210:56
[INFO] [stdout]     |
[INFO] [stdout] 210 |             .map_err(|err| McpHttpError::HttpError(err.to_string()))
[INFO] [stdout]     |                                                    --- ^^^^^^^^^ unreachable call
[INFO] [stdout]     |                                                    |
[INFO] [stdout]     |                                                    any code following this expression is unreachable
[INFO] [stdout] 
[INFO] [stdout] 
[INFO] [stderr]     Finished `release` profile [optimized] target(s) in 2m 21s
[INFO] running `Command { std: "docker" "inspect" "2fc4228a56b9308a7f5f12dff48fcf64007e9bf52ed6c38879ba110ccfc4fe51", kill_on_drop: false }`
[INFO] running `Command { std: "docker" "exec" "-e" "SOURCE_DIR=/opt/rustwide/workdir" "-e" "CARGO_HOME=/opt/rustwide/cargo-home" "-e" "RUSTUP_HOME=/opt/rustwide/rustup-home" "-e" "CARGO_TARGET_DIR=/opt/rustwide/target" "-e" "CARGO_INCREMENTAL=0" "-e" "RUST_BACKTRACE=full" "-e" "RUSTFLAGS=--cap-lints=warn" "-e" "RUSTDOCFLAGS=--cap-lints=warn" "-w" "/opt/rustwide/workdir" "--user" "0:0" "2fc4228a56b9308a7f5f12dff48fcf64007e9bf52ed6c38879ba110ccfc4fe51" "/opt/rustwide/cargo-home/bin/cargo" "+1.100.0-beta.1" "test" "--frozen" "--no-run" "--message-format=json" "--release", kill_on_drop: false }`
[INFO] [stderr]    Compiling rust-mcp-extra v2.0.0 (/opt/rustwide/workdir)
[INFO] [stdout] warning: unreachable call
[INFO] [stdout]    --> src/auth_provider/keycloak.rs:209:56
[INFO] [stdout]     |
[INFO] [stdout] 209 |             .map_err(|err| McpHttpError::HttpError(err.to_string()))
[INFO] [stdout]     |                                                    --- ^^^^^^^^^ unreachable call
[INFO] [stdout]     |                                                    |
[INFO] [stdout]     |                                                    any code following this expression is unreachable
[INFO] [stdout]     |
[INFO] [stdout]     = note: `#[warn(unreachable_code)]` (part of `#[warn(unused)]`) on by default
[INFO] [stdout] 
[INFO] [stdout] 
[INFO] [stdout] warning: unreachable call
[INFO] [stdout]    --> src/auth_provider/keycloak.rs:225:56
[INFO] [stdout]     |
[INFO] [stdout] 225 |             .map_err(|err| McpHttpError::HttpError(err.to_string()))
[INFO] [stdout]     |                                                    --- ^^^^^^^^^ unreachable call
[INFO] [stdout]     |                                                    |
[INFO] [stdout]     |                                                    any code following this expression is unreachable
[INFO] [stdout] 
[INFO] [stdout] 
[INFO] [stdout] warning: unreachable call
[INFO] [stdout]    --> src/auth_provider/scalekit.rs:190:56
[INFO] [stdout]     |
[INFO] [stdout] 190 |             .map_err(|err| McpHttpError::HttpError(err.to_string()))
[INFO] [stdout]     |                                                    --- ^^^^^^^^^ unreachable call
[INFO] [stdout]     |                                                    |
[INFO] [stdout]     |                                                    any code following this expression is unreachable
[INFO] [stdout] 
[INFO] [stdout] 
[INFO] [stdout] warning: unreachable call
[INFO] [stdout]    --> src/auth_provider/scalekit.rs:206:56
[INFO] [stdout]     |
[INFO] [stdout] 206 |             .map_err(|err| McpHttpError::HttpError(err.to_string()))
[INFO] [stdout]     |                                                    --- ^^^^^^^^^ unreachable call
[INFO] [stdout]     |                                                    |
[INFO] [stdout]     |                                                    any code following this expression is unreachable
[INFO] [stdout] 
[INFO] [stdout] 
[INFO] [stdout] warning: unreachable call
[INFO] [stdout]    --> src/auth_provider/work_os.rs:194:56
[INFO] [stdout]     |
[INFO] [stdout] 194 |             .map_err(|err| McpHttpError::HttpError(err.to_string()))
[INFO] [stdout]     |                                                    --- ^^^^^^^^^ unreachable call
[INFO] [stdout]     |                                                    |
[INFO] [stdout]     |                                                    any code following this expression is unreachable
[INFO] [stdout] 
[INFO] [stdout] 
[INFO] [stdout] warning: unreachable call
[INFO] [stdout]    --> src/auth_provider/work_os.rs:210:56
[INFO] [stdout]     |
[INFO] [stdout] 210 |             .map_err(|err| McpHttpError::HttpError(err.to_string()))
[INFO] [stdout]     |                                                    --- ^^^^^^^^^ unreachable call
[INFO] [stdout]     |                                                    |
[INFO] [stdout]     |                                                    any code following this expression is unreachable
[INFO] [stdout] 
[INFO] [stdout] 
[INFO] [stdout] error[E0433]: cannot find module or crate `tracing_subscriber` in this scope
[INFO] [stdout]  --> examples/common/utils.rs:6:5
[INFO] [stdout]   |
[INFO] [stdout] 6 | use tracing_subscriber::{layer::SubscriberExt, util::SubscriberInitExt};
[INFO] [stdout]   |     ^^^^^^^^^^^^^^^^^^ use of unresolved module or unlinked crate `tracing_subscriber`
[INFO] [stdout]   |
[INFO] [stdout]   = help: if you wanted to use a crate named `tracing_subscriber`, use `cargo add tracing_subscriber` to add it to your `Cargo.toml`
[INFO] [stdout] 
[INFO] [stdout] 
[INFO] [stdout] error[E0433]: cannot find module or crate `tracing_subscriber` in this scope
[INFO] [stdout]  --> examples/common/utils.rs:6:5
[INFO] [stdout]   |
[INFO] [stdout] 6 | use tracing_subscriber::{layer::SubscriberExt, util::SubscriberInitExt};
[INFO] [stdout]   |     ^^^^^^^^^^^^^^^^^^ use of unresolved module or unlinked crate `tracing_subscriber`
[INFO] [stdout]   |
[INFO] [stdout]   = help: if you wanted to use a crate named `tracing_subscriber`, use `cargo add tracing_subscriber` to add it to your `Cargo.toml`
[INFO] [stdout] 
[INFO] [stdout] 
[INFO] [stdout] error[E0432]: unresolved import `rust_mcp_axum`
[INFO] [stdout]  --> examples/workos-auth.rs:6:5
[INFO] [stdout]   |
[INFO] [stdout] 6 | use rust_mcp_axum::{create_axum_server, AxumServerOptions};
[INFO] [stdout]   |     ^^^^^^^^^^^^^ use of unresolved module or unlinked crate `rust_mcp_axum`
[INFO] [stdout]   |
[INFO] [stdout] help: there is a crate or module with a similar name
[INFO] [stdout]   |
[INFO] [stdout] 6 - use rust_mcp_axum::{create_axum_server, AxumServerOptions};
[INFO] [stdout] 6 + use rust_mcp_extra::{create_axum_server, AxumServerOptions};
[INFO] [stdout]   |
[INFO] [stdout] 
[INFO] [stdout] 
[INFO] [stdout] error[E0432]: unresolved import `rust_mcp_axum`
[INFO] [stdout]  --> examples/scalekit-auth.rs:6:5
[INFO] [stdout]   |
[INFO] [stdout] 6 | use rust_mcp_axum::{create_axum_server, AxumServerOptions};
[INFO] [stdout]   |     ^^^^^^^^^^^^^ use of unresolved module or unlinked crate `rust_mcp_axum`
[INFO] [stdout]   |
[INFO] [stdout] help: there is a crate or module with a similar name
[INFO] [stdout]   |
[INFO] [stdout] 6 - use rust_mcp_axum::{create_axum_server, AxumServerOptions};
[INFO] [stdout] 6 + use rust_mcp_extra::{create_axum_server, AxumServerOptions};
[INFO] [stdout]   |
[INFO] [stdout] 
[INFO] [stdout] 
[INFO] [stdout] error[E0433]: cannot find module or crate `tokio` in this scope
[INFO] [stdout]   --> examples/workos-auth.rs:11:3
[INFO] [stdout]    |
[INFO] [stdout] 11 | #[tokio::main]
[INFO] [stdout]    |   ^^^^^ use of unresolved module or unlinked crate `tokio`
[INFO] [stdout] 
[INFO] [stdout] 
[INFO] [stdout] error[E0433]: cannot find module or crate `tokio` in this scope
[INFO] [stdout]   --> examples/scalekit-auth.rs:11:3
[INFO] [stdout]    |
[INFO] [stdout] 11 | #[tokio::main]
[INFO] [stdout]    |   ^^^^^ use of unresolved module or unlinked crate `tokio`
[INFO] [stdout] 
[INFO] [stdout] 
[INFO] [stdout] error[E0433]: cannot find module or crate `tracing_subscriber` in this scope
[INFO] [stdout]  --> examples/common/utils.rs:6:5
[INFO] [stdout]   |
[INFO] [stdout] 6 | use tracing_subscriber::{layer::SubscriberExt, util::SubscriberInitExt};
[INFO] [stdout]   |     ^^^^^^^^^^^^^^^^^^ use of unresolved module or unlinked crate `tracing_subscriber`
[INFO] [stdout]   |
[INFO] [stdout]   = help: if you wanted to use a crate named `tracing_subscriber`, use `cargo add tracing_subscriber` to add it to your `Cargo.toml`
[INFO] [stdout] 
[INFO] [stdout] 
[INFO] [stdout] error[E0432]: unresolved import `rust_mcp_axum`
[INFO] [stdout]  --> examples/keycloak-auth.rs:6:5
[INFO] [stdout]   |
[INFO] [stdout] 6 | use rust_mcp_axum::{create_axum_server, AxumServerOptions};
[INFO] [stdout]   |     ^^^^^^^^^^^^^ use of unresolved module or unlinked crate `rust_mcp_axum`
[INFO] [stdout]   |
[INFO] [stdout] help: there is a crate or module with a similar name
[INFO] [stdout]   |
[INFO] [stdout] 6 - use rust_mcp_axum::{create_axum_server, AxumServerOptions};
[INFO] [stdout] 6 + use rust_mcp_extra::{create_axum_server, AxumServerOptions};
[INFO] [stdout]   |
[INFO] [stdout] 
[INFO] [stdout] 
[INFO] [stdout] error[E0433]: cannot find module or crate `tokio` in this scope
[INFO] [stdout]   --> examples/keycloak-auth.rs:11:3
[INFO] [stdout]    |
[INFO] [stdout] 11 | #[tokio::main]
[INFO] [stdout]    |   ^^^^^ use of unresolved module or unlinked crate `tokio`
[INFO] [stdout] 
[INFO] [stdout] 
[INFO] [stdout] error[E0432]: unresolved import `oauth2_test_server`
[INFO] [stdout]    --> src/token_verifier/generic_token_verifier.rs:503:9
[INFO] [stdout]     |
[INFO] [stdout] 503 |     use oauth2_test_server::{OAuthTestServer, OauthEndpoints};
[INFO] [stdout]     |         ^^^^^^^^^^^^^^^^^^ use of unresolved module or unlinked crate `oauth2_test_server`
[INFO] [stdout]     |
[INFO] [stdout]     = help: if you wanted to use a crate named `oauth2_test_server`, use `cargo add oauth2_test_server` to add it to your `Cargo.toml`
[INFO] [stdout] 
[INFO] [stdout] 
[INFO] [stdout] error[E0433]: cannot find module or crate `tokio` in this scope
[INFO] [stdout]    --> src/token_verifier/generic_token_verifier.rs:535:7
[INFO] [stdout]     |
[INFO] [stdout] 535 |     #[tokio::test]
[INFO] [stdout]     |       ^^^^^ use of unresolved module or unlinked crate `tokio`
[INFO] [stdout] 
[INFO] [stdout] 
[INFO] [stdout] error[E0433]: cannot find module or crate `tokio` in this scope
[INFO] [stdout]    --> src/token_verifier/generic_token_verifier.rs:570:7
[INFO] [stdout]     |
[INFO] [stdout] 570 |     #[tokio::test]
[INFO] [stdout]     |       ^^^^^ use of unresolved module or unlinked crate `tokio`
[INFO] [stdout] 
[INFO] [stdout] 
[INFO] [stdout] error[E0433]: cannot find module or crate `tokio` in this scope
[INFO] [stdout]    --> src/token_verifier/generic_token_verifier.rs:608:7
[INFO] [stdout]     |
[INFO] [stdout] 608 |     #[tokio::test]
[INFO] [stdout]     |       ^^^^^ use of unresolved module or unlinked crate `tokio`
[INFO] [stdout] 
[INFO] [stdout] 
[INFO] [stdout] error[E0433]: cannot find module or crate `tokio` in this scope
[INFO] [stdout]    --> src/token_verifier/generic_token_verifier.rs:649:7
[INFO] [stdout]     |
[INFO] [stdout] 649 |     #[tokio::test]
[INFO] [stdout]     |       ^^^^^ use of unresolved module or unlinked crate `tokio`
[INFO] [stdout] 
[INFO] [stdout] 
[INFO] [stdout] error[E0433]: cannot find module or crate `tokio` in this scope
[INFO] [stdout]    --> src/token_verifier/generic_token_verifier.rs:686:7
[INFO] [stdout]     |
[INFO] [stdout] 686 |     #[tokio::test]
[INFO] [stdout]     |       ^^^^^ use of unresolved module or unlinked crate `tokio`
[INFO] [stdout] 
[INFO] [stdout] 
[INFO] [stdout] error[E0433]: cannot find module or crate `tokio` in this scope
[INFO] [stdout]    --> src/token_verifier/generic_token_verifier.rs:717:7
[INFO] [stdout]     |
[INFO] [stdout] 717 |     #[tokio::test]
[INFO] [stdout]     |       ^^^^^ use of unresolved module or unlinked crate `tokio`
[INFO] [stdout] 
[INFO] [stdout] 
[INFO] [stdout] error[E0433]: cannot find module or crate `tokio` in this scope
[INFO] [stdout]    --> src/token_verifier/generic_token_verifier.rs:770:7
[INFO] [stdout]     |
[INFO] [stdout] 770 |     #[tokio::test]
[INFO] [stdout]     |       ^^^^^ use of unresolved module or unlinked crate `tokio`
[INFO] [stdout] 
[INFO] [stdout] 
[INFO] [stdout] error[E0433]: cannot find module or crate `tokio` in this scope
[INFO] [stdout]    --> src/token_verifier/generic_token_verifier.rs:815:7
[INFO] [stdout]     |
[INFO] [stdout] 815 |     #[tokio::test]
[INFO] [stdout]     |       ^^^^^ use of unresolved module or unlinked crate `tokio`
[INFO] [stdout] 
[INFO] [stdout] 
[INFO] [stdout] error[E0433]: cannot find module or crate `tokio` in this scope
[INFO] [stdout]    --> src/token_verifier/generic_token_verifier.rs:846:7
[INFO] [stdout]     |
[INFO] [stdout] 846 |     #[tokio::test]
[INFO] [stdout]     |       ^^^^^ use of unresolved module or unlinked crate `tokio`
[INFO] [stdout] 
[INFO] [stdout] 
[INFO] [stdout] error[E0433]: cannot find module or crate `tokio` in this scope
[INFO] [stdout]    --> src/token_verifier/generic_token_verifier.rs:887:7
[INFO] [stdout]     |
[INFO] [stdout] 887 |     #[tokio::test]
[INFO] [stdout]     |       ^^^^^ use of unresolved module or unlinked crate `tokio`
[INFO] [stdout] 
[INFO] [stdout] 
[INFO] [stdout] error[E0433]: cannot find module or crate `tokio` in this scope
[INFO] [stdout]    --> src/token_verifier/generic_token_verifier.rs:925:7
[INFO] [stdout]     |
[INFO] [stdout] 925 |     #[tokio::test]
[INFO] [stdout]     |       ^^^^^ use of unresolved module or unlinked crate `tokio`
[INFO] [stdout] 
[INFO] [stdout] 
[INFO] [stdout] error[E0433]: cannot find module or crate `tokio` in this scope
[INFO] [stdout]    --> src/token_verifier/generic_token_verifier.rs:754:9
[INFO] [stdout]     |
[INFO] [stdout] 754 |         tokio::time::sleep(tokio::time::Duration::from_millis(2500)).await;
[INFO] [stdout]     |         ^^^^^ use of unresolved module or unlinked crate `tokio`
[INFO] [stdout]     |
[INFO] [stdout]     = help: if you wanted to use a crate named `tokio`, use `cargo add tokio` to add it to your `Cargo.toml`
[INFO] [stdout] 
[INFO] [stdout] 
[INFO] [stdout] error[E0433]: cannot find module or crate `tokio` in this scope
[INFO] [stdout]    --> src/token_verifier/generic_token_verifier.rs:754:28
[INFO] [stdout]     |
[INFO] [stdout] 754 |         tokio::time::sleep(tokio::time::Duration::from_millis(2500)).await;
[INFO] [stdout]     |                            ^^^^^ use of unresolved module or unlinked crate `tokio`
[INFO] [stdout]     |
[INFO] [stdout]     = help: if you wanted to use a crate named `tokio`, use `cargo add tokio` to add it to your `Cargo.toml`
[INFO] [stdout] help: consider importing one of these structs
[INFO] [stdout]     |
[INFO] [stdout] 502 +     use crate::token_verifier::generic_token_verifier::Duration;
[INFO] [stdout]     |
[INFO] [stdout] 502 +     use std::time::Duration;
[INFO] [stdout]     |
[INFO] [stdout] help: if you import `Duration`, refer to it directly
[INFO] [stdout]     |
[INFO] [stdout] 754 -         tokio::time::sleep(tokio::time::Duration::from_millis(2500)).await;
[INFO] [stdout] 754 +         tokio::time::sleep(Duration::from_millis(2500)).await;
[INFO] [stdout]     |
[INFO] [stdout] 
[INFO] [stdout] 
[INFO] [stdout] error[E0433]: cannot find module or crate `tracing_subscriber` in this scope
[INFO] [stdout]   --> examples/common/utils.rs:37:13
[INFO] [stdout]    |
[INFO] [stdout] 37 |             tracing_subscriber::EnvFilter::try_from_default_env().unwrap_or_else(|_| "info".into()),
[INFO] [stdout]    |             ^^^^^^^^^^^^^^^^^^ use of unresolved module or unlinked crate `tracing_subscriber`
[INFO] [stdout]    |
[INFO] [stdout]    = help: if you wanted to use a crate named `tracing_subscriber`, use `cargo add tracing_subscriber` to add it to your `Cargo.toml`
[INFO] [stdout] 
[INFO] [stdout] 
[INFO] [stdout] error[E0433]: cannot find module or crate `tracing_subscriber` in this scope
[INFO] [stdout]   --> examples/common/utils.rs:39:15
[INFO] [stdout]    |
[INFO] [stdout] 39 |         .with(tracing_subscriber::fmt::layer())
[INFO] [stdout]    |               ^^^^^^^^^^^^^^^^^^ use of unresolved module or unlinked crate `tracing_subscriber`
[INFO] [stdout]    |
[INFO] [stdout]    = help: if you wanted to use a crate named `tracing_subscriber`, use `cargo add tracing_subscriber` to add it to your `Cargo.toml`
[INFO] [stdout] 
[INFO] [stdout] 
[INFO] [stdout] error[E0433]: cannot find module or crate `tracing_subscriber` in this scope
[INFO] [stdout]   --> examples/common/utils.rs:37:13
[INFO] [stdout]    |
[INFO] [stdout] 37 |             tracing_subscriber::EnvFilter::try_from_default_env().unwrap_or_else(|_| "info".into()),
[INFO] [stdout]    |             ^^^^^^^^^^^^^^^^^^ use of unresolved module or unlinked crate `tracing_subscriber`
[INFO] [stdout]    |
[INFO] [stdout]    = help: if you wanted to use a crate named `tracing_subscriber`, use `cargo add tracing_subscriber` to add it to your `Cargo.toml`
[INFO] [stdout] 
[INFO] [stdout] 
[INFO] [stdout] error[E0433]: cannot find module or crate `tracing_subscriber` in this scope
[INFO] [stdout]   --> examples/common/utils.rs:37:13
[INFO] [stdout]    |
[INFO] [stdout] 37 |             tracing_subscriber::EnvFilter::try_from_default_env().unwrap_or_else(|_| "info".into()),
[INFO] [stdout]    |             ^^^^^^^^^^^^^^^^^^ use of unresolved module or unlinked crate `tracing_subscriber`
[INFO] [stdout]    |
[INFO] [stdout]    = help: if you wanted to use a crate named `tracing_subscriber`, use `cargo add tracing_subscriber` to add it to your `Cargo.toml`
[INFO] [stdout] 
[INFO] [stdout] 
[INFO] [stdout] error[E0752]: `main` function is not allowed to be `async`
[INFO] [stdout]   --> examples/scalekit-auth.rs:12:1
[INFO] [stdout]    |
[INFO] [stdout] 12 | async fn main() -> SdkResult<()> {
[INFO] [stdout]    | ^^^^^^^^^^^^^^^^^^^^^^^^^^^^^^^^ `main` function is not allowed to be `async`
[INFO] [stdout] 
[INFO] [stdout] 
[INFO] [stdout] error[E0433]: cannot find module or crate `tracing_subscriber` in this scope
[INFO] [stdout]   --> examples/common/utils.rs:39:15
[INFO] [stdout]    |
[INFO] [stdout] 39 |         .with(tracing_subscriber::fmt::layer())
[INFO] [stdout]    |               ^^^^^^^^^^^^^^^^^^ use of unresolved module or unlinked crate `tracing_subscriber`
[INFO] [stdout]    |
[INFO] [stdout]    = help: if you wanted to use a crate named `tracing_subscriber`, use `cargo add tracing_subscriber` to add it to your `Cargo.toml`
[INFO] [stdout] 
[INFO] [stdout] 
[INFO] [stdout] error[E0433]: cannot find module or crate `tracing_subscriber` in this scope
[INFO] [stdout]   --> examples/common/utils.rs:39:15
[INFO] [stdout]    |
[INFO] [stdout] 39 |         .with(tracing_subscriber::fmt::layer())
[INFO] [stdout]    |               ^^^^^^^^^^^^^^^^^^ use of unresolved module or unlinked crate `tracing_subscriber`
[INFO] [stdout]    |
[INFO] [stdout]    = help: if you wanted to use a crate named `tracing_subscriber`, use `cargo add tracing_subscriber` to add it to your `Cargo.toml`
[INFO] [stdout] 
[INFO] [stdout] 
[INFO] [stdout] error[E0433]: cannot find module or crate `tracing_subscriber` in this scope
[INFO] [stdout]   --> examples/common/utils.rs:35:5
[INFO] [stdout]    |
[INFO] [stdout] 35 |     tracing_subscriber::registry()
[INFO] [stdout]    |     ^^^^^^^^^^^^^^^^^^ use of unresolved module or unlinked crate `tracing_subscriber`
[INFO] [stdout]    |
[INFO] [stdout]    = help: if you wanted to use a crate named `tracing_subscriber`, use `cargo add tracing_subscriber` to add it to your `Cargo.toml`
[INFO] [stdout] 
[INFO] [stdout] 
[INFO] [stdout] error[E0752]: `main` function is not allowed to be `async`
[INFO] [stdout]   --> examples/keycloak-auth.rs:12:1
[INFO] [stdout]    |
[INFO] [stdout] 12 | async fn main() -> SdkResult<()> {
[INFO] [stdout]    | ^^^^^^^^^^^^^^^^^^^^^^^^^^^^^^^^ `main` function is not allowed to be `async`
[INFO] [stdout] 
[INFO] [stdout] 
[INFO] [stdout] error[E0752]: `main` function is not allowed to be `async`
[INFO] [stdout]   --> examples/workos-auth.rs:12:1
[INFO] [stdout]    |
[INFO] [stdout] 12 | async fn main() -> SdkResult<()> {
[INFO] [stdout]    | ^^^^^^^^^^^^^^^^^^^^^^^^^^^^^^^^ `main` function is not allowed to be `async`
[INFO] [stdout] 
[INFO] [stdout] 
[INFO] [stdout] Some errors have detailed explanations: E0432, E0433, E0752.
[INFO] [stdout] 
[INFO] [stdout] For more information about an error, try `rustc --explain E0432`.
[INFO] [stdout] 
[INFO] [stderr] error: could not compile `rust-mcp-extra` (example "scalekit-auth") due to 7 previous errors
[INFO] [stderr] warning: build failed, waiting for other jobs to finish...
[INFO] [stdout] error[E0433]: cannot find module or crate `tracing_subscriber` in this scope
[INFO] [stdout]   --> examples/common/utils.rs:35:5
[INFO] [stdout]    |
[INFO] [stdout] 35 |     tracing_subscriber::registry()
[INFO] [stdout]    |     ^^^^^^^^^^^^^^^^^^ use of unresolved module or unlinked crate `tracing_subscriber`
[INFO] [stdout]    |
[INFO] [stdout]    = help: if you wanted to use a crate named `tracing_subscriber`, use `cargo add tracing_subscriber` to add it to your `Cargo.toml`
[INFO] [stdout] 
[INFO] [stdout] 
[INFO] [stdout] error[E0433]: cannot find module or crate `tracing_subscriber` in this scope
[INFO] [stdout]   --> examples/common/utils.rs:35:5
[INFO] [stdout]    |
[INFO] [stdout] 35 |     tracing_subscriber::registry()
[INFO] [stdout]    |     ^^^^^^^^^^^^^^^^^^ use of unresolved module or unlinked crate `tracing_subscriber`
[INFO] [stdout]    |
[INFO] [stdout]    = help: if you wanted to use a crate named `tracing_subscriber`, use `cargo add tracing_subscriber` to add it to your `Cargo.toml`
[INFO] [stdout] 
[INFO] [stdout] 
[INFO] [stdout] Some errors have detailed explanations: E0432, E0433, E0752.
[INFO] [stdout] 
[INFO] [stdout] For more information about an error, try `rustc --explain E0432`.
[INFO] [stdout] 
[INFO] [stdout] Some errors have detailed explanations: E0432, E0433, E0752.
[INFO] [stdout] 
[INFO] [stdout] For more information about an error, try `rustc --explain E0432`.
[INFO] [stdout] 
[INFO] [stderr] error: could not compile `rust-mcp-extra` (example "workos-auth") due to 7 previous errors
[INFO] [stderr] error: could not compile `rust-mcp-extra` (example "keycloak-auth") due to 7 previous errors
[INFO] [stdout] warning: unreachable call
[INFO] [stdout]    --> src/auth_provider/keycloak.rs:209:56
[INFO] [stdout]     |
[INFO] [stdout] 209 |             .map_err(|err| McpHttpError::HttpError(err.to_string()))
[INFO] [stdout]     |                                                    --- ^^^^^^^^^ unreachable call
[INFO] [stdout]     |                                                    |
[INFO] [stdout]     |                                                    any code following this expression is unreachable
[INFO] [stdout]     |
[INFO] [stdout]     = note: `#[warn(unreachable_code)]` (part of `#[warn(unused)]`) on by default
[INFO] [stdout] 
[INFO] [stdout] 
[INFO] [stdout] warning: unreachable call
[INFO] [stdout]    --> src/auth_provider/keycloak.rs:225:56
[INFO] [stdout]     |
[INFO] [stdout] 225 |             .map_err(|err| McpHttpError::HttpError(err.to_string()))
[INFO] [stdout]     |                                                    --- ^^^^^^^^^ unreachable call
[INFO] [stdout]     |                                                    |
[INFO] [stdout]     |                                                    any code following this expression is unreachable
[INFO] [stdout] 
[INFO] [stdout] 
[INFO] [stdout] warning: unreachable call
[INFO] [stdout]    --> src/auth_provider/scalekit.rs:190:56
[INFO] [stdout]     |
[INFO] [stdout] 190 |             .map_err(|err| McpHttpError::HttpError(err.to_string()))
[INFO] [stdout]     |                                                    --- ^^^^^^^^^ unreachable call
[INFO] [stdout]     |                                                    |
[INFO] [stdout]     |                                                    any code following this expression is unreachable
[INFO] [stdout] 
[INFO] [stdout] 
[INFO] [stdout] warning: unreachable call
[INFO] [stdout]    --> src/auth_provider/scalekit.rs:206:56
[INFO] [stdout]     |
[INFO] [stdout] 206 |             .map_err(|err| McpHttpError::HttpError(err.to_string()))
[INFO] [stdout]     |                                                    --- ^^^^^^^^^ unreachable call
[INFO] [stdout]     |                                                    |
[INFO] [stdout]     |                                                    any code following this expression is unreachable
[INFO] [stdout] 
[INFO] [stdout] 
[INFO] [stdout] warning: unreachable call
[INFO] [stdout]    --> src/auth_provider/work_os.rs:194:56
[INFO] [stdout]     |
[INFO] [stdout] 194 |             .map_err(|err| McpHttpError::HttpError(err.to_string()))
[INFO] [stdout]     |                                                    --- ^^^^^^^^^ unreachable call
[INFO] [stdout]     |                                                    |
[INFO] [stdout]     |                                                    any code following this expression is unreachable
[INFO] [stdout] 
[INFO] [stdout] 
[INFO] [stdout] warning: unreachable call
[INFO] [stdout]    --> src/auth_provider/work_os.rs:210:56
[INFO] [stdout]     |
[INFO] [stdout] 210 |             .map_err(|err| McpHttpError::HttpError(err.to_string()))
[INFO] [stdout]     |                                                    --- ^^^^^^^^^ unreachable call
[INFO] [stdout]     |                                                    |
[INFO] [stdout]     |                                                    any code following this expression is unreachable
[INFO] [stdout] 
[INFO] [stdout] 
[INFO] [stdout] Some errors have detailed explanations: E0432, E0433.
[INFO] [stdout] 
[INFO] [stdout] For more information about an error, try `rustc --explain E0432`.
[INFO] [stdout] 
[INFO] [stderr] error: could not compile `rust-mcp-extra` (lib test) due to 14 previous errors; 6 warnings emitted
[INFO] running `Command { std: "docker" "inspect" "2fc4228a56b9308a7f5f12dff48fcf64007e9bf52ed6c38879ba110ccfc4fe51", kill_on_drop: false }`
[INFO] running `Command { std: "docker" "rm" "-f" "2fc4228a56b9308a7f5f12dff48fcf64007e9bf52ed6c38879ba110ccfc4fe51", kill_on_drop: false }`
[INFO] [stdout] 2fc4228a56b9308a7f5f12dff48fcf64007e9bf52ed6c38879ba110ccfc4fe51
