[INFO] fetching crate rust-lcm-codec-dimos 0.2.3...
[INFO] testing rust-lcm-codec-dimos-0.2.3 against 1.100.0-beta.1+cargoflags=--release for beta-release-1.100-2
[INFO] extracting crate rust-lcm-codec-dimos 0.2.3 into /workspace/builds/worker-1-tc2/source
[INFO] removed /workspace/builds/worker-1-tc2/source/rust-toolchain
[INFO] started tweaking crates.io crate rust-lcm-codec-dimos 0.2.3
[INFO] removed 0 missing tests
[INFO] finished tweaking crates.io crate rust-lcm-codec-dimos 0.2.3
[INFO] tweaked toml for crates.io crate rust-lcm-codec-dimos 0.2.3 written to /workspace/builds/worker-1-tc2/source/Cargo.toml
[INFO] validating manifest of crates.io crate rust-lcm-codec-dimos 0.2.3 on toolchain 1.100.0-beta.1
[INFO] running `Command { std: CARGO_HOME="/workspace/cargo-home" RUSTUP_HOME="/workspace/rustup-home" "/workspace/cargo-home/bin/cargo" "+1.100.0-beta.1" "metadata" "--manifest-path" "Cargo.toml" "--no-deps", kill_on_drop: false }`
[INFO] crate crates.io crate rust-lcm-codec-dimos 0.2.3 already has a lockfile, it will not be regenerated
[INFO] running `Command { std: CARGO_HOME="/workspace/cargo-home" RUSTUP_HOME="/workspace/rustup-home" "/workspace/cargo-home/bin/cargo" "+1.100.0-beta.1" "fetch" "--manifest-path" "Cargo.toml", kill_on_drop: false }`
[INFO] running `Command { std: "docker" "create" "-v" "/var/lib/crater-agent-workspace/builds/worker-1-tc2/source:/opt/rustwide/workdir:ro,Z" "-v" "/var/lib/crater-agent-workspace/builds/worker-1-tc2/target:/opt/rustwide/target:rw,Z" "-v" "/var/lib/crater-agent-workspace/cargo-home:/opt/rustwide/cargo-home:ro,Z" "-v" "/var/lib/crater-agent-workspace/rustup-home:/opt/rustwide/rustup-home:ro,Z" "-m" "1610612736" "--network" "none" "ghcr.io/rust-lang/crates-build-env/linux@sha256:77db811e55d90add9212f6832c23229e3de5f1c1f9905e8cb07319ea15df73ac" "sleep" "infinity", kill_on_drop: false }`
[INFO] [stdout] 0348594bb469ba412bbd3dc91fbcb9002cd912208baa6ae6dca760161d0ff1f7
[INFO] running `Command { std: "docker" "start" "0348594bb469ba412bbd3dc91fbcb9002cd912208baa6ae6dca760161d0ff1f7", kill_on_drop: false }`
[INFO] running `Command { std: "docker" "inspect" "0348594bb469ba412bbd3dc91fbcb9002cd912208baa6ae6dca760161d0ff1f7", kill_on_drop: false }`
[INFO] running `Command { std: "docker" "exec" "-e" "SOURCE_DIR=/opt/rustwide/workdir" "-e" "CARGO_HOME=/opt/rustwide/cargo-home" "-e" "RUSTUP_HOME=/opt/rustwide/rustup-home" "-e" "CARGO_TARGET_DIR=/opt/rustwide/target" "-w" "/opt/rustwide/workdir" "--user" "0:0" "0348594bb469ba412bbd3dc91fbcb9002cd912208baa6ae6dca760161d0ff1f7" "/opt/rustwide/cargo-home/bin/cargo" "+1.100.0-beta.1" "metadata" "--no-deps" "--format-version=1", kill_on_drop: false }`
[INFO] running `Command { std: "docker" "inspect" "0348594bb469ba412bbd3dc91fbcb9002cd912208baa6ae6dca760161d0ff1f7", kill_on_drop: false }`
[INFO] running `Command { std: "docker" "exec" "-e" "SOURCE_DIR=/opt/rustwide/workdir" "-e" "CARGO_HOME=/opt/rustwide/cargo-home" "-e" "RUSTUP_HOME=/opt/rustwide/rustup-home" "-e" "CARGO_TARGET_DIR=/opt/rustwide/target" "-e" "CARGO_INCREMENTAL=0" "-e" "RUST_BACKTRACE=full" "-e" "RUSTFLAGS=--cap-lints=warn" "-e" "RUSTDOCFLAGS=--cap-lints=warn" "-w" "/opt/rustwide/workdir" "--user" "0:0" "0348594bb469ba412bbd3dc91fbcb9002cd912208baa6ae6dca760161d0ff1f7" "/opt/rustwide/cargo-home/bin/cargo" "+1.100.0-beta.1" "build" "--frozen" "--message-format=json" "--release", kill_on_drop: false }`
[INFO] [stderr]    Compiling rust-lcm-codec-dimos v0.2.3 (/opt/rustwide/workdir)
[INFO] [stderr]     Finished `release` profile [optimized] target(s) in 0.13s
[INFO] running `Command { std: "docker" "inspect" "0348594bb469ba412bbd3dc91fbcb9002cd912208baa6ae6dca760161d0ff1f7", kill_on_drop: false }`
[INFO] running `Command { std: "docker" "exec" "-e" "SOURCE_DIR=/opt/rustwide/workdir" "-e" "CARGO_HOME=/opt/rustwide/cargo-home" "-e" "RUSTUP_HOME=/opt/rustwide/rustup-home" "-e" "CARGO_TARGET_DIR=/opt/rustwide/target" "-e" "CARGO_INCREMENTAL=0" "-e" "RUST_BACKTRACE=full" "-e" "RUSTFLAGS=--cap-lints=warn" "-e" "RUSTDOCFLAGS=--cap-lints=warn" "-w" "/opt/rustwide/workdir" "--user" "0:0" "0348594bb469ba412bbd3dc91fbcb9002cd912208baa6ae6dca760161d0ff1f7" "/opt/rustwide/cargo-home/bin/cargo" "+1.100.0-beta.1" "test" "--frozen" "--no-run" "--message-format=json" "--release", kill_on_drop: false }`
[INFO] [stderr]    Compiling rust-lcm-codec-dimos v0.2.3 (/opt/rustwide/workdir)
[INFO] [stdout] error[E0463]: can't find crate for `generated`
[INFO] [stdout]  --> tests/sliceable_list.rs:1:1
[INFO] [stdout]   |
[INFO] [stdout] 1 | extern crate generated;
[INFO] [stdout]   | ^^^^^^^^^^^^^^^^^^^^^^^ can't find crate
[INFO] [stdout] 
[INFO] [stdout] 
[INFO] [stdout] error[E0463]: can't find crate for `rust_lcm_codec`
[INFO] [stdout]  --> tests/sliceable_list.rs:2:1
[INFO] [stdout]   |
[INFO] [stdout] 2 | extern crate rust_lcm_codec;
[INFO] [stdout]   | ^^^^^^^^^^^^^^^^^^^^^^^^^^^^ can't find crate
[INFO] [stdout] 
[INFO] [stdout] 
[INFO] [stdout] error[E0463]: can't find crate for `generated`
[INFO] [stdout]  --> tests/single_dimension_list.rs:1:1
[INFO] [stdout]   |
[INFO] [stdout] 1 | extern crate generated;
[INFO] [stdout]   | ^^^^^^^^^^^^^^^^^^^^^^^ can't find crate
[INFO] [stdout] 
[INFO] [stdout] 
[INFO] [stdout] error[E0463]: can't find crate for `rust_lcm_codec`
[INFO] [stdout]  --> tests/single_dimension_list.rs:2:1
[INFO] [stdout]   |
[INFO] [stdout] 2 | extern crate rust_lcm_codec;
[INFO] [stdout]   | ^^^^^^^^^^^^^^^^^^^^^^^^^^^^ can't find crate
[INFO] [stdout] 
[INFO] [stdout] 
[INFO] [stderr] error: could not compile `rust-lcm-codec-dimos` (test "sliceable_list") due to 2 previous errors
[INFO] [stderr] warning: build failed, waiting for other jobs to finish...
[INFO] [stderr] error: could not compile `rust-lcm-codec-dimos` (test "single_dimension_list") due to 2 previous errors
[INFO] [stdout] For more information about this error, try `rustc --explain E0463`.
[INFO] [stdout] 
[INFO] [stdout] For more information about this error, try `rustc --explain E0463`.
[INFO] [stdout] 
[INFO] [stdout] error[E0463]: can't find crate for `generated`
[INFO] [stdout]  --> tests/primitives.rs:1:1
[INFO] [stdout]   |
[INFO] [stdout] 1 | extern crate generated;
[INFO] [stdout]   | ^^^^^^^^^^^^^^^^^^^^^^^ can't find crate
[INFO] [stdout] 
[INFO] [stdout] 
[INFO] [stdout] error[E0463]: can't find crate for `rust_lcm_codec`
[INFO] [stdout]  --> tests/primitives.rs:2:1
[INFO] [stdout]   |
[INFO] [stdout] 2 | extern crate rust_lcm_codec;
[INFO] [stdout]   | ^^^^^^^^^^^^^^^^^^^^^^^^^^^^ can't find crate
[INFO] [stdout] 
[INFO] [stdout] 
[INFO] [stdout] For more information about this error, try `rustc --explain E0463`.
[INFO] [stdout] 
[INFO] [stdout] error[E0463]: can't find crate for `generated`
[INFO] [stdout]  --> tests/multidimensional.rs:1:1
[INFO] [stdout]   |
[INFO] [stdout] 1 | extern crate generated;
[INFO] [stdout]   | ^^^^^^^^^^^^^^^^^^^^^^^ can't find crate
[INFO] [stdout] 
[INFO] [stdout] 
[INFO] [stderr] error: could not compile `rust-lcm-codec-dimos` (test "primitives") due to 2 previous errors
[INFO] [stdout] error[E0463]: can't find crate for `rust_lcm_codec`
[INFO] [stdout]  --> tests/multidimensional.rs:2:1
[INFO] [stdout]   |
[INFO] [stdout] 2 | extern crate rust_lcm_codec;
[INFO] [stdout]   | ^^^^^^^^^^^^^^^^^^^^^^^^^^^^ can't find crate
[INFO] [stdout] 
[INFO] [stdout] 
[INFO] [stdout] error[E0463]: can't find crate for `generated`
[INFO] [stdout]  --> tests/nested_list.rs:1:1
[INFO] [stdout]   |
[INFO] [stdout] 1 | extern crate generated;
[INFO] [stdout]   | ^^^^^^^^^^^^^^^^^^^^^^^ can't find crate
[INFO] [stdout] 
[INFO] [stdout] 
[INFO] [stdout] error[E0463]: can't find crate for `rust_lcm_codec`
[INFO] [stdout]  --> tests/nested_list.rs:2:1
[INFO] [stdout]   |
[INFO] [stdout] 2 | extern crate rust_lcm_codec;
[INFO] [stdout]   | ^^^^^^^^^^^^^^^^^^^^^^^^^^^^ can't find crate
[INFO] [stdout] 
[INFO] [stdout] 
[INFO] [stdout] For more information about this error, try `rustc --explain E0463`.
[INFO] [stdout] 
[INFO] [stdout] For more information about this error, try `rustc --explain E0463`.
[INFO] [stdout] 
[INFO] [stderr] error: could not compile `rust-lcm-codec-dimos` (test "multidimensional") due to 2 previous errors
[INFO] [stdout] error[E0463]: can't find crate for `generated`
[INFO] [stdout]  --> tests/nested.rs:1:1
[INFO] [stdout]   |
[INFO] [stdout] 1 | extern crate generated;
[INFO] [stdout]   | ^^^^^^^^^^^^^^^^^^^^^^^ can't find crate
[INFO] [stdout] 
[INFO] [stdout] 
[INFO] [stdout] error[E0463]: can't find crate for `rust_lcm_codec`
[INFO] [stdout]  --> tests/nested.rs:2:1
[INFO] [stdout]   |
[INFO] [stdout] 2 | extern crate rust_lcm_codec;
[INFO] [stdout]   | ^^^^^^^^^^^^^^^^^^^^^^^^^^^^ can't find crate
[INFO] [stdout] 
[INFO] [stdout] 
[INFO] [stderr] error: could not compile `rust-lcm-codec-dimos` (test "nested_list") due to 2 previous errors
[INFO] [stdout] For more information about this error, try `rustc --explain E0463`.
[INFO] [stdout] 
[INFO] [stderr] error: could not compile `rust-lcm-codec-dimos` (test "nested") due to 2 previous errors
[INFO] running `Command { std: "docker" "inspect" "0348594bb469ba412bbd3dc91fbcb9002cd912208baa6ae6dca760161d0ff1f7", kill_on_drop: false }`
[INFO] running `Command { std: "docker" "rm" "-f" "0348594bb469ba412bbd3dc91fbcb9002cd912208baa6ae6dca760161d0ff1f7", kill_on_drop: false }`
[INFO] [stdout] 0348594bb469ba412bbd3dc91fbcb9002cd912208baa6ae6dca760161d0ff1f7
