[INFO] fetching crate rust-fs-squashfs 0.4.0...
[INFO] testing rust-fs-squashfs-0.4.0 against 1.99.0-beta.8+cargoflags=--release for beta-release-1.100-2
[INFO] extracting crate rust-fs-squashfs 0.4.0 into /workspace/builds/worker-7-tc1/source
[INFO] removed /workspace/builds/worker-7-tc1/source/rust-toolchain.toml
[INFO] started tweaking crates.io crate rust-fs-squashfs 0.4.0
[INFO] removed 0 missing tests
[INFO] finished tweaking crates.io crate rust-fs-squashfs 0.4.0
[INFO] tweaked toml for crates.io crate rust-fs-squashfs 0.4.0 written to /workspace/builds/worker-7-tc1/source/Cargo.toml
[INFO] validating manifest of crates.io crate rust-fs-squashfs 0.4.0 on toolchain 1.99.0-beta.8
[INFO] running `Command { std: CARGO_HOME="/workspace/cargo-home" RUSTUP_HOME="/workspace/rustup-home" "/workspace/cargo-home/bin/cargo" "+1.99.0-beta.8" "metadata" "--manifest-path" "Cargo.toml" "--no-deps", kill_on_drop: false }`
[INFO] crate crates.io crate rust-fs-squashfs 0.4.0 already has a lockfile, it will not be regenerated
[INFO] running `Command { std: CARGO_HOME="/workspace/cargo-home" RUSTUP_HOME="/workspace/rustup-home" "/workspace/cargo-home/bin/cargo" "+1.99.0-beta.8" "fetch" "--manifest-path" "Cargo.toml", kill_on_drop: false }`
[INFO] [stderr]     Updating crates.io index
[INFO] [stderr]  Downloading crates ...
[INFO] [stderr]   Downloaded saphyr v0.0.12
[INFO] [stderr]   Downloaded saphyr-parser v0.0.12
[INFO] [stderr]   Downloaded multiversion-macros v0.9.0
[INFO] [stderr]   Downloaded arraydeque v0.5.1
[INFO] [stderr]   Downloaded multiversion v0.9.0
[INFO] [stderr]   Downloaded hashlink v0.12.2
[INFO] [stderr]   Downloaded rust-lzo1x v0.4.0
[INFO] [stderr]   Downloaded rust-fs-core v0.3.0
[INFO] [stderr]   Downloaded encoding_rs v0.8.41
[INFO] running `Command { std: "docker" "create" "-v" "/var/lib/crater-agent-workspace/builds/worker-7-tc1/source:/opt/rustwide/workdir:ro,Z" "-v" "/var/lib/crater-agent-workspace/builds/worker-7-tc1/target:/opt/rustwide/target:rw,Z" "-v" "/var/lib/crater-agent-workspace/cargo-home:/opt/rustwide/cargo-home:ro,Z" "-v" "/var/lib/crater-agent-workspace/rustup-home:/opt/rustwide/rustup-home:ro,Z" "-m" "1610612736" "--network" "none" "ghcr.io/rust-lang/crates-build-env/linux@sha256:77db811e55d90add9212f6832c23229e3de5f1c1f9905e8cb07319ea15df73ac" "sleep" "infinity", kill_on_drop: false }`
[INFO] [stdout] 6694ed19ba7e1616854ac7549f89c5b6e1308d44020cbe9b856ad903bc9d9474
[INFO] running `Command { std: "docker" "start" "6694ed19ba7e1616854ac7549f89c5b6e1308d44020cbe9b856ad903bc9d9474", kill_on_drop: false }`
[INFO] running `Command { std: "docker" "inspect" "6694ed19ba7e1616854ac7549f89c5b6e1308d44020cbe9b856ad903bc9d9474", kill_on_drop: false }`
[INFO] running `Command { std: "docker" "exec" "-e" "SOURCE_DIR=/opt/rustwide/workdir" "-e" "CARGO_HOME=/opt/rustwide/cargo-home" "-e" "RUSTUP_HOME=/opt/rustwide/rustup-home" "-e" "CARGO_TARGET_DIR=/opt/rustwide/target" "-w" "/opt/rustwide/workdir" "--user" "0:0" "6694ed19ba7e1616854ac7549f89c5b6e1308d44020cbe9b856ad903bc9d9474" "/opt/rustwide/cargo-home/bin/cargo" "+1.99.0-beta.8" "metadata" "--no-deps" "--format-version=1", kill_on_drop: false }`
[INFO] running `Command { std: "docker" "inspect" "6694ed19ba7e1616854ac7549f89c5b6e1308d44020cbe9b856ad903bc9d9474", kill_on_drop: false }`
[INFO] running `Command { std: "docker" "exec" "-e" "SOURCE_DIR=/opt/rustwide/workdir" "-e" "CARGO_HOME=/opt/rustwide/cargo-home" "-e" "RUSTUP_HOME=/opt/rustwide/rustup-home" "-e" "CARGO_TARGET_DIR=/opt/rustwide/target" "-e" "CARGO_INCREMENTAL=0" "-e" "RUST_BACKTRACE=full" "-e" "RUSTFLAGS=--cap-lints=warn" "-e" "RUSTDOCFLAGS=--cap-lints=warn" "-w" "/opt/rustwide/workdir" "--user" "0:0" "6694ed19ba7e1616854ac7549f89c5b6e1308d44020cbe9b856ad903bc9d9474" "/opt/rustwide/cargo-home/bin/cargo" "+1.99.0-beta.8" "build" "--frozen" "--message-format=json" "--release", kill_on_drop: false }`
[INFO] [stderr]    Compiling equivalent v1.0.2
[INFO] [stderr]    Compiling allocator-api2 v0.2.21
[INFO] [stderr]    Compiling simd-adler32 v0.3.9
[INFO] [stderr]    Compiling adler2 v2.0.1
[INFO] [stderr]    Compiling crc-catalog v2.5.0
[INFO] [stderr]    Compiling cfg-if v1.0.4
[INFO] [stderr]    Compiling foldhash v0.1.5
[INFO] [stderr]    Compiling twox-hash v2.1.2
[INFO] [stderr]    Compiling crc v3.4.0
[INFO] [stderr]    Compiling byteorder v1.5.0
[INFO] [stderr]    Compiling crc32fast v1.5.0
[INFO] [stderr]    Compiling ruzstd v0.8.3
[INFO] [stderr]    Compiling rust-fs-core v0.3.0
[INFO] [stderr]    Compiling lz4_flex v0.11.6
[INFO] [stderr]    Compiling miniz_oxide v0.8.9
[INFO] [stderr]    Compiling rust-lzo1x v0.4.0
[INFO] [stderr]    Compiling hashbrown v0.15.5
[INFO] [stderr]    Compiling lzma-rs v0.3.0
[INFO] [stderr]    Compiling flate2 v1.1.9
[INFO] [stderr]    Compiling lru v0.12.5
[INFO] [stderr]    Compiling rust-fs-squashfs v0.4.0 (/opt/rustwide/workdir)
[INFO] [stderr]     Finished `release` profile [optimized] target(s) in 16.54s
[INFO] running `Command { std: "docker" "inspect" "6694ed19ba7e1616854ac7549f89c5b6e1308d44020cbe9b856ad903bc9d9474", kill_on_drop: false }`
[INFO] running `Command { std: "docker" "exec" "-e" "SOURCE_DIR=/opt/rustwide/workdir" "-e" "CARGO_HOME=/opt/rustwide/cargo-home" "-e" "RUSTUP_HOME=/opt/rustwide/rustup-home" "-e" "CARGO_TARGET_DIR=/opt/rustwide/target" "-e" "CARGO_INCREMENTAL=0" "-e" "RUST_BACKTRACE=full" "-e" "RUSTFLAGS=--cap-lints=warn" "-e" "RUSTDOCFLAGS=--cap-lints=warn" "-w" "/opt/rustwide/workdir" "--user" "0:0" "6694ed19ba7e1616854ac7549f89c5b6e1308d44020cbe9b856ad903bc9d9474" "/opt/rustwide/cargo-home/bin/cargo" "+1.99.0-beta.8" "test" "--frozen" "--no-run" "--message-format=json" "--release", kill_on_drop: false }`
[INFO] [stderr]    Compiling rustversion v1.0.23
[INFO] [stderr]    Compiling syn v3.0.5
[INFO] [stderr]    Compiling libc v0.2.186
[INFO] [stderr]    Compiling thiserror v2.0.20
[INFO] [stderr]    Compiling num-traits v0.2.19
[INFO] [stderr]    Compiling foldhash v0.2.0
[INFO] [stderr]    Compiling multiversion_no_op v1.0.0
[INFO] [stderr]    Compiling simdutf8 v0.1.5
[INFO] [stderr]    Compiling hashbrown v0.17.1
[INFO] [stderr]    Compiling arraydeque v0.5.1
[INFO] [stderr]    Compiling core_detect v1.0.0
[INFO] [stderr]    Compiling once_cell v1.21.4
[INFO] [stderr]    Compiling encoding_rs v0.8.41
[INFO] [stderr]    Compiling ordered-float v5.5.0
[INFO] [stderr]    Compiling hashlink v0.12.2
[INFO] [stderr]    Compiling getrandom v0.4.3
[INFO] [stderr]    Compiling tempfile v3.27.0
[INFO] [stderr]    Compiling multiversion-macros v0.9.0
[INFO] [stderr]    Compiling thiserror-impl v2.0.20
[INFO] [stderr]    Compiling multiversion v0.9.0
[INFO] [stderr]    Compiling saphyr-parser v0.0.12
[INFO] [stderr]    Compiling saphyr v0.0.12
[INFO] [stderr]    Compiling rust-fs-squashfs v0.4.0 (/opt/rustwide/workdir)
[INFO] [stdout] error[E0432]: unresolved import `fs_squashfs_test_support`
[INFO] [stdout]   --> tests/common/mod.rs:22:5
[INFO] [stdout]    |
[INFO] [stdout] 22 | use fs_squashfs_test_support::{guest_quote, oracle, ScratchDir};
[INFO] [stdout]    |     ^^^^^^^^^^^^^^^^^^^^^^^^ use of unresolved module or unlinked crate `fs_squashfs_test_support`
[INFO] [stdout]    |
[INFO] [stdout]    = help: if you wanted to use a crate named `fs_squashfs_test_support`, use `cargo add fs_squashfs_test_support` to add it to your `Cargo.toml`
[INFO] [stdout] 
[INFO] [stdout] 
[INFO] [stdout] error[E0432]: unresolved import `fs_squashfs_test_support`
[INFO] [stdout]   --> tests/cli_fs_oracle.rs:23:5
[INFO] [stdout]    |
[INFO] [stdout] 23 | use fs_squashfs_test_support::{mksquashfs_from_guest_tree, oracle, ScratchDir};
[INFO] [stdout]    |     ^^^^^^^^^^^^^^^^^^^^^^^^ use of unresolved module or unlinked crate `fs_squashfs_test_support`
[INFO] [stdout]    |
[INFO] [stdout]    = help: if you wanted to use a crate named `fs_squashfs_test_support`, use `cargo add fs_squashfs_test_support` to add it to your `Cargo.toml`
[INFO] [stdout] 
[INFO] [stdout] 
[INFO] [stdout] error[E0433]: cannot find module or crate `fs_squashfs_test_support` in this scope
[INFO] [stdout]   --> tests/cli_support/mod.rs:88:16
[INFO] [stdout]    |
[INFO] [stdout] 88 |     let path = fs_squashfs_test_support::temp_path!("cli-{}-{n}-{tag}.img", std::process::id());
[INFO] [stdout]    |                ^^^^^^^^^^^^^^^^^^^^^^^^ use of unresolved module or unlinked crate `fs_squashfs_test_support`
[INFO] [stdout] 
[INFO] [stdout] 
[INFO] [stdout] error[E0433]: cannot find module or crate `fs_squashfs_test_support` in this scope
[INFO] [stdout]   --> tests/cli_support/mod.rs:75:29
[INFO] [stdout]    |
[INFO] [stdout] 75 |     let dir = PathBuf::from(fs_squashfs_test_support::temp_path!(
[INFO] [stdout]    |                             ^^^^^^^^^^^^^^^^^^^^^^^^ use of unresolved module or unlinked crate `fs_squashfs_test_support`
[INFO] [stdout] 
[INFO] [stdout] 
[INFO] [stdout] error[E0432]: unresolved import `fs_squashfs_test_support`
[INFO] [stdout]   --> tests/common/mod.rs:22:5
[INFO] [stdout]    |
[INFO] [stdout] 22 | use fs_squashfs_test_support::{guest_quote, oracle, ScratchDir};
[INFO] [stdout]    |     ^^^^^^^^^^^^^^^^^^^^^^^^ use of unresolved module or unlinked crate `fs_squashfs_test_support`
[INFO] [stdout]    |
[INFO] [stdout]    = help: if you wanted to use a crate named `fs_squashfs_test_support`, use `cargo add fs_squashfs_test_support` to add it to your `Cargo.toml`
[INFO] [stdout] 
[INFO] [stdout] 
[INFO] [stdout] error[E0432]: unresolved import `fs_squashfs_test_support`
[INFO] [stdout]   --> tests/kernel_readback.rs:38:5
[INFO] [stdout]    |
[INFO] [stdout] 38 | use fs_squashfs_test_support::{
[INFO] [stdout]    |     ^^^^^^^^^^^^^^^^^^^^^^^^ use of unresolved module or unlinked crate `fs_squashfs_test_support`
[INFO] [stdout]    |
[INFO] [stdout]    = help: if you wanted to use a crate named `fs_squashfs_test_support`, use `cargo add fs_squashfs_test_support` to add it to your `Cargo.toml`
[INFO] [stdout] 
[INFO] [stdout] 
[INFO] [stdout] error[E0432]: unresolved import `fs_squashfs_test_support`
[INFO] [stdout]   --> tests/common/mod.rs:22:5
[INFO] [stdout]    |
[INFO] [stdout] 22 | use fs_squashfs_test_support::{guest_quote, oracle, ScratchDir};
[INFO] [stdout]    |     ^^^^^^^^^^^^^^^^^^^^^^^^ use of unresolved module or unlinked crate `fs_squashfs_test_support`
[INFO] [stdout]    |
[INFO] [stdout]    = help: if you wanted to use a crate named `fs_squashfs_test_support`, use `cargo add fs_squashfs_test_support` to add it to your `Cargo.toml`
[INFO] [stdout] 
[INFO] [stdout] 
[INFO] [stdout] error[E0433]: cannot find module or crate `fs_squashfs_test_support` in this scope
[INFO] [stdout]    --> tests/kernel_readback.rs:207:19
[INFO] [stdout]     |
[INFO] [stdout] 207 |     let damaged = fs_squashfs_test_support::ScratchDir::new("kernel-refusal");
[INFO] [stdout]     |                   ^^^^^^^^^^^^^^^^^^^^^^^^ use of unresolved module or unlinked crate `fs_squashfs_test_support`
[INFO] [stdout]     |
[INFO] [stdout]     = help: if you wanted to use a crate named `fs_squashfs_test_support`, use `cargo add fs_squashfs_test_support` to add it to your `Cargo.toml`
[INFO] [stdout] 
[INFO] [stdout] 
[INFO] [stdout] error[E0433]: cannot find module or crate `fs_squashfs_test_support` in this scope
[INFO] [stdout]    --> tests/cli_fs_oracle.rs:267:20
[INFO] [stdout]     |
[INFO] [stdout] 267 |         let ours = fs_squashfs_test_support::sha256_hex(&read.stdout);
[INFO] [stdout]     |                    ^^^^^^^^^^^^^^^^^^^^^^^^ use of unresolved module or unlinked crate `fs_squashfs_test_support`
[INFO] [stdout]     |
[INFO] [stdout]     = help: if you wanted to use a crate named `fs_squashfs_test_support`, use `cargo add fs_squashfs_test_support` to add it to your `Cargo.toml`
[INFO] [stdout] 
[INFO] [stdout] 
[INFO] [stdout] For more information about this error, try `rustc --explain E0432`.
[INFO] [stdout] 
[INFO] [stderr] error: could not compile `rust-fs-squashfs` (test "meta_cache") due to 1 previous error
[INFO] [stderr] warning: build failed, waiting for other jobs to finish...
[INFO] [stdout] Some errors have detailed explanations: E0432, E0433.
[INFO] [stdout] 
[INFO] [stdout] For more information about an error, try `rustc --explain E0432`.
[INFO] [stdout] 
[INFO] [stderr] error: could not compile `rust-fs-squashfs` (test "cli_fs_oracle") due to 4 previous errors
[INFO] [stdout] For more information about this error, try `rustc --explain E0432`.
[INFO] [stdout] 
[INFO] [stderr] error: could not compile `rust-fs-squashfs` (test "read_path_cost") due to 1 previous error
[INFO] [stdout] error[E0433]: cannot find module or crate `fs_squashfs_test_support` in this scope
[INFO] [stdout]     --> src/capi.rs:1144:19
[INFO] [stdout]      |
[INFO] [stdout] 1144 |         let dir = fs_squashfs_test_support::ScratchDir::new("capi-chunked");
[INFO] [stdout]      |                   ^^^^^^^^^^^^^^^^^^^^^^^^ use of unresolved module or unlinked crate `fs_squashfs_test_support`
[INFO] [stdout]      |
[INFO] [stdout]      = help: if you wanted to use a crate named `fs_squashfs_test_support`, use `cargo add fs_squashfs_test_support` to add it to your `Cargo.toml`
[INFO] [stdout] 
[INFO] [stdout] 
[INFO] [stdout] Some errors have detailed explanations: E0432, E0433.
[INFO] [stdout] 
[INFO] [stdout] For more information about an error, try `rustc --explain E0432`.
[INFO] [stdout] 
[INFO] [stderr] error: could not compile `rust-fs-squashfs` (test "kernel_readback") due to 3 previous errors
[INFO] [stdout] error[E0433]: cannot find module or crate `fs_squashfs_test_support` in this scope
[INFO] [stdout]     --> src/capi.rs:1102:19
[INFO] [stdout]      |
[INFO] [stdout] 1102 |         let out = fs_squashfs_test_support::oracle("mksquashfs")
[INFO] [stdout]      |                   ^^^^^^^^^^^^^^^^^^^^^^^^ use of unresolved module or unlinked crate `fs_squashfs_test_support`
[INFO] [stdout]      |
[INFO] [stdout]      = help: if you wanted to use a crate named `fs_squashfs_test_support`, use `cargo add fs_squashfs_test_support` to add it to your `Cargo.toml`
[INFO] [stdout] 
[INFO] [stdout] 
[INFO] [stdout] For more information about this error, try `rustc --explain E0433`.
[INFO] [stdout] 
[INFO] [stderr] error: could not compile `rust-fs-squashfs` (lib test) due to 2 previous errors
[INFO] running `Command { std: "docker" "inspect" "6694ed19ba7e1616854ac7549f89c5b6e1308d44020cbe9b856ad903bc9d9474", kill_on_drop: false }`
[INFO] running `Command { std: "docker" "rm" "-f" "6694ed19ba7e1616854ac7549f89c5b6e1308d44020cbe9b856ad903bc9d9474", kill_on_drop: false }`
[INFO] [stdout] 6694ed19ba7e1616854ac7549f89c5b6e1308d44020cbe9b856ad903bc9d9474
