[INFO] fetching crate rust-fs-ext4 0.8.0...
[INFO] testing rust-fs-ext4-0.8.0 against 1.100.0-beta.1+cargoflags=--release for beta-release-1.100-2
[INFO] extracting crate rust-fs-ext4 0.8.0 into /workspace/builds/worker-4-tc2/source
[INFO] removed /workspace/builds/worker-4-tc2/source/rust-toolchain.toml
[INFO] started tweaking crates.io crate rust-fs-ext4 0.8.0
[INFO] removed 0 missing examples
[INFO] removed 0 missing tests
[INFO] finished tweaking crates.io crate rust-fs-ext4 0.8.0
[INFO] tweaked toml for crates.io crate rust-fs-ext4 0.8.0 written to /workspace/builds/worker-4-tc2/source/Cargo.toml
[INFO] validating manifest of crates.io crate rust-fs-ext4 0.8.0 on toolchain 1.100.0-beta.1
[INFO] running `Command { std: CARGO_HOME="/workspace/cargo-home" RUSTUP_HOME="/workspace/rustup-home" "/workspace/cargo-home/bin/cargo" "+1.100.0-beta.1" "metadata" "--manifest-path" "Cargo.toml" "--no-deps", kill_on_drop: false }`
[INFO] crate crates.io crate rust-fs-ext4 0.8.0 already has a lockfile, it will not be regenerated
[INFO] running `Command { std: CARGO_HOME="/workspace/cargo-home" RUSTUP_HOME="/workspace/rustup-home" "/workspace/cargo-home/bin/cargo" "+1.100.0-beta.1" "fetch" "--manifest-path" "Cargo.toml", kill_on_drop: false }`
[INFO] running `Command { std: "docker" "create" "-v" "/var/lib/crater-agent-workspace/builds/worker-4-tc2/source:/opt/rustwide/workdir:ro,Z" "-v" "/var/lib/crater-agent-workspace/builds/worker-4-tc2/target:/opt/rustwide/target:rw,Z" "-v" "/var/lib/crater-agent-workspace/cargo-home:/opt/rustwide/cargo-home:ro,Z" "-v" "/var/lib/crater-agent-workspace/rustup-home:/opt/rustwide/rustup-home:ro,Z" "-m" "1610612736" "--network" "none" "ghcr.io/rust-lang/crates-build-env/linux@sha256:77db811e55d90add9212f6832c23229e3de5f1c1f9905e8cb07319ea15df73ac" "sleep" "infinity", kill_on_drop: false }`
[INFO] [stdout] 6cd960d0bc8b4a93d54d65fe1a3c06516a99ef30e597412da895b0372602d390
[INFO] running `Command { std: "docker" "start" "6cd960d0bc8b4a93d54d65fe1a3c06516a99ef30e597412da895b0372602d390", kill_on_drop: false }`
[INFO] running `Command { std: "docker" "inspect" "6cd960d0bc8b4a93d54d65fe1a3c06516a99ef30e597412da895b0372602d390", kill_on_drop: false }`
[INFO] running `Command { std: "docker" "exec" "-e" "SOURCE_DIR=/opt/rustwide/workdir" "-e" "CARGO_HOME=/opt/rustwide/cargo-home" "-e" "RUSTUP_HOME=/opt/rustwide/rustup-home" "-e" "CARGO_TARGET_DIR=/opt/rustwide/target" "-w" "/opt/rustwide/workdir" "--user" "0:0" "6cd960d0bc8b4a93d54d65fe1a3c06516a99ef30e597412da895b0372602d390" "/opt/rustwide/cargo-home/bin/cargo" "+1.100.0-beta.1" "metadata" "--no-deps" "--format-version=1", kill_on_drop: false }`
[INFO] running `Command { std: "docker" "inspect" "6cd960d0bc8b4a93d54d65fe1a3c06516a99ef30e597412da895b0372602d390", kill_on_drop: false }`
[INFO] running `Command { std: "docker" "exec" "-e" "SOURCE_DIR=/opt/rustwide/workdir" "-e" "CARGO_HOME=/opt/rustwide/cargo-home" "-e" "RUSTUP_HOME=/opt/rustwide/rustup-home" "-e" "CARGO_TARGET_DIR=/opt/rustwide/target" "-e" "CARGO_INCREMENTAL=0" "-e" "RUST_BACKTRACE=full" "-e" "RUSTFLAGS=--cap-lints=warn" "-e" "RUSTDOCFLAGS=--cap-lints=warn" "-w" "/opt/rustwide/workdir" "--user" "0:0" "6cd960d0bc8b4a93d54d65fe1a3c06516a99ef30e597412da895b0372602d390" "/opt/rustwide/cargo-home/bin/cargo" "+1.100.0-beta.1" "build" "--frozen" "--message-format=json" "--release", kill_on_drop: false }`
[INFO] [stderr]    Compiling semver v1.0.28
[INFO] [stderr]    Compiling tinyvec_macros v0.1.1
[INFO] [stderr]    Compiling bitflags v2.13.0
[INFO] [stderr]    Compiling rust-fs-core v0.3.1
[INFO] [stderr]    Compiling tinyvec v1.11.0
[INFO] [stderr]    Compiling rustc_version v0.4.1
[INFO] [stderr]    Compiling unicode-normalization v0.1.25
[INFO] [stderr]    Compiling crc32c v0.6.8
[INFO] [stderr]    Compiling caseless v0.2.2
[INFO] [stderr]    Compiling rust-fs-ext4 v0.8.0 (/opt/rustwide/workdir)
[INFO] [stderr]     Finished `release` profile [optimized] target(s) in 35.15s
[INFO] running `Command { std: "docker" "inspect" "6cd960d0bc8b4a93d54d65fe1a3c06516a99ef30e597412da895b0372602d390", kill_on_drop: false }`
[INFO] running `Command { std: "docker" "exec" "-e" "SOURCE_DIR=/opt/rustwide/workdir" "-e" "CARGO_HOME=/opt/rustwide/cargo-home" "-e" "RUSTUP_HOME=/opt/rustwide/rustup-home" "-e" "CARGO_TARGET_DIR=/opt/rustwide/target" "-e" "CARGO_INCREMENTAL=0" "-e" "RUST_BACKTRACE=full" "-e" "RUSTFLAGS=--cap-lints=warn" "-e" "RUSTDOCFLAGS=--cap-lints=warn" "-w" "/opt/rustwide/workdir" "--user" "0:0" "6cd960d0bc8b4a93d54d65fe1a3c06516a99ef30e597412da895b0372602d390" "/opt/rustwide/cargo-home/bin/cargo" "+1.100.0-beta.1" "test" "--frozen" "--no-run" "--message-format=json" "--release", kill_on_drop: false }`
[INFO] [stderr]    Compiling proc-macro2 v1.0.107
[INFO] [stderr]    Compiling unicode-ident v1.0.24
[INFO] [stderr]    Compiling quote v1.0.47
[INFO] [stderr]    Compiling rustversion v1.0.23
[INFO] [stderr]    Compiling autocfg v1.5.1
[INFO] [stderr]    Compiling thiserror v2.0.20
[INFO] [stderr]    Compiling foldhash v0.2.0
[INFO] [stderr]    Compiling simdutf8 v0.1.5
[INFO] [stderr]    Compiling core_detect v1.0.0
[INFO] [stderr]    Compiling arraydeque v0.5.1
[INFO] [stderr]    Compiling multiversion_no_op v1.0.0
[INFO] [stderr]    Compiling cfg-if v1.0.4
[INFO] [stderr]    Compiling scopeguard v1.2.0
[INFO] [stderr]    Compiling hex v0.4.3
[INFO] [stderr]    Compiling hashbrown v0.17.1
[INFO] [stderr]    Compiling num-traits v0.2.19
[INFO] [stderr]    Compiling encoding_rs v0.8.41
[INFO] [stderr]    Compiling syn v3.0.5
[INFO] [stderr]    Compiling ordered-float v5.5.0
[INFO] [stderr]    Compiling hashlink v0.12.2
[INFO] [stderr]    Compiling multiversion-macros v0.9.0
[INFO] [stderr]    Compiling thiserror-impl v2.0.20
[INFO] [stderr]    Compiling multiversion v0.9.0
[INFO] [stderr]    Compiling saphyr-parser v0.0.12
[INFO] [stderr]    Compiling saphyr v0.0.12
[INFO] [stderr]    Compiling rust-fs-ext4 v0.8.0 (/opt/rustwide/workdir)
[INFO] [stdout] error[E0433]: cannot find module or crate `fs_ext4_test_support` in this scope
[INFO] [stdout]   --> tests/extent_merge_length_limit.rs:31:16
[INFO] [stdout]    |
[INFO] [stdout] 31 |     let path = fs_ext4_test_support::temp_path!("fs_ext4_merge_limit_{}.img", std::process::id());
[INFO] [stdout]    |                ^^^^^^^^^^^^^^^^^^^^ use of unresolved module or unlinked crate `fs_ext4_test_support`
[INFO] [stdout] 
[INFO] [stdout] 
[INFO] [stdout] error[E0433]: cannot find module or crate `fs_ext4_test_support` in this scope
[INFO] [stdout]    --> tests/capi_resilience.rs:356:16
[INFO] [stdout]     |
[INFO] [stdout] 356 |     let path = fs_ext4_test_support::temp_path!("fs_ext4_ntfs_{}.img", std::process::id());
[INFO] [stdout]     |                ^^^^^^^^^^^^^^^^^^^^ use of unresolved module or unlinked crate `fs_ext4_test_support`
[INFO] [stdout] 
[INFO] [stdout] 
[INFO] [stdout] error[E0432]: unresolved import `fs_ext4_test_support`
[INFO] [stdout]   --> tests/volume_label_oracle.rs:21:5
[INFO] [stdout]    |
[INFO] [stdout] 21 | use fs_ext4_test_support::{assert_e2fsck_clean, oracle, temp_path};
[INFO] [stdout]    |     ^^^^^^^^^^^^^^^^^^^^ use of unresolved module or unlinked crate `fs_ext4_test_support`
[INFO] [stdout]    |
[INFO] [stdout]    = help: if you wanted to use a crate named `fs_ext4_test_support`, use `cargo add fs_ext4_test_support` to add it to your `Cargo.toml`
[INFO] [stdout] 
[INFO] [stdout] 
[INFO] [stdout] error[E0433]: cannot find module or crate `fs_ext4_test_support` in this scope
[INFO] [stdout]   --> tests/capi_mkdir_rmdir.rs:27:29
[INFO] [stdout]    |
[INFO] [stdout] 27 |     let dst = PathBuf::from(fs_ext4_test_support::temp_path!(
[INFO] [stdout]    |                             ^^^^^^^^^^^^^^^^^^^^ use of unresolved module or unlinked crate `fs_ext4_test_support`
[INFO] [stdout] 
[INFO] [stdout] 
[INFO] [stdout] error[E0433]: cannot find module or crate `fs_ext4_test_support` in this scope
[INFO] [stdout]   --> tests/bigalloc_read_oracle.rs:48:16
[INFO] [stdout]    |
[INFO] [stdout] 48 |     let root = fs_ext4_test_support::temp_path!("fs_ext4_{tag}_{}", std::process::id());
[INFO] [stdout]    |                ^^^^^^^^^^^^^^^^^^^^ use of unresolved module or unlinked crate `fs_ext4_test_support`
[INFO] [stdout] 
[INFO] [stdout] 
[INFO] [stdout] error[E0433]: cannot find module or crate `fs_ext4_test_support` in this scope
[INFO] [stdout]   --> tests/capi_callback_alignment_oracle.rs:19:16
[INFO] [stdout]    |
[INFO] [stdout] 19 |     let path = fs_ext4_test_support::temp_path!("fs_ext4_aligned_{}.img", std::process::id());
[INFO] [stdout]    |                ^^^^^^^^^^^^^^^^^^^^ use of unresolved module or unlinked crate `fs_ext4_test_support`
[INFO] [stdout] 
[INFO] [stdout] 
[INFO] [stdout] error[E0432]: unresolved import `fs_ext4_test_support`
[INFO] [stdout]   --> tests/cli_fs_images.rs:12:5
[INFO] [stdout]    |
[INFO] [stdout] 12 | use fs_ext4_test_support::fixture;
[INFO] [stdout]    |     ^^^^^^^^^^^^^^^^^^^^ use of unresolved module or unlinked crate `fs_ext4_test_support`
[INFO] [stdout]    |
[INFO] [stdout]    = help: if you wanted to use a crate named `fs_ext4_test_support`, use `cargo add fs_ext4_test_support` to add it to your `Cargo.toml`
[INFO] [stdout] 
[INFO] [stdout] 
[INFO] [stdout] error[E0433]: cannot find module or crate `fs_ext4_test_support` in this scope
[INFO] [stdout]   --> tests/cli_support/mod.rs:82:16
[INFO] [stdout]    |
[INFO] [stdout] 82 |     let path = fs_ext4_test_support::temp_path!("cli-{}-{n}-{tag}.img", std::process::id());
[INFO] [stdout]    |                ^^^^^^^^^^^^^^^^^^^^ use of unresolved module or unlinked crate `fs_ext4_test_support`
[INFO] [stdout] 
[INFO] [stdout] 
[INFO] [stdout] error[E0433]: cannot find module or crate `fs_ext4_test_support` in this scope
[INFO] [stdout]   --> tests/cli_support/mod.rs:48:33
[INFO] [stdout]    |
[INFO] [stdout] 48 |         let dir = PathBuf::from(fs_ext4_test_support::temp_path!(
[INFO] [stdout]    |                                 ^^^^^^^^^^^^^^^^^^^^ use of unresolved module or unlinked crate `fs_ext4_test_support`
[INFO] [stdout] 
[INFO] [stdout] 
[INFO] [stdout] error[E0433]: cannot find module or crate `fs_ext4_test_support` in this scope
[INFO] [stdout]   --> tests/descriptor_pointers_and_csum_v2_tags.rs:28:16
[INFO] [stdout]    |
[INFO] [stdout] 28 |     let path = fs_ext4_test_support::temp_path!("fs_ext4_184_{tag}_{}.img", std::process::id());
[INFO] [stdout]    |                ^^^^^^^^^^^^^^^^^^^^ use of unresolved module or unlinked crate `fs_ext4_test_support`
[INFO] [stdout] 
[INFO] [stdout] 
[INFO] [stdout] error[E0433]: cannot find module or crate `fs_ext4_test_support` in this scope
[INFO] [stdout]   --> tests/capi_unlink_errno.rs:19:29
[INFO] [stdout]    |
[INFO] [stdout] 19 |     let dst = PathBuf::from(fs_ext4_test_support::temp_path!(
[INFO] [stdout]    |                             ^^^^^^^^^^^^^^^^^^^^ use of unresolved module or unlinked crate `fs_ext4_test_support`
[INFO] [stdout] 
[INFO] [stdout] 
[INFO] [stdout] error[E0433]: cannot find module or crate `fs_ext4_test_support` in this scope
[INFO] [stdout]   --> tests/repro_no_csum_op_coverage.rs:25:9
[INFO] [stdout]    |
[INFO] [stdout] 25 |         fs_ext4_test_support::temp_path!("fs_ext4_nocsum_{tag}_{}_{n}.img", std::process::id());
[INFO] [stdout]    |         ^^^^^^^^^^^^^^^^^^^^ use of unresolved module or unlinked crate `fs_ext4_test_support`
[INFO] [stdout] 
[INFO] [stdout] 
[INFO] [stdout] error[E0433]: cannot find module or crate `fs_ext4_test_support` in this scope
[INFO] [stdout]   --> tests/capi_write_path_e2e.rs:22:29
[INFO] [stdout]    |
[INFO] [stdout] 22 |     let dst = PathBuf::from(fs_ext4_test_support::temp_path!(
[INFO] [stdout]    |                             ^^^^^^^^^^^^^^^^^^^^ use of unresolved module or unlinked crate `fs_ext4_test_support`
[INFO] [stdout] 
[INFO] [stdout] 
[INFO] [stdout] error[E0433]: cannot find module or crate `fs_ext4_test_support` in this scope
[INFO] [stdout]   --> tests/punch_unaligned_oracle.rs:22:16
[INFO] [stdout]    |
[INFO] [stdout] 22 |     let path = fs_ext4_test_support::temp_path!(
[INFO] [stdout]    |                ^^^^^^^^^^^^^^^^^^^^ use of unresolved module or unlinked crate `fs_ext4_test_support`
[INFO] [stdout] 
[INFO] [stdout] 
[INFO] [stdout] error[E0433]: cannot find module or crate `fs_ext4_test_support` in this scope
[INFO] [stdout]   --> tests/bigalloc_read_oracle.rs:68:15
[INFO] [stdout]    |
[INFO] [stdout] 68 |     let out = fs_ext4_test_support::oracle(mkfs)
[INFO] [stdout]    |               ^^^^^^^^^^^^^^^^^^^^ use of unresolved module or unlinked crate `fs_ext4_test_support`
[INFO] [stdout]    |
[INFO] [stdout]    = help: if you wanted to use a crate named `fs_ext4_test_support`, use `cargo add fs_ext4_test_support` to add it to your `Cargo.toml`
[INFO] [stdout] 
[INFO] [stdout] 
[INFO] [stdout] error[E0433]: cannot find module or crate `fs_ext4_test_support` in this scope
[INFO] [stdout]   --> tests/repro_no_csum_op_coverage.rs:23:15
[INFO] [stdout]    |
[INFO] [stdout] 23 |     let src = fs_ext4_test_support::fixture(env!("CARGO_MANIFEST_DIR"), "ext4-no-csum.img");
[INFO] [stdout]    |               ^^^^^^^^^^^^^^^^^^^^ use of unresolved module or unlinked crate `fs_ext4_test_support`
[INFO] [stdout]    |
[INFO] [stdout]    = help: if you wanted to use a crate named `fs_ext4_test_support`, use `cargo add fs_ext4_test_support` to add it to your `Cargo.toml`
[INFO] [stdout] 
[INFO] [stdout] 
[INFO] [stdout] For more information about this error, try `rustc --explain E0432`.
[INFO] [stdout] 
[INFO] [stdout] error[E0433]: cannot find module or crate `fs_ext4_test_support` in this scope
[INFO] [stdout]   --> tests/bigalloc_read_oracle.rs:96:21
[INFO] [stdout]    |
[INFO] [stdout] 96 |     let reference = fs_ext4_test_support::oracle(debugfs)
[INFO] [stdout]    |                     ^^^^^^^^^^^^^^^^^^^^ use of unresolved module or unlinked crate `fs_ext4_test_support`
[INFO] [stdout]    |
[INFO] [stdout]    = help: if you wanted to use a crate named `fs_ext4_test_support`, use `cargo add fs_ext4_test_support` to add it to your `Cargo.toml`
[INFO] [stdout] 
[INFO] [stdout] 
[INFO] [stderr] error: could not compile `rust-fs-ext4` (test "volume_label_oracle") due to 1 previous error
[INFO] [stderr] warning: build failed, waiting for other jobs to finish...
[INFO] [stdout] For more information about this error, try `rustc --explain E0433`.
[INFO] [stdout] 
[INFO] [stdout] error[E0433]: cannot find module or crate `fs_ext4_test_support` in this scope
[INFO] [stdout]   --> tests/repro_no_csum_op_coverage.rs:41:5
[INFO] [stdout]    |
[INFO] [stdout] 41 |     fs_ext4_test_support::assert_e2fsck_clean(path, tag);
[INFO] [stdout]    |     ^^^^^^^^^^^^^^^^^^^^ use of unresolved module or unlinked crate `fs_ext4_test_support`
[INFO] [stdout]    |
[INFO] [stdout]    = help: if you wanted to use a crate named `fs_ext4_test_support`, use `cargo add fs_ext4_test_support` to add it to your `Cargo.toml`
[INFO] [stdout] 
[INFO] [stdout] 
[INFO] [stderr] error: could not compile `rust-fs-ext4` (test "capi_unlink_errno") due to 1 previous error
[INFO] [stdout] error[E0433]: cannot find module or crate `fs_ext4_test_support` in this scope
[INFO] [stdout]   --> tests/capi_resilience.rs:22:5
[INFO] [stdout]    |
[INFO] [stdout] 22 |     fs_ext4_test_support::fixture(env!("CARGO_MANIFEST_DIR"), "ext4-basic.img")
[INFO] [stdout]    |     ^^^^^^^^^^^^^^^^^^^^ use of unresolved module or unlinked crate `fs_ext4_test_support`
[INFO] [stdout]    |
[INFO] [stdout]    = help: if you wanted to use a crate named `fs_ext4_test_support`, use `cargo add fs_ext4_test_support` to add it to your `Cargo.toml`
[INFO] [stdout] 
[INFO] [stdout] 
[INFO] [stdout] error[E0433]: cannot find module or crate `fs_ext4_test_support` in this scope
[INFO] [stdout]   --> tests/capi_resilience.rs:40:17
[INFO] [stdout]    |
[INFO] [stdout] 40 |     let mut p = fs_ext4_test_support::temp_dir().to_path_buf();
[INFO] [stdout]    |                 ^^^^^^^^^^^^^^^^^^^^ use of unresolved module or unlinked crate `fs_ext4_test_support`
[INFO] [stdout]    |
[INFO] [stdout]    = help: if you wanted to use a crate named `fs_ext4_test_support`, use `cargo add fs_ext4_test_support` to add it to your `Cargo.toml`
[INFO] [stdout] 
[INFO] [stdout] 
[INFO] [stdout] For more information about this error, try `rustc --explain E0433`.
[INFO] [stdout] 
[INFO] [stdout] error[E0433]: cannot find module or crate `fs_ext4_test_support` in this scope
[INFO] [stdout]   --> tests/capi_xattr.rs:25:17
[INFO] [stdout]    |
[INFO] [stdout] 25 |     let image = fs_ext4_test_support::fixture(env!("CARGO_MANIFEST_DIR"), TEST_IMAGE);
[INFO] [stdout]    |                 ^^^^^^^^^^^^^^^^^^^^ use of unresolved module or unlinked crate `fs_ext4_test_support`
[INFO] [stdout]    |
[INFO] [stdout]    = help: if you wanted to use a crate named `fs_ext4_test_support`, use `cargo add fs_ext4_test_support` to add it to your `Cargo.toml`
[INFO] [stdout] 
[INFO] [stdout] 
[INFO] [stdout] error[E0433]: cannot find module or crate `fs_ext4_test_support` in this scope
[INFO] [stdout]   --> tests/capi_callback_alignment_oracle.rs:22:5
[INFO] [stdout]    |
[INFO] [stdout] 22 |     fs_ext4_test_support::assert_e2fsck_clean(&path, "sector-aligned callbacks");
[INFO] [stdout]    |     ^^^^^^^^^^^^^^^^^^^^ use of unresolved module or unlinked crate `fs_ext4_test_support`
[INFO] [stdout]    |
[INFO] [stdout]    = help: if you wanted to use a crate named `fs_ext4_test_support`, use `cargo add fs_ext4_test_support` to add it to your `Cargo.toml`
[INFO] [stdout] 
[INFO] [stdout] 
[INFO] [stderr] error: could not compile `rust-fs-ext4` (test "bigalloc_read_oracle") due to 3 previous errors
[INFO] [stdout] For more information about this error, try `rustc --explain E0433`.
[INFO] [stdout] 
[INFO] [stderr] error: could not compile `rust-fs-ext4` (test "repro_no_csum_op_coverage") due to 3 previous errors
[INFO] [stdout] For more information about this error, try `rustc --explain E0433`.
[INFO] [stdout] 
[INFO] [stderr] error: could not compile `rust-fs-ext4` (test "capi_callback_alignment_oracle") due to 2 previous errors
[INFO] [stdout] error[E0433]: cannot find module or crate `fs_ext4_test_support` in this scope
[INFO] [stdout]   --> tests/descriptor_pointers_and_csum_v2_tags.rs:32:15
[INFO] [stdout]    |
[INFO] [stdout] 32 |     let out = fs_ext4_test_support::oracle(mkfs)
[INFO] [stdout]    |               ^^^^^^^^^^^^^^^^^^^^ use of unresolved module or unlinked crate `fs_ext4_test_support`
[INFO] [stdout]    |
[INFO] [stdout]    = help: if you wanted to use a crate named `fs_ext4_test_support`, use `cargo add fs_ext4_test_support` to add it to your `Cargo.toml`
[INFO] [stdout] 
[INFO] [stdout] 
[INFO] [stdout] error[E0433]: cannot find module or crate `fs_ext4_test_support` in this scope
[INFO] [stdout]   --> tests/extent_merge_length_limit.rs:35:15
[INFO] [stdout]    |
[INFO] [stdout] 35 |     let out = fs_ext4_test_support::oracle("mkfs.ext4")
[INFO] [stdout]    |               ^^^^^^^^^^^^^^^^^^^^ use of unresolved module or unlinked crate `fs_ext4_test_support`
[INFO] [stdout]    |
[INFO] [stdout]    = help: if you wanted to use a crate named `fs_ext4_test_support`, use `cargo add fs_ext4_test_support` to add it to your `Cargo.toml`
[INFO] [stdout] 
[INFO] [stdout] 
[INFO] [stdout] For more information about this error, try `rustc --explain E0433`.
[INFO] [stdout] 
[INFO] [stderr] error: could not compile `rust-fs-ext4` (test "capi_mkdir_rmdir") due to 1 previous error
[INFO] [stdout] For more information about this error, try `rustc --explain E0433`.
[INFO] [stdout] 
[INFO] [stdout] For more information about this error, try `rustc --explain E0433`.
[INFO] [stdout] 
[INFO] [stdout] error[E0433]: cannot find module or crate `fs_ext4_test_support` in this scope
[INFO] [stdout]   --> tests/extent_merge_length_limit.rs:97:5
[INFO] [stdout]    |
[INFO] [stdout] 97 |     fs_ext4_test_support::assert_e2fsck_clean(&path, "e2fsck -fn after the preallocations");
[INFO] [stdout]    |     ^^^^^^^^^^^^^^^^^^^^ use of unresolved module or unlinked crate `fs_ext4_test_support`
[INFO] [stdout]    |
[INFO] [stdout]    = help: if you wanted to use a crate named `fs_ext4_test_support`, use `cargo add fs_ext4_test_support` to add it to your `Cargo.toml`
[INFO] [stdout] 
[INFO] [stdout] 
[INFO] [stderr] error: could not compile `rust-fs-ext4` (test "capi_xattr") due to 1 previous error
[INFO] [stderr] error: could not compile `rust-fs-ext4` (test "capi_resilience") due to 3 previous errors
[INFO] [stdout] error[E0433]: cannot find module or crate `fs_ext4_test_support` in this scope
[INFO] [stdout]   --> tests/punch_unaligned_oracle.rs:29:15
[INFO] [stdout]    |
[INFO] [stdout] 29 |     let out = fs_ext4_test_support::oracle("mkfs.ext4")
[INFO] [stdout]    |               ^^^^^^^^^^^^^^^^^^^^ use of unresolved module or unlinked crate `fs_ext4_test_support`
[INFO] [stdout]    |
[INFO] [stdout]    = help: if you wanted to use a crate named `fs_ext4_test_support`, use `cargo add fs_ext4_test_support` to add it to your `Cargo.toml`
[INFO] [stdout] 
[INFO] [stdout] 
[INFO] [stdout] error[E0433]: cannot find module or crate `fs_ext4_test_support` in this scope
[INFO] [stdout]   --> tests/punch_unaligned_oracle.rs:45:5
[INFO] [stdout]    |
[INFO] [stdout] 45 |     fs_ext4_test_support::oracle("debugfs")
[INFO] [stdout]    |     ^^^^^^^^^^^^^^^^^^^^ use of unresolved module or unlinked crate `fs_ext4_test_support`
[INFO] [stdout]    |
[INFO] [stdout]    = help: if you wanted to use a crate named `fs_ext4_test_support`, use `cargo add fs_ext4_test_support` to add it to your `Cargo.toml`
[INFO] [stdout] 
[INFO] [stdout] 
[INFO] [stdout] For more information about this error, try `rustc --explain E0433`.
[INFO] [stdout] 
[INFO] [stdout] For more information about this error, try `rustc --explain E0433`.
[INFO] [stdout] 
[INFO] [stderr] error: could not compile `rust-fs-ext4` (test "extent_merge_length_limit") due to 3 previous errors
[INFO] [stdout] For more information about this error, try `rustc --explain E0433`.
[INFO] [stdout] 
[INFO] [stderr] error: could not compile `rust-fs-ext4` (test "descriptor_pointers_and_csum_v2_tags") due to 2 previous errors
[INFO] [stderr] error: could not compile `rust-fs-ext4` (test "capi_write_path_e2e") due to 1 previous error
[INFO] [stdout] error[E0433]: cannot find module or crate `fs_ext4_test_support` in this scope
[INFO] [stdout]   --> tests/punch_unaligned_oracle.rs:87:9
[INFO] [stdout]    |
[INFO] [stdout] 87 |         fs_ext4_test_support::assert_e2fsck_clean(&path, &format!("{tag}: e2fsck -fn"));
[INFO] [stdout]    |         ^^^^^^^^^^^^^^^^^^^^ use of unresolved module or unlinked crate `fs_ext4_test_support`
[INFO] [stdout]    |
[INFO] [stdout]    = help: if you wanted to use a crate named `fs_ext4_test_support`, use `cargo add fs_ext4_test_support` to add it to your `Cargo.toml`
[INFO] [stdout] 
[INFO] [stdout] 
[INFO] [stdout] For more information about this error, try `rustc --explain E0433`.
[INFO] [stdout] 
[INFO] [stderr] error: could not compile `rust-fs-ext4` (test "punch_unaligned_oracle") due to 4 previous errors
[INFO] [stdout] Some errors have detailed explanations: E0432, E0433.
[INFO] [stdout] 
[INFO] [stdout] For more information about an error, try `rustc --explain E0432`.
[INFO] [stdout] 
[INFO] [stderr] error: could not compile `rust-fs-ext4` (test "cli_fs_images") due to 3 previous errors
[INFO] running `Command { std: "docker" "inspect" "6cd960d0bc8b4a93d54d65fe1a3c06516a99ef30e597412da895b0372602d390", kill_on_drop: false }`
[INFO] running `Command { std: "docker" "rm" "-f" "6cd960d0bc8b4a93d54d65fe1a3c06516a99ef30e597412da895b0372602d390", kill_on_drop: false }`
[INFO] [stdout] 6cd960d0bc8b4a93d54d65fe1a3c06516a99ef30e597412da895b0372602d390
