[INFO] fetching crate rust-fs-erofs 0.4.1...
[INFO] testing rust-fs-erofs-0.4.1 against 1.100.0-beta.1+cargoflags=--release for beta-release-1.100-2
[INFO] extracting crate rust-fs-erofs 0.4.1 into /workspace/builds/worker-7-tc2/source
[INFO] removed /workspace/builds/worker-7-tc2/source/rust-toolchain.toml
[INFO] started tweaking crates.io crate rust-fs-erofs 0.4.1
[INFO] removed 0 missing tests
[INFO] finished tweaking crates.io crate rust-fs-erofs 0.4.1
[INFO] tweaked toml for crates.io crate rust-fs-erofs 0.4.1 written to /workspace/builds/worker-7-tc2/source/Cargo.toml
[INFO] validating manifest of crates.io crate rust-fs-erofs 0.4.1 on toolchain 1.100.0-beta.1
[INFO] running `Command { std: CARGO_HOME="/workspace/cargo-home" RUSTUP_HOME="/workspace/rustup-home" "/workspace/cargo-home/bin/cargo" "+1.100.0-beta.1" "metadata" "--manifest-path" "Cargo.toml" "--no-deps", kill_on_drop: false }`
[INFO] crate crates.io crate rust-fs-erofs 0.4.1 already has a lockfile, it will not be regenerated
[INFO] running `Command { std: CARGO_HOME="/workspace/cargo-home" RUSTUP_HOME="/workspace/rustup-home" "/workspace/cargo-home/bin/cargo" "+1.100.0-beta.1" "fetch" "--manifest-path" "Cargo.toml", kill_on_drop: false }`
[INFO] running `Command { std: "docker" "create" "-v" "/var/lib/crater-agent-workspace/builds/worker-7-tc2/source:/opt/rustwide/workdir:ro,Z" "-v" "/var/lib/crater-agent-workspace/builds/worker-7-tc2/target:/opt/rustwide/target:rw,Z" "-v" "/var/lib/crater-agent-workspace/cargo-home:/opt/rustwide/cargo-home:ro,Z" "-v" "/var/lib/crater-agent-workspace/rustup-home:/opt/rustwide/rustup-home:ro,Z" "-m" "1610612736" "--network" "none" "ghcr.io/rust-lang/crates-build-env/linux@sha256:77db811e55d90add9212f6832c23229e3de5f1c1f9905e8cb07319ea15df73ac" "sleep" "infinity", kill_on_drop: false }`
[INFO] [stdout] f2fbbf04fb7260eea96afb0fb64637deb4bab14a6cfeeb8602e8f47f544d99b3
[INFO] running `Command { std: "docker" "start" "f2fbbf04fb7260eea96afb0fb64637deb4bab14a6cfeeb8602e8f47f544d99b3", kill_on_drop: false }`
[INFO] running `Command { std: "docker" "inspect" "f2fbbf04fb7260eea96afb0fb64637deb4bab14a6cfeeb8602e8f47f544d99b3", kill_on_drop: false }`
[INFO] running `Command { std: "docker" "exec" "-e" "SOURCE_DIR=/opt/rustwide/workdir" "-e" "CARGO_HOME=/opt/rustwide/cargo-home" "-e" "RUSTUP_HOME=/opt/rustwide/rustup-home" "-e" "CARGO_TARGET_DIR=/opt/rustwide/target" "-w" "/opt/rustwide/workdir" "--user" "0:0" "f2fbbf04fb7260eea96afb0fb64637deb4bab14a6cfeeb8602e8f47f544d99b3" "/opt/rustwide/cargo-home/bin/cargo" "+1.100.0-beta.1" "metadata" "--no-deps" "--format-version=1", kill_on_drop: false }`
[INFO] running `Command { std: "docker" "inspect" "f2fbbf04fb7260eea96afb0fb64637deb4bab14a6cfeeb8602e8f47f544d99b3", kill_on_drop: false }`
[INFO] running `Command { std: "docker" "exec" "-e" "SOURCE_DIR=/opt/rustwide/workdir" "-e" "CARGO_HOME=/opt/rustwide/cargo-home" "-e" "RUSTUP_HOME=/opt/rustwide/rustup-home" "-e" "CARGO_TARGET_DIR=/opt/rustwide/target" "-e" "CARGO_INCREMENTAL=0" "-e" "RUST_BACKTRACE=full" "-e" "RUSTFLAGS=--cap-lints=warn" "-e" "RUSTDOCFLAGS=--cap-lints=warn" "-w" "/opt/rustwide/workdir" "--user" "0:0" "f2fbbf04fb7260eea96afb0fb64637deb4bab14a6cfeeb8602e8f47f544d99b3" "/opt/rustwide/cargo-home/bin/cargo" "+1.100.0-beta.1" "build" "--frozen" "--message-format=json" "--release", kill_on_drop: false }`
[INFO] [stderr]    Compiling semver v1.0.28
[INFO] [stderr]    Compiling crc32fast v1.5.0
[INFO] [stderr]    Compiling crc-catalog v2.5.0
[INFO] [stderr]    Compiling adler2 v2.0.1
[INFO] [stderr]    Compiling cfg-if v1.0.4
[INFO] [stderr]    Compiling simd-adler32 v0.3.9
[INFO] [stderr]    Compiling foldhash v0.1.5
[INFO] [stderr]    Compiling allocator-api2 v0.2.21
[INFO] [stderr]    Compiling equivalent v1.0.2
[INFO] [stderr]    Compiling twox-hash v2.1.2
[INFO] [stderr]    Compiling byteorder v1.5.0
[INFO] [stderr]    Compiling rust-fs-core v0.3.9
[INFO] [stderr]    Compiling lz4_flex v0.11.6
[INFO] [stderr]    Compiling ruzstd v0.8.3
[INFO] [stderr]    Compiling crc v3.4.0
[INFO] [stderr]    Compiling miniz_oxide v0.8.9
[INFO] [stderr]    Compiling rustc_version v0.4.1
[INFO] [stderr]    Compiling lzma-rs v0.3.0
[INFO] [stderr]    Compiling hashbrown v0.15.5
[INFO] [stderr]    Compiling crc32c v0.6.8
[INFO] [stderr]    Compiling flate2 v1.1.9
[INFO] [stderr]    Compiling lru v0.12.5
[INFO] [stderr]    Compiling rust-fs-erofs v0.4.1 (/opt/rustwide/workdir)
[INFO] [stderr]     Finished `release` profile [optimized] target(s) in 13.93s
[INFO] running `Command { std: "docker" "inspect" "f2fbbf04fb7260eea96afb0fb64637deb4bab14a6cfeeb8602e8f47f544d99b3", kill_on_drop: false }`
[INFO] running `Command { std: "docker" "exec" "-e" "SOURCE_DIR=/opt/rustwide/workdir" "-e" "CARGO_HOME=/opt/rustwide/cargo-home" "-e" "RUSTUP_HOME=/opt/rustwide/rustup-home" "-e" "CARGO_TARGET_DIR=/opt/rustwide/target" "-e" "CARGO_INCREMENTAL=0" "-e" "RUST_BACKTRACE=full" "-e" "RUSTFLAGS=--cap-lints=warn" "-e" "RUSTDOCFLAGS=--cap-lints=warn" "-w" "/opt/rustwide/workdir" "--user" "0:0" "f2fbbf04fb7260eea96afb0fb64637deb4bab14a6cfeeb8602e8f47f544d99b3" "/opt/rustwide/cargo-home/bin/cargo" "+1.100.0-beta.1" "test" "--frozen" "--no-run" "--message-format=json" "--release", kill_on_drop: false }`
[INFO] [stderr]    Compiling proc-macro2 v1.0.106
[INFO] [stderr]    Compiling unicode-ident v1.0.24
[INFO] [stderr]    Compiling quote v1.0.45
[INFO] [stderr]    Compiling rustversion v1.0.23
[INFO] [stderr]    Compiling version_check v0.9.5
[INFO] [stderr]    Compiling autocfg v1.5.1
[INFO] [stderr]    Compiling typenum v1.20.1
[INFO] [stderr]    Compiling libc v0.2.186
[INFO] [stderr]    Compiling thiserror v2.0.20
[INFO] [stderr]    Compiling foldhash v0.2.0
[INFO] [stderr]    Compiling getrandom v0.4.3
[INFO] [stderr]    Compiling twox-hash v2.1.2
[INFO] [stderr]    Compiling rustix v1.1.4
[INFO] [stderr]    Compiling multiversion_no_op v1.0.0
[INFO] [stderr]    Compiling core_detect v1.0.0
[INFO] [stderr]    Compiling scopeguard v1.2.0
[INFO] [stderr]    Compiling hashbrown v0.17.1
[INFO] [stderr]    Compiling arraydeque v0.5.1
[INFO] [stderr]    Compiling linux-raw-sys v0.12.1
[INFO] [stderr]    Compiling simdutf8 v0.1.5
[INFO] [stderr]    Compiling bitflags v2.13.0
[INFO] [stderr]    Compiling fastrand v2.4.1
[INFO] [stderr]    Compiling ruzstd v0.8.3
[INFO] [stderr]    Compiling lz4_flex v0.11.6
[INFO] [stderr]    Compiling cpufeatures v0.2.17
[INFO] [stderr]    Compiling once_cell v1.21.4
[INFO] [stderr]    Compiling generic-array v0.14.7
[INFO] [stderr]    Compiling num-traits v0.2.19
[INFO] [stderr]    Compiling encoding_rs v0.8.41
[INFO] [stderr]    Compiling hashlink v0.12.2
[INFO] [stderr]    Compiling syn v3.0.5
[INFO] [stderr]    Compiling ordered-float v5.5.0
[INFO] [stderr]    Compiling crypto-common v0.1.7
[INFO] [stderr]    Compiling block-buffer v0.10.4
[INFO] [stderr]    Compiling digest v0.10.7
[INFO] [stderr]    Compiling sha2 v0.10.9
[INFO] [stderr]    Compiling tempfile v3.27.0
[INFO] [stderr]    Compiling rust-fs-erofs v0.4.1 (/opt/rustwide/workdir)
[INFO] [stderr]    Compiling thiserror-impl v2.0.20
[INFO] [stderr]    Compiling multiversion-macros v0.9.0
[INFO] [stderr]    Compiling multiversion v0.9.0
[INFO] [stderr]    Compiling saphyr-parser v0.0.12
[INFO] [stderr]    Compiling saphyr v0.0.12
[INFO] [stdout] error[E0432]: unresolved import `fs_erofs_test_support`
[INFO] [stdout]   --> tests/common/mod.rs:15:5
[INFO] [stdout]    |
[INFO] [stdout] 15 | use fs_erofs_test_support::{oracle, ScratchDir};
[INFO] [stdout]    |     ^^^^^^^^^^^^^^^^^^^^^ use of unresolved module or unlinked crate `fs_erofs_test_support`
[INFO] [stdout]    |
[INFO] [stdout]    = help: if you wanted to use a crate named `fs_erofs_test_support`, use `cargo add fs_erofs_test_support` to add it to your `Cargo.toml`
[INFO] [stdout] 
[INFO] [stdout] 
[INFO] [stdout] error[E0433]: cannot find module or crate `fs_erofs_test_support` in this scope
[INFO] [stdout]   --> tests/cli_support/mod.rs:88:16
[INFO] [stdout]    |
[INFO] [stdout] 88 |     let path = fs_erofs_test_support::temp_path!("cli-{}-{n}-{tag}.img", std::process::id());
[INFO] [stdout]    |                ^^^^^^^^^^^^^^^^^^^^^ use of unresolved module or unlinked crate `fs_erofs_test_support`
[INFO] [stdout] 
[INFO] [stdout] 
[INFO] [stdout] error[E0433]: cannot find module or crate `fs_erofs_test_support` in this scope
[INFO] [stdout]   --> tests/cli_support/mod.rs:75:29
[INFO] [stdout]    |
[INFO] [stdout] 75 |     let dir = PathBuf::from(fs_erofs_test_support::temp_path!(
[INFO] [stdout]    |                             ^^^^^^^^^^^^^^^^^^^^^ use of unresolved module or unlinked crate `fs_erofs_test_support`
[INFO] [stdout] 
[INFO] [stdout] 
[INFO] [stdout] error[E0432]: unresolved import `fs_erofs_test_support`
[INFO] [stdout]   --> tests/common/mod.rs:15:5
[INFO] [stdout]    |
[INFO] [stdout] 15 | use fs_erofs_test_support::{oracle, ScratchDir};
[INFO] [stdout]    |     ^^^^^^^^^^^^^^^^^^^^^ use of unresolved module or unlinked crate `fs_erofs_test_support`
[INFO] [stdout]    |
[INFO] [stdout]    = help: if you wanted to use a crate named `fs_erofs_test_support`, use `cargo add fs_erofs_test_support` to add it to your `Cargo.toml`
[INFO] [stdout] 
[INFO] [stdout] 
[INFO] [stdout] error[E0433]: cannot find module or crate `fs_erofs_test_support` in this scope
[INFO] [stdout]   --> tests/cli_docs.rs:12:31
[INFO] [stdout]    |
[INFO] [stdout] 12 |     let share = PathBuf::from(fs_erofs_test_support::temp_path!(
[INFO] [stdout]    |                               ^^^^^^^^^^^^^^^^^^^^^ use of unresolved module or unlinked crate `fs_erofs_test_support`
[INFO] [stdout] 
[INFO] [stdout] 
[INFO] [stdout] error[E0433]: cannot find module or crate `fs_erofs_test_support` in this scope
[INFO] [stdout]   --> tests/cli_support/mod.rs:88:16
[INFO] [stdout]    |
[INFO] [stdout] 88 |     let path = fs_erofs_test_support::temp_path!("cli-{}-{n}-{tag}.img", std::process::id());
[INFO] [stdout]    |                ^^^^^^^^^^^^^^^^^^^^^ use of unresolved module or unlinked crate `fs_erofs_test_support`
[INFO] [stdout] 
[INFO] [stdout] 
[INFO] [stdout] error[E0433]: cannot find module or crate `fs_erofs_test_support` in this scope
[INFO] [stdout]   --> tests/cli_support/mod.rs:75:29
[INFO] [stdout]    |
[INFO] [stdout] 75 |     let dir = PathBuf::from(fs_erofs_test_support::temp_path!(
[INFO] [stdout]    |                             ^^^^^^^^^^^^^^^^^^^^^ use of unresolved module or unlinked crate `fs_erofs_test_support`
[INFO] [stdout] 
[INFO] [stdout] 
[INFO] [stdout] error[E0432]: unresolved import `fs_erofs_test_support`
[INFO] [stdout]   --> tests/fixture_matrix.rs:29:5
[INFO] [stdout]    |
[INFO] [stdout] 29 | use fs_erofs_test_support::fixture;
[INFO] [stdout]    |     ^^^^^^^^^^^^^^^^^^^^^ use of unresolved module or unlinked crate `fs_erofs_test_support`
[INFO] [stdout]    |
[INFO] [stdout]    = help: if you wanted to use a crate named `fs_erofs_test_support`, use `cargo add fs_erofs_test_support` to add it to your `Cargo.toml`
[INFO] [stdout] 
[INFO] [stdout] 
[INFO] [stdout] error[E0432]: unresolved import `fs_erofs_test_support`
[INFO] [stdout]   --> tests/common/mod.rs:15:5
[INFO] [stdout]    |
[INFO] [stdout] 15 | use fs_erofs_test_support::{oracle, ScratchDir};
[INFO] [stdout]    |     ^^^^^^^^^^^^^^^^^^^^^ use of unresolved module or unlinked crate `fs_erofs_test_support`
[INFO] [stdout]    |
[INFO] [stdout]    = help: if you wanted to use a crate named `fs_erofs_test_support`, use `cargo add fs_erofs_test_support` to add it to your `Cargo.toml`
[INFO] [stdout] 
[INFO] [stdout] 
[INFO] [stdout] error[E0432]: unresolved import `fs_erofs_test_support`
[INFO] [stdout]   --> tests/common/mod.rs:15:5
[INFO] [stdout]    |
[INFO] [stdout] 15 | use fs_erofs_test_support::{oracle, ScratchDir};
[INFO] [stdout]    |     ^^^^^^^^^^^^^^^^^^^^^ use of unresolved module or unlinked crate `fs_erofs_test_support`
[INFO] [stdout]    |
[INFO] [stdout]    = help: if you wanted to use a crate named `fs_erofs_test_support`, use `cargo add fs_erofs_test_support` to add it to your `Cargo.toml`
[INFO] [stdout] 
[INFO] [stdout] 
[INFO] [stdout] error[E0432]: unresolved import `fs_erofs_test_support`
[INFO] [stdout]   --> tests/common/mod.rs:15:5
[INFO] [stdout]    |
[INFO] [stdout] 15 | use fs_erofs_test_support::{oracle, ScratchDir};
[INFO] [stdout]    |     ^^^^^^^^^^^^^^^^^^^^^ use of unresolved module or unlinked crate `fs_erofs_test_support`
[INFO] [stdout]    |
[INFO] [stdout]    = help: if you wanted to use a crate named `fs_erofs_test_support`, use `cargo add fs_erofs_test_support` to add it to your `Cargo.toml`
[INFO] [stdout] 
[INFO] [stdout] 
[INFO] [stdout] error: couldn't find file `tests/../fuzz/shared/walk.rs`
[INFO] [stdout]   --> tests/fuzz_decoders.rs:43:1
[INFO] [stdout]    |
[INFO] [stdout] 43 | include!("../fuzz/shared/walk.rs");
[INFO] [stdout]    | ^^^^^^^^^^^^^^^^^^^^^^^^^^^^^^^^^^
[INFO] [stdout] 
[INFO] [stdout] 
[INFO] [stdout] error[E0432]: unresolved import `fs_erofs_test_support`
[INFO] [stdout]   --> tests/common/mod.rs:15:5
[INFO] [stdout]    |
[INFO] [stdout] 15 | use fs_erofs_test_support::{oracle, ScratchDir};
[INFO] [stdout]    |     ^^^^^^^^^^^^^^^^^^^^^ use of unresolved module or unlinked crate `fs_erofs_test_support`
[INFO] [stdout]    |
[INFO] [stdout]    = help: if you wanted to use a crate named `fs_erofs_test_support`, use `cargo add fs_erofs_test_support` to add it to your `Cargo.toml`
[INFO] [stdout] 
[INFO] [stdout] 
[INFO] [stdout] error[E0432]: unresolved import `fs_erofs_test_support`
[INFO] [stdout]   --> tests/cli_mkfs_oracle.rs:12:5
[INFO] [stdout]    |
[INFO] [stdout] 12 | use fs_erofs_test_support::{assert_fsck_clean, oracle};
[INFO] [stdout]    |     ^^^^^^^^^^^^^^^^^^^^^ use of unresolved module or unlinked crate `fs_erofs_test_support`
[INFO] [stdout]    |
[INFO] [stdout]    = help: if you wanted to use a crate named `fs_erofs_test_support`, use `cargo add fs_erofs_test_support` to add it to your `Cargo.toml`
[INFO] [stdout] 
[INFO] [stdout] 
[INFO] [stdout] error[E0433]: cannot find module or crate `fs_erofs_test_support` in this scope
[INFO] [stdout]   --> tests/cli_support/mod.rs:88:16
[INFO] [stdout]    |
[INFO] [stdout] 88 |     let path = fs_erofs_test_support::temp_path!("cli-{}-{n}-{tag}.img", std::process::id());
[INFO] [stdout]    |                ^^^^^^^^^^^^^^^^^^^^^ use of unresolved module or unlinked crate `fs_erofs_test_support`
[INFO] [stdout] 
[INFO] [stdout] 
[INFO] [stdout] error[E0433]: cannot find module or crate `fs_erofs_test_support` in this scope
[INFO] [stdout]   --> tests/cli_support/mod.rs:75:29
[INFO] [stdout]    |
[INFO] [stdout] 75 |     let dir = PathBuf::from(fs_erofs_test_support::temp_path!(
[INFO] [stdout]    |                             ^^^^^^^^^^^^^^^^^^^^^ use of unresolved module or unlinked crate `fs_erofs_test_support`
[INFO] [stdout] 
[INFO] [stdout] 
[INFO] [stdout] error[E0432]: unresolved import `fs_erofs_test_support`
[INFO] [stdout]   --> tests/common/mod.rs:15:5
[INFO] [stdout]    |
[INFO] [stdout] 15 | use fs_erofs_test_support::{oracle, ScratchDir};
[INFO] [stdout]    |     ^^^^^^^^^^^^^^^^^^^^^ use of unresolved module or unlinked crate `fs_erofs_test_support`
[INFO] [stdout]    |
[INFO] [stdout]    = help: if you wanted to use a crate named `fs_erofs_test_support`, use `cargo add fs_erofs_test_support` to add it to your `Cargo.toml`
[INFO] [stdout] 
[INFO] [stdout] 
[INFO] [stdout] error[E0432]: unresolved import `fs_erofs_test_support`
[INFO] [stdout]   --> tests/acl_oracle.rs:40:5
[INFO] [stdout]    |
[INFO] [stdout] 40 | use fs_erofs_test_support::{guest_kernel_acl_report, mkfs_from_guest_tree, ScratchDir};
[INFO] [stdout]    |     ^^^^^^^^^^^^^^^^^^^^^ use of unresolved module or unlinked crate `fs_erofs_test_support`
[INFO] [stdout]    |
[INFO] [stdout]    = help: if you wanted to use a crate named `fs_erofs_test_support`, use `cargo add fs_erofs_test_support` to add it to your `Cargo.toml`
[INFO] [stdout] 
[INFO] [stdout] 
[INFO] [stdout] For more information about this error, try `rustc --explain E0432`.
[INFO] [stdout] 
[INFO] [stderr] error: could not compile `rust-fs-erofs` (test "fuzz_decoders") due to 1 previous error
[INFO] [stderr] warning: build failed, waiting for other jobs to finish...
[INFO] [stderr] error: could not compile `rust-fs-erofs` (test "zero_padding_wiring") due to 1 previous error
[INFO] [stdout] error[E0432]: unresolved import `fs_erofs_test_support`
[INFO] [stdout]   --> tests/common/mod.rs:15:5
[INFO] [stdout]    |
[INFO] [stdout] 15 | use fs_erofs_test_support::{oracle, ScratchDir};
[INFO] [stdout]    |     ^^^^^^^^^^^^^^^^^^^^^ use of unresolved module or unlinked crate `fs_erofs_test_support`
[INFO] [stdout]    |
[INFO] [stdout]    = help: if you wanted to use a crate named `fs_erofs_test_support`, use `cargo add fs_erofs_test_support` to add it to your `Cargo.toml`
[INFO] [stdout] 
[INFO] [stdout] 
[INFO] [stdout] For more information about this error, try `rustc --explain E0432`.
[INFO] [stdout] 
[INFO] [stdout] Some errors have detailed explanations: E0432, E0433.
[INFO] [stdout] 
[INFO] [stdout] For more information about an error, try `rustc --explain E0432`.
[INFO] [stdout] 
[INFO] [stdout] For more information about this error, try `rustc --explain E0433`.
[INFO] [stdout] 
[INFO] [stdout] For more information about this error, try `rustc --explain E0432`.
[INFO] [stdout] 
[INFO] [stderr] error: could not compile `rust-fs-erofs` (test "cli_mkfs_oracle") due to 3 previous errors
[INFO] [stderr] error: could not compile `rust-fs-erofs` (test "lookup_allocations") due to 1 previous error
[INFO] [stderr] error: could not compile `rust-fs-erofs` (test "cli_docs") due to 3 previous errors
[INFO] [stderr] error: could not compile `rust-fs-erofs` (test "fixture_matrix") due to 2 previous errors
[INFO] [stdout] For more information about this error, try `rustc --explain E0432`.
[INFO] [stdout] 
[INFO] [stderr] error: could not compile `rust-fs-erofs` (test "data_bypasses_metadata_cache") due to 1 previous error
[INFO] [stdout] For more information about this error, try `rustc --explain E0432`.
[INFO] [stdout] 
[INFO] [stderr] error: could not compile `rust-fs-erofs` (test "large_files") due to 1 previous error
[INFO] [stdout] Some errors have detailed explanations: E0432, E0433.
[INFO] [stdout] 
[INFO] [stdout] For more information about an error, try `rustc --explain E0432`.
[INFO] [stdout] 
[INFO] [stderr] error: could not compile `rust-fs-erofs` (test "cli_fs") due to 3 previous errors
[INFO] [stdout] For more information about this error, try `rustc --explain E0432`.
[INFO] [stdout] 
[INFO] [stderr] error: could not compile `rust-fs-erofs` (test "acl_oracle") due to 2 previous errors
[INFO] [stdout] For more information about this error, try `rustc --explain E0432`.
[INFO] [stdout] 
[INFO] [stderr] error: could not compile `rust-fs-erofs` (test "round_trip") due to 1 previous error
[INFO] running `Command { std: "docker" "inspect" "f2fbbf04fb7260eea96afb0fb64637deb4bab14a6cfeeb8602e8f47f544d99b3", kill_on_drop: false }`
[INFO] running `Command { std: "docker" "rm" "-f" "f2fbbf04fb7260eea96afb0fb64637deb4bab14a6cfeeb8602e8f47f544d99b3", kill_on_drop: false }`
[INFO] [stdout] f2fbbf04fb7260eea96afb0fb64637deb4bab14a6cfeeb8602e8f47f544d99b3
