[INFO] fetching crate rust-fs-btrfs 0.10.2...
[INFO] testing rust-fs-btrfs-0.10.2 against 1.99.0-beta.8+cargoflags=--release for beta-release-1.100-2
[INFO] extracting crate rust-fs-btrfs 0.10.2 into /workspace/builds/worker-6-tc1/source
[INFO] removed /workspace/builds/worker-6-tc1/source/rust-toolchain.toml
[INFO] started tweaking crates.io crate rust-fs-btrfs 0.10.2
[INFO] removed 0 missing examples
[INFO] removed 0 missing tests
[INFO] finished tweaking crates.io crate rust-fs-btrfs 0.10.2
[INFO] tweaked toml for crates.io crate rust-fs-btrfs 0.10.2 written to /workspace/builds/worker-6-tc1/source/Cargo.toml
[INFO] validating manifest of crates.io crate rust-fs-btrfs 0.10.2 on toolchain 1.99.0-beta.8
[INFO] running `Command { std: CARGO_HOME="/workspace/cargo-home" RUSTUP_HOME="/workspace/rustup-home" "/workspace/cargo-home/bin/cargo" "+1.99.0-beta.8" "metadata" "--manifest-path" "Cargo.toml" "--no-deps", kill_on_drop: false }`
[INFO] crate crates.io crate rust-fs-btrfs 0.10.2 already has a lockfile, it will not be regenerated
[INFO] running `Command { std: CARGO_HOME="/workspace/cargo-home" RUSTUP_HOME="/workspace/rustup-home" "/workspace/cargo-home/bin/cargo" "+1.99.0-beta.8" "fetch" "--manifest-path" "Cargo.toml", kill_on_drop: false }`
[INFO] [stderr]     Updating crates.io index
[INFO] [stderr]  Downloading crates ...
[INFO] [stderr]   Downloaded multiversion-macros v0.9.0
[INFO] [stderr]   Downloaded saphyr-parser v0.0.12
[INFO] [stderr]   Downloaded multiversion v0.9.0
[INFO] [stderr]   Downloaded clap_mangen v0.2.33
[INFO] [stderr]   Downloaded saphyr v0.0.12
[INFO] [stderr]   Downloaded clap_complete v4.6.11
[INFO] [stderr]   Downloaded ruzstd v0.9.0
[INFO] [stderr]   Downloaded rust-lzo1x v0.4.0
[INFO] [stderr]   Downloaded rust-fs-core v0.3.7
[INFO] [stderr]   Downloaded encoding_rs v0.8.41
[INFO] running `Command { std: "docker" "create" "-v" "/var/lib/crater-agent-workspace/builds/worker-6-tc1/source:/opt/rustwide/workdir:ro,Z" "-v" "/var/lib/crater-agent-workspace/builds/worker-6-tc1/target:/opt/rustwide/target:rw,Z" "-v" "/var/lib/crater-agent-workspace/cargo-home:/opt/rustwide/cargo-home:ro,Z" "-v" "/var/lib/crater-agent-workspace/rustup-home:/opt/rustwide/rustup-home:ro,Z" "-m" "1610612736" "--network" "none" "ghcr.io/rust-lang/crates-build-env/linux@sha256:77db811e55d90add9212f6832c23229e3de5f1c1f9905e8cb07319ea15df73ac" "sleep" "infinity", kill_on_drop: false }`
[INFO] [stdout] b0c543957e0c1517aaac2cf0b944128cb98167b1708784afca15ead53f5c75c4
[INFO] running `Command { std: "docker" "start" "b0c543957e0c1517aaac2cf0b944128cb98167b1708784afca15ead53f5c75c4", kill_on_drop: false }`
[INFO] running `Command { std: "docker" "inspect" "b0c543957e0c1517aaac2cf0b944128cb98167b1708784afca15ead53f5c75c4", kill_on_drop: false }`
[INFO] running `Command { std: "docker" "exec" "-e" "SOURCE_DIR=/opt/rustwide/workdir" "-e" "CARGO_HOME=/opt/rustwide/cargo-home" "-e" "RUSTUP_HOME=/opt/rustwide/rustup-home" "-e" "CARGO_TARGET_DIR=/opt/rustwide/target" "-w" "/opt/rustwide/workdir" "--user" "0:0" "b0c543957e0c1517aaac2cf0b944128cb98167b1708784afca15ead53f5c75c4" "/opt/rustwide/cargo-home/bin/cargo" "+1.99.0-beta.8" "metadata" "--no-deps" "--format-version=1", kill_on_drop: false }`
[INFO] running `Command { std: "docker" "inspect" "b0c543957e0c1517aaac2cf0b944128cb98167b1708784afca15ead53f5c75c4", kill_on_drop: false }`
[INFO] running `Command { std: "docker" "exec" "-e" "SOURCE_DIR=/opt/rustwide/workdir" "-e" "CARGO_HOME=/opt/rustwide/cargo-home" "-e" "RUSTUP_HOME=/opt/rustwide/rustup-home" "-e" "CARGO_TARGET_DIR=/opt/rustwide/target" "-e" "CARGO_INCREMENTAL=0" "-e" "RUST_BACKTRACE=full" "-e" "RUSTFLAGS=--cap-lints=warn" "-e" "RUSTDOCFLAGS=--cap-lints=warn" "-w" "/opt/rustwide/workdir" "--user" "0:0" "b0c543957e0c1517aaac2cf0b944128cb98167b1708784afca15ead53f5c75c4" "/opt/rustwide/cargo-home/bin/cargo" "+1.99.0-beta.8" "build" "--frozen" "--message-format=json" "--release", kill_on_drop: false }`
[INFO] [stderr]    Compiling typenum v1.20.1
[INFO] [stderr]    Compiling semver v1.0.28
[INFO] [stderr]    Compiling adler2 v2.0.1
[INFO] [stderr]    Compiling constant_time_eq v0.4.2
[INFO] [stderr]    Compiling arrayvec v0.7.8
[INFO] [stderr]    Compiling twox-hash v2.1.3
[INFO] [stderr]    Compiling cfg-if v1.0.4
[INFO] [stderr]    Compiling cpufeatures v0.2.17
[INFO] [stderr]    Compiling rust-lzo1x v0.4.0
[INFO] [stderr]    Compiling miniz_oxide v0.9.1
[INFO] [stderr]    Compiling rust-fs-core v0.3.7
[INFO] [stderr]    Compiling ruzstd v0.9.0
[INFO] [stderr]    Compiling rustc_version v0.4.1
[INFO] [stderr]    Compiling blake2b_simd v1.0.5
[INFO] [stderr]    Compiling crc32c v0.6.8
[INFO] [stderr]    Compiling generic-array v0.14.7
[INFO] [stderr]    Compiling block-buffer v0.10.4
[INFO] [stderr]    Compiling crypto-common v0.1.7
[INFO] [stderr]    Compiling digest v0.10.7
[INFO] [stderr]    Compiling sha2 v0.10.9
[INFO] [stderr]    Compiling rust-fs-btrfs v0.10.2 (/opt/rustwide/workdir)
[INFO] [stderr]     Finished `release` profile [optimized] target(s) in 28.50s
[INFO] running `Command { std: "docker" "inspect" "b0c543957e0c1517aaac2cf0b944128cb98167b1708784afca15ead53f5c75c4", kill_on_drop: false }`
[INFO] running `Command { std: "docker" "exec" "-e" "SOURCE_DIR=/opt/rustwide/workdir" "-e" "CARGO_HOME=/opt/rustwide/cargo-home" "-e" "RUSTUP_HOME=/opt/rustwide/rustup-home" "-e" "CARGO_TARGET_DIR=/opt/rustwide/target" "-e" "CARGO_INCREMENTAL=0" "-e" "RUST_BACKTRACE=full" "-e" "RUSTFLAGS=--cap-lints=warn" "-e" "RUSTDOCFLAGS=--cap-lints=warn" "-w" "/opt/rustwide/workdir" "--user" "0:0" "b0c543957e0c1517aaac2cf0b944128cb98167b1708784afca15ead53f5c75c4" "/opt/rustwide/cargo-home/bin/cargo" "+1.99.0-beta.8" "test" "--frozen" "--no-run" "--message-format=json" "--release", kill_on_drop: false }`
[INFO] [stderr]    Compiling proc-macro2 v1.0.107
[INFO] [stderr]    Compiling quote v1.0.47
[INFO] [stderr]    Compiling rustversion v1.0.23
[INFO] [stderr]    Compiling autocfg v1.5.1
[INFO] [stderr]    Compiling thiserror v2.0.20
[INFO] [stderr]    Compiling foldhash v0.2.0
[INFO] [stderr]    Compiling core_detect v1.0.0
[INFO] [stderr]    Compiling simdutf8 v0.1.5
[INFO] [stderr]    Compiling hashbrown v0.17.1
[INFO] [stderr]    Compiling multiversion_no_op v1.0.0
[INFO] [stderr]    Compiling arraydeque v0.5.1
[INFO] [stderr]    Compiling scopeguard v1.2.0
[INFO] [stderr]    Compiling num-traits v0.2.19
[INFO] [stderr]    Compiling encoding_rs v0.8.41
[INFO] [stderr]    Compiling syn v3.0.5
[INFO] [stderr]    Compiling hashlink v0.12.2
[INFO] [stderr]    Compiling ordered-float v5.5.0
[INFO] [stderr]    Compiling thiserror-impl v2.0.20
[INFO] [stderr]    Compiling multiversion-macros v0.9.0
[INFO] [stderr]    Compiling multiversion v0.9.0
[INFO] [stderr]    Compiling saphyr-parser v0.0.12
[INFO] [stderr]    Compiling saphyr v0.0.12
[INFO] [stderr]    Compiling rust-fs-btrfs v0.10.2 (/opt/rustwide/workdir)
[INFO] [stdout] error[E0432]: unresolved import `fs_btrfs_test_support`
[INFO] [stdout]   --> tests/xattr_oracle.rs:22:5
[INFO] [stdout]    |
[INFO] [stdout] 22 | use fs_btrfs_test_support::fixture;
[INFO] [stdout]    |     ^^^^^^^^^^^^^^^^^^^^^ use of unresolved module or unlinked crate `fs_btrfs_test_support`
[INFO] [stdout]    |
[INFO] [stdout]    = help: if you wanted to use a crate named `fs_btrfs_test_support`, use `cargo add fs_btrfs_test_support` to add it to your `Cargo.toml`
[INFO] [stdout] 
[INFO] [stdout] 
[INFO] [stdout] error[E0432]: unresolved import `fs_btrfs_test_support`
[INFO] [stdout]   --> tests/commit_order.rs:27:5
[INFO] [stdout]    |
[INFO] [stdout] 27 | use fs_btrfs_test_support::fixture;
[INFO] [stdout]    |     ^^^^^^^^^^^^^^^^^^^^^ use of unresolved module or unlinked crate `fs_btrfs_test_support`
[INFO] [stdout]    |
[INFO] [stdout]    = help: if you wanted to use a crate named `fs_btrfs_test_support`, use `cargo add fs_btrfs_test_support` to add it to your `Cargo.toml`
[INFO] [stdout] 
[INFO] [stdout] 
[INFO] [stdout] error[E0432]: unresolved import `fs_btrfs_test_support`
[INFO] [stdout]   --> tests/cli_fsck_oracle.rs:21:5
[INFO] [stdout]    |
[INFO] [stdout] 21 | use fs_btrfs_test_support::{fixture, oracle};
[INFO] [stdout]    |     ^^^^^^^^^^^^^^^^^^^^^ use of unresolved module or unlinked crate `fs_btrfs_test_support`
[INFO] [stdout]    |
[INFO] [stdout]    = help: if you wanted to use a crate named `fs_btrfs_test_support`, use `cargo add fs_btrfs_test_support` to add it to your `Cargo.toml`
[INFO] [stdout] 
[INFO] [stdout] 
[INFO] [stdout] error[E0433]: cannot find module or crate `fs_btrfs_test_support` in this scope
[INFO] [stdout]   --> tests/cli_support/mod.rs:45:29
[INFO] [stdout]    |
[INFO] [stdout] 45 |     let dir = PathBuf::from(fs_btrfs_test_support::temp_path!(
[INFO] [stdout]    |                             ^^^^^^^^^^^^^^^^^^^^^ use of unresolved module or unlinked crate `fs_btrfs_test_support`
[INFO] [stdout] 
[INFO] [stdout] 
[INFO] [stdout] error[E0432]: unresolved import `fs_btrfs_test_support`
[INFO] [stdout]   --> tests/split_oracle.rs:26:5
[INFO] [stdout]    |
[INFO] [stdout] 26 | use fs_btrfs_test_support::{fixture, le32, le64};
[INFO] [stdout]    |     ^^^^^^^^^^^^^^^^^^^^^ use of unresolved module or unlinked crate `fs_btrfs_test_support`
[INFO] [stdout]    |
[INFO] [stdout]    = help: if you wanted to use a crate named `fs_btrfs_test_support`, use `cargo add fs_btrfs_test_support` to add it to your `Cargo.toml`
[INFO] [stdout] 
[INFO] [stdout] 
[INFO] [stdout] error[E0432]: unresolved import `fs_btrfs_test_support`
[INFO] [stdout]   --> tests/cow_write_oracle.rs:27:5
[INFO] [stdout]    |
[INFO] [stdout] 27 | use fs_btrfs_test_support::{
[INFO] [stdout]    |     ^^^^^^^^^^^^^^^^^^^^^ use of unresolved module or unlinked crate `fs_btrfs_test_support`
[INFO] [stdout]    |
[INFO] [stdout]    = help: if you wanted to use a crate named `fs_btrfs_test_support`, use `cargo add fs_btrfs_test_support` to add it to your `Cargo.toml`
[INFO] [stdout] 
[INFO] [stdout] 
[INFO] [stdout] For more information about this error, try `rustc --explain E0432`.
[INFO] [stdout] 
[INFO] [stderr] error: could not compile `rust-fs-btrfs` (test "xattr_oracle") due to 1 previous error
[INFO] [stderr] warning: build failed, waiting for other jobs to finish...
[INFO] [stdout] For more information about this error, try `rustc --explain E0432`.
[INFO] [stdout] 
[INFO] [stdout] For more information about this error, try `rustc --explain E0432`.
[INFO] [stdout] 
[INFO] [stderr] error: could not compile `rust-fs-btrfs` (test "cow_write_oracle") due to 1 previous error
[INFO] [stdout] For more information about this error, try `rustc --explain E0432`.
[INFO] [stdout] 
[INFO] [stderr] error: could not compile `rust-fs-btrfs` (test "commit_order") due to 1 previous error
[INFO] [stderr] error: could not compile `rust-fs-btrfs` (test "split_oracle") due to 1 previous error
[INFO] [stdout] Some errors have detailed explanations: E0432, E0433.
[INFO] [stdout] 
[INFO] [stdout] For more information about an error, try `rustc --explain E0432`.
[INFO] [stdout] 
[INFO] [stderr] error: could not compile `rust-fs-btrfs` (test "cli_fsck_oracle") due to 2 previous errors
[INFO] running `Command { std: "docker" "inspect" "b0c543957e0c1517aaac2cf0b944128cb98167b1708784afca15ead53f5c75c4", kill_on_drop: false }`
[INFO] running `Command { std: "docker" "rm" "-f" "b0c543957e0c1517aaac2cf0b944128cb98167b1708784afca15ead53f5c75c4", kill_on_drop: false }`
[INFO] [stdout] b0c543957e0c1517aaac2cf0b944128cb98167b1708784afca15ead53f5c75c4
