[INFO] fetching crate rust-ef 1.8.4...
[INFO] testing rust-ef-1.8.4 against 1.99.0-beta.8+cargoflags=--release for beta-release-1.100-2
[INFO] extracting crate rust-ef 1.8.4 into /workspace/builds/worker-3-tc1/source
[INFO] started tweaking crates.io crate rust-ef 1.8.4
[INFO] removed 0 missing tests
[INFO] finished tweaking crates.io crate rust-ef 1.8.4
[INFO] tweaked toml for crates.io crate rust-ef 1.8.4 written to /workspace/builds/worker-3-tc1/source/Cargo.toml
[INFO] validating manifest of crates.io crate rust-ef 1.8.4 on toolchain 1.99.0-beta.8
[INFO] running `Command { std: CARGO_HOME="/workspace/cargo-home" RUSTUP_HOME="/workspace/rustup-home" "/workspace/cargo-home/bin/cargo" "+1.99.0-beta.8" "metadata" "--manifest-path" "Cargo.toml" "--no-deps", kill_on_drop: false }`
[INFO] crate crates.io crate rust-ef 1.8.4 already has a lockfile, it will not be regenerated
[INFO] running `Command { std: CARGO_HOME="/workspace/cargo-home" RUSTUP_HOME="/workspace/rustup-home" "/workspace/cargo-home/bin/cargo" "+1.99.0-beta.8" "fetch" "--manifest-path" "Cargo.toml", kill_on_drop: false }`
[INFO] [stderr]     Updating crates.io index
[INFO] [stderr]  Downloading crates ...
[INFO] [stderr]   Downloaded rust-ef-macros v1.8.4
[INFO] running `Command { std: "docker" "create" "-v" "/var/lib/crater-agent-workspace/builds/worker-3-tc1/source:/opt/rustwide/workdir:ro,Z" "-v" "/var/lib/crater-agent-workspace/builds/worker-3-tc1/target:/opt/rustwide/target:rw,Z" "-v" "/var/lib/crater-agent-workspace/cargo-home:/opt/rustwide/cargo-home:ro,Z" "-v" "/var/lib/crater-agent-workspace/rustup-home:/opt/rustwide/rustup-home:ro,Z" "-m" "1610612736" "--network" "none" "ghcr.io/rust-lang/crates-build-env/linux@sha256:77db811e55d90add9212f6832c23229e3de5f1c1f9905e8cb07319ea15df73ac" "sleep" "infinity", kill_on_drop: false }`
[INFO] [stdout] 57ecf40a4c9c87e0e9e412c01e96134c595f06c71d6e141b3d9543929bc4cf0b
[INFO] running `Command { std: "docker" "start" "57ecf40a4c9c87e0e9e412c01e96134c595f06c71d6e141b3d9543929bc4cf0b", kill_on_drop: false }`
[INFO] running `Command { std: "docker" "inspect" "57ecf40a4c9c87e0e9e412c01e96134c595f06c71d6e141b3d9543929bc4cf0b", kill_on_drop: false }`
[INFO] running `Command { std: "docker" "exec" "-e" "SOURCE_DIR=/opt/rustwide/workdir" "-e" "CARGO_HOME=/opt/rustwide/cargo-home" "-e" "RUSTUP_HOME=/opt/rustwide/rustup-home" "-e" "CARGO_TARGET_DIR=/opt/rustwide/target" "-w" "/opt/rustwide/workdir" "--user" "0:0" "57ecf40a4c9c87e0e9e412c01e96134c595f06c71d6e141b3d9543929bc4cf0b" "/opt/rustwide/cargo-home/bin/cargo" "+1.99.0-beta.8" "metadata" "--no-deps" "--format-version=1", kill_on_drop: false }`
[INFO] running `Command { std: "docker" "inspect" "57ecf40a4c9c87e0e9e412c01e96134c595f06c71d6e141b3d9543929bc4cf0b", kill_on_drop: false }`
[INFO] running `Command { std: "docker" "exec" "-e" "SOURCE_DIR=/opt/rustwide/workdir" "-e" "CARGO_HOME=/opt/rustwide/cargo-home" "-e" "RUSTUP_HOME=/opt/rustwide/rustup-home" "-e" "CARGO_TARGET_DIR=/opt/rustwide/target" "-e" "CARGO_INCREMENTAL=0" "-e" "RUST_BACKTRACE=full" "-e" "RUSTFLAGS=--cap-lints=warn" "-e" "RUSTDOCFLAGS=--cap-lints=warn" "-w" "/opt/rustwide/workdir" "--user" "0:0" "57ecf40a4c9c87e0e9e412c01e96134c595f06c71d6e141b3d9543929bc4cf0b" "/opt/rustwide/cargo-home/bin/cargo" "+1.99.0-beta.8" "build" "--frozen" "--message-format=json" "--release", kill_on_drop: false }`
[INFO] [stderr]    Compiling smallvec v1.15.2
[INFO] [stderr]    Compiling syn v3.0.4
[INFO] [stderr]    Compiling syn v2.0.119
[INFO] [stderr]    Compiling inventory v0.3.24
[INFO] [stderr]    Compiling parking_lot_core v0.9.12
[INFO] [stderr]    Compiling parking_lot v0.12.5
[INFO] [stderr]    Compiling thiserror-impl v1.0.69
[INFO] [stderr]    Compiling rust-dix-macros v0.7.0
[INFO] [stderr]    Compiling rust-ef-macros v1.8.4
[INFO] [stderr]    Compiling futures-macro v0.3.34
[INFO] [stderr]    Compiling tokio-macros v2.7.2
[INFO] [stderr]    Compiling thiserror-impl v2.0.20
[INFO] [stderr]    Compiling async-trait v0.1.92
[INFO] [stderr]    Compiling tokio v1.53.1
[INFO] [stderr]    Compiling futures-util v0.3.34
[INFO] [stderr]    Compiling thiserror v1.0.69
[INFO] [stderr]    Compiling thiserror v2.0.20
[INFO] [stderr]    Compiling futures-executor v0.3.34
[INFO] [stderr]    Compiling futures v0.3.34
[INFO] [stderr]    Compiling rust-dix v0.7.0
[INFO] [stderr]    Compiling rust-ef v1.8.4 (/opt/rustwide/workdir)
[INFO] [stderr]     Finished `release` profile [optimized] target(s) in 51.01s
[INFO] running `Command { std: "docker" "inspect" "57ecf40a4c9c87e0e9e412c01e96134c595f06c71d6e141b3d9543929bc4cf0b", kill_on_drop: false }`
[INFO] running `Command { std: "docker" "exec" "-e" "SOURCE_DIR=/opt/rustwide/workdir" "-e" "CARGO_HOME=/opt/rustwide/cargo-home" "-e" "RUSTUP_HOME=/opt/rustwide/rustup-home" "-e" "CARGO_TARGET_DIR=/opt/rustwide/target" "-e" "CARGO_INCREMENTAL=0" "-e" "RUST_BACKTRACE=full" "-e" "RUSTFLAGS=--cap-lints=warn" "-e" "RUSTDOCFLAGS=--cap-lints=warn" "-w" "/opt/rustwide/workdir" "--user" "0:0" "57ecf40a4c9c87e0e9e412c01e96134c595f06c71d6e141b3d9543929bc4cf0b" "/opt/rustwide/cargo-home/bin/cargo" "+1.99.0-beta.8" "test" "--frozen" "--no-run" "--message-format=json" "--release", kill_on_drop: false }`
[INFO] [stderr]    Compiling zerocopy-derive v0.8.56
[INFO] [stderr]    Compiling serde_derive v1.0.229
[INFO] [stderr]    Compiling clap_builder v4.6.6
[INFO] [stderr]    Compiling serde_json v1.0.151
[INFO] [stderr]    Compiling itertools v0.10.5
[INFO] [stderr]    Compiling rayon v1.12.0
[INFO] [stderr]    Compiling is-terminal v0.4.17
[INFO] [stderr]    Compiling zerocopy v0.8.56
[INFO] [stderr]    Compiling criterion-plot v0.5.0
[INFO] [stderr]    Compiling clap v4.6.6
[INFO] [stderr]    Compiling serde v1.0.229
[INFO] [stderr]    Compiling tinytemplate v1.2.1
[INFO] [stderr]    Compiling half v2.7.1
[INFO] [stderr]    Compiling ciborium-ll v0.2.2
[INFO] [stderr]    Compiling ciborium v0.2.2
[INFO] [stderr]    Compiling criterion v0.5.1
[INFO] [stderr]    Compiling rust-ef v1.8.4 (/opt/rustwide/workdir)
[INFO] [stdout] error[E0432]: unresolved import `rust_ef_sqlite`
[INFO] [stdout]  --> tests/migration_cli_tests.rs:6:5
[INFO] [stdout]   |
[INFO] [stdout] 6 | use rust_ef_sqlite::SqliteProvider;
[INFO] [stdout]   |     ^^^^^^^^^^^^^^ use of unresolved module or unlinked crate `rust_ef_sqlite`
[INFO] [stdout]   |
[INFO] [stdout]   = help: if you wanted to use a crate named `rust_ef_sqlite`, use `cargo add rust_ef_sqlite` to add it to your `Cargo.toml`
[INFO] [stdout] 
[INFO] [stdout] 
[INFO] [stdout] error[E0432]: unresolved import `rust_ef_sqlite`
[INFO] [stdout]  --> tests/subquery_tests.rs:9:5
[INFO] [stdout]   |
[INFO] [stdout] 9 | use rust_ef_sqlite::DbContextOptionsBuilderExt as _;
[INFO] [stdout]   |     ^^^^^^^^^^^^^^ use of unresolved module or unlinked crate `rust_ef_sqlite`
[INFO] [stdout]   |
[INFO] [stdout]   = help: if you wanted to use a crate named `rust_ef_sqlite`, use `cargo add rust_ef_sqlite` to add it to your `Cargo.toml`
[INFO] [stdout] 
[INFO] [stdout] 
[INFO] [stdout] For more information about this error, try `rustc --explain E0432`.
[INFO] [stdout] 
[INFO] [stderr] error: could not compile `rust-ef` (test "migration_cli_tests") due to 1 previous error
[INFO] [stderr] warning: build failed, waiting for other jobs to finish...
[INFO] [stdout] error[E0432]: unresolved import `rust_ef_sqlite`
[INFO] [stdout]  --> tests/navigation_tests.rs:6:9
[INFO] [stdout]   |
[INFO] [stdout] 6 |     use rust_ef_sqlite::DbContextOptionsBuilderExt as _;
[INFO] [stdout]   |         ^^^^^^^^^^^^^^ use of unresolved module or unlinked crate `rust_ef_sqlite`
[INFO] [stdout]   |
[INFO] [stdout]   = help: if you wanted to use a crate named `rust_ef_sqlite`, use `cargo add rust_ef_sqlite` to add it to your `Cargo.toml`
[INFO] [stdout] 
[INFO] [stdout] 
[INFO] [stdout] error[E0432]: unresolved import `rust_ef_sqlite`
[INFO] [stdout]   --> tests/concurrency_tests.rs:12:5
[INFO] [stdout]    |
[INFO] [stdout] 12 | use rust_ef_sqlite::DbContextOptionsBuilderExt as _;
[INFO] [stdout]    |     ^^^^^^^^^^^^^^ use of unresolved module or unlinked crate `rust_ef_sqlite`
[INFO] [stdout]    |
[INFO] [stdout]    = help: if you wanted to use a crate named `rust_ef_sqlite`, use `cargo add rust_ef_sqlite` to add it to your `Cargo.toml`
[INFO] [stdout] 
[INFO] [stdout] 
[INFO] [stdout] error[E0432]: unresolved import `rust_ef_sqlite`
[INFO] [stdout]  --> tests/projection_typed_tests.rs:8:5
[INFO] [stdout]   |
[INFO] [stdout] 8 | use rust_ef_sqlite::DbContextOptionsBuilderExt as _;
[INFO] [stdout]   |     ^^^^^^^^^^^^^^ use of unresolved module or unlinked crate `rust_ef_sqlite`
[INFO] [stdout]   |
[INFO] [stdout]   = help: if you wanted to use a crate named `rust_ef_sqlite`, use `cargo add rust_ef_sqlite` to add it to your `Cargo.toml`
[INFO] [stdout] 
[INFO] [stdout] 
[INFO] [stdout] error[E0432]: unresolved import `rust_ef_sqlite`
[INFO] [stdout]   --> tests/linq_dsl_tests.rs:11:5
[INFO] [stdout]    |
[INFO] [stdout] 11 | use rust_ef_sqlite::DbContextOptionsBuilderExt as _;
[INFO] [stdout]    |     ^^^^^^^^^^^^^^ use of unresolved module or unlinked crate `rust_ef_sqlite`
[INFO] [stdout]    |
[INFO] [stdout]    = help: if you wanted to use a crate named `rust_ef_sqlite`, use `cargo add rust_ef_sqlite` to add it to your `Cargo.toml`
[INFO] [stdout] 
[INFO] [stdout] 
[INFO] [stdout] error[E0432]: unresolved import `rust_ef_sqlite`
[INFO] [stdout]  --> tests/cascade_save_m2m.rs:8:5
[INFO] [stdout]   |
[INFO] [stdout] 8 | use rust_ef_sqlite::DbContextOptionsBuilderExt as _;
[INFO] [stdout]   |     ^^^^^^^^^^^^^^ use of unresolved module or unlinked crate `rust_ef_sqlite`
[INFO] [stdout]   |
[INFO] [stdout]   = help: if you wanted to use a crate named `rust_ef_sqlite`, use `cargo add rust_ef_sqlite` to add it to your `Cargo.toml`
[INFO] [stdout] 
[INFO] [stdout] 
[INFO] [stdout] error[E0599]: no method named `use_sqlite_in_memory` found for struct `DbContextOptionsBuilder` in the current scope
[INFO] [stdout]   --> tests/subquery_tests.rs:40:13
[INFO] [stdout]    |
[INFO] [stdout] 40 |     builder.use_sqlite_in_memory();
[INFO] [stdout]    |             ^^^^^^^^^^^^^^^^^^^^ method not found in `DbContextOptionsBuilder`
[INFO] [stdout] 
[INFO] [stdout] 
[INFO] [stdout] error[E0599]: no method named `use_sqlite_in_memory` found for struct `DbContextOptionsBuilder` in the current scope
[INFO] [stdout]   --> tests/projection_typed_tests.rs:24:13
[INFO] [stdout]    |
[INFO] [stdout] 24 |     builder.use_sqlite_in_memory();
[INFO] [stdout]    |             ^^^^^^^^^^^^^^^^^^^^ method not found in `DbContextOptionsBuilder`
[INFO] [stdout] 
[INFO] [stdout] 
[INFO] [stdout] error[E0599]: no method named `use_sqlite_in_memory` found for struct `DbContextOptionsBuilder` in the current scope
[INFO] [stdout]   --> tests/concurrency_tests.rs:28:13
[INFO] [stdout]    |
[INFO] [stdout] 28 |     builder.use_sqlite_in_memory();
[INFO] [stdout]    |             ^^^^^^^^^^^^^^^^^^^^ method not found in `DbContextOptionsBuilder`
[INFO] [stdout] 
[INFO] [stdout] 
[INFO] [stdout] error[E0599]: no method named `use_sqlite_in_memory` found for struct `DbContextOptionsBuilder` in the current scope
[INFO] [stdout]   --> tests/navigation_tests.rs:51:17
[INFO] [stdout]    |
[INFO] [stdout] 51 |         builder.use_sqlite_in_memory();
[INFO] [stdout]    |                 ^^^^^^^^^^^^^^^^^^^^ method not found in `DbContextOptionsBuilder`
[INFO] [stdout] 
[INFO] [stdout] 
[INFO] [stdout] error[E0599]: no method named `use_sqlite_in_memory` found for struct `DbContextOptionsBuilder` in the current scope
[INFO] [stdout]    --> tests/navigation_tests.rs:104:17
[INFO] [stdout]     |
[INFO] [stdout] 104 |         builder.use_sqlite_in_memory();
[INFO] [stdout]     |                 ^^^^^^^^^^^^^^^^^^^^ method not found in `DbContextOptionsBuilder`
[INFO] [stdout] 
[INFO] [stdout] 
[INFO] [stdout] error[E0599]: no method named `use_sqlite_in_memory` found for struct `DbContextOptionsBuilder` in the current scope
[INFO] [stdout]   --> tests/linq_dsl_tests.rs:45:13
[INFO] [stdout]    |
[INFO] [stdout] 45 |     builder.use_sqlite_in_memory();
[INFO] [stdout]    |             ^^^^^^^^^^^^^^^^^^^^ method not found in `DbContextOptionsBuilder`
[INFO] [stdout] 
[INFO] [stdout] 
[INFO] [stdout] Some errors have detailed explanations: E0432, E0599.
[INFO] [stdout] 
[INFO] [stdout] For more information about an error, try `rustc --explain E0432`.
[INFO] [stdout] 
[INFO] [stderr] error: could not compile `rust-ef` (test "subquery_tests") due to 2 previous errors
[INFO] [stdout] Some errors have detailed explanations: E0432, E0599.
[INFO] [stdout] 
[INFO] [stdout] For more information about an error, try `rustc --explain E0432`.
[INFO] [stdout] 
[INFO] [stdout] Some errors have detailed explanations: E0432, E0599.
[INFO] [stdout] 
[INFO] [stdout] For more information about an error, try `rustc --explain E0432`.
[INFO] [stdout] 
[INFO] [stderr] error: could not compile `rust-ef` (test "projection_typed_tests") due to 2 previous errors
[INFO] [stderr] error: could not compile `rust-ef` (test "concurrency_tests") due to 2 previous errors
[INFO] [stdout] Some errors have detailed explanations: E0432, E0599.
[INFO] [stdout] 
[INFO] [stdout] For more information about an error, try `rustc --explain E0432`.
[INFO] [stdout] 
[INFO] [stderr] error: could not compile `rust-ef` (test "navigation_tests") due to 3 previous errors
[INFO] [stdout] error[E0599]: no method named `use_sqlite_in_memory` found for struct `DbContextOptionsBuilder` in the current scope
[INFO] [stdout]   --> tests/cascade_save_m2m.rs:13:13
[INFO] [stdout]    |
[INFO] [stdout] 13 |     builder.use_sqlite_in_memory();
[INFO] [stdout]    |             ^^^^^^^^^^^^^^^^^^^^ method not found in `DbContextOptionsBuilder`
[INFO] [stdout] 
[INFO] [stdout] 
[INFO] [stdout] Some errors have detailed explanations: E0432, E0599.
[INFO] [stdout] 
[INFO] [stdout] For more information about an error, try `rustc --explain E0432`.
[INFO] [stdout] 
[INFO] [stderr] error: could not compile `rust-ef` (test "linq_dsl_tests") due to 2 previous errors
[INFO] [stdout] error[E0599]: no method named `use_sqlite_in_memory` found for struct `DbContextOptionsBuilder` in the current scope
[INFO] [stdout]   --> tests/cascade_save_m2m.rs:66:13
[INFO] [stdout]    |
[INFO] [stdout] 66 |     builder.use_sqlite_in_memory();
[INFO] [stdout]    |             ^^^^^^^^^^^^^^^^^^^^ method not found in `DbContextOptionsBuilder`
[INFO] [stdout] 
[INFO] [stdout] 
[INFO] [stdout] Some errors have detailed explanations: E0432, E0599.
[INFO] [stdout] 
[INFO] [stdout] For more information about an error, try `rustc --explain E0432`.
[INFO] [stdout] 
[INFO] [stderr] error: could not compile `rust-ef` (test "cascade_save_m2m") due to 3 previous errors
[INFO] running `Command { std: "docker" "inspect" "57ecf40a4c9c87e0e9e412c01e96134c595f06c71d6e141b3d9543929bc4cf0b", kill_on_drop: false }`
[INFO] running `Command { std: "docker" "rm" "-f" "57ecf40a4c9c87e0e9e412c01e96134c595f06c71d6e141b3d9543929bc4cf0b", kill_on_drop: false }`
[INFO] [stdout] 57ecf40a4c9c87e0e9e412c01e96134c595f06c71d6e141b3d9543929bc4cf0b
