[INFO] fetching crate rust-doubao-watermark 1.0.3...
[INFO] testing rust-doubao-watermark-1.0.3 against 1.99.0-beta.8+cargoflags=--release for beta-release-1.100-2
[INFO] extracting crate rust-doubao-watermark 1.0.3 into /workspace/builds/worker-6-tc1/source
[INFO] started tweaking crates.io crate rust-doubao-watermark 1.0.3
[INFO] finished tweaking crates.io crate rust-doubao-watermark 1.0.3
[INFO] tweaked toml for crates.io crate rust-doubao-watermark 1.0.3 written to /workspace/builds/worker-6-tc1/source/Cargo.toml
[INFO] validating manifest of crates.io crate rust-doubao-watermark 1.0.3 on toolchain 1.99.0-beta.8
[INFO] running `Command { std: CARGO_HOME="/workspace/cargo-home" RUSTUP_HOME="/workspace/rustup-home" "/workspace/cargo-home/bin/cargo" "+1.99.0-beta.8" "metadata" "--manifest-path" "Cargo.toml" "--no-deps", kill_on_drop: false }`
[INFO] crate crates.io crate rust-doubao-watermark 1.0.3 already has a lockfile, it will not be regenerated
[INFO] running `Command { std: CARGO_HOME="/workspace/cargo-home" RUSTUP_HOME="/workspace/rustup-home" "/workspace/cargo-home/bin/cargo" "+1.99.0-beta.8" "fetch" "--manifest-path" "Cargo.toml", kill_on_drop: false }`
[INFO] [stderr]     Updating crates.io index
[INFO] [stderr]  Downloading crates ...
[INFO] [stderr]   Downloaded make-cmd v0.1.0
[INFO] [stderr]   Downloaded viuer v0.11.0
[INFO] [stderr]   Downloaded autotools v0.2.7
[INFO] [stderr]   Downloaded avif-serialize v0.8.6
[INFO] [stderr]   Downloaded rgb v0.8.52
[INFO] [stderr]   Downloaded rand_core v0.9.3
[INFO] [stderr]   Downloaded zune-core v0.5.0
[INFO] [stderr]   Downloaded ravif v0.12.0
[INFO] [stderr]   Downloaded gif v0.14.1
[INFO] [stderr]   Downloaded console v0.16.2
[INFO] [stderr]   Downloaded core2 v0.4.0
[INFO] [stderr]   Downloaded ansi_colours v1.2.3
[INFO] [stderr]   Downloaded proc-macro2 v1.0.104
[INFO] [stderr]   Downloaded bitstream-io v4.9.0
[INFO] [stderr]   Downloaded dispatch2 v0.3.0
[INFO] [stderr]   Downloaded zerocopy-derive v0.8.31
[INFO] [stderr]   Downloaded zune-jpeg v0.5.8
[INFO] [stderr]   Downloaded png v0.18.0
[INFO] [stderr]   Downloaded libfuzzer-sys v0.4.10
[INFO] [stderr]   Downloaded moxcms v0.7.11
[INFO] [stderr]   Downloaded sixel-rs v0.5.0
[INFO] [stderr]   Downloaded zerocopy v0.8.31
[INFO] [stderr]   Downloaded objc2 v0.6.3
[INFO] [stderr]   Downloaded image v0.25.9
[INFO] [stderr]   Downloaded libc v0.2.178
[INFO] [stderr]   Downloaded icy_sixel v0.1.3
[INFO] [stderr]   Downloaded tiff v0.10.3
[INFO] [stderr]   Downloaded sixel-sys v0.5.0
[INFO] running `Command { std: "docker" "create" "-v" "/var/lib/crater-agent-workspace/builds/worker-6-tc1/source:/opt/rustwide/workdir:ro,Z" "-v" "/var/lib/crater-agent-workspace/builds/worker-6-tc1/target:/opt/rustwide/target:rw,Z" "-v" "/var/lib/crater-agent-workspace/cargo-home:/opt/rustwide/cargo-home:ro,Z" "-v" "/var/lib/crater-agent-workspace/rustup-home:/opt/rustwide/rustup-home:ro,Z" "-m" "1610612736" "--network" "none" "ghcr.io/rust-lang/crates-build-env/linux@sha256:77db811e55d90add9212f6832c23229e3de5f1c1f9905e8cb07319ea15df73ac" "sleep" "infinity", kill_on_drop: false }`
[INFO] [stdout] 21bca838c2ec124983f0e33690e369cac83aa7bb2e78865bdafe67aa45d9498a
[INFO] running `Command { std: "docker" "start" "21bca838c2ec124983f0e33690e369cac83aa7bb2e78865bdafe67aa45d9498a", kill_on_drop: false }`
[INFO] running `Command { std: "docker" "inspect" "21bca838c2ec124983f0e33690e369cac83aa7bb2e78865bdafe67aa45d9498a", kill_on_drop: false }`
[INFO] running `Command { std: "docker" "exec" "-e" "SOURCE_DIR=/opt/rustwide/workdir" "-e" "CARGO_HOME=/opt/rustwide/cargo-home" "-e" "RUSTUP_HOME=/opt/rustwide/rustup-home" "-e" "CARGO_TARGET_DIR=/opt/rustwide/target" "-w" "/opt/rustwide/workdir" "--user" "0:0" "21bca838c2ec124983f0e33690e369cac83aa7bb2e78865bdafe67aa45d9498a" "/opt/rustwide/cargo-home/bin/cargo" "+1.99.0-beta.8" "metadata" "--no-deps" "--format-version=1", kill_on_drop: false }`
[INFO] running `Command { std: "docker" "inspect" "21bca838c2ec124983f0e33690e369cac83aa7bb2e78865bdafe67aa45d9498a", kill_on_drop: false }`
[INFO] running `Command { std: "docker" "exec" "-e" "SOURCE_DIR=/opt/rustwide/workdir" "-e" "CARGO_HOME=/opt/rustwide/cargo-home" "-e" "RUSTUP_HOME=/opt/rustwide/rustup-home" "-e" "CARGO_TARGET_DIR=/opt/rustwide/target" "-e" "CARGO_INCREMENTAL=0" "-e" "RUST_BACKTRACE=full" "-e" "RUSTFLAGS=--cap-lints=warn" "-e" "RUSTDOCFLAGS=--cap-lints=warn" "-w" "/opt/rustwide/workdir" "--user" "0:0" "21bca838c2ec124983f0e33690e369cac83aa7bb2e78865bdafe67aa45d9498a" "/opt/rustwide/cargo-home/bin/cargo" "+1.99.0-beta.8" "build" "--frozen" "--message-format=json" "--release", kill_on_drop: false }`
[INFO] [stderr]    Compiling proc-macro2 v1.0.104
[INFO] [stderr]    Compiling libc v0.2.178
[INFO] [stderr]    Compiling simd-adler32 v0.3.8
[INFO] [stderr]    Compiling anyhow v1.0.100
[INFO] [stderr]    Compiling zerocopy v0.8.31
[INFO] [stderr]    Compiling num-integer v0.1.46
[INFO] [stderr]    Compiling crc32fast v1.5.0
[INFO] [stderr]    Compiling rustix v1.1.3
[INFO] [stderr]    Compiling arrayvec v0.7.6
[INFO] [stderr]    Compiling miniz_oxide v0.8.9
[INFO] [stderr]    Compiling as-slice v0.2.1
[INFO] [stderr]    Compiling built v0.8.0
[INFO] [stderr]    Compiling av-scenechange v0.14.1
[INFO] [stderr]    Compiling num-bigint v0.4.6
[INFO] [stderr]    Compiling find-msvc-tools v0.1.6
[INFO] [stderr]    Compiling linux-raw-sys v0.11.0
[INFO] [stderr]    Compiling bytemuck v1.24.0
[INFO] [stderr]    Compiling quote v1.0.42
[INFO] [stderr]    Compiling rav1e v0.8.1
[INFO] [stderr]    Compiling syn v2.0.111
[INFO] [stderr]    Compiling cc v1.2.51
[INFO] [stderr]    Compiling aligned v0.4.3
[INFO] [stderr]    Compiling nom v8.0.0
[INFO] [stderr]    Compiling core2 v0.4.0
[INFO] [stderr]    Compiling y4m v0.8.0
[INFO] [stderr]    Compiling quick-error v2.0.1
[INFO] [stderr]    Compiling pastey v0.1.1
[INFO] [stderr]    Compiling bitstream-io v4.9.0
[INFO] [stderr]    Compiling flate2 v1.1.5
[INFO] [stderr]    Compiling simd_helpers v0.1.0
[INFO] [stderr]    Compiling rgb v0.8.52
[INFO] [stderr]    Compiling maybe-rayon v0.1.1
[INFO] [stderr]    Compiling itertools v0.14.0
[INFO] [stderr]    Compiling autotools v0.2.7
[INFO] [stderr]    Compiling imgref v1.12.0
[INFO] [stderr]    Compiling num-rational v0.4.2
[INFO] [stderr]    Compiling zune-core v0.4.12
[INFO] [stderr]    Compiling make-cmd v0.1.0
[INFO] [stderr]    Compiling weezl v0.1.12
[INFO] [stderr]    Compiling noop_proc_macro v0.3.0
[INFO] [stderr]    Compiling sixel-sys v0.5.0
[INFO] [stderr]    Compiling zune-jpeg v0.4.21
[INFO] [stderr]    Compiling loop9 v0.1.5
[INFO] [stderr]    Compiling parking_lot_core v0.9.12
[INFO] [stderr]    Compiling avif-serialize v0.8.6
[INFO] [stderr]    Compiling fdeflate v0.3.7
[INFO] [stderr]    Compiling zune-inflate v0.2.54
[INFO] [stderr]    Compiling pxfm v0.1.27
[INFO] [stderr]    Compiling bit_field v0.10.3
[INFO] [stderr]    Compiling lebe v0.5.3
[INFO] [stderr]    Compiling byteorder-lite v0.1.0
[INFO] [stderr]    Compiling zune-core v0.5.0
[INFO] [stderr]    Compiling color_quant v1.1.0
[INFO] [stderr]    Compiling gif v0.14.1
[INFO] [stderr]    Compiling zune-jpeg v0.5.8
[INFO] [stderr]    Compiling image-webp v0.2.4
[INFO] [stderr]    Compiling png v0.18.0
[INFO] [stderr]    Compiling parking_lot v0.12.5
[INFO] [stderr]    Compiling equator-macro v0.4.2
[INFO] [stderr]    Compiling zerocopy-derive v0.8.31
[INFO] [stderr]    Compiling equator v0.4.2
[INFO] [stderr]    Compiling aligned-vec v0.6.4
[INFO] [stderr]    Compiling v_frame v0.3.9
[INFO] [stderr]    Compiling thiserror-impl v2.0.17
[INFO] [stderr]    Compiling arg_enum_proc_macro v0.3.4
[INFO] [stderr]    Compiling profiling-procmacros v1.0.17
[INFO] [stderr]    Compiling profiling v1.0.17
[INFO] [stderr]    Compiling av1-grain v0.2.5
[INFO] [stderr]    Compiling num-derive v0.4.2
[INFO] [stderr]    Compiling fax_derive v0.2.0
[INFO] [stderr]    Compiling thiserror v2.0.17
[INFO] [stderr]    Compiling moxcms v0.7.11
[INFO] [stderr]    Compiling fax v0.2.6
[INFO] [stderr]    Compiling qoi v0.4.1
[INFO] [stderr]    Compiling gethostname v1.1.0
[INFO] [stderr]    Compiling getrandom v0.3.4
[INFO] [stderr]    Compiling x11rb-protocol v0.13.2
[INFO] [stderr]    Compiling tempfile v3.24.0
[INFO] [stderr] warning: sixel-sys@0.5.0: WITHOUT PNG
[INFO] [stderr] error: failed to run custom build command for `sixel-sys v0.5.0`
[INFO] [stderr] note: To improve backtraces for build dependencies, set the CARGO_PROFILE_RELEASE_BUILD_OVERRIDE_DEBUG=true environment variable to enable debug information generation.
[INFO] [stderr] 
[INFO] [stderr] Caused by:
[INFO] [stderr]   process didn't exit successfully: `/opt/rustwide/target/release/build/sixel-sys-a20ae78b0e03595e/build-script-build` (exit status: 101)
[INFO] [stderr]   --- stdout
[INFO] [stderr]   cargo::warning=WITHOUT PNG
[INFO] [stderr]   running: cd "/opt/rustwide/cargo-home/registry/src/index.crates.io-1949cf8c6b5b557f/sixel-sys-0.5.0/libsixel" && "sh" "-c" "exec \"$0\" \"$@\"" "autoreconf" "-ivf"
[INFO] [stderr] 
[INFO] [stderr]   --- stderr
[INFO] [stderr]   autoreconf: export WARNINGS=
[INFO] [stderr]   autoreconf: Entering directory '.'
[INFO] [stderr]   autoreconf: configure.ac: not using Gettext
[INFO] [stderr]   autoreconf: running: aclocal --force -I m4 ${ACLOCAL_FLAGS}
[INFO] [stderr]   autom4te: error: cannot create autom4te.cache in /opt/rustwide/cargo-home/registry/src/index.crates.io-1949cf8c6b5b557f/sixel-sys-0.5.0/libsixel: Read-only file system
[INFO] [stderr]   aclocal: error: /usr/bin/autom4te failed with exit status: 1
[INFO] [stderr]   autoreconf: error: aclocal failed with exit status: 1
[INFO] [stderr] 
[INFO] [stderr]   thread 'main' (1115) panicked at /opt/rustwide/cargo-home/registry/src/index.crates.io-1949cf8c6b5b557f/autotools-0.2.7/src/lib.rs:790:5:
[INFO] [stderr] 
[INFO] [stderr]   command did not execute successfully, got: exit status: 1
[INFO] [stderr] 
[INFO] [stderr]   build script failed, must exit now
[INFO] [stderr]   stack backtrace:
[INFO] [stderr]      0:     0x5ce2b65ee4d1 - <<std[70759c8f55707aa4]::sys::backtrace::BacktraceLock>::print::DisplayBacktrace as core[df12db4294e9bfd3]::fmt::Display>::fmt
[INFO] [stderr]      1:     0x5ce2b660243a - core[df12db4294e9bfd3]::fmt::write
[INFO] [stderr]      2:     0x5ce2b65f3d6c - <std[70759c8f55707aa4]::sys::stdio::unix::Stderr as core[df12db4294e9bfd3]::io::write::Write>::write_fmt
[INFO] [stderr]      3:     0x5ce2b65ce636 - std[70759c8f55707aa4]::panicking::default_hook::{closure#0}
[INFO] [stderr]      4:     0x5ce2b65e9a61 - std[70759c8f55707aa4]::panicking::default_hook
[INFO] [stderr]      5:     0x5ce2b65e9c1b - std[70759c8f55707aa4]::panicking::panic_with_hook
[INFO] [stderr]      6:     0x5ce2b65ce6e2 - std[70759c8f55707aa4]::panicking::panic_handler::{closure#0}
[INFO] [stderr]      7:     0x5ce2b65c7379 - std[70759c8f55707aa4]::sys::backtrace::__rust_end_short_backtrace::<std[70759c8f55707aa4]::panicking::panic_handler::{closure#0}, !>
[INFO] [stderr]      8:     0x5ce2b65ceefd - __rustc[8fa7c3cbc660c2b3]::rust_begin_unwind
[INFO] [stderr]      9:     0x5ce2b6602bac - core[df12db4294e9bfd3]::panicking::panic_fmt
[INFO] [stderr]     10:     0x5ce2b655cdb7 - autotools[a7e22fb0985571ea]::fail
[INFO] [stderr]     11:     0x5ce2b6560588 - <autotools[a7e22fb0985571ea]::Config>::build
[INFO] [stderr]     12:     0x5ce2b6559b62 - build_script_build[cac97f5741e804f7]::main
[INFO] [stderr]     13:     0x5ce2b655b143 - <fn() as core[df12db4294e9bfd3]::ops::function::FnOnce<()>>::call_once
[INFO] [stderr]     14:     0x5ce2b6558fd6 - std[70759c8f55707aa4]::sys::backtrace::__rust_begin_short_backtrace::<fn(), ()>
[INFO] [stderr]     15:     0x5ce2b6559029 - std[70759c8f55707aa4]::rt::lang_start::<()>::{closure#0}
[INFO] [stderr]     16:     0x5ce2b65e8d29 - std[70759c8f55707aa4]::rt::lang_start_internal
[INFO] [stderr]     17:     0x5ce2b6558ae1 - std[70759c8f55707aa4]::rt::lang_start::<()>
[INFO] [stderr]     18:     0x5ce2b655b1b5 - main
[INFO] [stderr]     19:     0x7c3415f88601 - <unknown>
[INFO] [stderr]     20:     0x7c3415f88718 - __libc_start_main
[INFO] [stderr]     21:     0x5ce2b65576a5 - _start
[INFO] [stderr]     22:                0x0 - <unknown>
[INFO] [stderr] warning: build failed, waiting for other jobs to finish...
[INFO] running `Command { std: "docker" "inspect" "21bca838c2ec124983f0e33690e369cac83aa7bb2e78865bdafe67aa45d9498a", kill_on_drop: false }`
[INFO] running `Command { std: "docker" "rm" "-f" "21bca838c2ec124983f0e33690e369cac83aa7bb2e78865bdafe67aa45d9498a", kill_on_drop: false }`
[INFO] [stdout] 21bca838c2ec124983f0e33690e369cac83aa7bb2e78865bdafe67aa45d9498a
