[INFO] fetching crate runner-manager-domain 0.4.40...
[INFO] testing runner-manager-domain-0.4.40 against 1.99.0-beta.8+cargoflags=--release for beta-release-1.100-2
[INFO] extracting crate runner-manager-domain 0.4.40 into /workspace/builds/worker-6-tc1/source
[INFO] started tweaking crates.io crate runner-manager-domain 0.4.40
[INFO] removed 0 missing tests
[INFO] finished tweaking crates.io crate runner-manager-domain 0.4.40
[INFO] tweaked toml for crates.io crate runner-manager-domain 0.4.40 written to /workspace/builds/worker-6-tc1/source/Cargo.toml
[INFO] validating manifest of crates.io crate runner-manager-domain 0.4.40 on toolchain 1.99.0-beta.8
[INFO] running `Command { std: CARGO_HOME="/workspace/cargo-home" RUSTUP_HOME="/workspace/rustup-home" "/workspace/cargo-home/bin/cargo" "+1.99.0-beta.8" "metadata" "--manifest-path" "Cargo.toml" "--no-deps", kill_on_drop: false }`
[INFO] crate crates.io crate runner-manager-domain 0.4.40 already has a lockfile, it will not be regenerated
[INFO] running `Command { std: CARGO_HOME="/workspace/cargo-home" RUSTUP_HOME="/workspace/rustup-home" "/workspace/cargo-home/bin/cargo" "+1.99.0-beta.8" "fetch" "--manifest-path" "Cargo.toml", kill_on_drop: false }`
[INFO] [stderr]  Downloading crates ...
[INFO] [stderr]   Downloaded serial_test v4.0.1
[INFO] [stderr]   Downloaded serial_test_derive v4.0.1
[INFO] [stderr]   Downloaded smallvec v1.16.0
[INFO] running `Command { std: "docker" "create" "-v" "/var/lib/crater-agent-workspace/builds/worker-6-tc1/source:/opt/rustwide/workdir:ro,Z" "-v" "/var/lib/crater-agent-workspace/builds/worker-6-tc1/target:/opt/rustwide/target:rw,Z" "-v" "/var/lib/crater-agent-workspace/cargo-home:/opt/rustwide/cargo-home:ro,Z" "-v" "/var/lib/crater-agent-workspace/rustup-home:/opt/rustwide/rustup-home:ro,Z" "-m" "1610612736" "--network" "none" "ghcr.io/rust-lang/crates-build-env/linux@sha256:77db811e55d90add9212f6832c23229e3de5f1c1f9905e8cb07319ea15df73ac" "sleep" "infinity", kill_on_drop: false }`
[INFO] [stdout] 1d59e97943d4c290c3ee89ec2e515b59f688ca4871912a8cb606d59692b135e2
[INFO] running `Command { std: "docker" "start" "1d59e97943d4c290c3ee89ec2e515b59f688ca4871912a8cb606d59692b135e2", kill_on_drop: false }`
[INFO] running `Command { std: "docker" "inspect" "1d59e97943d4c290c3ee89ec2e515b59f688ca4871912a8cb606d59692b135e2", kill_on_drop: false }`
[INFO] running `Command { std: "docker" "exec" "-e" "SOURCE_DIR=/opt/rustwide/workdir" "-e" "CARGO_HOME=/opt/rustwide/cargo-home" "-e" "RUSTUP_HOME=/opt/rustwide/rustup-home" "-e" "CARGO_TARGET_DIR=/opt/rustwide/target" "-w" "/opt/rustwide/workdir" "--user" "0:0" "1d59e97943d4c290c3ee89ec2e515b59f688ca4871912a8cb606d59692b135e2" "/opt/rustwide/cargo-home/bin/cargo" "+1.99.0-beta.8" "metadata" "--no-deps" "--format-version=1", kill_on_drop: false }`
[INFO] running `Command { std: "docker" "inspect" "1d59e97943d4c290c3ee89ec2e515b59f688ca4871912a8cb606d59692b135e2", kill_on_drop: false }`
[INFO] running `Command { std: "docker" "exec" "-e" "SOURCE_DIR=/opt/rustwide/workdir" "-e" "CARGO_HOME=/opt/rustwide/cargo-home" "-e" "RUSTUP_HOME=/opt/rustwide/rustup-home" "-e" "CARGO_TARGET_DIR=/opt/rustwide/target" "-e" "CARGO_INCREMENTAL=0" "-e" "RUST_BACKTRACE=full" "-e" "RUSTFLAGS=--cap-lints=warn" "-e" "RUSTDOCFLAGS=--cap-lints=warn" "-w" "/opt/rustwide/workdir" "--user" "0:0" "1d59e97943d4c290c3ee89ec2e515b59f688ca4871912a8cb606d59692b135e2" "/opt/rustwide/cargo-home/bin/cargo" "+1.99.0-beta.8" "build" "--frozen" "--message-format=json" "--release", kill_on_drop: false }`
[INFO] [stderr]    Compiling syn v3.0.5
[INFO] [stderr]    Compiling libc v0.2.189
[INFO] [stderr]    Compiling find-msvc-tools v0.1.12
[INFO] [stderr]    Compiling hashbrown v0.17.1
[INFO] [stderr]    Compiling syn v2.0.119
[INFO] [stderr]    Compiling thiserror v2.0.20
[INFO] [stderr]    Compiling serde_json v1.0.151
[INFO] [stderr]    Compiling fallible-streaming-iterator v0.1.9
[INFO] [stderr]    Compiling bitflags v2.13.2
[INFO] [stderr]    Compiling cc v1.4.5
[INFO] [stderr]    Compiling fallible-iterator v0.3.0
[INFO] [stderr]    Compiling smallvec v1.16.0
[INFO] [stderr]    Compiling hashlink v0.12.1
[INFO] [stderr]    Compiling getrandom v0.4.3
[INFO] [stderr]    Compiling uuid v1.26.1
[INFO] [stderr]    Compiling libsqlite3-sys v0.38.2
[INFO] [stderr]    Compiling serde_derive v1.0.229
[INFO] [stderr]    Compiling thiserror-impl v2.0.20
[INFO] [stderr]    Compiling tracing-attributes v0.1.31
[INFO] [stderr]    Compiling serde v1.0.229
[INFO] [stderr]    Compiling tracing v0.1.44
[INFO] [stderr]    Compiling chrono v0.4.45
[INFO] [stderr]    Compiling rusqlite v0.40.2
[INFO] [stderr]    Compiling runner-manager-domain v0.4.40 (/opt/rustwide/workdir)
[INFO] [stderr]     Finished `release` profile [optimized] target(s) in 2m 00s
[INFO] running `Command { std: "docker" "inspect" "1d59e97943d4c290c3ee89ec2e515b59f688ca4871912a8cb606d59692b135e2", kill_on_drop: false }`
[INFO] running `Command { std: "docker" "exec" "-e" "SOURCE_DIR=/opt/rustwide/workdir" "-e" "CARGO_HOME=/opt/rustwide/cargo-home" "-e" "RUSTUP_HOME=/opt/rustwide/rustup-home" "-e" "CARGO_TARGET_DIR=/opt/rustwide/target" "-e" "CARGO_INCREMENTAL=0" "-e" "RUST_BACKTRACE=full" "-e" "RUSTFLAGS=--cap-lints=warn" "-e" "RUSTDOCFLAGS=--cap-lints=warn" "-w" "/opt/rustwide/workdir" "--user" "0:0" "1d59e97943d4c290c3ee89ec2e515b59f688ca4871912a8cb606d59692b135e2" "/opt/rustwide/cargo-home/bin/cargo" "+1.99.0-beta.8" "test" "--frozen" "--no-run" "--message-format=json" "--release", kill_on_drop: false }`
[INFO] [stderr]    Compiling syn v3.0.5
[INFO] [stderr]    Compiling rustix v1.1.4
[INFO] [stderr]    Compiling futures-core v0.3.34
[INFO] [stderr]    Compiling uuid v1.26.1
[INFO] [stderr]    Compiling getrandom v0.3.4
[INFO] [stderr]    Compiling parking_lot_core v0.9.12
[INFO] [stderr]    Compiling mio v1.2.3
[INFO] [stderr]    Compiling console v0.16.4
[INFO] [stderr]    Compiling futures-util v0.3.34
[INFO] [stderr]    Compiling parking_lot v0.12.5
[INFO] [stderr]    Compiling tempfile v3.27.0
[INFO] [stderr]    Compiling insta v1.48.0
[INFO] [stderr]    Compiling futures-executor v0.3.34
[INFO] [stderr]    Compiling serde_derive v1.0.229
[INFO] [stderr]    Compiling thiserror-impl v2.0.20
[INFO] [stderr]    Compiling serial_test_derive v4.0.1
[INFO] [stderr]    Compiling tokio-macros v2.7.2
[INFO] [stderr]    Compiling serial_test v4.0.1
[INFO] [stderr]    Compiling tokio v1.53.1
[INFO] [stderr]    Compiling thiserror v2.0.20
[INFO] [stderr]    Compiling serde v1.0.229
[INFO] [stderr]    Compiling chrono v0.4.45
[INFO] [stderr]    Compiling rusqlite v0.40.2
[INFO] [stderr]    Compiling runner-manager-domain v0.4.40 (/opt/rustwide/workdir)
[INFO] [stdout] error[E0432]: unresolved import `runner_manager_testkit`
[INFO] [stdout]  --> tests/authentication_gate.rs:5:5
[INFO] [stdout]   |
[INFO] [stdout] 5 | use runner_manager_testkit::fixtures;
[INFO] [stdout]   |     ^^^^^^^^^^^^^^^^^^^^^^ use of unresolved module or unlinked crate `runner_manager_testkit`
[INFO] [stdout]   |
[INFO] [stdout] help: there is a crate or module with a similar name
[INFO] [stdout]   |
[INFO] [stdout] 5 - use runner_manager_testkit::fixtures;
[INFO] [stdout] 5 + use runner_manager_domain::fixtures;
[INFO] [stdout]   |
[INFO] [stdout] 
[INFO] [stdout] 
[INFO] [stdout] error[E0432]: unresolved import `runner_manager_testkit`
[INFO] [stdout]   --> tests/workspace_migration_acceptance.rs:65:5
[INFO] [stdout]    |
[INFO] [stdout] 65 | use runner_manager_testkit::fixtures;
[INFO] [stdout]    |     ^^^^^^^^^^^^^^^^^^^^^^ use of unresolved module or unlinked crate `runner_manager_testkit`
[INFO] [stdout]    |
[INFO] [stdout] help: there is a crate or module with a similar name
[INFO] [stdout]    |
[INFO] [stdout] 65 - use runner_manager_testkit::fixtures;
[INFO] [stdout] 65 + use runner_manager_domain::fixtures;
[INFO] [stdout]    |
[INFO] [stdout] 
[INFO] [stdout] 
[INFO] [stdout] For more information about this error, try `rustc --explain E0432`.
[INFO] [stdout] 
[INFO] [stdout] error[E0433]: cannot find module or crate `runner_manager_testkit` in this scope
[INFO] [stdout]   --> tests/store_journal.rs:43:5
[INFO] [stdout]    |
[INFO] [stdout] 43 | use runner_manager_testkit::clock::FakeClock;
[INFO] [stdout]    |     ^^^^^^^^^^^^^^^^^^^^^^ use of unresolved module or unlinked crate `runner_manager_testkit`
[INFO] [stdout]    |
[INFO] [stdout] help: there is a crate or module with a similar name
[INFO] [stdout]    |
[INFO] [stdout] 43 - use runner_manager_testkit::clock::FakeClock;
[INFO] [stdout] 43 + use runner_manager_domain::clock::FakeClock;
[INFO] [stdout]    |
[INFO] [stdout] 
[INFO] [stdout] 
[INFO] [stdout] error[E0432]: unresolved import `runner_manager_testkit`
[INFO] [stdout]   --> tests/store_journal.rs:44:5
[INFO] [stdout]    |
[INFO] [stdout] 44 | use runner_manager_testkit::fixtures;
[INFO] [stdout]    |     ^^^^^^^^^^^^^^^^^^^^^^ use of unresolved module or unlinked crate `runner_manager_testkit`
[INFO] [stdout]    |
[INFO] [stdout] help: there is a crate or module with a similar name
[INFO] [stdout]    |
[INFO] [stdout] 44 - use runner_manager_testkit::fixtures;
[INFO] [stdout] 44 + use runner_manager_domain::fixtures;
[INFO] [stdout]    |
[INFO] [stdout] 
[INFO] [stdout] 
[INFO] [stderr] error: could not compile `runner-manager-domain` (test "authentication_gate") due to 1 previous error
[INFO] [stderr] warning: build failed, waiting for other jobs to finish...
[INFO] [stdout] For more information about this error, try `rustc --explain E0432`.
[INFO] [stdout] 
[INFO] [stderr] error: could not compile `runner-manager-domain` (test "workspace_migration_acceptance") due to 1 previous error
[INFO] [stdout] Some errors have detailed explanations: E0432, E0433.
[INFO] [stdout] 
[INFO] [stdout] For more information about an error, try `rustc --explain E0432`.
[INFO] [stdout] 
[INFO] [stderr] error: could not compile `runner-manager-domain` (test "store_journal") due to 2 previous errors
[INFO] running `Command { std: "docker" "inspect" "1d59e97943d4c290c3ee89ec2e515b59f688ca4871912a8cb606d59692b135e2", kill_on_drop: false }`
[INFO] running `Command { std: "docker" "rm" "-f" "1d59e97943d4c290c3ee89ec2e515b59f688ca4871912a8cb606d59692b135e2", kill_on_drop: false }`
[INFO] [stdout] 1d59e97943d4c290c3ee89ec2e515b59f688ca4871912a8cb606d59692b135e2
