[INFO] fetching crate runmat-meshing-execution 0.6.2...
[INFO] testing runmat-meshing-execution-0.6.2 against 1.99.0-beta.8+cargoflags=--release for beta-release-1.100-2
[INFO] extracting crate runmat-meshing-execution 0.6.2 into /workspace/builds/worker-7-tc1/source
[INFO] started tweaking crates.io crate runmat-meshing-execution 0.6.2
[INFO] finished tweaking crates.io crate runmat-meshing-execution 0.6.2
[INFO] tweaked toml for crates.io crate runmat-meshing-execution 0.6.2 written to /workspace/builds/worker-7-tc1/source/Cargo.toml
[INFO] validating manifest of crates.io crate runmat-meshing-execution 0.6.2 on toolchain 1.99.0-beta.8
[INFO] running `Command { std: CARGO_HOME="/workspace/cargo-home" RUSTUP_HOME="/workspace/rustup-home" "/workspace/cargo-home/bin/cargo" "+1.99.0-beta.8" "metadata" "--manifest-path" "Cargo.toml" "--no-deps", kill_on_drop: false }`
[INFO] crate crates.io crate runmat-meshing-execution 0.6.2 already has a lockfile, it will not be regenerated
[INFO] running `Command { std: CARGO_HOME="/workspace/cargo-home" RUSTUP_HOME="/workspace/rustup-home" "/workspace/cargo-home/bin/cargo" "+1.99.0-beta.8" "fetch" "--manifest-path" "Cargo.toml", kill_on_drop: false }`
[INFO] [stderr] warning: Cargo.toml: only one of `license` or `license-file` is necessary
[INFO] [stderr] `license` should be used if the package license can be expressed with a standard SPDX expression.
[INFO] [stderr] `license-file` should be used if the package uses a non-standard license.
[INFO] [stderr] See https://doc.rust-lang.org/cargo/reference/manifest.html#the-license-and-license-file-fields for more information.
[INFO] [stderr] warning: `runmat-meshing-execution` (manifest) generated 1 warning
[INFO] [stderr]     Updating crates.io index
[INFO] [stderr]  Downloading crates ...
[INFO] [stderr]   Downloaded runmat-meshing-surface v0.6.2
[INFO] [stderr]   Downloaded runmat-canonical-codec v0.6.2
[INFO] [stderr]   Downloaded runmat-meshing-opt v0.6.2
[INFO] [stderr]   Downloaded runmat-meshing-plc v0.6.2
[INFO] [stderr]   Downloaded runmat-execution-runner v0.6.2
[INFO] [stderr]   Downloaded runmat-meshing-size v0.6.2
[INFO] [stderr]   Downloaded minicbor-derive v0.19.5
[INFO] [stderr]   Downloaded runmat-meshing-curve v0.6.2
[INFO] [stderr]   Downloaded runmat-meshing-cad v0.6.2
[INFO] [stderr]   Downloaded minicbor v2.3.0
[INFO] [stderr]   Downloaded runmat-execution v0.6.2
[INFO] [stderr]   Downloaded runmat-types v0.6.2
[INFO] [stderr]   Downloaded runmat-execution-artifact v0.6.2
[INFO] [stderr]   Downloaded runmat-geometry-core v0.6.2
[INFO] [stderr]   Downloaded runmat-filesystem v0.6.2
[INFO] [stderr]   Downloaded runmat-meshing-core v0.6.2
[INFO] [stderr]   Downloaded runmat-package v0.6.2
[INFO] [stderr]   Downloaded runmat-config v0.6.2
[INFO] [stderr]   Downloaded runmat-meshing-tetrahedron v0.6.2
[INFO] running `Command { std: "docker" "create" "-v" "/var/lib/crater-agent-workspace/builds/worker-7-tc1/source:/opt/rustwide/workdir:ro,Z" "-v" "/var/lib/crater-agent-workspace/builds/worker-7-tc1/target:/opt/rustwide/target:rw,Z" "-v" "/var/lib/crater-agent-workspace/cargo-home:/opt/rustwide/cargo-home:ro,Z" "-v" "/var/lib/crater-agent-workspace/rustup-home:/opt/rustwide/rustup-home:ro,Z" "-m" "1610612736" "--network" "none" "ghcr.io/rust-lang/crates-build-env/linux@sha256:77db811e55d90add9212f6832c23229e3de5f1c1f9905e8cb07319ea15df73ac" "sleep" "infinity", kill_on_drop: false }`
[INFO] [stdout] 9ee7252b76e921ed72973650d22e54e8e68fc5ae136cc07752e4766d20d80a74
[INFO] running `Command { std: "docker" "start" "9ee7252b76e921ed72973650d22e54e8e68fc5ae136cc07752e4766d20d80a74", kill_on_drop: false }`
[INFO] running `Command { std: "docker" "inspect" "9ee7252b76e921ed72973650d22e54e8e68fc5ae136cc07752e4766d20d80a74", kill_on_drop: false }`
[INFO] running `Command { std: "docker" "exec" "-e" "SOURCE_DIR=/opt/rustwide/workdir" "-e" "CARGO_HOME=/opt/rustwide/cargo-home" "-e" "RUSTUP_HOME=/opt/rustwide/rustup-home" "-e" "CARGO_TARGET_DIR=/opt/rustwide/target" "-w" "/opt/rustwide/workdir" "--user" "0:0" "9ee7252b76e921ed72973650d22e54e8e68fc5ae136cc07752e4766d20d80a74" "/opt/rustwide/cargo-home/bin/cargo" "+1.99.0-beta.8" "metadata" "--no-deps" "--format-version=1", kill_on_drop: false }`
[INFO] running `Command { std: "docker" "inspect" "9ee7252b76e921ed72973650d22e54e8e68fc5ae136cc07752e4766d20d80a74", kill_on_drop: false }`
[INFO] running `Command { std: "docker" "exec" "-e" "SOURCE_DIR=/opt/rustwide/workdir" "-e" "CARGO_HOME=/opt/rustwide/cargo-home" "-e" "RUSTUP_HOME=/opt/rustwide/rustup-home" "-e" "CARGO_TARGET_DIR=/opt/rustwide/target" "-e" "CARGO_INCREMENTAL=0" "-e" "RUST_BACKTRACE=full" "-e" "RUSTFLAGS=--cap-lints=warn" "-e" "RUSTDOCFLAGS=--cap-lints=warn" "-w" "/opt/rustwide/workdir" "--user" "0:0" "9ee7252b76e921ed72973650d22e54e8e68fc5ae136cc07752e4766d20d80a74" "/opt/rustwide/cargo-home/bin/cargo" "+1.99.0-beta.8" "build" "--frozen" "--message-format=json" "--release", kill_on_drop: false }`
[INFO] [stderr] warning: Cargo.toml: only one of `license` or `license-file` is necessary
[INFO] [stderr] `license` should be used if the package license can be expressed with a standard SPDX expression.
[INFO] [stderr] `license-file` should be used if the package uses a non-standard license.
[INFO] [stderr] See https://doc.rust-lang.org/cargo/reference/manifest.html#the-license-and-license-file-fields for more information.
[INFO] [stderr] warning: `runmat-meshing-execution` (manifest) generated 1 warning
[INFO] [stderr]    Compiling subtle v2.6.1
[INFO] [stderr]    Compiling syn v2.0.118
[INFO] [stderr]    Compiling serde_json v1.0.150
[INFO] [stderr]    Compiling cc v1.2.64
[INFO] [stderr]    Compiling http v1.4.2
[INFO] [stderr]    Compiling tokio v1.52.3
[INFO] [stderr]    Compiling inout v0.2.2
[INFO] [stderr]    Compiling getrandom v0.4.3
[INFO] [stderr]    Compiling universal-hash v0.6.1
[INFO] [stderr]    Compiling digest v0.11.3
[INFO] [stderr]    Compiling curve25519-dalek v5.0.0
[INFO] [stderr]    Compiling robust v1.2.0
[INFO] [stderr]    Compiling dirs-sys v0.4.1
[INFO] [stderr]    Compiling clap_builder v4.6.0
[INFO] [stderr]    Compiling semver v1.0.28
[INFO] [stderr]    Compiling ff v0.13.1
[INFO] [stderr]    Compiling cipher v0.5.2
[INFO] [stderr]    Compiling polyval v0.7.3
[INFO] [stderr]    Compiling aead v0.6.1
[INFO] [stderr]    Compiling group v0.13.0
[INFO] [stderr]    Compiling hmac v0.13.0
[INFO] [stderr]    Compiling sha2 v0.11.0
[INFO] [stderr]    Compiling uuid v1.23.3
[INFO] [stderr]    Compiling ghash v0.6.0
[INFO] [stderr]    Compiling dirs v5.0.1
[INFO] [stderr]    Compiling hkdf v0.13.0
[INFO] [stderr]    Compiling ctr v0.10.1
[INFO] [stderr]    Compiling aes v0.9.2
[INFO] [stderr]    Compiling http-body v1.0.1
[INFO] [stderr]    Compiling http-body-util v0.1.3
[INFO] [stderr]    Compiling aes-gcm v0.11.0
[INFO] [stderr]    Compiling ring v0.17.14
[INFO] [stderr]    Compiling synstructure v0.13.2
[INFO] [stderr]    Compiling zeroize_derive v1.5.0
[INFO] [stderr]    Compiling serde_derive v1.0.228
[INFO] [stderr]    Compiling zerofrom-derive v0.1.7
[INFO] [stderr]    Compiling yoke-derive v0.8.2
[INFO] [stderr]    Compiling zerovec-derive v0.11.3
[INFO] [stderr]    Compiling displaydoc v0.2.6
[INFO] [stderr]    Compiling minicbor-derive v0.19.5
[INFO] [stderr]    Compiling futures-macro v0.3.32
[INFO] [stderr]    Compiling curve25519-dalek-derive v0.1.1
[INFO] [stderr]    Compiling thiserror-impl v1.0.69
[INFO] [stderr]    Compiling hyper v1.10.1
[INFO] [stderr]    Compiling zeroize v1.9.0
[INFO] [stderr]    Compiling async-trait v0.1.89
[INFO] [stderr]    Compiling clap_derive v4.6.1
[INFO] [stderr]    Compiling generic-array v0.14.7
[INFO] [stderr]    Compiling rustls-pki-types v1.14.1
[INFO] [stderr]    Compiling futures-util v0.3.32
[INFO] [stderr]    Compiling der v0.7.10
[INFO] [stderr]    Compiling thiserror v1.0.69
[INFO] [stderr]    Compiling x25519-dalek v3.0.0
[INFO] [stderr]    Compiling hpke v0.14.0
[INFO] [stderr]    Compiling zerofrom v0.1.8
[INFO] [stderr]    Compiling yoke v0.8.3
[INFO] [stderr]    Compiling webpki-roots v1.0.8
[INFO] [stderr]    Compiling crypto-common v0.1.7
[INFO] [stderr]    Compiling block-buffer v0.10.4
[INFO] [stderr]    Compiling zerovec v0.11.6
[INFO] [stderr]    Compiling zerotrie v0.2.4
[INFO] [stderr]    Compiling crypto-bigint v0.5.5
[INFO] [stderr]    Compiling inout v0.1.4
[INFO] [stderr]    Compiling digest v0.10.7
[INFO] [stderr]    Compiling cipher v0.4.4
[INFO] [stderr]    Compiling universal-hash v0.5.1
[INFO] [stderr]    Compiling polyval v0.6.2
[INFO] [stderr]    Compiling aead v0.5.2
[INFO] [stderr]    Compiling sha2 v0.10.9
[INFO] [stderr]    Compiling signature v2.2.0
[INFO] [stderr]    Compiling hmac v0.12.1
[INFO] [stderr]    Compiling ed25519 v2.2.3
[INFO] [stderr]    Compiling curve25519-dalek v4.1.3
[INFO] [stderr]    Compiling rfc6979 v0.4.0
[INFO] [stderr]    Compiling ctr v0.9.2
[INFO] [stderr]    Compiling aes v0.8.4
[INFO] [stderr]    Compiling clap v4.6.1
[INFO] [stderr]    Compiling ghash v0.5.1
[INFO] [stderr]    Compiling hkdf v0.12.4
[INFO] [stderr]    Compiling tinystr v0.8.3
[INFO] [stderr]    Compiling potential_utf v0.1.5
[INFO] [stderr]    Compiling icu_locale_core v2.2.0
[INFO] [stderr]    Compiling icu_collections v2.2.0
[INFO] [stderr]    Compiling spki v0.7.3
[INFO] [stderr]    Compiling aes-gcm v0.10.3
[INFO] [stderr]    Compiling minicbor v2.3.0
[INFO] [stderr]    Compiling pkcs8 v0.10.2
[INFO] [stderr]    Compiling sec1 v0.7.3
[INFO] [stderr]    Compiling elliptic-curve v0.13.8
[INFO] [stderr]    Compiling ed25519-dalek v2.2.0
[INFO] [stderr]    Compiling hyper-util v0.1.20
[INFO] [stderr]    Compiling tower v0.5.3
[INFO] [stderr]    Compiling futures-executor v0.3.32
[INFO] [stderr]    Compiling primeorder v0.13.6
[INFO] [stderr]    Compiling ecdsa v0.16.9
[INFO] [stderr]    Compiling futures v0.3.32
[INFO] [stderr]    Compiling serde v1.0.228
[INFO] [stderr]    Compiling icu_provider v2.2.0
[INFO] [stderr]    Compiling serde_urlencoded v0.7.1
[INFO] [stderr]    Compiling toml_datetime v0.6.11
[INFO] [stderr]    Compiling serde_spanned v0.6.9
[INFO] [stderr]    Compiling chrono v0.4.45
[INFO] [stderr]    Compiling runmat-types v0.6.2
[INFO] [stderr]    Compiling runmat-meshing-opt v0.6.2
[INFO] [stderr]    Compiling icu_normalizer v2.2.0
[INFO] [stderr]    Compiling icu_properties v2.2.0
[INFO] [stderr]    Compiling toml_edit v0.22.27
[INFO] [stderr]    Compiling p256 v0.13.2
[INFO] [stderr]    Compiling runmat-canonical-codec v0.6.2
[INFO] [stderr]    Compiling runmat-geometry-core v0.6.2
[INFO] [stderr]    Compiling idna_adapter v1.2.2
[INFO] [stderr]    Compiling idna v1.1.0
[INFO] [stderr]    Compiling url v2.5.8
[INFO] [stderr]    Compiling tower-http v0.6.11
[INFO] [stderr]    Compiling toml v0.8.23
[INFO] [stderr]    Compiling rustls v0.23.40
[INFO] [stderr]    Compiling rustls-webpki v0.103.13
[INFO] [stderr]    Compiling runmat-execution v0.6.2
[INFO] [stderr]    Compiling runmat-meshing-size v0.6.2
[INFO] [stderr]    Compiling runmat-meshing-cad v0.6.2
[INFO] [stderr]    Compiling runmat-meshing-core v0.6.2
[INFO] [stderr]    Compiling tokio-rustls v0.26.4
[INFO] [stderr]    Compiling hyper-rustls v0.27.9
[INFO] [stderr]    Compiling reqwest v0.12.28
[INFO] [stderr]    Compiling runmat-execution-runner v0.6.2
[INFO] [stderr]    Compiling runmat-filesystem v0.6.2
[INFO] [stderr]    Compiling runmat-config v0.6.2
[INFO] [stderr]    Compiling runmat-meshing-curve v0.6.2
[INFO] [stderr]    Compiling runmat-meshing-plc v0.6.2
[INFO] [stderr]    Compiling runmat-package v0.6.2
[INFO] [stderr]    Compiling runmat-meshing-surface v0.6.2
[INFO] [stderr]    Compiling runmat-execution-artifact v0.6.2
[INFO] [stderr]    Compiling runmat-meshing-tetrahedron v0.6.2
[INFO] [stderr]    Compiling runmat-meshing-execution v0.6.2 (/opt/rustwide/workdir)
[INFO] [stdout] warning: use of deprecated method `std::sync::atomic::Atomic::<u64>::fetch_update`: renamed to `try_update` for consistency
[INFO] [stdout]   --> src/geometry_control.rs:71:14
[INFO] [stdout]    |
[INFO] [stdout] 71 |             .fetch_update(Ordering::Relaxed, Ordering::Relaxed, |current| {
[INFO] [stdout]    |              ^^^^^^^^^^^^
[INFO] [stdout]    |
[INFO] [stdout]    = note: `#[warn(deprecated)]` on by default
[INFO] [stdout] help: replace the use of the deprecated method
[INFO] [stdout]    |
[INFO] [stdout] 71 -             .fetch_update(Ordering::Relaxed, Ordering::Relaxed, |current| {
[INFO] [stdout] 71 +             .try_update(Ordering::Relaxed, Ordering::Relaxed, |current| {
[INFO] [stdout]    |
[INFO] [stdout] 
[INFO] [stdout] 
[INFO] [stderr]     Finished `release` profile [optimized] target(s) in 2m 50s
[INFO] running `Command { std: "docker" "inspect" "9ee7252b76e921ed72973650d22e54e8e68fc5ae136cc07752e4766d20d80a74", kill_on_drop: false }`
[INFO] running `Command { std: "docker" "exec" "-e" "SOURCE_DIR=/opt/rustwide/workdir" "-e" "CARGO_HOME=/opt/rustwide/cargo-home" "-e" "RUSTUP_HOME=/opt/rustwide/rustup-home" "-e" "CARGO_TARGET_DIR=/opt/rustwide/target" "-e" "CARGO_INCREMENTAL=0" "-e" "RUST_BACKTRACE=full" "-e" "RUSTFLAGS=--cap-lints=warn" "-e" "RUSTDOCFLAGS=--cap-lints=warn" "-w" "/opt/rustwide/workdir" "--user" "0:0" "9ee7252b76e921ed72973650d22e54e8e68fc5ae136cc07752e4766d20d80a74" "/opt/rustwide/cargo-home/bin/cargo" "+1.99.0-beta.8" "test" "--frozen" "--no-run" "--message-format=json" "--release", kill_on_drop: false }`
[INFO] [stderr] warning: Cargo.toml: only one of `license` or `license-file` is necessary
[INFO] [stderr] `license` should be used if the package license can be expressed with a standard SPDX expression.
[INFO] [stderr] `license-file` should be used if the package uses a non-standard license.
[INFO] [stderr] See https://doc.rust-lang.org/cargo/reference/manifest.html#the-license-and-license-file-fields for more information.
[INFO] [stderr] warning: `runmat-meshing-execution` (manifest) generated 1 warning
[INFO] [stderr]    Compiling runmat-meshing-execution v0.6.2 (/opt/rustwide/workdir)
[INFO] [stdout] warning: use of deprecated method `std::sync::atomic::Atomic::<u64>::fetch_update`: renamed to `try_update` for consistency
[INFO] [stdout]   --> src/geometry_control.rs:71:14
[INFO] [stdout]    |
[INFO] [stdout] 71 |             .fetch_update(Ordering::Relaxed, Ordering::Relaxed, |current| {
[INFO] [stdout]    |              ^^^^^^^^^^^^
[INFO] [stdout]    |
[INFO] [stdout]    = note: `#[warn(deprecated)]` on by default
[INFO] [stdout] help: replace the use of the deprecated method
[INFO] [stdout]    |
[INFO] [stdout] 71 -             .fetch_update(Ordering::Relaxed, Ordering::Relaxed, |current| {
[INFO] [stdout] 71 +             .try_update(Ordering::Relaxed, Ordering::Relaxed, |current| {
[INFO] [stdout]    |
[INFO] [stdout] 
[INFO] [stdout] 
[INFO] [stdout] warning: use of deprecated method `std::sync::atomic::Atomic::<u64>::fetch_update`: renamed to `try_update` for consistency
[INFO] [stdout]   --> src/geometry_control.rs:71:14
[INFO] [stdout]    |
[INFO] [stdout] 71 |             .fetch_update(Ordering::Relaxed, Ordering::Relaxed, |current| {
[INFO] [stdout]    |              ^^^^^^^^^^^^
[INFO] [stdout]    |
[INFO] [stdout]    = note: `#[warn(deprecated)]` on by default
[INFO] [stdout] help: replace the use of the deprecated method
[INFO] [stdout]    |
[INFO] [stdout] 71 -             .fetch_update(Ordering::Relaxed, Ordering::Relaxed, |current| {
[INFO] [stdout] 71 +             .try_update(Ordering::Relaxed, Ordering::Relaxed, |current| {
[INFO] [stdout]    |
[INFO] [stdout] 
[INFO] [stdout] 
[INFO] [stdout] error[E0433]: cannot find module or crate `runmat_geometry_fixtures` in this scope
[INFO] [stdout]   --> src/faceted_geometry_object_tests.rs:12:29
[INFO] [stdout]    |
[INFO] [stdout] 12 |     let (document, solid) = runmat_geometry_fixtures::faceted_tetrahedron();
[INFO] [stdout]    |                             ^^^^^^^^^^^^^^^^^^^^^^^^ use of unresolved module or unlinked crate `runmat_geometry_fixtures`
[INFO] [stdout]    |
[INFO] [stdout] help: there is a crate or module with a similar name
[INFO] [stdout]    |
[INFO] [stdout] 12 -     let (document, solid) = runmat_geometry_fixtures::faceted_tetrahedron();
[INFO] [stdout] 12 +     let (document, solid) = runmat_geometry_core::faceted_tetrahedron();
[INFO] [stdout]    |
[INFO] [stdout] 
[INFO] [stdout] 
[INFO] [stdout] error[E0433]: cannot find module or crate `runmat_geometry_fixtures` in this scope
[INFO] [stdout]   --> src/faceted_geometry_object_tests.rs:37:29
[INFO] [stdout]    |
[INFO] [stdout] 37 |     let (document, solid) = runmat_geometry_fixtures::faceted_tetrahedron();
[INFO] [stdout]    |                             ^^^^^^^^^^^^^^^^^^^^^^^^ use of unresolved module or unlinked crate `runmat_geometry_fixtures`
[INFO] [stdout]    |
[INFO] [stdout] help: there is a crate or module with a similar name
[INFO] [stdout]    |
[INFO] [stdout] 37 -     let (document, solid) = runmat_geometry_fixtures::faceted_tetrahedron();
[INFO] [stdout] 37 +     let (document, solid) = runmat_geometry_core::faceted_tetrahedron();
[INFO] [stdout]    |
[INFO] [stdout] 
[INFO] [stdout] 
[INFO] [stdout] error[E0433]: cannot find module or crate `runmat_geometry_fixtures` in this scope
[INFO] [stdout]   --> src/faceted_geometry_object_tests.rs:64:29
[INFO] [stdout]    |
[INFO] [stdout] 64 |     let (document, solid) = runmat_geometry_fixtures::faceted_tetrahedron();
[INFO] [stdout]    |                             ^^^^^^^^^^^^^^^^^^^^^^^^ use of unresolved module or unlinked crate `runmat_geometry_fixtures`
[INFO] [stdout]    |
[INFO] [stdout] help: there is a crate or module with a similar name
[INFO] [stdout]    |
[INFO] [stdout] 64 -     let (document, solid) = runmat_geometry_fixtures::faceted_tetrahedron();
[INFO] [stdout] 64 +     let (document, solid) = runmat_geometry_core::faceted_tetrahedron();
[INFO] [stdout]    |
[INFO] [stdout] 
[INFO] [stdout] 
[INFO] [stdout] error[E0433]: cannot find module or crate `runmat_geometry_fixtures` in this scope
[INFO] [stdout]   --> src/geometry_object_tests/mod.rs:16:44
[INFO] [stdout]    |
[INFO] [stdout] 16 |     let (document, topology, evaluators) = runmat_geometry_fixtures::exact_circle();
[INFO] [stdout]    |                                            ^^^^^^^^^^^^^^^^^^^^^^^^ use of unresolved module or unlinked crate `runmat_geometry_fixtures`
[INFO] [stdout]    |
[INFO] [stdout] help: there is a crate or module with a similar name
[INFO] [stdout]    |
[INFO] [stdout] 16 -     let (document, topology, evaluators) = runmat_geometry_fixtures::exact_circle();
[INFO] [stdout] 16 +     let (document, topology, evaluators) = runmat_geometry_core::exact_circle();
[INFO] [stdout]    |
[INFO] [stdout] 
[INFO] [stdout] 
[INFO] [stdout] error[E0433]: cannot find module or crate `runmat_geometry_fixtures` in this scope
[INFO] [stdout]   --> src/geometry_object_tests/mod.rs:48:48
[INFO] [stdout]    |
[INFO] [stdout] 48 |     let (document, topology, mut evaluators) = runmat_geometry_fixtures::exact_circle();
[INFO] [stdout]    |                                                ^^^^^^^^^^^^^^^^^^^^^^^^ use of unresolved module or unlinked crate `runmat_geometry_fixtures`
[INFO] [stdout]    |
[INFO] [stdout] help: there is a crate or module with a similar name
[INFO] [stdout]    |
[INFO] [stdout] 48 -     let (document, topology, mut evaluators) = runmat_geometry_fixtures::exact_circle();
[INFO] [stdout] 48 +     let (document, topology, mut evaluators) = runmat_geometry_core::exact_circle();
[INFO] [stdout]    |
[INFO] [stdout] 
[INFO] [stdout] 
[INFO] [stdout] error[E0433]: cannot find module or crate `runmat_geometry_fixtures` in this scope
[INFO] [stdout]   --> src/geometry_object_tests/mod.rs:98:44
[INFO] [stdout]    |
[INFO] [stdout] 98 |     let (document, topology, evaluators) = runmat_geometry_fixtures::exact_circle();
[INFO] [stdout]    |                                            ^^^^^^^^^^^^^^^^^^^^^^^^ use of unresolved module or unlinked crate `runmat_geometry_fixtures`
[INFO] [stdout]    |
[INFO] [stdout] help: there is a crate or module with a similar name
[INFO] [stdout]    |
[INFO] [stdout] 98 -     let (document, topology, evaluators) = runmat_geometry_fixtures::exact_circle();
[INFO] [stdout] 98 +     let (document, topology, evaluators) = runmat_geometry_core::exact_circle();
[INFO] [stdout]    |
[INFO] [stdout] 
[INFO] [stdout] 
[INFO] [stdout] error[E0433]: cannot find module or crate `runmat_geometry_fixtures` in this scope
[INFO] [stdout]    --> src/geometry_object_tests/mod.rs:136:44
[INFO] [stdout]     |
[INFO] [stdout] 136 |     let (document, topology, evaluators) = runmat_geometry_fixtures::exact_circle();
[INFO] [stdout]     |                                            ^^^^^^^^^^^^^^^^^^^^^^^^ use of unresolved module or unlinked crate `runmat_geometry_fixtures`
[INFO] [stdout]     |
[INFO] [stdout] help: there is a crate or module with a similar name
[INFO] [stdout]     |
[INFO] [stdout] 136 -     let (document, topology, evaluators) = runmat_geometry_fixtures::exact_circle();
[INFO] [stdout] 136 +     let (document, topology, evaluators) = runmat_geometry_core::exact_circle();
[INFO] [stdout]     |
[INFO] [stdout] 
[INFO] [stdout] 
[INFO] [stdout] error[E0433]: cannot find module or crate `runmat_geometry_fixtures` in this scope
[INFO] [stdout]    --> src/geometry_object_tests/mod.rs:150:44
[INFO] [stdout]     |
[INFO] [stdout] 150 |     let (document, topology, evaluators) = runmat_geometry_fixtures::exact_circle();
[INFO] [stdout]     |                                            ^^^^^^^^^^^^^^^^^^^^^^^^ use of unresolved module or unlinked crate `runmat_geometry_fixtures`
[INFO] [stdout]     |
[INFO] [stdout] help: there is a crate or module with a similar name
[INFO] [stdout]     |
[INFO] [stdout] 150 -     let (document, topology, evaluators) = runmat_geometry_fixtures::exact_circle();
[INFO] [stdout] 150 +     let (document, topology, evaluators) = runmat_geometry_core::exact_circle();
[INFO] [stdout]     |
[INFO] [stdout] 
[INFO] [stdout] 
[INFO] [stdout] error[E0433]: cannot find module or crate `runmat_geometry_fixtures` in this scope
[INFO] [stdout]    --> src/geometry_object_tests/mod.rs:176:44
[INFO] [stdout]     |
[INFO] [stdout] 176 |     let (document, topology, evaluators) = runmat_geometry_fixtures::exact_circle();
[INFO] [stdout]     |                                            ^^^^^^^^^^^^^^^^^^^^^^^^ use of unresolved module or unlinked crate `runmat_geometry_fixtures`
[INFO] [stdout]     |
[INFO] [stdout] help: there is a crate or module with a similar name
[INFO] [stdout]     |
[INFO] [stdout] 176 -     let (document, topology, evaluators) = runmat_geometry_fixtures::exact_circle();
[INFO] [stdout] 176 +     let (document, topology, evaluators) = runmat_geometry_core::exact_circle();
[INFO] [stdout]     |
[INFO] [stdout] 
[INFO] [stdout] 
[INFO] [stdout] error[E0433]: cannot find module or crate `runmat_geometry_fixtures` in this scope
[INFO] [stdout]    --> src/geometry_object_tests/mod.rs:219:44
[INFO] [stdout]     |
[INFO] [stdout] 219 |     let (document, topology, evaluators) = runmat_geometry_fixtures::exact_circle();
[INFO] [stdout]     |                                            ^^^^^^^^^^^^^^^^^^^^^^^^ use of unresolved module or unlinked crate `runmat_geometry_fixtures`
[INFO] [stdout]     |
[INFO] [stdout] help: there is a crate or module with a similar name
[INFO] [stdout]     |
[INFO] [stdout] 219 -     let (document, topology, evaluators) = runmat_geometry_fixtures::exact_circle();
[INFO] [stdout] 219 +     let (document, topology, evaluators) = runmat_geometry_core::exact_circle();
[INFO] [stdout]     |
[INFO] [stdout] 
[INFO] [stdout] 
[INFO] [stdout] error[E0433]: cannot find module or crate `runmat_geometry_fixtures` in this scope
[INFO] [stdout]   --> src/host_tests.rs:96:44
[INFO] [stdout]    |
[INFO] [stdout] 96 |     let (document, topology, evaluators) = runmat_geometry_fixtures::exact_circle();
[INFO] [stdout]    |                                            ^^^^^^^^^^^^^^^^^^^^^^^^ use of unresolved module or unlinked crate `runmat_geometry_fixtures`
[INFO] [stdout]    |
[INFO] [stdout] help: there is a crate or module with a similar name
[INFO] [stdout]    |
[INFO] [stdout] 96 -     let (document, topology, evaluators) = runmat_geometry_fixtures::exact_circle();
[INFO] [stdout] 96 +     let (document, topology, evaluators) = runmat_geometry_core::exact_circle();
[INFO] [stdout]    |
[INFO] [stdout] 
[INFO] [stdout] 
[INFO] [stdout] error[E0433]: cannot find module or crate `runmat_geometry_fixtures` in this scope
[INFO] [stdout]    --> src/host_tests.rs:156:29
[INFO] [stdout]     |
[INFO] [stdout] 156 |     let (document, solid) = runmat_geometry_fixtures::faceted_tetrahedron();
[INFO] [stdout]     |                             ^^^^^^^^^^^^^^^^^^^^^^^^ use of unresolved module or unlinked crate `runmat_geometry_fixtures`
[INFO] [stdout]     |
[INFO] [stdout] help: there is a crate or module with a similar name
[INFO] [stdout]     |
[INFO] [stdout] 156 -     let (document, solid) = runmat_geometry_fixtures::faceted_tetrahedron();
[INFO] [stdout] 156 +     let (document, solid) = runmat_geometry_core::faceted_tetrahedron();
[INFO] [stdout]     |
[INFO] [stdout] 
[INFO] [stdout] 
[INFO] [stdout] error[E0433]: cannot find module or crate `runmat_geometry_fixtures` in this scope
[INFO] [stdout]    --> src/host_tests.rs:188:24
[INFO] [stdout]     |
[INFO] [stdout] 188 |     wrong_kind.model = runmat_geometry_fixtures::exact_circle().0.model;
[INFO] [stdout]     |                        ^^^^^^^^^^^^^^^^^^^^^^^^ use of unresolved module or unlinked crate `runmat_geometry_fixtures`
[INFO] [stdout]     |
[INFO] [stdout] help: there is a crate or module with a similar name
[INFO] [stdout]     |
[INFO] [stdout] 188 -     wrong_kind.model = runmat_geometry_fixtures::exact_circle().0.model;
[INFO] [stdout] 188 +     wrong_kind.model = runmat_geometry_core::exact_circle().0.model;
[INFO] [stdout]     |
[INFO] [stdout] 
[INFO] [stdout] 
[INFO] [stdout] error[E0433]: cannot find module or crate `runmat_geometry_fixtures` in this scope
[INFO] [stdout]    --> src/serial_tests.rs:982:13
[INFO] [stdout]     |
[INFO] [stdout] 982 |             runmat_geometry_fixtures::exact_tetrahedron(),
[INFO] [stdout]     |             ^^^^^^^^^^^^^^^^^^^^^^^^ use of unresolved module or unlinked crate `runmat_geometry_fixtures`
[INFO] [stdout]     |
[INFO] [stdout] help: there is a crate or module with a similar name
[INFO] [stdout]     |
[INFO] [stdout] 982 -             runmat_geometry_fixtures::exact_tetrahedron(),
[INFO] [stdout] 982 +             runmat_geometry_core::exact_tetrahedron(),
[INFO] [stdout]     |
[INFO] [stdout] 
[INFO] [stdout] 
[INFO] [stdout] error[E0433]: cannot find module or crate `runmat_geometry_fixtures` in this scope
[INFO] [stdout]    --> src/serial_tests.rs:991:13
[INFO] [stdout]     |
[INFO] [stdout] 991 |             runmat_geometry_fixtures::exact_circle(),
[INFO] [stdout]     |             ^^^^^^^^^^^^^^^^^^^^^^^^ use of unresolved module or unlinked crate `runmat_geometry_fixtures`
[INFO] [stdout]     |
[INFO] [stdout] help: there is a crate or module with a similar name
[INFO] [stdout]     |
[INFO] [stdout] 991 -             runmat_geometry_fixtures::exact_circle(),
[INFO] [stdout] 991 +             runmat_geometry_core::exact_circle(),
[INFO] [stdout]     |
[INFO] [stdout] 
[INFO] [stdout] 
[INFO] [stdout] error[E0433]: cannot find module or crate `runmat_geometry_fixtures` in this scope
[INFO] [stdout]     --> src/serial_tests.rs:1158:33
[INFO] [stdout]      |
[INFO] [stdout] 1158 |         let (document, solid) = runmat_geometry_fixtures::faceted_tetrahedron();
[INFO] [stdout]      |                                 ^^^^^^^^^^^^^^^^^^^^^^^^ use of unresolved module or unlinked crate `runmat_geometry_fixtures`
[INFO] [stdout]      |
[INFO] [stdout] help: there is a crate or module with a similar name
[INFO] [stdout]      |
[INFO] [stdout] 1158 -         let (document, solid) = runmat_geometry_fixtures::faceted_tetrahedron();
[INFO] [stdout] 1158 +         let (document, solid) = runmat_geometry_core::faceted_tetrahedron();
[INFO] [stdout]      |
[INFO] [stdout] 
[INFO] [stdout] 
[INFO] [stdout] For more information about this error, try `rustc --explain E0433`.
[INFO] [stdout] 
[INFO] [stderr] error: could not compile `runmat-meshing-execution` (lib test) due to 16 previous errors; 1 warning emitted
[INFO] running `Command { std: "docker" "inspect" "9ee7252b76e921ed72973650d22e54e8e68fc5ae136cc07752e4766d20d80a74", kill_on_drop: false }`
[INFO] running `Command { std: "docker" "rm" "-f" "9ee7252b76e921ed72973650d22e54e8e68fc5ae136cc07752e4766d20d80a74", kill_on_drop: false }`
[INFO] [stdout] 9ee7252b76e921ed72973650d22e54e8e68fc5ae136cc07752e4766d20d80a74
