[INFO] fetching crate runmat-meshing-curve 0.6.2...
[INFO] testing runmat-meshing-curve-0.6.2 against 1.100.0-beta.1+cargoflags=--release for beta-release-1.100-2
[INFO] extracting crate runmat-meshing-curve 0.6.2 into /workspace/builds/worker-3-tc2/source
[INFO] started tweaking crates.io crate runmat-meshing-curve 0.6.2
[INFO] finished tweaking crates.io crate runmat-meshing-curve 0.6.2
[INFO] tweaked toml for crates.io crate runmat-meshing-curve 0.6.2 written to /workspace/builds/worker-3-tc2/source/Cargo.toml
[INFO] validating manifest of crates.io crate runmat-meshing-curve 0.6.2 on toolchain 1.100.0-beta.1
[INFO] running `Command { std: CARGO_HOME="/workspace/cargo-home" RUSTUP_HOME="/workspace/rustup-home" "/workspace/cargo-home/bin/cargo" "+1.100.0-beta.1" "metadata" "--manifest-path" "Cargo.toml" "--no-deps", kill_on_drop: false }`
[INFO] crate crates.io crate runmat-meshing-curve 0.6.2 already has a lockfile, it will not be regenerated
[INFO] running `Command { std: CARGO_HOME="/workspace/cargo-home" RUSTUP_HOME="/workspace/rustup-home" "/workspace/cargo-home/bin/cargo" "+1.100.0-beta.1" "fetch" "--manifest-path" "Cargo.toml", kill_on_drop: false }`
[INFO] [stderr] warning: Cargo.toml: only one of `license` or `license-file` is necessary
[INFO] [stderr] `license` should be used if the package license can be expressed with a standard SPDX expression.
[INFO] [stderr] `license-file` should be used if the package uses a non-standard license.
[INFO] [stderr] See https://doc.rust-lang.org/cargo/reference/manifest.html#the-license-and-license-file-fields for more information.
[INFO] [stderr] warning: `runmat-meshing-curve` (manifest) generated 1 warning
[INFO] running `Command { std: "docker" "create" "-v" "/var/lib/crater-agent-workspace/builds/worker-3-tc2/source:/opt/rustwide/workdir:ro,Z" "-v" "/var/lib/crater-agent-workspace/builds/worker-3-tc2/target:/opt/rustwide/target:rw,Z" "-v" "/var/lib/crater-agent-workspace/cargo-home:/opt/rustwide/cargo-home:ro,Z" "-v" "/var/lib/crater-agent-workspace/rustup-home:/opt/rustwide/rustup-home:ro,Z" "-m" "1610612736" "--network" "none" "ghcr.io/rust-lang/crates-build-env/linux@sha256:77db811e55d90add9212f6832c23229e3de5f1c1f9905e8cb07319ea15df73ac" "sleep" "infinity", kill_on_drop: false }`
[INFO] [stdout] 78aaddac9a61550244a1713388cd353839cc51d00327d0f0d4d0402f27d3ceb9
[INFO] running `Command { std: "docker" "start" "78aaddac9a61550244a1713388cd353839cc51d00327d0f0d4d0402f27d3ceb9", kill_on_drop: false }`
[INFO] running `Command { std: "docker" "inspect" "78aaddac9a61550244a1713388cd353839cc51d00327d0f0d4d0402f27d3ceb9", kill_on_drop: false }`
[INFO] running `Command { std: "docker" "exec" "-e" "SOURCE_DIR=/opt/rustwide/workdir" "-e" "CARGO_HOME=/opt/rustwide/cargo-home" "-e" "RUSTUP_HOME=/opt/rustwide/rustup-home" "-e" "CARGO_TARGET_DIR=/opt/rustwide/target" "-w" "/opt/rustwide/workdir" "--user" "0:0" "78aaddac9a61550244a1713388cd353839cc51d00327d0f0d4d0402f27d3ceb9" "/opt/rustwide/cargo-home/bin/cargo" "+1.100.0-beta.1" "metadata" "--no-deps" "--format-version=1", kill_on_drop: false }`
[INFO] running `Command { std: "docker" "inspect" "78aaddac9a61550244a1713388cd353839cc51d00327d0f0d4d0402f27d3ceb9", kill_on_drop: false }`
[INFO] running `Command { std: "docker" "exec" "-e" "SOURCE_DIR=/opt/rustwide/workdir" "-e" "CARGO_HOME=/opt/rustwide/cargo-home" "-e" "RUSTUP_HOME=/opt/rustwide/rustup-home" "-e" "CARGO_TARGET_DIR=/opt/rustwide/target" "-e" "CARGO_INCREMENTAL=0" "-e" "RUST_BACKTRACE=full" "-e" "RUSTFLAGS=--cap-lints=warn" "-e" "RUSTDOCFLAGS=--cap-lints=warn" "-w" "/opt/rustwide/workdir" "--user" "0:0" "78aaddac9a61550244a1713388cd353839cc51d00327d0f0d4d0402f27d3ceb9" "/opt/rustwide/cargo-home/bin/cargo" "+1.100.0-beta.1" "build" "--frozen" "--message-format=json" "--release", kill_on_drop: false }`
[INFO] [stderr] warning: Cargo.toml: only one of `license` or `license-file` is necessary
[INFO] [stderr] `license` should be used if the package license can be expressed with a standard SPDX expression.
[INFO] [stderr] `license-file` should be used if the package uses a non-standard license.
[INFO] [stderr] See https://doc.rust-lang.org/cargo/reference/manifest.html#the-license-and-license-file-fields for more information.
[INFO] [stderr] warning: `runmat-meshing-curve` (manifest) generated 1 warning
[INFO] [stderr]    Compiling syn v2.0.118
[INFO] [stderr]    Compiling robust v1.2.0
[INFO] [stderr]    Compiling minicbor-derive v0.19.5
[INFO] [stderr]    Compiling serde_derive v1.0.228
[INFO] [stderr]    Compiling minicbor v2.3.0
[INFO] [stderr]    Compiling serde v1.0.228
[INFO] [stderr]    Compiling runmat-canonical-codec v0.6.2
[INFO] [stderr]    Compiling runmat-geometry-core v0.6.2
[INFO] [stderr]    Compiling runmat-meshing-size v0.6.2
[INFO] [stderr]    Compiling runmat-meshing-cad v0.6.2
[INFO] [stderr]    Compiling runmat-meshing-core v0.6.2
[INFO] [stderr]    Compiling runmat-meshing-curve v0.6.2 (/opt/rustwide/workdir)
[INFO] [stderr]     Finished `release` profile [optimized] target(s) in 1m 12s
[INFO] running `Command { std: "docker" "inspect" "78aaddac9a61550244a1713388cd353839cc51d00327d0f0d4d0402f27d3ceb9", kill_on_drop: false }`
[INFO] running `Command { std: "docker" "exec" "-e" "SOURCE_DIR=/opt/rustwide/workdir" "-e" "CARGO_HOME=/opt/rustwide/cargo-home" "-e" "RUSTUP_HOME=/opt/rustwide/rustup-home" "-e" "CARGO_TARGET_DIR=/opt/rustwide/target" "-e" "CARGO_INCREMENTAL=0" "-e" "RUST_BACKTRACE=full" "-e" "RUSTFLAGS=--cap-lints=warn" "-e" "RUSTDOCFLAGS=--cap-lints=warn" "-w" "/opt/rustwide/workdir" "--user" "0:0" "78aaddac9a61550244a1713388cd353839cc51d00327d0f0d4d0402f27d3ceb9" "/opt/rustwide/cargo-home/bin/cargo" "+1.100.0-beta.1" "test" "--frozen" "--no-run" "--message-format=json" "--release", kill_on_drop: false }`
[INFO] [stderr] warning: Cargo.toml: only one of `license` or `license-file` is necessary
[INFO] [stderr] `license` should be used if the package license can be expressed with a standard SPDX expression.
[INFO] [stderr] `license-file` should be used if the package uses a non-standard license.
[INFO] [stderr] See https://doc.rust-lang.org/cargo/reference/manifest.html#the-license-and-license-file-fields for more information.
[INFO] [stderr] warning: `runmat-meshing-curve` (manifest) generated 1 warning
[INFO] [stderr]    Compiling runmat-meshing-curve v0.6.2 (/opt/rustwide/workdir)
[INFO] [stdout] error[E0433]: cannot find module or crate `runmat_geometry_fixtures` in this scope
[INFO] [stdout]   --> src/shared/split_tests.rs:15:42
[INFO] [stdout]    |
[INFO] [stdout] 15 |     let (document, topology, registry) = runmat_geometry_fixtures::exact_circle();
[INFO] [stdout]    |                                          ^^^^^^^^^^^^^^^^^^^^^^^^ use of unresolved module or unlinked crate `runmat_geometry_fixtures`
[INFO] [stdout]    |
[INFO] [stdout] help: there is a crate or module with a similar name
[INFO] [stdout]    |
[INFO] [stdout] 15 -     let (document, topology, registry) = runmat_geometry_fixtures::exact_circle();
[INFO] [stdout] 15 +     let (document, topology, registry) = runmat_geometry_core::exact_circle();
[INFO] [stdout]    |
[INFO] [stdout] 
[INFO] [stdout] 
[INFO] [stdout] error[E0308]: mismatched types
[INFO] [stdout]   --> src/shared/split_tests.rs:19:71
[INFO] [stdout]    |
[INFO] [stdout] 19 |     let evaluator = PortableExactEvaluator::new(&registry, &topology, model).unwrap();
[INFO] [stdout]    |                     ---------------------------                       ^^^^^ expected `&ExactBRepModel`, found `ExactBRepModel`
[INFO] [stdout]    |                     |
[INFO] [stdout]    |                     arguments to this function are incorrect
[INFO] [stdout]    |
[INFO] [stdout] note: associated function defined here
[INFO] [stdout]   --> /opt/rustwide/cargo-home/registry/src/index.crates.io-1949cf8c6b5b557f/runmat-geometry-core-0.6.2/src/model/exact_evaluator/portable/mod.rs:30:12
[INFO] [stdout]    |
[INFO] [stdout] 30 |     pub fn new(
[INFO] [stdout]    |            ^^^
[INFO] [stdout] help: consider borrowing here
[INFO] [stdout]    |
[INFO] [stdout] 19 |     let evaluator = PortableExactEvaluator::new(&registry, &topology, &model).unwrap();
[INFO] [stdout]    |                                                                       +
[INFO] [stdout] 
[INFO] [stdout] 
[INFO] [stdout] error[E0433]: cannot find module or crate `runmat_geometry_fixtures` in this scope
[INFO] [stdout]    --> src/shared/split_tests.rs:101:42
[INFO] [stdout]     |
[INFO] [stdout] 101 |     let (document, topology, registry) = runmat_geometry_fixtures::exact_circle();
[INFO] [stdout]     |                                          ^^^^^^^^^^^^^^^^^^^^^^^^ use of unresolved module or unlinked crate `runmat_geometry_fixtures`
[INFO] [stdout]     |
[INFO] [stdout] help: there is a crate or module with a similar name
[INFO] [stdout]     |
[INFO] [stdout] 101 -     let (document, topology, registry) = runmat_geometry_fixtures::exact_circle();
[INFO] [stdout] 101 +     let (document, topology, registry) = runmat_geometry_core::exact_circle();
[INFO] [stdout]     |
[INFO] [stdout] 
[INFO] [stdout] 
[INFO] [stdout] error[E0308]: mismatched types
[INFO] [stdout]    --> src/shared/split_tests.rs:105:71
[INFO] [stdout]     |
[INFO] [stdout] 105 |     let evaluator = PortableExactEvaluator::new(&registry, &topology, model).unwrap();
[INFO] [stdout]     |                     ---------------------------                       ^^^^^ expected `&ExactBRepModel`, found `ExactBRepModel`
[INFO] [stdout]     |                     |
[INFO] [stdout]     |                     arguments to this function are incorrect
[INFO] [stdout]     |
[INFO] [stdout] note: associated function defined here
[INFO] [stdout]    --> /opt/rustwide/cargo-home/registry/src/index.crates.io-1949cf8c6b5b557f/runmat-geometry-core-0.6.2/src/model/exact_evaluator/portable/mod.rs:30:12
[INFO] [stdout]     |
[INFO] [stdout]  30 |     pub fn new(
[INFO] [stdout]     |            ^^^
[INFO] [stdout] help: consider borrowing here
[INFO] [stdout]     |
[INFO] [stdout] 105 |     let evaluator = PortableExactEvaluator::new(&registry, &topology, &model).unwrap();
[INFO] [stdout]     |                                                                       +
[INFO] [stdout] 
[INFO] [stdout] 
[INFO] [stdout] error[E0433]: cannot find module or crate `runmat_geometry_fixtures` in this scope
[INFO] [stdout]   --> src/shared/tests.rs:10:28
[INFO] [stdout]    |
[INFO] [stdout] 10 |     let (_, topology, _) = runmat_geometry_fixtures::exact_circle();
[INFO] [stdout]    |                            ^^^^^^^^^^^^^^^^^^^^^^^^ use of unresolved module or unlinked crate `runmat_geometry_fixtures`
[INFO] [stdout]    |
[INFO] [stdout] help: there is a crate or module with a similar name
[INFO] [stdout]    |
[INFO] [stdout] 10 -     let (_, topology, _) = runmat_geometry_fixtures::exact_circle();
[INFO] [stdout] 10 +     let (_, topology, _) = runmat_geometry_core::exact_circle();
[INFO] [stdout]    |
[INFO] [stdout] 
[INFO] [stdout] 
[INFO] [stdout] error[E0433]: cannot find module or crate `runmat_geometry_fixtures` in this scope
[INFO] [stdout]   --> src/shared/tests.rs:33:28
[INFO] [stdout]    |
[INFO] [stdout] 33 |     let (_, topology, _) = runmat_geometry_fixtures::exact_circle();
[INFO] [stdout]    |                            ^^^^^^^^^^^^^^^^^^^^^^^^ use of unresolved module or unlinked crate `runmat_geometry_fixtures`
[INFO] [stdout]    |
[INFO] [stdout] help: there is a crate or module with a similar name
[INFO] [stdout]    |
[INFO] [stdout] 33 -     let (_, topology, _) = runmat_geometry_fixtures::exact_circle();
[INFO] [stdout] 33 +     let (_, topology, _) = runmat_geometry_core::exact_circle();
[INFO] [stdout]    |
[INFO] [stdout] 
[INFO] [stdout] 
[INFO] [stdout] error[E0433]: cannot find module or crate `runmat_geometry_fixtures` in this scope
[INFO] [stdout]   --> src/shared/tests.rs:66:42
[INFO] [stdout]    |
[INFO] [stdout] 66 |     let (document, topology, registry) = runmat_geometry_fixtures::exact_circle();
[INFO] [stdout]    |                                          ^^^^^^^^^^^^^^^^^^^^^^^^ use of unresolved module or unlinked crate `runmat_geometry_fixtures`
[INFO] [stdout]    |
[INFO] [stdout] help: there is a crate or module with a similar name
[INFO] [stdout]    |
[INFO] [stdout] 66 -     let (document, topology, registry) = runmat_geometry_fixtures::exact_circle();
[INFO] [stdout] 66 +     let (document, topology, registry) = runmat_geometry_core::exact_circle();
[INFO] [stdout]    |
[INFO] [stdout] 
[INFO] [stdout] 
[INFO] [stdout] error[E0308]: mismatched types
[INFO] [stdout]   --> src/shared/tests.rs:71:81
[INFO] [stdout]    |
[INFO] [stdout] 71 |         runmat_geometry_core::PortableExactEvaluator::new(&registry, &topology, model).unwrap();
[INFO] [stdout]    |         -------------------------------------------------                       ^^^^^ expected `&ExactBRepModel`, found `ExactBRepModel`
[INFO] [stdout]    |         |
[INFO] [stdout]    |         arguments to this function are incorrect
[INFO] [stdout]    |
[INFO] [stdout] note: associated function defined here
[INFO] [stdout]   --> /opt/rustwide/cargo-home/registry/src/index.crates.io-1949cf8c6b5b557f/runmat-geometry-core-0.6.2/src/model/exact_evaluator/portable/mod.rs:30:12
[INFO] [stdout]    |
[INFO] [stdout] 30 |     pub fn new(
[INFO] [stdout]    |            ^^^
[INFO] [stdout] help: consider borrowing here
[INFO] [stdout]    |
[INFO] [stdout] 71 |         runmat_geometry_core::PortableExactEvaluator::new(&registry, &topology, &model).unwrap();
[INFO] [stdout]    |                                                                                 +
[INFO] [stdout] 
[INFO] [stdout] 
[INFO] [stdout] error[E0433]: cannot find module or crate `runmat_geometry_fixtures` in this scope
[INFO] [stdout]    --> src/shared/tests.rs:140:46
[INFO] [stdout]     |
[INFO] [stdout] 140 |     let (document, topology, mut registry) = runmat_geometry_fixtures::exact_circle();
[INFO] [stdout]     |                                              ^^^^^^^^^^^^^^^^^^^^^^^^ use of unresolved module or unlinked crate `runmat_geometry_fixtures`
[INFO] [stdout]     |
[INFO] [stdout] help: there is a crate or module with a similar name
[INFO] [stdout]     |
[INFO] [stdout] 140 -     let (document, topology, mut registry) = runmat_geometry_fixtures::exact_circle();
[INFO] [stdout] 140 +     let (document, topology, mut registry) = runmat_geometry_core::exact_circle();
[INFO] [stdout]     |
[INFO] [stdout] 
[INFO] [stdout] 
[INFO] [stdout] error[E0308]: mismatched types
[INFO] [stdout]    --> src/shared/tests.rs:156:81
[INFO] [stdout]     |
[INFO] [stdout] 156 |         runmat_geometry_core::PortableExactEvaluator::new(&registry, &topology, model).unwrap();
[INFO] [stdout]     |         -------------------------------------------------                       ^^^^^ expected `&ExactBRepModel`, found `ExactBRepModel`
[INFO] [stdout]     |         |
[INFO] [stdout]     |         arguments to this function are incorrect
[INFO] [stdout]     |
[INFO] [stdout] note: associated function defined here
[INFO] [stdout]    --> /opt/rustwide/cargo-home/registry/src/index.crates.io-1949cf8c6b5b557f/runmat-geometry-core-0.6.2/src/model/exact_evaluator/portable/mod.rs:30:12
[INFO] [stdout]     |
[INFO] [stdout]  30 |     pub fn new(
[INFO] [stdout]     |            ^^^
[INFO] [stdout] help: consider borrowing here
[INFO] [stdout]     |
[INFO] [stdout] 156 |         runmat_geometry_core::PortableExactEvaluator::new(&registry, &topology, &model).unwrap();
[INFO] [stdout]     |                                                                                 +
[INFO] [stdout] 
[INFO] [stdout] 
[INFO] [stdout] error[E0433]: cannot find module or crate `runmat_geometry_fixtures` in this scope
[INFO] [stdout]    --> src/shared/tests.rs:173:42
[INFO] [stdout]     |
[INFO] [stdout] 173 |     let (document, topology, registry) = runmat_geometry_fixtures::exact_circle();
[INFO] [stdout]     |                                          ^^^^^^^^^^^^^^^^^^^^^^^^ use of unresolved module or unlinked crate `runmat_geometry_fixtures`
[INFO] [stdout]     |
[INFO] [stdout] help: there is a crate or module with a similar name
[INFO] [stdout]     |
[INFO] [stdout] 173 -     let (document, topology, registry) = runmat_geometry_fixtures::exact_circle();
[INFO] [stdout] 173 +     let (document, topology, registry) = runmat_geometry_core::exact_circle();
[INFO] [stdout]     |
[INFO] [stdout] 
[INFO] [stdout] 
[INFO] [stdout] error[E0308]: mismatched types
[INFO] [stdout]    --> src/shared/tests.rs:178:81
[INFO] [stdout]     |
[INFO] [stdout] 178 |         runmat_geometry_core::PortableExactEvaluator::new(&registry, &topology, model).unwrap();
[INFO] [stdout]     |         -------------------------------------------------                       ^^^^^ expected `&ExactBRepModel`, found `ExactBRepModel`
[INFO] [stdout]     |         |
[INFO] [stdout]     |         arguments to this function are incorrect
[INFO] [stdout]     |
[INFO] [stdout] note: associated function defined here
[INFO] [stdout]    --> /opt/rustwide/cargo-home/registry/src/index.crates.io-1949cf8c6b5b557f/runmat-geometry-core-0.6.2/src/model/exact_evaluator/portable/mod.rs:30:12
[INFO] [stdout]     |
[INFO] [stdout]  30 |     pub fn new(
[INFO] [stdout]     |            ^^^
[INFO] [stdout] help: consider borrowing here
[INFO] [stdout]     |
[INFO] [stdout] 178 |         runmat_geometry_core::PortableExactEvaluator::new(&registry, &topology, &model).unwrap();
[INFO] [stdout]     |                                                                                 +
[INFO] [stdout] 
[INFO] [stdout] 
[INFO] [stdout] error[E0433]: cannot find module or crate `runmat_geometry_fixtures` in this scope
[INFO] [stdout]    --> src/shared/tests.rs:279:42
[INFO] [stdout]     |
[INFO] [stdout] 279 |     let (document, topology, registry) = runmat_geometry_fixtures::exact_circle();
[INFO] [stdout]     |                                          ^^^^^^^^^^^^^^^^^^^^^^^^ use of unresolved module or unlinked crate `runmat_geometry_fixtures`
[INFO] [stdout]     |
[INFO] [stdout] help: there is a crate or module with a similar name
[INFO] [stdout]     |
[INFO] [stdout] 279 -     let (document, topology, registry) = runmat_geometry_fixtures::exact_circle();
[INFO] [stdout] 279 +     let (document, topology, registry) = runmat_geometry_core::exact_circle();
[INFO] [stdout]     |
[INFO] [stdout] 
[INFO] [stdout] 
[INFO] [stdout] error[E0308]: mismatched types
[INFO] [stdout]    --> src/shared/tests.rs:284:81
[INFO] [stdout]     |
[INFO] [stdout] 284 |         runmat_geometry_core::PortableExactEvaluator::new(&registry, &topology, model).unwrap();
[INFO] [stdout]     |         -------------------------------------------------                       ^^^^^ expected `&ExactBRepModel`, found `ExactBRepModel`
[INFO] [stdout]     |         |
[INFO] [stdout]     |         arguments to this function are incorrect
[INFO] [stdout]     |
[INFO] [stdout] note: associated function defined here
[INFO] [stdout]    --> /opt/rustwide/cargo-home/registry/src/index.crates.io-1949cf8c6b5b557f/runmat-geometry-core-0.6.2/src/model/exact_evaluator/portable/mod.rs:30:12
[INFO] [stdout]     |
[INFO] [stdout]  30 |     pub fn new(
[INFO] [stdout]     |            ^^^
[INFO] [stdout] help: consider borrowing here
[INFO] [stdout]     |
[INFO] [stdout] 284 |         runmat_geometry_core::PortableExactEvaluator::new(&registry, &topology, &model).unwrap();
[INFO] [stdout]     |                                                                                 +
[INFO] [stdout] 
[INFO] [stdout] 
[INFO] [stdout] error[E0433]: cannot find module or crate `runmat_geometry_fixtures` in this scope
[INFO] [stdout]    --> src/shared/tests.rs:303:42
[INFO] [stdout]     |
[INFO] [stdout] 303 |     let (document, topology, registry) = runmat_geometry_fixtures::exact_circle();
[INFO] [stdout]     |                                          ^^^^^^^^^^^^^^^^^^^^^^^^ use of unresolved module or unlinked crate `runmat_geometry_fixtures`
[INFO] [stdout]     |
[INFO] [stdout] help: there is a crate or module with a similar name
[INFO] [stdout]     |
[INFO] [stdout] 303 -     let (document, topology, registry) = runmat_geometry_fixtures::exact_circle();
[INFO] [stdout] 303 +     let (document, topology, registry) = runmat_geometry_core::exact_circle();
[INFO] [stdout]     |
[INFO] [stdout] 
[INFO] [stdout] 
[INFO] [stdout] error[E0308]: mismatched types
[INFO] [stdout]    --> src/shared/tests.rs:308:81
[INFO] [stdout]     |
[INFO] [stdout] 308 |         runmat_geometry_core::PortableExactEvaluator::new(&registry, &topology, model).unwrap();
[INFO] [stdout]     |         -------------------------------------------------                       ^^^^^ expected `&ExactBRepModel`, found `ExactBRepModel`
[INFO] [stdout]     |         |
[INFO] [stdout]     |         arguments to this function are incorrect
[INFO] [stdout]     |
[INFO] [stdout] note: associated function defined here
[INFO] [stdout]    --> /opt/rustwide/cargo-home/registry/src/index.crates.io-1949cf8c6b5b557f/runmat-geometry-core-0.6.2/src/model/exact_evaluator/portable/mod.rs:30:12
[INFO] [stdout]     |
[INFO] [stdout]  30 |     pub fn new(
[INFO] [stdout]     |            ^^^
[INFO] [stdout] help: consider borrowing here
[INFO] [stdout]     |
[INFO] [stdout] 308 |         runmat_geometry_core::PortableExactEvaluator::new(&registry, &topology, &model).unwrap();
[INFO] [stdout]     |                                                                                 +
[INFO] [stdout] 
[INFO] [stdout] 
[INFO] [stdout] error[E0433]: cannot find module or crate `runmat_geometry_fixtures` in this scope
[INFO] [stdout]    --> src/shared/tests.rs:327:46
[INFO] [stdout]     |
[INFO] [stdout] 327 |     let (document, mut topology, registry) = runmat_geometry_fixtures::exact_circle();
[INFO] [stdout]     |                                              ^^^^^^^^^^^^^^^^^^^^^^^^ use of unresolved module or unlinked crate `runmat_geometry_fixtures`
[INFO] [stdout]     |
[INFO] [stdout] help: there is a crate or module with a similar name
[INFO] [stdout]     |
[INFO] [stdout] 327 -     let (document, mut topology, registry) = runmat_geometry_fixtures::exact_circle();
[INFO] [stdout] 327 +     let (document, mut topology, registry) = runmat_geometry_core::exact_circle();
[INFO] [stdout]     |
[INFO] [stdout] 
[INFO] [stdout] 
[INFO] [stdout] error[E0308]: mismatched types
[INFO] [stdout]    --> src/shared/tests.rs:335:81
[INFO] [stdout]     |
[INFO] [stdout] 335 |         runmat_geometry_core::PortableExactEvaluator::new(&registry, &topology, model).unwrap();
[INFO] [stdout]     |         -------------------------------------------------                       ^^^^^ expected `&ExactBRepModel`, found `ExactBRepModel`
[INFO] [stdout]     |         |
[INFO] [stdout]     |         arguments to this function are incorrect
[INFO] [stdout]     |
[INFO] [stdout] note: associated function defined here
[INFO] [stdout]    --> /opt/rustwide/cargo-home/registry/src/index.crates.io-1949cf8c6b5b557f/runmat-geometry-core-0.6.2/src/model/exact_evaluator/portable/mod.rs:30:12
[INFO] [stdout]     |
[INFO] [stdout]  30 |     pub fn new(
[INFO] [stdout]     |            ^^^
[INFO] [stdout] help: consider borrowing here
[INFO] [stdout]     |
[INFO] [stdout] 335 |         runmat_geometry_core::PortableExactEvaluator::new(&registry, &topology, &model).unwrap();
[INFO] [stdout]     |                                                                                 +
[INFO] [stdout] 
[INFO] [stdout] 
[INFO] [stdout] error[E0433]: cannot find module or crate `runmat_geometry_fixtures` in this scope
[INFO] [stdout]    --> src/shared/tests.rs:362:46
[INFO] [stdout]     |
[INFO] [stdout] 362 |     let (document, mut topology, registry) = runmat_geometry_fixtures::exact_circle();
[INFO] [stdout]     |                                              ^^^^^^^^^^^^^^^^^^^^^^^^ use of unresolved module or unlinked crate `runmat_geometry_fixtures`
[INFO] [stdout]     |
[INFO] [stdout] help: there is a crate or module with a similar name
[INFO] [stdout]     |
[INFO] [stdout] 362 -     let (document, mut topology, registry) = runmat_geometry_fixtures::exact_circle();
[INFO] [stdout] 362 +     let (document, mut topology, registry) = runmat_geometry_core::exact_circle();
[INFO] [stdout]     |
[INFO] [stdout] 
[INFO] [stdout] 
[INFO] [stdout] error[E0308]: mismatched types
[INFO] [stdout]    --> src/shared/tests.rs:370:81
[INFO] [stdout]     |
[INFO] [stdout] 370 |         runmat_geometry_core::PortableExactEvaluator::new(&registry, &topology, model).unwrap();
[INFO] [stdout]     |         -------------------------------------------------                       ^^^^^ expected `&ExactBRepModel`, found `ExactBRepModel`
[INFO] [stdout]     |         |
[INFO] [stdout]     |         arguments to this function are incorrect
[INFO] [stdout]     |
[INFO] [stdout] note: associated function defined here
[INFO] [stdout]    --> /opt/rustwide/cargo-home/registry/src/index.crates.io-1949cf8c6b5b557f/runmat-geometry-core-0.6.2/src/model/exact_evaluator/portable/mod.rs:30:12
[INFO] [stdout]     |
[INFO] [stdout]  30 |     pub fn new(
[INFO] [stdout]     |            ^^^
[INFO] [stdout] help: consider borrowing here
[INFO] [stdout]     |
[INFO] [stdout] 370 |         runmat_geometry_core::PortableExactEvaluator::new(&registry, &topology, &model).unwrap();
[INFO] [stdout]     |                                                                                 +
[INFO] [stdout] 
[INFO] [stdout] 
[INFO] [stdout] error[E0433]: cannot find module or crate `runmat_geometry_fixtures` in this scope
[INFO] [stdout]    --> src/shared/tests.rs:387:42
[INFO] [stdout]     |
[INFO] [stdout] 387 |     let (document, topology, registry) = runmat_geometry_fixtures::exact_circle();
[INFO] [stdout]     |                                          ^^^^^^^^^^^^^^^^^^^^^^^^ use of unresolved module or unlinked crate `runmat_geometry_fixtures`
[INFO] [stdout]     |
[INFO] [stdout] help: there is a crate or module with a similar name
[INFO] [stdout]     |
[INFO] [stdout] 387 -     let (document, topology, registry) = runmat_geometry_fixtures::exact_circle();
[INFO] [stdout] 387 +     let (document, topology, registry) = runmat_geometry_core::exact_circle();
[INFO] [stdout]     |
[INFO] [stdout] 
[INFO] [stdout] 
[INFO] [stdout] error[E0308]: mismatched types
[INFO] [stdout]    --> src/shared/tests.rs:392:81
[INFO] [stdout]     |
[INFO] [stdout] 392 |         runmat_geometry_core::PortableExactEvaluator::new(&registry, &topology, model).unwrap();
[INFO] [stdout]     |         -------------------------------------------------                       ^^^^^ expected `&ExactBRepModel`, found `ExactBRepModel`
[INFO] [stdout]     |         |
[INFO] [stdout]     |         arguments to this function are incorrect
[INFO] [stdout]     |
[INFO] [stdout] note: associated function defined here
[INFO] [stdout]    --> /opt/rustwide/cargo-home/registry/src/index.crates.io-1949cf8c6b5b557f/runmat-geometry-core-0.6.2/src/model/exact_evaluator/portable/mod.rs:30:12
[INFO] [stdout]     |
[INFO] [stdout]  30 |     pub fn new(
[INFO] [stdout]     |            ^^^
[INFO] [stdout] help: consider borrowing here
[INFO] [stdout]     |
[INFO] [stdout] 392 |         runmat_geometry_core::PortableExactEvaluator::new(&registry, &topology, &model).unwrap();
[INFO] [stdout]     |                                                                                 +
[INFO] [stdout] 
[INFO] [stdout] 
[INFO] [stdout] error[E0433]: cannot find module or crate `runmat_geometry_fixtures` in this scope
[INFO] [stdout]    --> src/shared/tests.rs:413:42
[INFO] [stdout]     |
[INFO] [stdout] 413 |     let (document, topology, registry) = runmat_geometry_fixtures::exact_singular_edge();
[INFO] [stdout]     |                                          ^^^^^^^^^^^^^^^^^^^^^^^^ use of unresolved module or unlinked crate `runmat_geometry_fixtures`
[INFO] [stdout]     |
[INFO] [stdout] help: there is a crate or module with a similar name
[INFO] [stdout]     |
[INFO] [stdout] 413 -     let (document, topology, registry) = runmat_geometry_fixtures::exact_singular_edge();
[INFO] [stdout] 413 +     let (document, topology, registry) = runmat_geometry_core::exact_singular_edge();
[INFO] [stdout]     |
[INFO] [stdout] 
[INFO] [stdout] 
[INFO] [stdout] error[E0308]: mismatched types
[INFO] [stdout]    --> src/shared/tests.rs:418:81
[INFO] [stdout]     |
[INFO] [stdout] 418 |         runmat_geometry_core::PortableExactEvaluator::new(&registry, &topology, model).unwrap();
[INFO] [stdout]     |         -------------------------------------------------                       ^^^^^ expected `&ExactBRepModel`, found `ExactBRepModel`
[INFO] [stdout]     |         |
[INFO] [stdout]     |         arguments to this function are incorrect
[INFO] [stdout]     |
[INFO] [stdout] note: associated function defined here
[INFO] [stdout]    --> /opt/rustwide/cargo-home/registry/src/index.crates.io-1949cf8c6b5b557f/runmat-geometry-core-0.6.2/src/model/exact_evaluator/portable/mod.rs:30:12
[INFO] [stdout]     |
[INFO] [stdout]  30 |     pub fn new(
[INFO] [stdout]     |            ^^^
[INFO] [stdout] help: consider borrowing here
[INFO] [stdout]     |
[INFO] [stdout] 418 |         runmat_geometry_core::PortableExactEvaluator::new(&registry, &topology, &model).unwrap();
[INFO] [stdout]     |                                                                                 +
[INFO] [stdout] 
[INFO] [stdout] 
[INFO] [stdout] error[E0433]: cannot find module or crate `runmat_geometry_fixtures` in this scope
[INFO] [stdout]    --> src/shared/tests.rs:479:42
[INFO] [stdout]     |
[INFO] [stdout] 479 |     let (document, topology, registry) = runmat_geometry_fixtures::exact_circle();
[INFO] [stdout]     |                                          ^^^^^^^^^^^^^^^^^^^^^^^^ use of unresolved module or unlinked crate `runmat_geometry_fixtures`
[INFO] [stdout]     |
[INFO] [stdout] help: there is a crate or module with a similar name
[INFO] [stdout]     |
[INFO] [stdout] 479 -     let (document, topology, registry) = runmat_geometry_fixtures::exact_circle();
[INFO] [stdout] 479 +     let (document, topology, registry) = runmat_geometry_core::exact_circle();
[INFO] [stdout]     |
[INFO] [stdout] 
[INFO] [stdout] 
[INFO] [stdout] error[E0308]: mismatched types
[INFO] [stdout]    --> src/shared/tests.rs:484:81
[INFO] [stdout]     |
[INFO] [stdout] 484 |         runmat_geometry_core::PortableExactEvaluator::new(&registry, &topology, model).unwrap();
[INFO] [stdout]     |         -------------------------------------------------                       ^^^^^ expected `&ExactBRepModel`, found `ExactBRepModel`
[INFO] [stdout]     |         |
[INFO] [stdout]     |         arguments to this function are incorrect
[INFO] [stdout]     |
[INFO] [stdout] note: associated function defined here
[INFO] [stdout]    --> /opt/rustwide/cargo-home/registry/src/index.crates.io-1949cf8c6b5b557f/runmat-geometry-core-0.6.2/src/model/exact_evaluator/portable/mod.rs:30:12
[INFO] [stdout]     |
[INFO] [stdout]  30 |     pub fn new(
[INFO] [stdout]     |            ^^^
[INFO] [stdout] help: consider borrowing here
[INFO] [stdout]     |
[INFO] [stdout] 484 |         runmat_geometry_core::PortableExactEvaluator::new(&registry, &topology, &model).unwrap();
[INFO] [stdout]     |                                                                                 +
[INFO] [stdout] 
[INFO] [stdout] 
[INFO] [stdout] error[E0433]: cannot find module or crate `runmat_geometry_fixtures` in this scope
[INFO] [stdout]    --> src/shared/tests.rs:503:42
[INFO] [stdout]     |
[INFO] [stdout] 503 |     let (document, topology, registry) = runmat_geometry_fixtures::exact_circle();
[INFO] [stdout]     |                                          ^^^^^^^^^^^^^^^^^^^^^^^^ use of unresolved module or unlinked crate `runmat_geometry_fixtures`
[INFO] [stdout]     |
[INFO] [stdout] help: there is a crate or module with a similar name
[INFO] [stdout]     |
[INFO] [stdout] 503 -     let (document, topology, registry) = runmat_geometry_fixtures::exact_circle();
[INFO] [stdout] 503 +     let (document, topology, registry) = runmat_geometry_core::exact_circle();
[INFO] [stdout]     |
[INFO] [stdout] 
[INFO] [stdout] 
[INFO] [stdout] error[E0308]: mismatched types
[INFO] [stdout]    --> src/shared/tests.rs:508:81
[INFO] [stdout]     |
[INFO] [stdout] 508 |         runmat_geometry_core::PortableExactEvaluator::new(&registry, &topology, model).unwrap();
[INFO] [stdout]     |         -------------------------------------------------                       ^^^^^ expected `&ExactBRepModel`, found `ExactBRepModel`
[INFO] [stdout]     |         |
[INFO] [stdout]     |         arguments to this function are incorrect
[INFO] [stdout]     |
[INFO] [stdout] note: associated function defined here
[INFO] [stdout]    --> /opt/rustwide/cargo-home/registry/src/index.crates.io-1949cf8c6b5b557f/runmat-geometry-core-0.6.2/src/model/exact_evaluator/portable/mod.rs:30:12
[INFO] [stdout]     |
[INFO] [stdout]  30 |     pub fn new(
[INFO] [stdout]     |            ^^^
[INFO] [stdout] help: consider borrowing here
[INFO] [stdout]     |
[INFO] [stdout] 508 |         runmat_geometry_core::PortableExactEvaluator::new(&registry, &topology, &model).unwrap();
[INFO] [stdout]     |                                                                                 +
[INFO] [stdout] 
[INFO] [stdout] 
[INFO] [stdout] error[E0433]: cannot find module or crate `runmat_geometry_fixtures` in this scope
[INFO] [stdout]    --> src/shared/tests.rs:572:24
[INFO] [stdout]     |
[INFO] [stdout] 572 |     let (_, base, _) = runmat_geometry_fixtures::exact_circle();
[INFO] [stdout]     |                        ^^^^^^^^^^^^^^^^^^^^^^^^ use of unresolved module or unlinked crate `runmat_geometry_fixtures`
[INFO] [stdout]     |
[INFO] [stdout] help: there is a crate or module with a similar name
[INFO] [stdout]     |
[INFO] [stdout] 572 -     let (_, base, _) = runmat_geometry_fixtures::exact_circle();
[INFO] [stdout] 572 +     let (_, base, _) = runmat_geometry_core::exact_circle();
[INFO] [stdout]     |
[INFO] [stdout] 
[INFO] [stdout] 
[INFO] [stdout] error[E0433]: cannot find module or crate `runmat_geometry_fixtures` in this scope
[INFO] [stdout]    --> src/shared/tests.rs:607:42
[INFO] [stdout]     |
[INFO] [stdout] 607 |     let (document, topology, registry) = runmat_geometry_fixtures::exact_circle();
[INFO] [stdout]     |                                          ^^^^^^^^^^^^^^^^^^^^^^^^ use of unresolved module or unlinked crate `runmat_geometry_fixtures`
[INFO] [stdout]     |
[INFO] [stdout] help: there is a crate or module with a similar name
[INFO] [stdout]     |
[INFO] [stdout] 607 -     let (document, topology, registry) = runmat_geometry_fixtures::exact_circle();
[INFO] [stdout] 607 +     let (document, topology, registry) = runmat_geometry_core::exact_circle();
[INFO] [stdout]     |
[INFO] [stdout] 
[INFO] [stdout] 
[INFO] [stdout] error[E0308]: mismatched types
[INFO] [stdout]    --> src/shared/tests.rs:612:81
[INFO] [stdout]     |
[INFO] [stdout] 612 |         runmat_geometry_core::PortableExactEvaluator::new(&registry, &topology, model).unwrap();
[INFO] [stdout]     |         -------------------------------------------------                       ^^^^^ expected `&ExactBRepModel`, found `ExactBRepModel`
[INFO] [stdout]     |         |
[INFO] [stdout]     |         arguments to this function are incorrect
[INFO] [stdout]     |
[INFO] [stdout] note: associated function defined here
[INFO] [stdout]    --> /opt/rustwide/cargo-home/registry/src/index.crates.io-1949cf8c6b5b557f/runmat-geometry-core-0.6.2/src/model/exact_evaluator/portable/mod.rs:30:12
[INFO] [stdout]     |
[INFO] [stdout]  30 |     pub fn new(
[INFO] [stdout]     |            ^^^
[INFO] [stdout] help: consider borrowing here
[INFO] [stdout]     |
[INFO] [stdout] 612 |         runmat_geometry_core::PortableExactEvaluator::new(&registry, &topology, &model).unwrap();
[INFO] [stdout]     |                                                                                 +
[INFO] [stdout] 
[INFO] [stdout] 
[INFO] [stdout] error[E0433]: cannot find module or crate `runmat_geometry_fixtures` in this scope
[INFO] [stdout]    --> src/shared/tests.rs:667:50
[INFO] [stdout]     |
[INFO] [stdout] 667 |     let (document, mut topology, mut registry) = runmat_geometry_fixtures::exact_circle();
[INFO] [stdout]     |                                                  ^^^^^^^^^^^^^^^^^^^^^^^^ use of unresolved module or unlinked crate `runmat_geometry_fixtures`
[INFO] [stdout]     |
[INFO] [stdout] help: there is a crate or module with a similar name
[INFO] [stdout]     |
[INFO] [stdout] 667 -     let (document, mut topology, mut registry) = runmat_geometry_fixtures::exact_circle();
[INFO] [stdout] 667 +     let (document, mut topology, mut registry) = runmat_geometry_core::exact_circle();
[INFO] [stdout]     |
[INFO] [stdout] 
[INFO] [stdout] 
[INFO] [stdout] error[E0308]: mismatched types
[INFO] [stdout]    --> src/shared/tests.rs:704:81
[INFO] [stdout]     |
[INFO] [stdout] 704 |         runmat_geometry_core::PortableExactEvaluator::new(&registry, &topology, model).unwrap();
[INFO] [stdout]     |         -------------------------------------------------                       ^^^^^ expected `&ExactBRepModel`, found `ExactBRepModel`
[INFO] [stdout]     |         |
[INFO] [stdout]     |         arguments to this function are incorrect
[INFO] [stdout]     |
[INFO] [stdout] note: associated function defined here
[INFO] [stdout]    --> /opt/rustwide/cargo-home/registry/src/index.crates.io-1949cf8c6b5b557f/runmat-geometry-core-0.6.2/src/model/exact_evaluator/portable/mod.rs:30:12
[INFO] [stdout]     |
[INFO] [stdout]  30 |     pub fn new(
[INFO] [stdout]     |            ^^^
[INFO] [stdout] help: consider borrowing here
[INFO] [stdout]     |
[INFO] [stdout] 704 |         runmat_geometry_core::PortableExactEvaluator::new(&registry, &topology, &model).unwrap();
[INFO] [stdout]     |                                                                                 +
[INFO] [stdout] 
[INFO] [stdout] 
[INFO] [stdout] error[E0433]: cannot find module or crate `runmat_geometry_fixtures` in this scope
[INFO] [stdout]    --> src/shared/tests.rs:730:47
[INFO] [stdout]     |
[INFO] [stdout] 730 |     let (document, base_topology, registry) = runmat_geometry_fixtures::exact_circle();
[INFO] [stdout]     |                                               ^^^^^^^^^^^^^^^^^^^^^^^^ use of unresolved module or unlinked crate `runmat_geometry_fixtures`
[INFO] [stdout]     |
[INFO] [stdout] help: there is a crate or module with a similar name
[INFO] [stdout]     |
[INFO] [stdout] 730 -     let (document, base_topology, registry) = runmat_geometry_fixtures::exact_circle();
[INFO] [stdout] 730 +     let (document, base_topology, registry) = runmat_geometry_core::exact_circle();
[INFO] [stdout]     |
[INFO] [stdout] 
[INFO] [stdout] 
[INFO] [stdout] error[E0308]: mismatched types
[INFO] [stdout]    --> src/shared/tests.rs:735:86
[INFO] [stdout]     |
[INFO] [stdout] 735 |         runmat_geometry_core::PortableExactEvaluator::new(&registry, &base_topology, model)
[INFO] [stdout]     |         -------------------------------------------------                            ^^^^^ expected `&ExactBRepModel`, found `ExactBRepModel`
[INFO] [stdout]     |         |
[INFO] [stdout]     |         arguments to this function are incorrect
[INFO] [stdout]     |
[INFO] [stdout] note: associated function defined here
[INFO] [stdout]    --> /opt/rustwide/cargo-home/registry/src/index.crates.io-1949cf8c6b5b557f/runmat-geometry-core-0.6.2/src/model/exact_evaluator/portable/mod.rs:30:12
[INFO] [stdout]     |
[INFO] [stdout]  30 |     pub fn new(
[INFO] [stdout]     |            ^^^
[INFO] [stdout] help: consider borrowing here
[INFO] [stdout]     |
[INFO] [stdout] 735 |         runmat_geometry_core::PortableExactEvaluator::new(&registry, &base_topology, &model)
[INFO] [stdout]     |                                                                                      +
[INFO] [stdout] 
[INFO] [stdout] 
[INFO] [stdout] error[E0433]: cannot find module or crate `runmat_geometry_fixtures` in this scope
[INFO] [stdout]    --> src/shared/tests.rs:833:28
[INFO] [stdout]     |
[INFO] [stdout] 833 |     let (_, topology, _) = runmat_geometry_fixtures::exact_circle();
[INFO] [stdout]     |                            ^^^^^^^^^^^^^^^^^^^^^^^^ use of unresolved module or unlinked crate `runmat_geometry_fixtures`
[INFO] [stdout]     |
[INFO] [stdout] help: there is a crate or module with a similar name
[INFO] [stdout]     |
[INFO] [stdout] 833 -     let (_, topology, _) = runmat_geometry_fixtures::exact_circle();
[INFO] [stdout] 833 +     let (_, topology, _) = runmat_geometry_core::exact_circle();
[INFO] [stdout]     |
[INFO] [stdout] 
[INFO] [stdout] 
[INFO] [stdout] Some errors have detailed explanations: E0308, E0433.
[INFO] [stdout] 
[INFO] [stdout] For more information about an error, try `rustc --explain E0308`.
[INFO] [stdout] 
[INFO] [stderr] error: could not compile `runmat-meshing-curve` (lib test) due to 36 previous errors
[INFO] running `Command { std: "docker" "inspect" "78aaddac9a61550244a1713388cd353839cc51d00327d0f0d4d0402f27d3ceb9", kill_on_drop: false }`
[INFO] running `Command { std: "docker" "rm" "-f" "78aaddac9a61550244a1713388cd353839cc51d00327d0f0d4d0402f27d3ceb9", kill_on_drop: false }`
[INFO] [stdout] 78aaddac9a61550244a1713388cd353839cc51d00327d0f0d4d0402f27d3ceb9
