[INFO] fetching crate runmat-gc 0.6.2...
[INFO] testing runmat-gc-0.6.2 against 1.99.0-beta.8+cargoflags=--release for beta-release-1.100-2
[INFO] extracting crate runmat-gc 0.6.2 into /workspace/builds/worker-3-tc1/source
[INFO] started tweaking crates.io crate runmat-gc 0.6.2
[INFO] removed 0 missing tests
[INFO] finished tweaking crates.io crate runmat-gc 0.6.2
[INFO] tweaked toml for crates.io crate runmat-gc 0.6.2 written to /workspace/builds/worker-3-tc1/source/Cargo.toml
[INFO] validating manifest of crates.io crate runmat-gc 0.6.2 on toolchain 1.99.0-beta.8
[INFO] running `Command { std: CARGO_HOME="/workspace/cargo-home" RUSTUP_HOME="/workspace/rustup-home" "/workspace/cargo-home/bin/cargo" "+1.99.0-beta.8" "metadata" "--manifest-path" "Cargo.toml" "--no-deps", kill_on_drop: false }`
[INFO] crate crates.io crate runmat-gc 0.6.2 already has a lockfile, it will not be regenerated
[INFO] running `Command { std: CARGO_HOME="/workspace/cargo-home" RUSTUP_HOME="/workspace/rustup-home" "/workspace/cargo-home/bin/cargo" "+1.99.0-beta.8" "fetch" "--manifest-path" "Cargo.toml", kill_on_drop: false }`
[INFO] [stderr] warning: Cargo.toml: only one of `license` or `license-file` is necessary
[INFO] [stderr] `license` should be used if the package license can be expressed with a standard SPDX expression.
[INFO] [stderr] `license-file` should be used if the package uses a non-standard license.
[INFO] [stderr] See https://doc.rust-lang.org/cargo/reference/manifest.html#the-license-and-license-file-fields for more information.
[INFO] [stderr] warning: `runmat-gc` (manifest) generated 1 warning
[INFO] [stderr]     Updating crates.io index
[INFO] [stderr]  Downloading crates ...
[INFO] [stderr]   Downloaded runmat-thread-local v0.6.2
[INFO] [stderr]   Downloaded runmat-gc-api v0.6.2
[INFO] [stderr]   Downloaded runmat-execution v0.6.2
[INFO] [stderr]   Downloaded runmat-types v0.6.2
[INFO] [stderr]   Downloaded runmat-time v0.6.2
[INFO] [stderr]   Downloaded runmat-value v0.6.2
[INFO] [stderr]   Downloaded minicbor-derive v0.19.5
[INFO] [stderr]   Downloaded runmat-accelerate-api v0.6.2
[INFO] running `Command { std: "docker" "create" "-v" "/var/lib/crater-agent-workspace/builds/worker-3-tc1/source:/opt/rustwide/workdir:ro,Z" "-v" "/var/lib/crater-agent-workspace/builds/worker-3-tc1/target:/opt/rustwide/target:rw,Z" "-v" "/var/lib/crater-agent-workspace/cargo-home:/opt/rustwide/cargo-home:ro,Z" "-v" "/var/lib/crater-agent-workspace/rustup-home:/opt/rustwide/rustup-home:ro,Z" "-m" "1610612736" "--network" "none" "ghcr.io/rust-lang/crates-build-env/linux@sha256:77db811e55d90add9212f6832c23229e3de5f1c1f9905e8cb07319ea15df73ac" "sleep" "infinity", kill_on_drop: false }`
[INFO] [stdout] 134594651b668f8f1ac1b83e31e296b9f79dec761106a1474fa12b33d7a67a90
[INFO] running `Command { std: "docker" "start" "134594651b668f8f1ac1b83e31e296b9f79dec761106a1474fa12b33d7a67a90", kill_on_drop: false }`
[INFO] running `Command { std: "docker" "inspect" "134594651b668f8f1ac1b83e31e296b9f79dec761106a1474fa12b33d7a67a90", kill_on_drop: false }`
[INFO] running `Command { std: "docker" "exec" "-e" "SOURCE_DIR=/opt/rustwide/workdir" "-e" "CARGO_HOME=/opt/rustwide/cargo-home" "-e" "RUSTUP_HOME=/opt/rustwide/rustup-home" "-e" "CARGO_TARGET_DIR=/opt/rustwide/target" "-w" "/opt/rustwide/workdir" "--user" "0:0" "134594651b668f8f1ac1b83e31e296b9f79dec761106a1474fa12b33d7a67a90" "/opt/rustwide/cargo-home/bin/cargo" "+1.99.0-beta.8" "metadata" "--no-deps" "--format-version=1", kill_on_drop: false }`
[INFO] running `Command { std: "docker" "inspect" "134594651b668f8f1ac1b83e31e296b9f79dec761106a1474fa12b33d7a67a90", kill_on_drop: false }`
[INFO] running `Command { std: "docker" "exec" "-e" "SOURCE_DIR=/opt/rustwide/workdir" "-e" "CARGO_HOME=/opt/rustwide/cargo-home" "-e" "RUSTUP_HOME=/opt/rustwide/rustup-home" "-e" "CARGO_TARGET_DIR=/opt/rustwide/target" "-e" "CARGO_INCREMENTAL=0" "-e" "RUST_BACKTRACE=full" "-e" "RUSTFLAGS=--cap-lints=warn" "-e" "RUSTDOCFLAGS=--cap-lints=warn" "-w" "/opt/rustwide/workdir" "--user" "0:0" "134594651b668f8f1ac1b83e31e296b9f79dec761106a1474fa12b33d7a67a90" "/opt/rustwide/cargo-home/bin/cargo" "+1.99.0-beta.8" "build" "--frozen" "--message-format=json" "--release", kill_on_drop: false }`
[INFO] [stderr] warning: Cargo.toml: only one of `license` or `license-file` is necessary
[INFO] [stderr] `license` should be used if the package license can be expressed with a standard SPDX expression.
[INFO] [stderr] `license-file` should be used if the package uses a non-standard license.
[INFO] [stderr] See https://doc.rust-lang.org/cargo/reference/manifest.html#the-license-and-license-file-fields for more information.
[INFO] [stderr] warning: `runmat-gc` (manifest) generated 1 warning
[INFO] [stderr]    Compiling indexmap v1.9.3
[INFO] [stderr]    Compiling ed25519 v2.2.3
[INFO] [stderr]    Compiling runmat-thread-local v0.6.2
[INFO] [stderr]    Compiling syn v2.0.118
[INFO] [stderr]    Compiling curve25519-dalek v4.1.3
[INFO] [stderr]    Compiling serde_json v1.0.150
[INFO] [stderr]    Compiling runmat-gc-api v0.6.2
[INFO] [stderr]    Compiling page_size v0.6.0
[INFO] [stderr]    Compiling runmat-time v0.6.2
[INFO] [stderr]    Compiling num-integer v0.1.46
[INFO] [stderr]    Compiling sha2 v0.10.9
[INFO] [stderr]    Compiling num-bigint v0.4.6
[INFO] [stderr]    Compiling thiserror-impl v1.0.69
[INFO] [stderr]    Compiling curve25519-dalek-derive v0.1.1
[INFO] [stderr]    Compiling serde_derive v1.0.228
[INFO] [stderr]    Compiling minicbor-derive v0.19.5
[INFO] [stderr]    Compiling ed25519-dalek v2.2.0
[INFO] [stderr]    Compiling thiserror v1.0.69
[INFO] [stderr]    Compiling minicbor v2.3.0
[INFO] [stderr]    Compiling serde v1.0.228
[INFO] [stderr]    Compiling runmat-types v0.6.2
[INFO] [stderr]    Compiling runmat-execution v0.6.2
[INFO] [stderr]    Compiling runmat-accelerate-api v0.6.2
[INFO] [stderr]    Compiling runmat-value v0.6.2
[INFO] [stderr]    Compiling runmat-gc v0.6.2 (/opt/rustwide/workdir)
[INFO] [stdout] warning: use of deprecated method `std::sync::atomic::Atomic::<usize>::fetch_update`: renamed to `try_update` for consistency
[INFO] [stdout]    --> src/allocator.rs:186:18
[INFO] [stdout]     |
[INFO] [stdout] 186 |                 .fetch_update(Ordering::Relaxed, Ordering::Relaxed, |current| {
[INFO] [stdout]     |                  ^^^^^^^^^^^^
[INFO] [stdout]     |
[INFO] [stdout]     = note: `#[warn(deprecated)]` on by default
[INFO] [stdout] help: replace the use of the deprecated method
[INFO] [stdout]     |
[INFO] [stdout] 186 -                 .fetch_update(Ordering::Relaxed, Ordering::Relaxed, |current| {
[INFO] [stdout] 186 +                 .try_update(Ordering::Relaxed, Ordering::Relaxed, |current| {
[INFO] [stdout]     |
[INFO] [stdout] 
[INFO] [stdout] 
[INFO] [stderr]     Finished `release` profile [optimized] target(s) in 57.38s
[INFO] running `Command { std: "docker" "inspect" "134594651b668f8f1ac1b83e31e296b9f79dec761106a1474fa12b33d7a67a90", kill_on_drop: false }`
[INFO] running `Command { std: "docker" "exec" "-e" "SOURCE_DIR=/opt/rustwide/workdir" "-e" "CARGO_HOME=/opt/rustwide/cargo-home" "-e" "RUSTUP_HOME=/opt/rustwide/rustup-home" "-e" "CARGO_TARGET_DIR=/opt/rustwide/target" "-e" "CARGO_INCREMENTAL=0" "-e" "RUST_BACKTRACE=full" "-e" "RUSTFLAGS=--cap-lints=warn" "-e" "RUSTDOCFLAGS=--cap-lints=warn" "-w" "/opt/rustwide/workdir" "--user" "0:0" "134594651b668f8f1ac1b83e31e296b9f79dec761106a1474fa12b33d7a67a90" "/opt/rustwide/cargo-home/bin/cargo" "+1.99.0-beta.8" "test" "--frozen" "--no-run" "--message-format=json" "--release", kill_on_drop: false }`
[INFO] [stderr] warning: Cargo.toml: only one of `license` or `license-file` is necessary
[INFO] [stderr] `license` should be used if the package license can be expressed with a standard SPDX expression.
[INFO] [stderr] `license-file` should be used if the package uses a non-standard license.
[INFO] [stderr] See https://doc.rust-lang.org/cargo/reference/manifest.html#the-license-and-license-file-fields for more information.
[INFO] [stderr] warning: `runmat-gc` (manifest) generated 1 warning
[INFO] [stdout] warning: use of deprecated method `std::sync::atomic::Atomic::<usize>::fetch_update`: renamed to `try_update` for consistency
[INFO] [stdout]    --> src/allocator.rs:186:18
[INFO] [stdout]     |
[INFO] [stdout] 186 |                 .fetch_update(Ordering::Relaxed, Ordering::Relaxed, |current| {
[INFO] [stdout]     |                  ^^^^^^^^^^^^
[INFO] [stdout]     |
[INFO] [stdout]     = note: `#[warn(deprecated)]` on by default
[INFO] [stdout] help: replace the use of the deprecated method
[INFO] [stdout]     |
[INFO] [stdout] 186 -                 .fetch_update(Ordering::Relaxed, Ordering::Relaxed, |current| {
[INFO] [stdout] 186 +                 .try_update(Ordering::Relaxed, Ordering::Relaxed, |current| {
[INFO] [stdout]     |
[INFO] [stdout] 
[INFO] [stdout] 
[INFO] [stderr]    Compiling runmat-gc v0.6.2 (/opt/rustwide/workdir)
[INFO] [stdout] error[E0433]: cannot find module or crate `futures` in this scope
[INFO] [stdout]    --> tests/stress.rs:116:13
[INFO] [stdout]     |
[INFO] [stdout] 116 |         use futures::executor::block_on;
[INFO] [stdout]     |             ^^^^^^^ use of unresolved module or unlinked crate `futures`
[INFO] [stdout]     |
[INFO] [stdout]     = help: if you wanted to use a crate named `futures`, use `cargo add futures` to add it to your `Cargo.toml`
[INFO] [stdout] 
[INFO] [stdout] 
[INFO] [stdout] error[E0432]: unresolved import `runmat_hir`
[INFO] [stdout]    --> tests/stress.rs:117:13
[INFO] [stdout]     |
[INFO] [stdout] 117 |         use runmat_hir::LoweringContext;
[INFO] [stdout]     |             ^^^^^^^^^^ use of unresolved module or unlinked crate `runmat_hir`
[INFO] [stdout]     |
[INFO] [stdout] help: there is a crate or module with a similar name
[INFO] [stdout]     |
[INFO] [stdout] 117 -         use runmat_hir::LoweringContext;
[INFO] [stdout] 117 +         use runmat_gc::LoweringContext;
[INFO] [stdout]     |
[INFO] [stdout] 
[INFO] [stdout] 
[INFO] [stdout] error[E0432]: unresolved import `runmat_parser`
[INFO] [stdout]    --> tests/stress.rs:118:13
[INFO] [stdout]     |
[INFO] [stdout] 118 |         use runmat_parser::parse;
[INFO] [stdout]     |             ^^^^^^^^^^^^^ use of unresolved module or unlinked crate `runmat_parser`
[INFO] [stdout]     |
[INFO] [stdout] help: there is a crate or module with a similar name
[INFO] [stdout]     |
[INFO] [stdout] 118 -         use runmat_parser::parse;
[INFO] [stdout] 118 +         use runmat_value::parse;
[INFO] [stdout]     |
[INFO] [stdout] 
[INFO] [stdout] 
[INFO] [stdout] warning: use of deprecated method `std::sync::atomic::Atomic::<usize>::fetch_update`: renamed to `try_update` for consistency
[INFO] [stdout]    --> src/allocator.rs:186:18
[INFO] [stdout]     |
[INFO] [stdout] 186 |                 .fetch_update(Ordering::Relaxed, Ordering::Relaxed, |current| {
[INFO] [stdout]     |                  ^^^^^^^^^^^^
[INFO] [stdout]     |
[INFO] [stdout]     = note: `#[warn(deprecated)]` on by default
[INFO] [stdout] help: replace the use of the deprecated method
[INFO] [stdout]     |
[INFO] [stdout] 186 -                 .fetch_update(Ordering::Relaxed, Ordering::Relaxed, |current| {
[INFO] [stdout] 186 +                 .try_update(Ordering::Relaxed, Ordering::Relaxed, |current| {
[INFO] [stdout]     |
[INFO] [stdout] 
[INFO] [stdout] 
[INFO] [stdout] error[E0433]: cannot find module or crate `runmat_vm` in this scope
[INFO] [stdout]    --> tests/stress.rs:134:51
[INFO] [stdout]     |
[INFO] [stdout] 134 |             let ast = parse(source).map_err(|err| runmat_vm::CompileError::new(err.to_string()))?;
[INFO] [stdout]     |                                                   ^^^^^^^^^ use of unresolved module or unlinked crate `runmat_vm`
[INFO] [stdout]     |
[INFO] [stdout] help: there is a crate or module with a similar name
[INFO] [stdout]     |
[INFO] [stdout] 134 -             let ast = parse(source).map_err(|err| runmat_vm::CompileError::new(err.to_string()))?;
[INFO] [stdout] 134 +             let ast = parse(source).map_err(|err| runmat_gc::CompileError::new(err.to_string()))?;
[INFO] [stdout]     |
[INFO] [stdout] 
[INFO] [stdout] 
[INFO] [stdout] error[E0433]: cannot find module or crate `runmat_vm` in this scope
[INFO] [stdout]    --> tests/stress.rs:136:32
[INFO] [stdout]     |
[INFO] [stdout] 136 |                 .map_err(|err| runmat_vm::CompileError::new(format!("{err:?}")))?;
[INFO] [stdout]     |                                ^^^^^^^^^ use of unresolved module or unlinked crate `runmat_vm`
[INFO] [stdout]     |
[INFO] [stdout] help: there is a crate or module with a similar name
[INFO] [stdout]     |
[INFO] [stdout] 136 -                 .map_err(|err| runmat_vm::CompileError::new(format!("{err:?}")))?;
[INFO] [stdout] 136 +                 .map_err(|err| runmat_gc::CompileError::new(format!("{err:?}")))?;
[INFO] [stdout]     |
[INFO] [stdout] 
[INFO] [stdout] 
[INFO] [stdout] error[E0433]: cannot find module or crate `runmat_mir` in this scope
[INFO] [stdout]    --> tests/stress.rs:137:23
[INFO] [stdout]     |
[INFO] [stdout] 137 |             let mir = runmat_mir::lowering::lower_assembly(&lowering.assembly)
[INFO] [stdout]     |                       ^^^^^^^^^^ use of unresolved module or unlinked crate `runmat_mir`
[INFO] [stdout]     |
[INFO] [stdout] help: there is a crate or module with a similar name
[INFO] [stdout]     |
[INFO] [stdout] 137 -             let mir = runmat_mir::lowering::lower_assembly(&lowering.assembly)
[INFO] [stdout] 137 +             let mir = runmat_gc::lowering::lower_assembly(&lowering.assembly)
[INFO] [stdout]     |
[INFO] [stdout] 
[INFO] [stdout] 
[INFO] [stdout] error[E0433]: cannot find module or crate `runmat_vm` in this scope
[INFO] [stdout]    --> tests/stress.rs:138:32
[INFO] [stdout]     |
[INFO] [stdout] 138 |                 .map_err(|err| runmat_vm::CompileError::new(format!("{err:?}")))?;
[INFO] [stdout]     |                                ^^^^^^^^^ use of unresolved module or unlinked crate `runmat_vm`
[INFO] [stdout]     |
[INFO] [stdout] help: there is a crate or module with a similar name
[INFO] [stdout]     |
[INFO] [stdout] 138 -                 .map_err(|err| runmat_vm::CompileError::new(format!("{err:?}")))?;
[INFO] [stdout] 138 +                 .map_err(|err| runmat_gc::CompileError::new(format!("{err:?}")))?;
[INFO] [stdout]     |
[INFO] [stdout] 
[INFO] [stdout] 
[INFO] [stdout] error[E0433]: cannot find module or crate `runmat_vm` in this scope
[INFO] [stdout]    --> tests/stress.rs:143:32
[INFO] [stdout]     |
[INFO] [stdout] 143 |                 .ok_or_else(|| runmat_vm::CompileError::new("missing semantic entrypoint"))?
[INFO] [stdout]     |                                ^^^^^^^^^ use of unresolved module or unlinked crate `runmat_vm`
[INFO] [stdout]     |
[INFO] [stdout] help: there is a crate or module with a similar name
[INFO] [stdout]     |
[INFO] [stdout] 143 -                 .ok_or_else(|| runmat_vm::CompileError::new("missing semantic entrypoint"))?
[INFO] [stdout] 143 +                 .ok_or_else(|| runmat_gc::CompileError::new("missing semantic entrypoint"))?
[INFO] [stdout]     |
[INFO] [stdout] 
[INFO] [stdout] 
[INFO] [stdout] error[E0433]: cannot find module or crate `runmat_vm` in this scope
[INFO] [stdout]    --> tests/stress.rs:151:33
[INFO] [stdout]     |
[INFO] [stdout] 151 |             let vars = block_on(runmat_vm::interpret(&bytecode)).expect("execution should succeed");
[INFO] [stdout]     |                                 ^^^^^^^^^ use of unresolved module or unlinked crate `runmat_vm`
[INFO] [stdout]     |
[INFO] [stdout] help: there is a crate or module with a similar name
[INFO] [stdout]     |
[INFO] [stdout] 151 -             let vars = block_on(runmat_vm::interpret(&bytecode)).expect("execution should succeed");
[INFO] [stdout] 151 +             let vars = block_on(runmat_gc::interpret(&bytecode)).expect("execution should succeed");
[INFO] [stdout]     |
[INFO] [stdout] 
[INFO] [stdout] 
[INFO] [stdout] error[E0433]: cannot find module or crate `runmat_hir` in this scope
[INFO] [stdout]    --> tests/stress.rs:135:28
[INFO] [stdout]     |
[INFO] [stdout] 135 |             let lowering = runmat_hir::lower(&ast, &LoweringContext::empty())
[INFO] [stdout]     |                            ^^^^^^^^^^ use of unresolved module or unlinked crate `runmat_hir`
[INFO] [stdout]     |
[INFO] [stdout] help: there is a crate or module with a similar name
[INFO] [stdout]     |
[INFO] [stdout] 135 -             let lowering = runmat_hir::lower(&ast, &LoweringContext::empty())
[INFO] [stdout] 135 +             let lowering = runmat_gc::lower(&ast, &LoweringContext::empty())
[INFO] [stdout]     |
[INFO] [stdout] 
[INFO] [stdout] 
[INFO] [stdout] error[E0433]: cannot find module or crate `runmat_vm` in this scope
[INFO] [stdout]    --> tests/stress.rs:145:13
[INFO] [stdout]     |
[INFO] [stdout] 145 |             runmat_vm::compile(&lowering.assembly, &mir, entrypoint)
[INFO] [stdout]     |             ^^^^^^^^^ use of unresolved module or unlinked crate `runmat_vm`
[INFO] [stdout]     |
[INFO] [stdout] help: there is a crate or module with a similar name
[INFO] [stdout]     |
[INFO] [stdout] 145 -             runmat_vm::compile(&lowering.assembly, &mir, entrypoint)
[INFO] [stdout] 145 +             runmat_gc::compile(&lowering.assembly, &mir, entrypoint)
[INFO] [stdout]     |
[INFO] [stdout] 
[INFO] [stdout] 
[INFO] [stdout] error[E0433]: cannot find module or crate `runmat_vm` in this scope
[INFO] [stdout]    --> tests/stress.rs:133:34
[INFO] [stdout]     |
[INFO] [stdout] 133 |         ) -> std::result::Result<runmat_vm::Bytecode, runmat_vm::CompileError> {
[INFO] [stdout]     |                                  ^^^^^^^^^ use of unresolved module or unlinked crate `runmat_vm`
[INFO] [stdout]     |
[INFO] [stdout] help: there is a crate or module with a similar name
[INFO] [stdout]     |
[INFO] [stdout] 133 -         ) -> std::result::Result<runmat_vm::Bytecode, runmat_vm::CompileError> {
[INFO] [stdout] 133 +         ) -> std::result::Result<runmat_gc::Bytecode, runmat_vm::CompileError> {
[INFO] [stdout]     |
[INFO] [stdout] 
[INFO] [stdout] 
[INFO] [stdout] error[E0433]: cannot find module or crate `runmat_vm` in this scope
[INFO] [stdout]    --> tests/stress.rs:133:55
[INFO] [stdout]     |
[INFO] [stdout] 133 |         ) -> std::result::Result<runmat_vm::Bytecode, runmat_vm::CompileError> {
[INFO] [stdout]     |                                                       ^^^^^^^^^ use of unresolved module or unlinked crate `runmat_vm`
[INFO] [stdout]     |
[INFO] [stdout] help: there is a crate or module with a similar name
[INFO] [stdout]     |
[INFO] [stdout] 133 -         ) -> std::result::Result<runmat_vm::Bytecode, runmat_vm::CompileError> {
[INFO] [stdout] 133 +         ) -> std::result::Result<runmat_vm::Bytecode, runmat_gc::CompileError> {
[INFO] [stdout]     |
[INFO] [stdout] 
[INFO] [stdout] 
[INFO] [stdout] Some errors have detailed explanations: E0432, E0433.
[INFO] [stdout] 
[INFO] [stdout] For more information about an error, try `rustc --explain E0432`.
[INFO] [stdout] 
[INFO] [stderr] error: could not compile `runmat-gc` (test "stress") due to 13 previous errors
[INFO] [stderr] warning: build failed, waiting for other jobs to finish...
[INFO] running `Command { std: "docker" "inspect" "134594651b668f8f1ac1b83e31e296b9f79dec761106a1474fa12b33d7a67a90", kill_on_drop: false }`
[INFO] running `Command { std: "docker" "rm" "-f" "134594651b668f8f1ac1b83e31e296b9f79dec761106a1474fa12b33d7a67a90", kill_on_drop: false }`
[INFO] [stdout] 134594651b668f8f1ac1b83e31e296b9f79dec761106a1474fa12b33d7a67a90
