[INFO] fetching crate rumac 0.1.1...
[INFO] testing rumac-0.1.1 against 1.100.0-beta.1+cargoflags=--release for beta-release-1.100-2
[INFO] extracting crate rumac 0.1.1 into /workspace/builds/worker-3-tc2/source
[INFO] started tweaking crates.io crate rumac 0.1.1
[INFO] removed 0 missing tests
[INFO] finished tweaking crates.io crate rumac 0.1.1
[INFO] tweaked toml for crates.io crate rumac 0.1.1 written to /workspace/builds/worker-3-tc2/source/Cargo.toml
[INFO] validating manifest of crates.io crate rumac 0.1.1 on toolchain 1.100.0-beta.1
[INFO] running `Command { std: CARGO_HOME="/workspace/cargo-home" RUSTUP_HOME="/workspace/rustup-home" "/workspace/cargo-home/bin/cargo" "+1.100.0-beta.1" "metadata" "--manifest-path" "Cargo.toml" "--no-deps", kill_on_drop: false }`
[INFO] crate crates.io crate rumac 0.1.1 already has a lockfile, it will not be regenerated
[INFO] running `Command { std: CARGO_HOME="/workspace/cargo-home" RUSTUP_HOME="/workspace/rustup-home" "/workspace/cargo-home/bin/cargo" "+1.100.0-beta.1" "fetch" "--manifest-path" "Cargo.toml", kill_on_drop: false }`
[INFO] running `Command { std: "docker" "create" "-v" "/var/lib/crater-agent-workspace/builds/worker-3-tc2/source:/opt/rustwide/workdir:ro,Z" "-v" "/var/lib/crater-agent-workspace/builds/worker-3-tc2/target:/opt/rustwide/target:rw,Z" "-v" "/var/lib/crater-agent-workspace/cargo-home:/opt/rustwide/cargo-home:ro,Z" "-v" "/var/lib/crater-agent-workspace/rustup-home:/opt/rustwide/rustup-home:ro,Z" "-m" "1610612736" "--network" "none" "ghcr.io/rust-lang/crates-build-env/linux@sha256:77db811e55d90add9212f6832c23229e3de5f1c1f9905e8cb07319ea15df73ac" "sleep" "infinity", kill_on_drop: false }`
[INFO] [stdout] 12521e6042350c10dd91a7f4d85155c8f9f6e95a97aa1751a3fa7c905a93e3a4
[INFO] running `Command { std: "docker" "start" "12521e6042350c10dd91a7f4d85155c8f9f6e95a97aa1751a3fa7c905a93e3a4", kill_on_drop: false }`
[INFO] running `Command { std: "docker" "inspect" "12521e6042350c10dd91a7f4d85155c8f9f6e95a97aa1751a3fa7c905a93e3a4", kill_on_drop: false }`
[INFO] running `Command { std: "docker" "exec" "-e" "SOURCE_DIR=/opt/rustwide/workdir" "-e" "CARGO_HOME=/opt/rustwide/cargo-home" "-e" "RUSTUP_HOME=/opt/rustwide/rustup-home" "-e" "CARGO_TARGET_DIR=/opt/rustwide/target" "-w" "/opt/rustwide/workdir" "--user" "0:0" "12521e6042350c10dd91a7f4d85155c8f9f6e95a97aa1751a3fa7c905a93e3a4" "/opt/rustwide/cargo-home/bin/cargo" "+1.100.0-beta.1" "metadata" "--no-deps" "--format-version=1", kill_on_drop: false }`
[INFO] running `Command { std: "docker" "inspect" "12521e6042350c10dd91a7f4d85155c8f9f6e95a97aa1751a3fa7c905a93e3a4", kill_on_drop: false }`
[INFO] running `Command { std: "docker" "exec" "-e" "SOURCE_DIR=/opt/rustwide/workdir" "-e" "CARGO_HOME=/opt/rustwide/cargo-home" "-e" "RUSTUP_HOME=/opt/rustwide/rustup-home" "-e" "CARGO_TARGET_DIR=/opt/rustwide/target" "-e" "CARGO_INCREMENTAL=0" "-e" "RUST_BACKTRACE=full" "-e" "RUSTFLAGS=--cap-lints=warn" "-e" "RUSTDOCFLAGS=--cap-lints=warn" "-w" "/opt/rustwide/workdir" "--user" "0:0" "12521e6042350c10dd91a7f4d85155c8f9f6e95a97aa1751a3fa7c905a93e3a4" "/opt/rustwide/cargo-home/bin/cargo" "+1.100.0-beta.1" "build" "--frozen" "--message-format=json" "--release", kill_on_drop: false }`
[INFO] [stderr]    Compiling rumac v0.1.1 (/opt/rustwide/workdir)
[INFO] [stderr] warning: unused dependency `paste`
[INFO] [stderr]  --> Cargo.toml:1:15
[INFO] [stderr]   |
[INFO] [stderr] 1 | [dependencies.paste]
[INFO] [stderr]   |               ^^^^^^
[INFO] [stderr]   |
[INFO] [stderr]   = note: `cargo::unused_dependencies` is set to `warn` by default
[INFO] [stderr] help: consider removing the dependency on `paste`
[INFO] [stderr] warning: `rumac` (manifest) generated 1 warning
[INFO] [stderr]     Finished `release` profile [optimized] target(s) in 0.10s
[INFO] running `Command { std: "docker" "inspect" "12521e6042350c10dd91a7f4d85155c8f9f6e95a97aa1751a3fa7c905a93e3a4", kill_on_drop: false }`
[INFO] running `Command { std: "docker" "exec" "-e" "SOURCE_DIR=/opt/rustwide/workdir" "-e" "CARGO_HOME=/opt/rustwide/cargo-home" "-e" "RUSTUP_HOME=/opt/rustwide/rustup-home" "-e" "CARGO_TARGET_DIR=/opt/rustwide/target" "-e" "CARGO_INCREMENTAL=0" "-e" "RUST_BACKTRACE=full" "-e" "RUSTFLAGS=--cap-lints=warn" "-e" "RUSTDOCFLAGS=--cap-lints=warn" "-w" "/opt/rustwide/workdir" "--user" "0:0" "12521e6042350c10dd91a7f4d85155c8f9f6e95a97aa1751a3fa7c905a93e3a4" "/opt/rustwide/cargo-home/bin/cargo" "+1.100.0-beta.1" "test" "--frozen" "--no-run" "--message-format=json" "--release", kill_on_drop: false }`
[INFO] [stderr]    Compiling rumac v0.1.1 (/opt/rustwide/workdir)
[INFO] [stdout] error[E0432]: unresolved import `crate::test_cases`
[INFO] [stdout]  --> src/tests.rs:1:5
[INFO] [stdout]   |
[INFO] [stdout] 1 | use crate::test_cases;
[INFO] [stdout]   |     ^^^^^^^----------
[INFO] [stdout]   |            |
[INFO] [stdout]   |            no `test_cases` in the root
[INFO] [stdout] 
[INFO] [stdout] 
[INFO] [stdout] error[E0432]: unresolved import `crate::casc`
[INFO] [stdout]  --> src/tests.rs:5:9
[INFO] [stdout]   |
[INFO] [stdout] 5 |     use crate::casc;
[INFO] [stdout]   |         ^^^^^^^----
[INFO] [stdout]   |                |
[INFO] [stdout]   |                no `casc` in the root
[INFO] [stdout] 
[INFO] [stdout] 
[INFO] [stdout] error[E0432]: unresolved import `crate::cc`
[INFO] [stdout]   --> src/tests.rs:14:9
[INFO] [stdout]    |
[INFO] [stdout] 14 |     use crate::cc;
[INFO] [stdout]    |         ^^^^^^^--
[INFO] [stdout]    |                |
[INFO] [stdout]    |                no `cc` in the root
[INFO] [stdout] 
[INFO] [stdout] 
[INFO] [stdout] error[E0432]: unresolved import `crate::coal`
[INFO] [stdout]   --> src/tests.rs:27:9
[INFO] [stdout]    |
[INFO] [stdout] 27 |     use crate::coal;
[INFO] [stdout]    |         ^^^^^^^----
[INFO] [stdout]    |                |
[INFO] [stdout]    |                no `coal` in the root
[INFO] [stdout] 
[INFO] [stdout] 
[INFO] [stdout] error[E0432]: unresolved import `crate::dc`
[INFO] [stdout]   --> src/tests.rs:40:9
[INFO] [stdout]    |
[INFO] [stdout] 40 |     use crate::dc;
[INFO] [stdout]    |         ^^^^^^^--
[INFO] [stdout]    |                |
[INFO] [stdout]    |                no `dc` in the root
[INFO] [stdout] 
[INFO] [stdout] 
[INFO] [stdout] error[E0432]: unresolved import `crate::delegate`
[INFO] [stdout]   --> src/tests.rs:50:9
[INFO] [stdout]    |
[INFO] [stdout] 50 |     use crate::delegate;
[INFO] [stdout]    |         ^^^^^^^--------
[INFO] [stdout]    |                |
[INFO] [stdout]    |                no `delegate` in the root
[INFO] [stdout] 
[INFO] [stdout] 
[INFO] [stdout] error[E0432]: unresolved import `crate::deq`
[INFO] [stdout]   --> src/tests.rs:75:9
[INFO] [stdout]    |
[INFO] [stdout] 75 |     use crate::deq;
[INFO] [stdout]    |         ^^^^^^^---
[INFO] [stdout]    |                |
[INFO] [stdout]    |                no `deq` in the root
[INFO] [stdout] 
[INFO] [stdout] 
[INFO] [stdout] error[E0432]: unresolved import `crate::dow`
[INFO] [stdout]   --> src/tests.rs:88:9
[INFO] [stdout]    |
[INFO] [stdout] 88 |     use crate::dow;
[INFO] [stdout]    |         ^^^^^^^---
[INFO] [stdout]    |                |
[INFO] [stdout]    |                no `dow` in the root
[INFO] [stdout] 
[INFO] [stdout] 
[INFO] [stdout] error[E0432]: unresolved imports `crate::ease`, `crate::easeout`
[INFO] [stdout]   --> src/tests.rs:98:17
[INFO] [stdout]    |
[INFO] [stdout] 98 |     use crate::{ease, easeout};
[INFO] [stdout]    |                 ^^^^  ^^^^^^^ no `easeout` in the root
[INFO] [stdout]    |                 |
[INFO] [stdout]    |                 no `ease` in the root
[INFO] [stdout] 
[INFO] [stdout] 
[INFO] [stdout] error[E0432]: unresolved import `crate::guard`
[INFO] [stdout]    --> src/tests.rs:110:9
[INFO] [stdout]     |
[INFO] [stdout] 110 |     use crate::guard;
[INFO] [stdout]     |         ^^^^^^^-----
[INFO] [stdout]     |                |
[INFO] [stdout]     |                no `guard` in the root
[INFO] [stdout] 
[INFO] [stdout] 
[INFO] [stdout] error[E0432]: unresolved import `crate::impl_op`
[INFO] [stdout]    --> src/tests.rs:123:9
[INFO] [stdout]     |
[INFO] [stdout] 123 |     use crate::impl_op;
[INFO] [stdout]     |         ^^^^^^^-------
[INFO] [stdout]     |                |
[INFO] [stdout]     |                no `impl_op` in the root
[INFO] [stdout] 
[INFO] [stdout] 
[INFO] [stdout] error[E0432]: unresolved import `crate::lc`
[INFO] [stdout]    --> src/tests.rs:158:9
[INFO] [stdout]     |
[INFO] [stdout] 158 |     use crate::lc;
[INFO] [stdout]     |         ^^^^^^^--
[INFO] [stdout]     |                |
[INFO] [stdout]     |                no `lc` in the root
[INFO] [stdout] 
[INFO] [stdout] 
[INFO] [stdout] error[E0432]: unresolved import `crate::ls`
[INFO] [stdout]    --> src/tests.rs:171:9
[INFO] [stdout]     |
[INFO] [stdout] 171 |     use crate::ls;
[INFO] [stdout]     |         ^^^^^^^--
[INFO] [stdout]     |                |
[INFO] [stdout]     |                no `ls` in the root
[INFO] [stdout] 
[INFO] [stdout] 
[INFO] [stdout] error[E0432]: unresolved import `crate::map`
[INFO] [stdout]    --> src/tests.rs:186:9
[INFO] [stdout]     |
[INFO] [stdout] 186 |     use crate::map;
[INFO] [stdout]     |         ^^^^^^^---
[INFO] [stdout]     |                |
[INFO] [stdout]     |                no `map` in the root
[INFO] [stdout] 
[INFO] [stdout] 
[INFO] [stdout] error[E0432]: unresolved import `crate::bmap`
[INFO] [stdout]    --> src/tests.rs:194:9
[INFO] [stdout]     |
[INFO] [stdout] 194 |     use crate::bmap;
[INFO] [stdout]     |         ^^^^^^^----
[INFO] [stdout]     |                |
[INFO] [stdout]     |                no `bmap` in the root
[INFO] [stdout] 
[INFO] [stdout] 
[INFO] [stdout] error[E0432]: unresolved import `crate::nav`
[INFO] [stdout]    --> src/tests.rs:205:9
[INFO] [stdout]     |
[INFO] [stdout] 205 |     use crate::nav;
[INFO] [stdout]     |         ^^^^^^^---
[INFO] [stdout]     |                |
[INFO] [stdout]     |                no `nav` in the root
[INFO] [stdout] 
[INFO] [stdout] 
[INFO] [stdout] error[E0432]: unresolved import `crate::pipe`
[INFO] [stdout]    --> src/tests.rs:229:9
[INFO] [stdout]     |
[INFO] [stdout] 229 |     use crate::pipe;
[INFO] [stdout]     |         ^^^^^^^----
[INFO] [stdout]     |                |
[INFO] [stdout]     |                no `pipe` in the root
[INFO] [stdout] 
[INFO] [stdout] 
[INFO] [stdout] error[E0432]: unresolved import `crate::rec`
[INFO] [stdout]    --> src/tests.rs:243:9
[INFO] [stdout]     |
[INFO] [stdout] 243 |     use crate::rec;
[INFO] [stdout]     |         ^^^^^^^---
[INFO] [stdout]     |                |
[INFO] [stdout]     |                no `rec` in the root
[INFO] [stdout] 
[INFO] [stdout] 
[INFO] [stdout] error[E0432]: unresolved import `crate::retry`
[INFO] [stdout]    --> src/tests.rs:258:9
[INFO] [stdout]     |
[INFO] [stdout] 258 |     use crate::retry;
[INFO] [stdout]     |         ^^^^^^^-----
[INFO] [stdout]     |                |
[INFO] [stdout]     |                no `retry` in the root
[INFO] [stdout] 
[INFO] [stdout] 
[INFO] [stdout] error[E0432]: unresolved import `crate::set`
[INFO] [stdout]    --> src/tests.rs:276:9
[INFO] [stdout]     |
[INFO] [stdout] 276 |     use crate::set;
[INFO] [stdout]     |         ^^^^^^^---
[INFO] [stdout]     |                |
[INFO] [stdout]     |                no `set` in the root
[INFO] [stdout] 
[INFO] [stdout] 
[INFO] [stdout] error[E0432]: unresolved import `crate::bset`
[INFO] [stdout]    --> src/tests.rs:281:9
[INFO] [stdout]     |
[INFO] [stdout] 281 |     use crate::bset;
[INFO] [stdout]     |         ^^^^^^^----
[INFO] [stdout]     |                |
[INFO] [stdout]     |                no `bset` in the root
[INFO] [stdout] 
[INFO] [stdout] 
[INFO] [stdout] error[E0432]: unresolved import `crate::tap`
[INFO] [stdout]    --> src/tests.rs:289:9
[INFO] [stdout]     |
[INFO] [stdout] 289 |     use crate::tap;
[INFO] [stdout]     |         ^^^^^^^---
[INFO] [stdout]     |                |
[INFO] [stdout]     |                no `tap` in the root
[INFO] [stdout] 
[INFO] [stdout] 
[INFO] [stdout] error[E0432]: unresolved import `crate::tern`
[INFO] [stdout]    --> src/tests.rs:300:9
[INFO] [stdout]     |
[INFO] [stdout] 300 |     use crate::tern;
[INFO] [stdout]     |         ^^^^^^^----
[INFO] [stdout]     |                |
[INFO] [stdout]     |                no `tern` in the root
[INFO] [stdout] 
[INFO] [stdout] 
[INFO] [stdout] error[E0432]: unresolved import `crate::unless`
[INFO] [stdout]    --> src/tests.rs:323:9
[INFO] [stdout]     |
[INFO] [stdout] 323 |     use crate::unless;
[INFO] [stdout]     |         ^^^^^^^------
[INFO] [stdout]     |                |
[INFO] [stdout]     |                no `unless` in the root
[INFO] [stdout] 
[INFO] [stdout] 
[INFO] [stdout] warning: unused import: `std::time::Duration`
[INFO] [stdout]    --> src/tests.rs:260:9
[INFO] [stdout]     |
[INFO] [stdout] 260 |     use std::time::Duration;
[INFO] [stdout]     |         ^^^^^^^^^^^^^^^^^^^
[INFO] [stdout]     |
[INFO] [stdout]     = note: `#[warn(unused_imports)]` (part of `#[warn(unused)]`) on by default
[INFO] [stdout] 
[INFO] [stdout] 
[INFO] [stdout] error[E0369]: cannot add `{integer}` to `Wrapper`
[INFO] [stdout]    --> src/tests.rs:149:18
[INFO] [stdout]     |
[INFO] [stdout] 149 |     assert_eq!(w + 10, 15);
[INFO] [stdout]     |                - ^ -- {integer}
[INFO] [stdout]     |                |
[INFO] [stdout]     |                Wrapper
[INFO] [stdout]     |
[INFO] [stdout] note: an implementation of `Add<{integer}>` might be missing for `Wrapper`
[INFO] [stdout]    --> src/tests.rs:126:5
[INFO] [stdout]     |
[INFO] [stdout] 126 |     struct Wrapper(i32);
[INFO] [stdout]     |     ^^^^^^^^^^^^^^ must implement `Add<{integer}>`
[INFO] [stdout] note: the trait `Add` must be implemented
[INFO] [stdout]    --> /rustc/e3feeb59cd1bdd011a2bfcc0747b55125d9b8527/library/core/src/ops/arith.rs:76:0
[INFO] [stdout] 
[INFO] [stdout] 
[INFO] [stdout] error[E0368]: binary assignment operation `+=` cannot be applied to type `Wrapper`
[INFO] [stdout]    --> src/tests.rs:150:5
[INFO] [stdout]     |
[INFO] [stdout] 150 |     w += 5;
[INFO] [stdout]     |     -^^^^^
[INFO] [stdout]     |     |
[INFO] [stdout]     |     cannot use `+=` on type `Wrapper`
[INFO] [stdout]     |
[INFO] [stdout] note: an implementation of `AddAssign<{integer}>` might be missing for `Wrapper`
[INFO] [stdout]    --> src/tests.rs:126:5
[INFO] [stdout]     |
[INFO] [stdout] 126 |     struct Wrapper(i32);
[INFO] [stdout]     |     ^^^^^^^^^^^^^^ must implement `AddAssign<{integer}>`
[INFO] [stdout] note: the trait `AddAssign` must be implemented
[INFO] [stdout]    --> /rustc/e3feeb59cd1bdd011a2bfcc0747b55125d9b8527/library/core/src/ops/arith.rs:768:0
[INFO] [stdout] 
[INFO] [stdout] 
[INFO] [stdout] error[E0369]: binary operation `==` cannot be applied to type `Wrapper`
[INFO] [stdout]    --> src/tests.rs:151:5
[INFO] [stdout]     |
[INFO] [stdout] 151 |     assert_eq!(w, 10);
[INFO] [stdout]     |     ^^^^^^^^^^^^^^^^^
[INFO] [stdout]     |     |
[INFO] [stdout]     |     Wrapper
[INFO] [stdout]     |     {integer}
[INFO] [stdout]     |
[INFO] [stdout] note: an implementation of `PartialEq<{integer}>` might be missing for `Wrapper`
[INFO] [stdout]    --> src/tests.rs:126:5
[INFO] [stdout]     |
[INFO] [stdout] 126 |     struct Wrapper(i32);
[INFO] [stdout]     |     ^^^^^^^^^^^^^^ must implement `PartialEq<{integer}>`
[INFO] [stdout] 
[INFO] [stdout] 
[INFO] [stderr] error: could not compile `rumac` (test "tests") due to 32 previous errors; 1 warning emitted
[INFO] [stdout] error[E0600]: cannot apply unary operator `-` to type `Wrapper`
[INFO] [stdout]    --> src/tests.rs:152:16
[INFO] [stdout]     |
[INFO] [stdout] 152 |     assert_eq!(-w, -10);
[INFO] [stdout]     |                ^^ cannot apply unary operator `-`
[INFO] [stdout]     |
[INFO] [stdout] note: an implementation of `Neg` might be missing for `Wrapper`
[INFO] [stdout]    --> src/tests.rs:126:5
[INFO] [stdout]     |
[INFO] [stdout] 126 |     struct Wrapper(i32);
[INFO] [stdout]     |     ^^^^^^^^^^^^^^ must implement `Neg`
[INFO] [stdout] note: the trait `Neg` must be implemented
[INFO] [stdout]    --> /rustc/e3feeb59cd1bdd011a2bfcc0747b55125d9b8527/library/core/src/ops/arith.rs:690:0
[INFO] [stdout] 
[INFO] [stdout] 
[INFO] [stderr] warning: build failed, waiting for other jobs to finish...
[INFO] [stdout] error[E0608]: cannot index into a value of type `Wrapper`
[INFO] [stdout]    --> src/tests.rs:153:17
[INFO] [stdout]     |
[INFO] [stdout] 153 |     assert_eq!(w[0], 10)
[INFO] [stdout]     |                 ^^^
[INFO] [stdout] 
[INFO] [stdout] 
[INFO] [stdout] error[E0433]: cannot find type `Point` in this scope
[INFO] [stdout]    --> src/tests.rs:247:14
[INFO] [stdout]     |
[INFO] [stdout] 247 |     let _p = Point::new(10, 20);
[INFO] [stdout]     |              ^^^^^ use of undeclared type `Point`
[INFO] [stdout] 
[INFO] [stdout] 
[INFO] [stdout] error[E0433]: cannot find type `Config` in this scope
[INFO] [stdout]    --> src/tests.rs:251:14
[INFO] [stdout]     |
[INFO] [stdout] 251 |     let _c = Config::new(true);
[INFO] [stdout]     |              ^^^^^^ use of undeclared type `Config`
[INFO] [stdout] 
[INFO] [stdout] 
[INFO] [stdout] error[E0433]: cannot find type `Config` in this scope
[INFO] [stdout]    --> src/tests.rs:252:13
[INFO] [stdout]     |
[INFO] [stdout] 252 |     let c = Config::default();
[INFO] [stdout]     |             ^^^^^^ use of undeclared type `Config`
[INFO] [stdout] 
[INFO] [stdout] 
[INFO] [stdout] Some errors have detailed explanations: E0368, E0369, E0432, E0433, E0600, E0608.
[INFO] [stdout] 
[INFO] [stdout] For more information about an error, try `rustc --explain E0368`.
[INFO] [stdout] 
[INFO] [stderr] warning: unused dependency `paste`
[INFO] [stderr]  --> Cargo.toml:1:15
[INFO] [stderr]   |
[INFO] [stderr] 1 | [dependencies.paste]
[INFO] [stderr]   |               ^^^^^^
[INFO] [stderr]   |
[INFO] [stderr]   = note: `cargo::unused_dependencies` is set to `warn` by default
[INFO] [stderr] help: consider removing the dependency on `paste`
[INFO] [stderr] help: to still use for development builds, move to `dev-dependencies`
[INFO] [stderr] warning: `rumac` (manifest) generated 1 warning
[INFO] running `Command { std: "docker" "inspect" "12521e6042350c10dd91a7f4d85155c8f9f6e95a97aa1751a3fa7c905a93e3a4", kill_on_drop: false }`
[INFO] running `Command { std: "docker" "rm" "-f" "12521e6042350c10dd91a7f4d85155c8f9f6e95a97aa1751a3fa7c905a93e3a4", kill_on_drop: false }`
[INFO] [stdout] 12521e6042350c10dd91a7f4d85155c8f9f6e95a97aa1751a3fa7c905a93e3a4
