[INFO] fetching crate rum-player 0.1.6...
[INFO] testing rum-player-0.1.6 against 1.99.0-beta.8+cargoflags=--release for beta-release-1.100-2
[INFO] extracting crate rum-player 0.1.6 into /workspace/builds/worker-4-tc1/source
[INFO] started tweaking crates.io crate rum-player 0.1.6
[INFO] finished tweaking crates.io crate rum-player 0.1.6
[INFO] tweaked toml for crates.io crate rum-player 0.1.6 written to /workspace/builds/worker-4-tc1/source/Cargo.toml
[INFO] validating manifest of crates.io crate rum-player 0.1.6 on toolchain 1.99.0-beta.8
[INFO] running `Command { std: CARGO_HOME="/workspace/cargo-home" RUSTUP_HOME="/workspace/rustup-home" "/workspace/cargo-home/bin/cargo" "+1.99.0-beta.8" "metadata" "--manifest-path" "Cargo.toml" "--no-deps", kill_on_drop: false }`
[INFO] crate crates.io crate rum-player 0.1.6 already has a lockfile, it will not be regenerated
[INFO] running `Command { std: CARGO_HOME="/workspace/cargo-home" RUSTUP_HOME="/workspace/rustup-home" "/workspace/cargo-home/bin/cargo" "+1.99.0-beta.8" "fetch" "--manifest-path" "Cargo.toml", kill_on_drop: false }`
[INFO] [stderr]     Updating crates.io index
[INFO] [stderr]  Downloading crates ...
[INFO] [stderr]   Downloaded unhtml_derive v0.7.5
[INFO] [stderr]   Downloaded unhtml v0.7.5
[INFO] [stderr]   Downloaded scraper v0.11.0
[INFO] [stderr]   Downloaded proc-macro2 v1.0.8
[INFO] [stderr]   Downloaded servo_arc v0.1.1
[INFO] [stderr]   Downloaded string_cache_shared v0.3.0
[INFO] [stderr]   Downloaded thin-slice v0.1.1
[INFO] [stderr]   Downloaded siphasher v0.2.3
[INFO] [stderr]   Downloaded phf v0.7.24
[INFO] [stderr]   Downloaded procedural-masquerade v0.1.6
[INFO] [stderr]   Downloaded dtoa-short v0.3.2
[INFO] [stderr]   Downloaded cssparser-macros v0.3.6
[INFO] [stderr]   Downloaded string_cache_codegen v0.4.4
[INFO] [stderr]   Downloaded termion v1.5.5
[INFO] [stderr]   Downloaded tokio-macros v0.2.4
[INFO] [stderr]   Downloaded hermit-abi v0.1.7
[INFO] [stderr]   Downloaded strum v0.16.0
[INFO] [stderr]   Downloaded serde-xml-rs v0.3.1
[INFO] [stderr]   Downloaded wasm-bindgen-macro-support v0.2.58
[INFO] [stderr]   Downloaded syn v1.0.15
[INFO] [stderr]   Downloaded phf_shared v0.7.24
[INFO] [stderr]   Downloaded phf_generator v0.7.24
[INFO] [stderr]   Downloaded wasm-bindgen-macro v0.2.58
[INFO] [stderr]   Downloaded sourcefile v0.1.4
[INFO] [stderr]   Downloaded wasm-bindgen-futures v0.4.8
[INFO] [stderr]   Downloaded security-framework-sys v0.3.3
[INFO] [stderr]   Downloaded tendril v0.4.1
[INFO] [stderr]   Downloaded futf v0.1.4
[INFO] [stderr]   Downloaded selectors v0.21.0
[INFO] [stderr]   Downloaded phf_codegen v0.7.24
[INFO] [stderr]   Downloaded string_cache v0.7.5
[INFO] [stderr]   Downloaded derive_more v0.99.3
[INFO] [stderr]   Downloaded snafu-derive v0.6.2
[INFO] [stderr]   Downloaded doc-comment v0.3.1
[INFO] [stderr]   Downloaded error-chain v0.10.0
[INFO] [stderr]   Downloaded wasm-bindgen-webidl v0.2.58
[INFO] [stderr]   Downloaded wasm-bindgen-shared v0.2.58
[INFO] [stderr]   Downloaded wasm-bindgen-backend v0.2.58
[INFO] [stderr]   Downloaded anyhow v1.0.26
[INFO] [stderr]   Downloaded proc-macro-nested v0.1.3
[INFO] [stderr]   Downloaded stable_deref_trait v1.1.1
[INFO] [stderr]   Downloaded toml v0.5.6
[INFO] [stderr]   Downloaded snafu v0.6.2
[INFO] [stderr]   Downloaded native-tls v0.2.3
[INFO] [stderr]   Downloaded weedle v0.10.0
[INFO] [stderr]   Downloaded mime_guess v2.0.1
[INFO] [stderr]   Downloaded pin-project-internal v0.4.8
[INFO] [stderr]   Downloaded tokio-util v0.2.0
[INFO] [stderr]   Downloaded cssparser v0.25.9
[INFO] [stderr]   Downloaded markup5ever v0.9.0
[INFO] [stderr]   Downloaded serde_derive v1.0.104
[INFO] [stderr]   Downloaded ryu v1.0.2
[INFO] [stderr]   Downloaded security-framework v0.3.4
[INFO] [stderr]   Downloaded openssl-sys v0.9.54
[INFO] [stderr]   Downloaded pin-project v0.4.8
[INFO] [stderr]   Downloaded js-sys v0.3.35
[INFO] [stderr]   Downloaded schannel v0.1.17
[INFO] [stderr]   Downloaded serde v1.0.104
[INFO] [stderr]   Downloaded backtrace v0.3.44
[INFO] [stderr]   Downloaded tui v0.8.0
[INFO] [stderr]   Downloaded mpv v0.2.3
[INFO] [stderr]   Downloaded reqwest v0.10.2
[INFO] [stderr]   Downloaded bumpalo v3.2.0
[INFO] [stderr]   Downloaded wasm-bindgen v0.2.58
[INFO] [stderr]   Downloaded hyper v0.13.2
[INFO] [stderr]   Downloaded http v0.2.0
[INFO] [stderr]   Downloaded web-sys v0.3.35
[INFO] [stderr]   Downloaded openssl v0.10.28
[INFO] [stderr]   Downloaded h2 v0.2.1
[INFO] [stderr]   Downloaded html5ever v0.24.1
[INFO] [stderr]   Downloaded tokio v0.2.11
[INFO] [stderr]   Downloaded regex v1.3.4
[INFO] [stderr]   Downloaded async-stream-impl v0.2.1
[INFO] [stderr]   Downloaded libc v0.2.67
[INFO] [stderr]   Downloaded regex-syntax v0.6.14
[INFO] [stderr]   Downloaded dirs-sys v0.3.4
[INFO] [stderr]   Downloaded flexi_logger v0.14.8
[INFO] [stderr]   Downloaded yansi v0.5.0
[INFO] [stderr]   Downloaded async-stream v0.2.1
[INFO] [stderr]   Downloaded chrono v0.4.10
[INFO] running `Command { std: "docker" "create" "-v" "/var/lib/crater-agent-workspace/builds/worker-4-tc1/source:/opt/rustwide/workdir:ro,Z" "-v" "/var/lib/crater-agent-workspace/builds/worker-4-tc1/target:/opt/rustwide/target:rw,Z" "-v" "/var/lib/crater-agent-workspace/cargo-home:/opt/rustwide/cargo-home:ro,Z" "-v" "/var/lib/crater-agent-workspace/rustup-home:/opt/rustwide/rustup-home:ro,Z" "-m" "1610612736" "--network" "none" "ghcr.io/rust-lang/crates-build-env/linux@sha256:77db811e55d90add9212f6832c23229e3de5f1c1f9905e8cb07319ea15df73ac" "sleep" "infinity", kill_on_drop: false }`
[INFO] [stdout] fd562f067f563b9960e2ecd7ef1fdf784c63421a6b298aa45583aceb61af8b13
[INFO] running `Command { std: "docker" "start" "fd562f067f563b9960e2ecd7ef1fdf784c63421a6b298aa45583aceb61af8b13", kill_on_drop: false }`
[INFO] running `Command { std: "docker" "inspect" "fd562f067f563b9960e2ecd7ef1fdf784c63421a6b298aa45583aceb61af8b13", kill_on_drop: false }`
[INFO] running `Command { std: "docker" "exec" "-e" "SOURCE_DIR=/opt/rustwide/workdir" "-e" "CARGO_HOME=/opt/rustwide/cargo-home" "-e" "RUSTUP_HOME=/opt/rustwide/rustup-home" "-e" "CARGO_TARGET_DIR=/opt/rustwide/target" "-w" "/opt/rustwide/workdir" "--user" "0:0" "fd562f067f563b9960e2ecd7ef1fdf784c63421a6b298aa45583aceb61af8b13" "/opt/rustwide/cargo-home/bin/cargo" "+1.99.0-beta.8" "metadata" "--no-deps" "--format-version=1", kill_on_drop: false }`
[INFO] running `Command { std: "docker" "inspect" "fd562f067f563b9960e2ecd7ef1fdf784c63421a6b298aa45583aceb61af8b13", kill_on_drop: false }`
[INFO] running `Command { std: "docker" "exec" "-e" "SOURCE_DIR=/opt/rustwide/workdir" "-e" "CARGO_HOME=/opt/rustwide/cargo-home" "-e" "RUSTUP_HOME=/opt/rustwide/rustup-home" "-e" "CARGO_TARGET_DIR=/opt/rustwide/target" "-e" "CARGO_INCREMENTAL=0" "-e" "RUST_BACKTRACE=full" "-e" "RUSTFLAGS=--cap-lints=warn" "-e" "RUSTDOCFLAGS=--cap-lints=warn" "-w" "/opt/rustwide/workdir" "--user" "0:0" "fd562f067f563b9960e2ecd7ef1fdf784c63421a6b298aa45583aceb61af8b13" "/opt/rustwide/cargo-home/bin/cargo" "+1.99.0-beta.8" "build" "--frozen" "--message-format=json" "--release", kill_on_drop: false }`
[INFO] [stderr]    Compiling libc v0.2.67
[INFO] [stderr]    Compiling proc-macro2 v1.0.8
[INFO] [stderr]    Compiling syn v1.0.15
[INFO] [stderr]    Compiling rand_core v0.4.2
[INFO] [stderr]    Compiling autocfg v1.0.0
[INFO] [stderr]    Compiling siphasher v0.2.3
[INFO] [stderr]    Compiling serde v1.0.104
[INFO] [stderr]    Compiling ryu v1.0.2
[INFO] [stderr]    Compiling string_cache_shared v0.3.0
[INFO] [stderr]    Compiling cc v1.0.50
[INFO] [stderr]    Compiling rand_chacha v0.1.1
[INFO] [stderr]    Compiling rand_pcg v0.1.2
[INFO] [stderr]    Compiling rand v0.6.5
[INFO] [stderr]    Compiling memchr v2.3.3
[INFO] [stderr]    Compiling itoa v0.4.5
[INFO] [stderr]    Compiling futures-core v0.3.4
[INFO] [stderr]    Compiling phf_shared v0.7.24
[INFO] [stderr]    Compiling rand_core v0.3.1
[INFO] [stderr]    Compiling rand_jitter v0.1.4
[INFO] [stderr]    Compiling slab v0.4.2
[INFO] [stderr]    Compiling matches v0.1.8
[INFO] [stderr]    Compiling proc-macro-nested v0.1.3
[INFO] [stderr]    Compiling num-traits v0.2.11
[INFO] [stderr]    Compiling rand_isaac v0.1.1
[INFO] [stderr]    Compiling rand_xorshift v0.1.1
[INFO] [stderr]    Compiling rand_hc v0.1.0
[INFO] [stderr]    Compiling num-integer v0.1.42
[INFO] [stderr]    Compiling procedural-masquerade v0.1.6
[INFO] [stderr]    Compiling bytes v0.5.4
[INFO] [stderr]    Compiling fnv v1.0.6
[INFO] [stderr]    Compiling futures-sink v0.3.4
[INFO] [stderr]    Compiling version_check v0.9.1
[INFO] [stderr]    Compiling new_debug_unreachable v1.0.4
[INFO] [stderr]    Compiling phf v0.7.24
[INFO] [stderr]    Compiling maybe-uninit v2.0.0
[INFO] [stderr]    Compiling log v0.4.8
[INFO] [stderr]    Compiling futures-io v0.3.4
[INFO] [stderr]    Compiling pin-utils v0.1.0-alpha.4
[INFO] [stderr]    Compiling futures-channel v0.3.4
[INFO] [stderr]    Compiling pin-project-lite v0.1.4
[INFO] [stderr]    Compiling precomputed-hash v0.1.1
[INFO] [stderr]    Compiling futures-task v0.3.4
[INFO] [stderr]    Compiling dtoa v0.4.5
[INFO] [stderr]    Compiling mac v0.1.1
[INFO] [stderr]    Compiling unicase v2.6.0
[INFO] [stderr]    Compiling futf v0.1.4
[INFO] [stderr]    Compiling indexmap v1.3.2
[INFO] [stderr]    Compiling byteorder v1.3.4
[INFO] [stderr]    Compiling utf-8 v0.7.5
[INFO] [stderr]    Compiling openssl v0.10.28
[INFO] [stderr]    Compiling smallvec v0.6.13
[INFO] [stderr]    Compiling dtoa-short v0.3.2
[INFO] [stderr]    Compiling bitflags v1.2.1
[INFO] [stderr]    Compiling nodrop v0.1.14
[INFO] [stderr]    Compiling tendril v0.4.1
[INFO] [stderr]    Compiling rustc-serialize v0.3.24
[INFO] [stderr]    Compiling smallvec v1.2.0
[INFO] [stderr]    Compiling stable_deref_trait v1.1.1
[INFO] [stderr]    Compiling httparse v1.3.4
[INFO] [stderr]    Compiling native-tls v0.2.3
[INFO] [stderr]    Compiling http v0.2.0
[INFO] [stderr]    Compiling servo_arc v0.1.1
[INFO] [stderr]    Compiling fxhash v0.2.1
[INFO] [stderr]    Compiling unicode-normalization v0.1.12
[INFO] [stderr]    Compiling openssl-sys v0.9.54
[INFO] [stderr]    Compiling quote v1.0.2
[INFO] [stderr]    Compiling rand_os v0.1.3
[INFO] [stderr]    Compiling backtrace-sys v0.1.32
[INFO] [stdout] error[E0793]: reference to field of packed struct is unaligned
[INFO] [stdout]    --> /opt/rustwide/cargo-home/registry/src/index.crates.io-1949cf8c6b5b557f/tendril-0.4.1/src/tendril.rs:241:20
[INFO] [stdout]     |
[INFO] [stdout] 241 |                 if (*header).refcount.decrement() == 1 {
[INFO] [stdout]     |                    ^^^^^^^^^^^^^^^^^^
[INFO] [stdout]     |
[INFO] [stdout]     = note: this struct is 1-byte aligned, but the type of this field may require higher alignment
[INFO] [stdout]     = note: creating a misaligned reference is undefined behavior (even if that reference is never dereferenced)
[INFO] [stdout]     = help: copy the field contents to a local variable, or replace the reference with a raw pointer and use `read_unaligned`/`write_unaligned` (loads and stores via `*p` must be properly aligned even when using raw pointers)
[INFO] [stdout] 
[INFO] [stdout] 
[INFO] [stdout] error[E0793]: reference to field of packed struct is unaligned
[INFO] [stdout]    --> /opt/rustwide/cargo-home/registry/src/index.crates.io-1949cf8c6b5b557f/tendril-0.4.1/src/tendril.rs:958:9
[INFO] [stdout]     |
[INFO] [stdout] 958 |         (*self.header()).refcount.increment();
[INFO] [stdout]     |         ^^^^^^^^^^^^^^^^^^^^^^^^^
[INFO] [stdout]     |
[INFO] [stdout]     = note: this struct is 1-byte aligned, but the type of this field may require higher alignment
[INFO] [stdout]     = note: creating a misaligned reference is undefined behavior (even if that reference is never dereferenced)
[INFO] [stdout]     = help: copy the field contents to a local variable, or replace the reference with a raw pointer and use `read_unaligned`/`write_unaligned` (loads and stores via `*p` must be properly aligned even when using raw pointers)
[INFO] [stdout] 
[INFO] [stdout] 
[INFO] [stdout] For more information about this error, try `rustc --explain E0793`.
[INFO] [stdout] 
[INFO] [stderr] error: could not compile `tendril` (lib) due to 2 previous errors
[INFO] [stderr] warning: build failed, waiting for other jobs to finish...
[INFO] [stdout] error[E0793]: reference to field of packed struct is unaligned
[INFO] [stdout]    --> /opt/rustwide/cargo-home/registry/src/index.crates.io-1949cf8c6b5b557f/tendril-0.4.1/src/tendril.rs:241:20
[INFO] [stdout]     |
[INFO] [stdout] 241 |                 if (*header).refcount.decrement() == 1 {
[INFO] [stdout]     |                    ^^^^^^^^^^^^^^^^^^
[INFO] [stdout]     |
[INFO] [stdout]     = note: this struct is 1-byte aligned, but the type of this field may require higher alignment
[INFO] [stdout]     = note: creating a misaligned reference is undefined behavior (even if that reference is never dereferenced)
[INFO] [stdout]     = help: copy the field contents to a local variable, or replace the reference with a raw pointer and use `read_unaligned`/`write_unaligned` (loads and stores via `*p` must be properly aligned even when using raw pointers)
[INFO] [stdout] 
[INFO] [stdout] 
[INFO] [stdout] error[E0793]: reference to field of packed struct is unaligned
[INFO] [stdout]    --> /opt/rustwide/cargo-home/registry/src/index.crates.io-1949cf8c6b5b557f/tendril-0.4.1/src/tendril.rs:958:9
[INFO] [stdout]     |
[INFO] [stdout] 958 |         (*self.header()).refcount.increment();
[INFO] [stdout]     |         ^^^^^^^^^^^^^^^^^^^^^^^^^
[INFO] [stdout]     |
[INFO] [stdout]     = note: this struct is 1-byte aligned, but the type of this field may require higher alignment
[INFO] [stdout]     = note: creating a misaligned reference is undefined behavior (even if that reference is never dereferenced)
[INFO] [stdout]     = help: copy the field contents to a local variable, or replace the reference with a raw pointer and use `read_unaligned`/`write_unaligned` (loads and stores via `*p` must be properly aligned even when using raw pointers)
[INFO] [stdout] 
[INFO] [stdout] 
[INFO] [stdout] error[E0310]: the parameter type `T` may not live long enough
[INFO] [stdout]     --> /opt/rustwide/cargo-home/registry/src/index.crates.io-1949cf8c6b5b557f/rustc-serialize-0.3.24/src/serialize.rs:1155:5
[INFO] [stdout]      |
[INFO] [stdout] 1155 |     fn decode<D: Decoder>(d: &mut D) -> Result<Cow<'static, T>, D::Error> {
[INFO] [stdout]      |     ^^^^^^^^^^^^^^^^^^^^^^^^^^^^^^^^^^^^^^^^^^^^^^^^^^^^^^^^^^^^^^^^^^^^^
[INFO] [stdout]      |     |
[INFO] [stdout]      |     the parameter type `T` must be valid for the static lifetime...
[INFO] [stdout]      |     ...so that the type `T` will meet its required lifetime bounds...
[INFO] [stdout]      |
[INFO] [stdout] note: ...that is required by this bound
[INFO] [stdout]     --> /rustc/dfb0accb7f508ae8be965d8629557221c889dd98/library/alloc/src/borrow.rs:169:29
[INFO] [stdout] help: consider adding an explicit lifetime bound
[INFO] [stdout]      |
[INFO] [stdout] 1151 | impl<'a, T: ?Sized + 'static> Decodable for Cow<'a, T>
[INFO] [stdout]      |                    +++++++++
[INFO] [stdout] 
[INFO] [stdout] 
[INFO] [stdout] For more information about this error, try `rustc --explain E0793`.
[INFO] [stdout] 
[INFO] [stderr] error: could not compile `tendril` (lib) due to 2 previous errors
[INFO] [stdout] For more information about this error, try `rustc --explain E0310`.
[INFO] [stdout] 
[INFO] [stderr] error: could not compile `rustc-serialize` (lib) due to 1 previous error
[INFO] running `Command { std: "docker" "inspect" "fd562f067f563b9960e2ecd7ef1fdf784c63421a6b298aa45583aceb61af8b13", kill_on_drop: false }`
[INFO] running `Command { std: "docker" "rm" "-f" "fd562f067f563b9960e2ecd7ef1fdf784c63421a6b298aa45583aceb61af8b13", kill_on_drop: false }`
[INFO] [stdout] fd562f067f563b9960e2ecd7ef1fdf784c63421a6b298aa45583aceb61af8b13
