[INFO] fetching crate rudo-gc 0.8.19...
[INFO] testing rudo-gc-0.8.19 against 1.100.0-beta.1+cargoflags=--release for beta-release-1.100-2
[INFO] extracting crate rudo-gc 0.8.19 into /workspace/builds/worker-4-tc2/source
[INFO] started tweaking crates.io crate rudo-gc 0.8.19
[INFO] removed 0 missing examples
[INFO] removed 0 missing tests
[INFO] finished tweaking crates.io crate rudo-gc 0.8.19
[INFO] tweaked toml for crates.io crate rudo-gc 0.8.19 written to /workspace/builds/worker-4-tc2/source/Cargo.toml
[INFO] validating manifest of crates.io crate rudo-gc 0.8.19 on toolchain 1.100.0-beta.1
[INFO] running `Command { std: CARGO_HOME="/workspace/cargo-home" RUSTUP_HOME="/workspace/rustup-home" "/workspace/cargo-home/bin/cargo" "+1.100.0-beta.1" "metadata" "--manifest-path" "Cargo.toml" "--no-deps", kill_on_drop: false }`
[INFO] crate crates.io crate rudo-gc 0.8.19 already has a lockfile, it will not be regenerated
[INFO] running `Command { std: CARGO_HOME="/workspace/cargo-home" RUSTUP_HOME="/workspace/rustup-home" "/workspace/cargo-home/bin/cargo" "+1.100.0-beta.1" "fetch" "--manifest-path" "Cargo.toml", kill_on_drop: false }`
[INFO] running `Command { std: "docker" "create" "-v" "/var/lib/crater-agent-workspace/builds/worker-4-tc2/source:/opt/rustwide/workdir:ro,Z" "-v" "/var/lib/crater-agent-workspace/builds/worker-4-tc2/target:/opt/rustwide/target:rw,Z" "-v" "/var/lib/crater-agent-workspace/cargo-home:/opt/rustwide/cargo-home:ro,Z" "-v" "/var/lib/crater-agent-workspace/rustup-home:/opt/rustwide/rustup-home:ro,Z" "-m" "1610612736" "--network" "none" "ghcr.io/rust-lang/crates-build-env/linux@sha256:77db811e55d90add9212f6832c23229e3de5f1c1f9905e8cb07319ea15df73ac" "sleep" "infinity", kill_on_drop: false }`
[INFO] [stdout] a1a581c0485137e45588d9d0a4ae58fca8b5579dca79456a9e1534b075028877
[INFO] running `Command { std: "docker" "start" "a1a581c0485137e45588d9d0a4ae58fca8b5579dca79456a9e1534b075028877", kill_on_drop: false }`
[INFO] running `Command { std: "docker" "inspect" "a1a581c0485137e45588d9d0a4ae58fca8b5579dca79456a9e1534b075028877", kill_on_drop: false }`
[INFO] running `Command { std: "docker" "exec" "-e" "SOURCE_DIR=/opt/rustwide/workdir" "-e" "CARGO_HOME=/opt/rustwide/cargo-home" "-e" "RUSTUP_HOME=/opt/rustwide/rustup-home" "-e" "CARGO_TARGET_DIR=/opt/rustwide/target" "-w" "/opt/rustwide/workdir" "--user" "0:0" "a1a581c0485137e45588d9d0a4ae58fca8b5579dca79456a9e1534b075028877" "/opt/rustwide/cargo-home/bin/cargo" "+1.100.0-beta.1" "metadata" "--no-deps" "--format-version=1", kill_on_drop: false }`
[INFO] running `Command { std: "docker" "inspect" "a1a581c0485137e45588d9d0a4ae58fca8b5579dca79456a9e1534b075028877", kill_on_drop: false }`
[INFO] running `Command { std: "docker" "exec" "-e" "SOURCE_DIR=/opt/rustwide/workdir" "-e" "CARGO_HOME=/opt/rustwide/cargo-home" "-e" "RUSTUP_HOME=/opt/rustwide/rustup-home" "-e" "CARGO_TARGET_DIR=/opt/rustwide/target" "-e" "CARGO_INCREMENTAL=0" "-e" "RUST_BACKTRACE=full" "-e" "RUSTFLAGS=--cap-lints=warn" "-e" "RUSTDOCFLAGS=--cap-lints=warn" "-w" "/opt/rustwide/workdir" "--user" "0:0" "a1a581c0485137e45588d9d0a4ae58fca8b5579dca79456a9e1534b075028877" "/opt/rustwide/cargo-home/bin/cargo" "+1.100.0-beta.1" "build" "--frozen" "--message-format=json" "--release", kill_on_drop: false }`
[INFO] [stderr]    Compiling libc v0.2.178
[INFO] [stderr]    Compiling proc-macro2 v1.0.104
[INFO] [stderr]    Compiling quote v1.0.42
[INFO] [stderr]    Compiling unicode-ident v1.0.22
[INFO] [stderr]    Compiling smallvec v1.15.1
[INFO] [stderr]    Compiling crossbeam-epoch v0.9.18
[INFO] [stderr]    Compiling crossbeam-channel v0.5.15
[INFO] [stderr]    Compiling crossbeam-deque v0.8.6
[INFO] [stderr]    Compiling crossbeam v0.8.4
[INFO] [stderr]    Compiling syn v2.0.112
[INFO] [stderr]    Compiling parking_lot_core v0.9.12
[INFO] [stderr]    Compiling sys_alloc v0.8.19
[INFO] [stderr]    Compiling parking_lot v0.12.5
[INFO] [stderr]    Compiling rudo-gc-derive v0.8.19
[INFO] [stderr]    Compiling rudo-gc v0.8.19 (/opt/rustwide/workdir)
[INFO] [stdout] warning: use of deprecated method `std::sync::atomic::Atomic::<usize>::fetch_update`: renamed to `try_update` for consistency
[INFO] [stdout]    --> src/gc/incremental.rs:411:14
[INFO] [stdout]     |
[INFO] [stdout] 411 |             .fetch_update(Ordering::SeqCst, Ordering::SeqCst, |current_max| {
[INFO] [stdout]     |              ^^^^^^^^^^^^
[INFO] [stdout]     |
[INFO] [stdout]     = note: `#[warn(deprecated)]` on by default
[INFO] [stdout] help: replace the use of the deprecated method
[INFO] [stdout]     |
[INFO] [stdout] 411 -             .fetch_update(Ordering::SeqCst, Ordering::SeqCst, |current_max| {
[INFO] [stdout] 411 +             .try_update(Ordering::SeqCst, Ordering::SeqCst, |current_max| {
[INFO] [stdout]     |
[INFO] [stdout] 
[INFO] [stdout] 
[INFO] [stdout] warning: use of deprecated method `std::sync::atomic::Atomic::<usize>::fetch_update`: renamed to `try_update` for consistency
[INFO] [stdout]    --> src/ptr.rs:138:14
[INFO] [stdout]     |
[INFO] [stdout] 138 |             .fetch_update(Ordering::Relaxed, Ordering::Relaxed, |count| {
[INFO] [stdout]     |              ^^^^^^^^^^^^
[INFO] [stdout]     |
[INFO] [stdout] help: replace the use of the deprecated method
[INFO] [stdout]     |
[INFO] [stdout] 138 -             .fetch_update(Ordering::Relaxed, Ordering::Relaxed, |count| {
[INFO] [stdout] 138 +             .try_update(Ordering::Relaxed, Ordering::Relaxed, |count| {
[INFO] [stdout]     |
[INFO] [stdout] 
[INFO] [stdout] 
[INFO] [stdout] warning: use of deprecated method `std::sync::atomic::Atomic::<usize>::fetch_update`: renamed to `try_update` for consistency
[INFO] [stdout]    --> src/ptr.rs:155:14
[INFO] [stdout]     |
[INFO] [stdout] 155 |             .fetch_update(Ordering::Acquire, Ordering::Acquire, |c| {
[INFO] [stdout]     |              ^^^^^^^^^^^^
[INFO] [stdout]     |
[INFO] [stdout] help: replace the use of the deprecated method
[INFO] [stdout]     |
[INFO] [stdout] 155 -             .fetch_update(Ordering::Acquire, Ordering::Acquire, |c| {
[INFO] [stdout] 155 +             .try_update(Ordering::Acquire, Ordering::Acquire, |c| {
[INFO] [stdout]     |
[INFO] [stdout] 
[INFO] [stdout] 
[INFO] [stdout] warning: use of deprecated method `std::sync::atomic::Atomic::<usize>::fetch_update`: renamed to `try_update` for consistency
[INFO] [stdout]    --> src/ptr.rs:269:14
[INFO] [stdout]     |
[INFO] [stdout] 269 |             .fetch_update(Ordering::Relaxed, Ordering::Relaxed, |current| {
[INFO] [stdout]     |              ^^^^^^^^^^^^
[INFO] [stdout]     |
[INFO] [stdout] help: replace the use of the deprecated method
[INFO] [stdout]     |
[INFO] [stdout] 269 -             .fetch_update(Ordering::Relaxed, Ordering::Relaxed, |current| {
[INFO] [stdout] 269 +             .try_update(Ordering::Relaxed, Ordering::Relaxed, |current| {
[INFO] [stdout]     |
[INFO] [stdout] 
[INFO] [stdout] 
[INFO] [stdout] warning: missing documentation for a function
[INFO] [stdout]    --> src/gc/sync.rs:349:1
[INFO] [stdout]     |
[INFO] [stdout] 349 | pub fn validate_lock_order(_tag: LockOrder, _current_level: u8) {
[INFO] [stdout]     | ^^^^^^^^^^^^^^^^^^^^^^^^^^^^^^^^^^^^^^^^^^^^^^^^^^^^^^^^^^^^^^^
[INFO] [stdout]     |
[INFO] [stdout] note: the lint level is defined here
[INFO] [stdout]    --> src/lib.rs:56:9
[INFO] [stdout]     |
[INFO] [stdout]  56 | #![warn(missing_docs)]
[INFO] [stdout]     |         ^^^^^^^^^^^^
[INFO] [stdout] 
[INFO] [stdout] 
[INFO] [stdout] warning: missing documentation for a struct
[INFO] [stdout]    --> src/handles/mod.rs:800:1
[INFO] [stdout]     |
[INFO] [stdout] 800 | pub struct SealedHandleScope<'env>(PhantomData<&'env ()>);
[INFO] [stdout]     | ^^^^^^^^^^^^^^^^^^^^^^^^^^^^^^^^^^
[INFO] [stdout] 
[INFO] [stdout] 
[INFO] [stdout] warning: missing documentation for an associated function
[INFO] [stdout]    --> src/handles/mod.rs:832:5
[INFO] [stdout]     |
[INFO] [stdout] 832 |     pub fn new(_tcb: &'env ThreadControlBlock) -> Self {
[INFO] [stdout]     |     ^^^^^^^^^^^^^^^^^^^^^^^^^^^^^^^^^^^^^^^^^^^^^^^^^^
[INFO] [stdout] 
[INFO] [stdout] 
[INFO] [stdout] warning: missing documentation for a method
[INFO] [stdout]    --> src/handles/local_handles.rs:186:5
[INFO] [stdout]     |
[INFO] [stdout] 186 |     pub const fn is_sealed(&self) -> bool {
[INFO] [stdout]     |     ^^^^^^^^^^^^^^^^^^^^^^^^^^^^^^^^^^^^^
[INFO] [stdout] 
[INFO] [stdout] 
[INFO] [stderr]     Finished `release` profile [optimized] target(s) in 9.89s
[INFO] running `Command { std: "docker" "inspect" "a1a581c0485137e45588d9d0a4ae58fca8b5579dca79456a9e1534b075028877", kill_on_drop: false }`
[INFO] running `Command { std: "docker" "exec" "-e" "SOURCE_DIR=/opt/rustwide/workdir" "-e" "CARGO_HOME=/opt/rustwide/cargo-home" "-e" "RUSTUP_HOME=/opt/rustwide/rustup-home" "-e" "CARGO_TARGET_DIR=/opt/rustwide/target" "-e" "CARGO_INCREMENTAL=0" "-e" "RUST_BACKTRACE=full" "-e" "RUSTFLAGS=--cap-lints=warn" "-e" "RUSTDOCFLAGS=--cap-lints=warn" "-w" "/opt/rustwide/workdir" "--user" "0:0" "a1a581c0485137e45588d9d0a4ae58fca8b5579dca79456a9e1534b075028877" "/opt/rustwide/cargo-home/bin/cargo" "+1.100.0-beta.1" "test" "--frozen" "--no-run" "--message-format=json" "--release", kill_on_drop: false }`
[INFO] [stderr]    Compiling serde_core v1.0.228
[INFO] [stderr]    Compiling zerocopy v0.8.37
[INFO] [stderr]    Compiling regex-syntax v0.8.8
[INFO] [stderr]    Compiling zerocopy-derive v0.8.37
[INFO] [stderr]    Compiling zmij v1.0.18
[INFO] [stderr]    Compiling once_cell v1.21.3
[INFO] [stderr]    Compiling serde_derive v1.0.228
[INFO] [stderr]    Compiling cc v1.2.55
[INFO] [stderr]    Compiling num-traits v0.2.19
[INFO] [stderr]    Compiling log v0.4.29
[INFO] [stderr]    Compiling serde_json v1.0.149
[INFO] [stderr]    Compiling either v1.15.0
[INFO] [stderr]    Compiling plotters-backend v0.3.7
[INFO] [stderr]    Compiling itoa v1.0.17
[INFO] [stderr]    Compiling ciborium-io v0.2.2
[INFO] [stderr]    Compiling pin-project-lite v0.2.16
[INFO] [stderr]    Compiling anstyle v1.0.13
[INFO] [stderr]    Compiling memchr v2.7.6
[INFO] [stderr]    Compiling clap_lex v0.7.7
[INFO] [stderr]    Compiling crossbeam-queue v0.3.12
[INFO] [stderr]    Compiling crossbeam-channel v0.5.15
[INFO] [stderr]    Compiling itertools v0.13.0
[INFO] [stderr]    Compiling tracing-core v0.1.36
[INFO] [stderr]    Compiling clap_builder v4.5.56
[INFO] [stderr]    Compiling cast v0.3.0
[INFO] [stderr]    Compiling plotters-svg v0.3.7
[INFO] [stderr]    Compiling nu-ansi-term v0.50.3
[INFO] [stderr]    Compiling rayon v1.11.0
[INFO] [stderr]    Compiling tracing-log v0.2.0
[INFO] [stderr]    Compiling tracing v0.1.44
[INFO] [stderr]    Compiling crossbeam v0.8.4
[INFO] [stderr]    Compiling page_size v0.6.0
[INFO] [stderr]    Compiling scoped-tls v1.0.1
[INFO] [stderr]    Compiling oorandom v11.1.5
[INFO] [stderr]    Compiling anes v0.1.6
[INFO] [stderr]    Compiling rudo-gc v0.8.19 (/opt/rustwide/workdir)
[INFO] [stderr]    Compiling generator v0.8.8
[INFO] [stderr]    Compiling alloca v0.4.0
[INFO] [stdout] warning: use of deprecated method `std::sync::atomic::Atomic::<usize>::fetch_update`: renamed to `try_update` for consistency
[INFO] [stdout]    --> src/gc/incremental.rs:411:14
[INFO] [stdout]     |
[INFO] [stdout] 411 |             .fetch_update(Ordering::SeqCst, Ordering::SeqCst, |current_max| {
[INFO] [stdout]     |              ^^^^^^^^^^^^
[INFO] [stdout]     |
[INFO] [stdout]     = note: `#[warn(deprecated)]` on by default
[INFO] [stdout] help: replace the use of the deprecated method
[INFO] [stdout]     |
[INFO] [stdout] 411 -             .fetch_update(Ordering::SeqCst, Ordering::SeqCst, |current_max| {
[INFO] [stdout] 411 +             .try_update(Ordering::SeqCst, Ordering::SeqCst, |current_max| {
[INFO] [stdout]     |
[INFO] [stdout] 
[INFO] [stdout] 
[INFO] [stdout] warning: use of deprecated method `std::sync::atomic::Atomic::<usize>::fetch_update`: renamed to `try_update` for consistency
[INFO] [stdout]    --> src/ptr.rs:138:14
[INFO] [stdout]     |
[INFO] [stdout] 138 |             .fetch_update(Ordering::Relaxed, Ordering::Relaxed, |count| {
[INFO] [stdout]     |              ^^^^^^^^^^^^
[INFO] [stdout]     |
[INFO] [stdout] help: replace the use of the deprecated method
[INFO] [stdout]     |
[INFO] [stdout] 138 -             .fetch_update(Ordering::Relaxed, Ordering::Relaxed, |count| {
[INFO] [stdout] 138 +             .try_update(Ordering::Relaxed, Ordering::Relaxed, |count| {
[INFO] [stdout]     |
[INFO] [stdout] 
[INFO] [stdout] 
[INFO] [stdout] warning: use of deprecated method `std::sync::atomic::Atomic::<usize>::fetch_update`: renamed to `try_update` for consistency
[INFO] [stdout]    --> src/ptr.rs:155:14
[INFO] [stdout]     |
[INFO] [stdout] 155 |             .fetch_update(Ordering::Acquire, Ordering::Acquire, |c| {
[INFO] [stdout]     |              ^^^^^^^^^^^^
[INFO] [stdout]     |
[INFO] [stdout] help: replace the use of the deprecated method
[INFO] [stdout]     |
[INFO] [stdout] 155 -             .fetch_update(Ordering::Acquire, Ordering::Acquire, |c| {
[INFO] [stdout] 155 +             .try_update(Ordering::Acquire, Ordering::Acquire, |c| {
[INFO] [stdout]     |
[INFO] [stdout] 
[INFO] [stdout] 
[INFO] [stdout] warning: use of deprecated method `std::sync::atomic::Atomic::<usize>::fetch_update`: renamed to `try_update` for consistency
[INFO] [stdout]    --> src/ptr.rs:269:14
[INFO] [stdout]     |
[INFO] [stdout] 269 |             .fetch_update(Ordering::Relaxed, Ordering::Relaxed, |current| {
[INFO] [stdout]     |              ^^^^^^^^^^^^
[INFO] [stdout]     |
[INFO] [stdout] help: replace the use of the deprecated method
[INFO] [stdout]     |
[INFO] [stdout] 269 -             .fetch_update(Ordering::Relaxed, Ordering::Relaxed, |current| {
[INFO] [stdout] 269 +             .try_update(Ordering::Relaxed, Ordering::Relaxed, |current| {
[INFO] [stdout]     |
[INFO] [stdout] 
[INFO] [stdout] 
[INFO] [stderr]    Compiling plotters v0.3.7
[INFO] [stderr]    Compiling regex-automata v0.4.13
[INFO] [stdout] warning: missing documentation for a function
[INFO] [stdout]    --> src/gc/sync.rs:349:1
[INFO] [stdout]     |
[INFO] [stdout] 349 | pub fn validate_lock_order(_tag: LockOrder, _current_level: u8) {
[INFO] [stdout]     | ^^^^^^^^^^^^^^^^^^^^^^^^^^^^^^^^^^^^^^^^^^^^^^^^^^^^^^^^^^^^^^^
[INFO] [stdout]     |
[INFO] [stdout] note: the lint level is defined here
[INFO] [stdout]    --> src/lib.rs:56:9
[INFO] [stdout]     |
[INFO] [stdout]  56 | #![warn(missing_docs)]
[INFO] [stdout]     |         ^^^^^^^^^^^^
[INFO] [stdout] 
[INFO] [stdout] 
[INFO] [stdout] warning: missing documentation for a struct
[INFO] [stdout]    --> src/handles/mod.rs:800:1
[INFO] [stdout]     |
[INFO] [stdout] 800 | pub struct SealedHandleScope<'env>(PhantomData<&'env ()>);
[INFO] [stdout]     | ^^^^^^^^^^^^^^^^^^^^^^^^^^^^^^^^^^
[INFO] [stdout] 
[INFO] [stdout] 
[INFO] [stdout] warning: missing documentation for an associated function
[INFO] [stdout]    --> src/handles/mod.rs:832:5
[INFO] [stdout]     |
[INFO] [stdout] 832 |     pub fn new(_tcb: &'env ThreadControlBlock) -> Self {
[INFO] [stdout]     |     ^^^^^^^^^^^^^^^^^^^^^^^^^^^^^^^^^^^^^^^^^^^^^^^^^^
[INFO] [stdout] 
[INFO] [stdout] 
[INFO] [stdout] warning: missing documentation for a method
[INFO] [stdout]    --> src/handles/local_handles.rs:186:5
[INFO] [stdout]     |
[INFO] [stdout] 186 |     pub const fn is_sealed(&self) -> bool {
[INFO] [stdout]     |     ^^^^^^^^^^^^^^^^^^^^^^^^^^^^^^^^^^^^^
[INFO] [stdout] 
[INFO] [stdout] 
[INFO] [stderr]    Compiling criterion-plot v0.8.1
[INFO] [stderr]    Compiling serde v1.0.228
[INFO] [stderr]    Compiling clap v4.5.56
[INFO] [stderr]    Compiling tinytemplate v1.2.1
[INFO] [stderr]    Compiling matchers v0.2.0
[INFO] [stderr]    Compiling regex v1.12.2
[INFO] [stderr]    Compiling tracing-subscriber v0.3.22
[INFO] [stderr]    Compiling half v2.7.1
[INFO] [stderr]    Compiling ciborium-ll v0.2.2
[INFO] [stderr]    Compiling ciborium v0.2.2
[INFO] [stderr]    Compiling loom v0.7.2
[INFO] [stderr]    Compiling criterion v0.8.1
[INFO] [stdout] error[E0432]: unresolved import `rudo_gc::tokio`
[INFO] [stdout]   --> tests/tokio_proc_macro.rs:7:14
[INFO] [stdout]    |
[INFO] [stdout]  7 | use rudo_gc::tokio::gc_main;
[INFO] [stdout]    |              ^^^^^ could not find `tokio` in `rudo_gc`
[INFO] [stdout]    |
[INFO] [stdout] note: found an item that was configured out
[INFO] [stdout]   --> src/lib.rs:80:9
[INFO] [stdout]    |
[INFO] [stdout] 79 | #[cfg(feature = "tokio")]
[INFO] [stdout]    |       ----------------- the item is gated behind the `tokio` feature
[INFO] [stdout] 80 | pub mod tokio;
[INFO] [stdout]    |         ^^^^^
[INFO] [stdout] 
[INFO] [stdout] 
[INFO] [stdout] error[E0432]: unresolved import `rudo_gc::tokio`
[INFO] [stdout]   --> tests/tokio_proc_macro.rs:8:14
[INFO] [stdout]    |
[INFO] [stdout]  8 | use rudo_gc::tokio::GcTokioExt;
[INFO] [stdout]    |              ^^^^^ could not find `tokio` in `rudo_gc`
[INFO] [stdout]    |
[INFO] [stdout] note: found an item that was configured out
[INFO] [stdout]   --> src/lib.rs:80:9
[INFO] [stdout]    |
[INFO] [stdout] 79 | #[cfg(feature = "tokio")]
[INFO] [stdout]    |       ----------------- the item is gated behind the `tokio` feature
[INFO] [stdout] 80 | pub mod tokio;
[INFO] [stdout]    |         ^^^^^
[INFO] [stdout] 
[INFO] [stdout] 
[INFO] [stdout] warning: use of deprecated method `std::sync::atomic::Atomic::<usize>::fetch_update`: renamed to `try_update` for consistency
[INFO] [stdout]   --> tests/loom_ref_count.rs:45:22
[INFO] [stdout]    |
[INFO] [stdout] 45 |                     .fetch_update(Ordering::Relaxed, Ordering::Relaxed, |c| {
[INFO] [stdout]    |                      ^^^^^^^^^^^^
[INFO] [stdout]    |
[INFO] [stdout]    = note: `#[warn(deprecated)]` on by default
[INFO] [stdout] help: replace the use of the deprecated method
[INFO] [stdout]    |
[INFO] [stdout] 45 -                     .fetch_update(Ordering::Relaxed, Ordering::Relaxed, |c| {
[INFO] [stdout] 45 +                     .try_update(Ordering::Relaxed, Ordering::Relaxed, |c| {
[INFO] [stdout]    |
[INFO] [stdout] 
[INFO] [stdout] 
[INFO] [stdout] error[E0433]: cannot find module or crate `tokio` in this scope
[INFO] [stdout]   --> tests/tokio_proc_macro.rs:49:14
[INFO] [stdout]    |
[INFO] [stdout] 49 |     let rt = tokio::runtime::Builder::new_current_thread()
[INFO] [stdout]    |              ^^^^^ use of unresolved module or unlinked crate `tokio`
[INFO] [stdout]    |
[INFO] [stdout]    = help: if you wanted to use a crate named `tokio`, use `cargo add tokio` to add it to your `Cargo.toml`
[INFO] [stdout] help: consider importing this struct
[INFO] [stdout]    |
[INFO] [stdout]  7 + use std::thread::Builder;
[INFO] [stdout]    |
[INFO] [stdout] help: if you import `Builder`, refer to it directly
[INFO] [stdout]    |
[INFO] [stdout] 49 -     let rt = tokio::runtime::Builder::new_current_thread()
[INFO] [stdout] 49 +     let rt = Builder::new_current_thread()
[INFO] [stdout]    |
[INFO] [stdout] 
[INFO] [stdout] 
[INFO] [stdout] error[E0433]: cannot find module or crate `tokio` in this scope
[INFO] [stdout]   --> tests/tokio_proc_macro.rs:69:15
[INFO] [stdout]    |
[INFO] [stdout] 69 |     let rt2 = tokio::runtime::Builder::new_current_thread()
[INFO] [stdout]    |               ^^^^^ use of unresolved module or unlinked crate `tokio`
[INFO] [stdout]    |
[INFO] [stdout]    = help: if you wanted to use a crate named `tokio`, use `cargo add tokio` to add it to your `Cargo.toml`
[INFO] [stdout] help: consider importing this struct
[INFO] [stdout]    |
[INFO] [stdout]  7 + use std::thread::Builder;
[INFO] [stdout]    |
[INFO] [stdout] help: if you import `Builder`, refer to it directly
[INFO] [stdout]    |
[INFO] [stdout] 69 -     let rt2 = tokio::runtime::Builder::new_current_thread()
[INFO] [stdout] 69 +     let rt2 = Builder::new_current_thread()
[INFO] [stdout]    |
[INFO] [stdout] 
[INFO] [stdout] 
[INFO] [stdout] error[E0433]: cannot find module or crate `tokio` in this scope
[INFO] [stdout]   --> tests/tokio_proc_macro.rs:87:14
[INFO] [stdout]    |
[INFO] [stdout] 87 |     let rt = tokio::runtime::Builder::new_current_thread()
[INFO] [stdout]    |              ^^^^^ use of unresolved module or unlinked crate `tokio`
[INFO] [stdout]    |
[INFO] [stdout]    = help: if you wanted to use a crate named `tokio`, use `cargo add tokio` to add it to your `Cargo.toml`
[INFO] [stdout] help: consider importing this struct
[INFO] [stdout]    |
[INFO] [stdout]  7 + use std::thread::Builder;
[INFO] [stdout]    |
[INFO] [stdout] help: if you import `Builder`, refer to it directly
[INFO] [stdout]    |
[INFO] [stdout] 87 -     let rt = tokio::runtime::Builder::new_current_thread()
[INFO] [stdout] 87 +     let rt = Builder::new_current_thread()
[INFO] [stdout]    |
[INFO] [stdout] 
[INFO] [stdout] 
[INFO] [stdout] error[E0599]: no method named `root_guard` found for struct `Gc<{integer}>` in the current scope
[INFO] [stdout]   --> tests/tokio_proc_macro.rs:19:24
[INFO] [stdout]    |
[INFO] [stdout] 19 |     let _guard = value.root_guard();
[INFO] [stdout]    |                        ^^^^^^^^^^ method not found in `Gc<{integer}>`
[INFO] [stdout] 
[INFO] [stdout] 
[INFO] [stdout] error[E0599]: no method named `root_guard` found for struct `Gc<{integer}>` in the current scope
[INFO] [stdout]   --> tests/tokio_proc_macro.rs:29:24
[INFO] [stdout]    |
[INFO] [stdout] 29 |     let _guard = value.root_guard();
[INFO] [stdout]    |                        ^^^^^^^^^^ method not found in `Gc<{integer}>`
[INFO] [stdout] 
[INFO] [stdout] 
[INFO] [stdout] warning: unused import: `SealedHandleScope`
[INFO] [stdout]  --> tests/handlescope_basic.rs:3:73
[INFO] [stdout]   |
[INFO] [stdout] 3 | use rudo_gc::handles::{EscapeableHandleScope, HandleScope, MaybeHandle, SealedHandleScope};
[INFO] [stdout]   |                                                                         ^^^^^^^^^^^^^^^^^
[INFO] [stdout]   |
[INFO] [stdout]   = note: `#[warn(unused_imports)]` (part of `#[warn(unused)]`) on by default
[INFO] [stdout] 
[INFO] [stdout] 
[INFO] [stdout] error[E0599]: no method named `root_guard` found for struct `Gc<{integer}>` in the current scope
[INFO] [stdout]   --> tests/tokio_proc_macro.rs:59:30
[INFO] [stdout]    |
[INFO] [stdout] 59 |         let _guard1 = value1.root_guard();
[INFO] [stdout]    |                              ^^^^^^^^^^ method not found in `Gc<{integer}>`
[INFO] [stdout] 
[INFO] [stdout] 
[INFO] [stdout] error[E0599]: no method named `root_guard` found for struct `Gc<{integer}>` in the current scope
[INFO] [stdout]   --> tests/tokio_proc_macro.rs:60:30
[INFO] [stdout]    |
[INFO] [stdout] 60 |         let _guard2 = value2.root_guard();
[INFO] [stdout]    |                              ^^^^^^^^^^ method not found in `Gc<{integer}>`
[INFO] [stdout] 
[INFO] [stdout] 
[INFO] [stdout] error[E0599]: no method named `root_guard` found for struct `Gc<{integer}>` in the current scope
[INFO] [stdout]   --> tests/tokio_proc_macro.rs:61:30
[INFO] [stdout]    |
[INFO] [stdout] 61 |         let _guard3 = value3.root_guard();
[INFO] [stdout]    |                              ^^^^^^^^^^ method not found in `Gc<{integer}>`
[INFO] [stdout] 
[INFO] [stdout] 
[INFO] [stdout] error[E0599]: no method named `root_guard` found for struct `Gc<{integer}>` in the current scope
[INFO] [stdout]   --> tests/tokio_proc_macro.rs:76:29
[INFO] [stdout]    |
[INFO] [stdout] 76 |         let _guard = value1.root_guard();
[INFO] [stdout]    |                             ^^^^^^^^^^ method not found in `Gc<{integer}>`
[INFO] [stdout] 
[INFO] [stdout] 
[INFO] [stdout] error[E0599]: no method named `root_guard` found for struct `Gc<{integer}>` in the current scope
[INFO] [stdout]   --> tests/tokio_proc_macro.rs:94:34
[INFO] [stdout]    |
[INFO] [stdout] 94 |         let _outer_guard = value.root_guard();
[INFO] [stdout]    |                                  ^^^^^^^^^^ method not found in `Gc<{integer}>`
[INFO] [stdout] 
[INFO] [stdout] 
[INFO] [stdout] error[E0432]: unresolved import `rudo_gc::set_suspicious_sweep_detection`
[INFO] [stdout]    --> tests/minor_gc_optimized.rs:16:5
[INFO] [stdout]     |
[INFO] [stdout]  16 | use rudo_gc::set_suspicious_sweep_detection;
[INFO] [stdout]     |     ^^^^^^^^^------------------------------
[INFO] [stdout]     |              |
[INFO] [stdout]     |              no `set_suspicious_sweep_detection` in the root
[INFO] [stdout]     |
[INFO] [stdout] note: found an item that was configured out
[INFO] [stdout]    --> src/lib.rs:106:8
[INFO] [stdout]     |
[INFO] [stdout] 105 | #[cfg(feature = "debug-suspicious-sweep")]
[INFO] [stdout]     |       ---------------------------------- the item is gated behind the `debug-suspicious-sweep` feature
[INFO] [stdout] 106 | pub fn set_suspicious_sweep_detection(enabled: bool) {
[INFO] [stdout]     |        ^^^^^^^^^^^^^^^^^^^^^^^^^^^^^^
[INFO] [stdout] 
[INFO] [stdout] 
[INFO] [stdout] error[E0599]: no method named `root_guard` found for struct `Gc<{integer}>` in the current scope
[INFO] [stdout]   --> tests/tokio_proc_macro.rs:98:44
[INFO] [stdout]    |
[INFO] [stdout] 98 |             let _inner_guard = inner_value.root_guard();
[INFO] [stdout]    |                                            ^^^^^^^^^^ method not found in `Gc<{integer}>`
[INFO] [stdout] 
[INFO] [stdout] 
[INFO] [stdout] Some errors have detailed explanations: E0432, E0433, E0599.
[INFO] [stdout] 
[INFO] [stdout] For more information about an error, try `rustc --explain E0432`.
[INFO] [stdout] 
[INFO] [stderr] error: could not compile `rudo-gc` (test "tokio_proc_macro") due to 13 previous errors
[INFO] [stderr] warning: build failed, waiting for other jobs to finish...
[INFO] [stdout] error[E0425]: cannot find function `clear_test_roots` in this scope
[INFO] [stdout]    --> tests/minor_gc_optimized.rs:318:5
[INFO] [stdout]     |
[INFO] [stdout] 318 |     clear_test_roots();
[INFO] [stdout]     |     ^^^^^^^^^^^^^^^^ not found in this scope
[INFO] [stdout]     |
[INFO] [stdout] note: found an item that was configured out
[INFO] [stdout]    --> tests/minor_gc_optimized.rs:18:26
[INFO] [stdout]     |
[INFO] [stdout]  17 | #[cfg(feature = "test-util")]
[INFO] [stdout]     |       --------------------- the item is gated behind the `test-util` feature
[INFO] [stdout]  18 | use rudo_gc::test_util::{clear_test_roots, internal_ptr, register_test_root};
[INFO] [stdout]     |                          ^^^^^^^^^^^^^^^^
[INFO] [stdout] 
[INFO] [stdout] 
[INFO] [stdout] error[E0425]: cannot find function `clear_test_roots` in this scope
[INFO] [stdout]    --> tests/minor_gc_optimized.rs:365:5
[INFO] [stdout]     |
[INFO] [stdout] 365 |     clear_test_roots();
[INFO] [stdout]     |     ^^^^^^^^^^^^^^^^ not found in this scope
[INFO] [stdout]     |
[INFO] [stdout] note: found an item that was configured out
[INFO] [stdout]    --> tests/minor_gc_optimized.rs:18:26
[INFO] [stdout]     |
[INFO] [stdout]  17 | #[cfg(feature = "test-util")]
[INFO] [stdout]     |       --------------------- the item is gated behind the `test-util` feature
[INFO] [stdout]  18 | use rudo_gc::test_util::{clear_test_roots, internal_ptr, register_test_root};
[INFO] [stdout]     |                          ^^^^^^^^^^^^^^^^
[INFO] [stdout] 
[INFO] [stdout] 
[INFO] [stdout] Some errors have detailed explanations: E0425, E0432.
[INFO] [stdout] 
[INFO] [stdout] For more information about an error, try `rustc --explain E0425`.
[INFO] [stdout] 
[INFO] [stderr] error: could not compile `rudo-gc` (test "minor_gc_optimized") due to 3 previous errors
[INFO] running `Command { std: "docker" "inspect" "a1a581c0485137e45588d9d0a4ae58fca8b5579dca79456a9e1534b075028877", kill_on_drop: false }`
[INFO] running `Command { std: "docker" "rm" "-f" "a1a581c0485137e45588d9d0a4ae58fca8b5579dca79456a9e1534b075028877", kill_on_drop: false }`
[INFO] [stdout] a1a581c0485137e45588d9d0a4ae58fca8b5579dca79456a9e1534b075028877
