[INFO] fetching crate ruda-tensor-router 0.21.62...
[INFO] testing ruda-tensor-router-0.21.62 against 1.99.0-beta.8+cargoflags=--release for beta-release-1.100-2
[INFO] extracting crate ruda-tensor-router 0.21.62 into /workspace/builds/worker-0-tc1/source
[INFO] started tweaking crates.io crate ruda-tensor-router 0.21.62
[INFO] finished tweaking crates.io crate ruda-tensor-router 0.21.62
[INFO] tweaked toml for crates.io crate ruda-tensor-router 0.21.62 written to /workspace/builds/worker-0-tc1/source/Cargo.toml
[INFO] validating manifest of crates.io crate ruda-tensor-router 0.21.62 on toolchain 1.99.0-beta.8
[INFO] running `Command { std: CARGO_HOME="/workspace/cargo-home" RUSTUP_HOME="/workspace/rustup-home" "/workspace/cargo-home/bin/cargo" "+1.99.0-beta.8" "metadata" "--manifest-path" "Cargo.toml" "--no-deps", kill_on_drop: false }`
[INFO] crate crates.io crate ruda-tensor-router 0.21.62 already has a lockfile, it will not be regenerated
[INFO] running `Command { std: CARGO_HOME="/workspace/cargo-home" RUSTUP_HOME="/workspace/rustup-home" "/workspace/cargo-home/bin/cargo" "+1.99.0-beta.8" "fetch" "--manifest-path" "Cargo.toml", kill_on_drop: false }`
[INFO] [stderr]     Updating crates.io index
[INFO] [stderr]  Downloading crates ...
[INFO] [stderr]   Downloaded spin v0.10.1
[INFO] [stderr]   Downloaded ruda-ir-macros v0.1.2
[INFO] [stderr]   Downloaded ruda-test-runtime v0.1.97
[INFO] [stderr]   Downloaded tynm v0.2.0
[INFO] [stderr]   Downloaded float8 v0.7.0
[INFO] [stderr]   Downloaded float4 v0.2.0
[INFO] [stderr]   Downloaded embassy-time v0.5.1
[INFO] [stderr]   Downloaded oneshot v0.2.1
[INFO] [stderr]   Downloaded ruda-runtime v0.1.30
[INFO] [stderr]   Downloaded mlir-sys v0.5.0
[INFO] [stderr]   Downloaded ruda-kernel-macros v0.1.11
[INFO] [stderr]   Downloaded stable-vec v0.4.3
[INFO] [stderr]   Downloaded ruda-kernel v0.1.44
[INFO] [stderr]   Downloaded melior v0.25.0
[INFO] [stderr]   Downloaded ruda-core v0.1.10
[INFO] [stderr]   Downloaded ruda-compiler v0.1.16
[INFO] [stderr]   Downloaded comrak v0.42.0
[INFO] [stderr]   Downloaded tblgen v0.7.2
[INFO] [stderr]   Downloaded melior-macro v0.18.1
[INFO] [stderr]   Downloaded wgpu-types v29.0.4
[INFO] [stderr]   Downloaded ruda-driver-wgpu v0.1.97
[INFO] [stderr]   Downloaded wgpu v29.0.4
[INFO] [stderr]   Downloaded wgpu-hal v29.0.4
[INFO] [stderr]   Downloaded wgpu-naga-bridge v29.0.4
[INFO] [stderr]   Downloaded naga v29.0.4
[INFO] [stderr]   Downloaded wgpu-core v29.0.4
[INFO] [stderr]   Downloaded wgpu-core-deps-emscripten v29.0.4
[INFO] [stderr]   Downloaded wgpu-core-deps-apple v29.0.4
[INFO] [stderr]   Downloaded ruda-driver-hip v0.1.97
[INFO] [stderr]   Downloaded wgpu-core-deps-windows-linux-android v29.0.4
[INFO] [stderr]   Downloaded sysinfo v0.38.4
[INFO] [stderr]   Downloaded ruda-driver-cuda v0.1.97
[INFO] [stderr]   Downloaded ruda-driver-cpu v0.1.97
[INFO] [stderr]   Downloaded ruda-tensor v0.21.70
[INFO] [stderr]   Downloaded ruda-tensor-config v0.21.8
[INFO] [stderr]   Downloaded cudarc v0.19.9
[INFO] [stderr]   Downloaded ruda-communication v0.21.67
[INFO] [stderr]   Downloaded ruDNN v0.1.97
[INFO] [stderr]   Downloaded ruCCL v0.21.77
[INFO] [stderr]   Downloaded ruda-hip-sys v7.14.6085000
[INFO] running `Command { std: "docker" "create" "-v" "/var/lib/crater-agent-workspace/builds/worker-0-tc1/source:/opt/rustwide/workdir:ro,Z" "-v" "/var/lib/crater-agent-workspace/builds/worker-0-tc1/target:/opt/rustwide/target:rw,Z" "-v" "/var/lib/crater-agent-workspace/cargo-home:/opt/rustwide/cargo-home:ro,Z" "-v" "/var/lib/crater-agent-workspace/rustup-home:/opt/rustwide/rustup-home:ro,Z" "-m" "1610612736" "--network" "none" "ghcr.io/rust-lang/crates-build-env/linux@sha256:77db811e55d90add9212f6832c23229e3de5f1c1f9905e8cb07319ea15df73ac" "sleep" "infinity", kill_on_drop: false }`
[INFO] [stdout] 6aec5ac715001c01fb7fcfcdf301ab26b8df856dde9ce082ad94fd5d6b796397
[INFO] running `Command { std: "docker" "start" "6aec5ac715001c01fb7fcfcdf301ab26b8df856dde9ce082ad94fd5d6b796397", kill_on_drop: false }`
[INFO] running `Command { std: "docker" "inspect" "6aec5ac715001c01fb7fcfcdf301ab26b8df856dde9ce082ad94fd5d6b796397", kill_on_drop: false }`
[INFO] running `Command { std: "docker" "exec" "-e" "SOURCE_DIR=/opt/rustwide/workdir" "-e" "CARGO_HOME=/opt/rustwide/cargo-home" "-e" "RUSTUP_HOME=/opt/rustwide/rustup-home" "-e" "CARGO_TARGET_DIR=/opt/rustwide/target" "-w" "/opt/rustwide/workdir" "--user" "0:0" "6aec5ac715001c01fb7fcfcdf301ab26b8df856dde9ce082ad94fd5d6b796397" "/opt/rustwide/cargo-home/bin/cargo" "+1.99.0-beta.8" "metadata" "--no-deps" "--format-version=1", kill_on_drop: false }`
[INFO] running `Command { std: "docker" "inspect" "6aec5ac715001c01fb7fcfcdf301ab26b8df856dde9ce082ad94fd5d6b796397", kill_on_drop: false }`
[INFO] running `Command { std: "docker" "exec" "-e" "SOURCE_DIR=/opt/rustwide/workdir" "-e" "CARGO_HOME=/opt/rustwide/cargo-home" "-e" "RUSTUP_HOME=/opt/rustwide/rustup-home" "-e" "CARGO_TARGET_DIR=/opt/rustwide/target" "-e" "CARGO_INCREMENTAL=0" "-e" "RUST_BACKTRACE=full" "-e" "RUSTFLAGS=--cap-lints=warn" "-e" "RUSTDOCFLAGS=--cap-lints=warn" "-w" "/opt/rustwide/workdir" "--user" "0:0" "6aec5ac715001c01fb7fcfcdf301ab26b8df856dde9ce082ad94fd5d6b796397" "/opt/rustwide/cargo-home/bin/cargo" "+1.99.0-beta.8" "build" "--frozen" "--message-format=json" "--release", kill_on_drop: false }`
[INFO] [stderr]    Compiling syn v2.0.119
[INFO] [stderr]    Compiling syn v3.0.4
[INFO] [stderr]    Compiling serde v1.0.229
[INFO] [stderr]    Compiling portable-atomic v1.15.0
[INFO] [stderr]    Compiling num-traits v0.2.19
[INFO] [stderr]    Compiling zerocopy v0.8.56
[INFO] [stderr]    Compiling chacha20 v0.10.2
[INFO] [stderr]    Compiling thiserror v2.0.20
[INFO] [stderr]    Compiling ruda-core v0.1.10
[INFO] [stderr]    Compiling serde_spanned v1.1.1
[INFO] [stderr]    Compiling toml_datetime v1.1.1+spec-1.1.0
[INFO] [stderr]    Compiling nom v8.0.0
[INFO] [stderr]    Compiling futures-core v0.3.34
[INFO] [stderr]    Compiling fastrand v2.5.0
[INFO] [stderr]    Compiling toml_writer v1.1.2+spec-1.1.0
[INFO] [stderr]    Compiling backtrace v0.3.76
[INFO] [stderr]    Compiling serde_bytes v0.11.19
[INFO] [stderr]    Compiling bytes v1.12.1
[INFO] [stderr]    Compiling oneshot v0.2.1
[INFO] [stderr]    Compiling futures-lite v2.6.1
[INFO] [stderr]    Compiling toml v1.1.4+spec-1.1.0
[INFO] [stderr]    Compiling rand v0.10.2
[INFO] [stderr]    Compiling spin v0.10.1
[INFO] [stderr]    Compiling rand_distr v0.6.0
[INFO] [stderr]    Compiling serde_derive v1.0.229
[INFO] [stderr]    Compiling bytemuck_derive v1.12.0
[INFO] [stderr]    Compiling thiserror-impl v2.0.20
[INFO] [stderr]    Compiling bytemuck v1.25.2
[INFO] [stderr]    Compiling tynm v0.2.0
[INFO] [stderr]    Compiling darling_core v0.21.3
[INFO] [stderr]    Compiling zerocopy-derive v0.8.56
[INFO] [stderr]    Compiling derive_more-impl v2.1.1
[INFO] [stderr]    Compiling derive-new v0.7.0
[INFO] [stderr]    Compiling smallvec v1.15.2
[INFO] [stderr]    Compiling parking_lot_core v0.9.12
[INFO] [stderr]    Compiling parking_lot v0.12.5
[INFO] [stderr]    Compiling derive_more v2.1.1
[INFO] [stderr]    Compiling darling_macro v0.21.3
[INFO] [stderr]    Compiling darling v0.21.3
[INFO] [stderr]    Compiling enumset_derive v0.15.0
[INFO] [stderr]    Compiling enumset v1.1.14
[INFO] [stderr]    Compiling half v2.7.1
[INFO] [stderr]    Compiling ruDNN v0.1.97
[INFO] [stderr]    Compiling ruda-tensor-config v0.21.8
[INFO] [stderr]    Compiling ruda-tensor v0.21.70
[INFO] [stderr]    Compiling ruda-tensor-router v0.21.62 (/opt/rustwide/workdir)
[INFO] [stdout] warning: use of deprecated method `std::sync::atomic::Atomic::<u64>::fetch_update`: renamed to `try_update` for consistency
[INFO] [stdout]    --> src/runner.rs:269:32
[INFO] [stdout]     |
[INFO] [stdout] 269 |         let id = GRAPH_COUNTER.fetch_update(Ordering::Relaxed, Ordering::Relaxed, |value| value.checked_add(1))
[INFO] [stdout]     |                                ^^^^^^^^^^^^
[INFO] [stdout]     |
[INFO] [stdout]     = note: `#[warn(deprecated)]` on by default
[INFO] [stdout] help: replace the use of the deprecated method
[INFO] [stdout]     |
[INFO] [stdout] 269 -         let id = GRAPH_COUNTER.fetch_update(Ordering::Relaxed, Ordering::Relaxed, |value| value.checked_add(1))
[INFO] [stdout] 269 +         let id = GRAPH_COUNTER.try_update(Ordering::Relaxed, Ordering::Relaxed, |value| value.checked_add(1))
[INFO] [stdout]     |
[INFO] [stdout] 
[INFO] [stdout] 
[INFO] [stdout] warning: use of deprecated method `std::sync::atomic::Atomic::<u64>::fetch_update`: renamed to `try_update` for consistency
[INFO] [stdout]    --> src/runner.rs:282:50
[INFO] [stdout]     |
[INFO] [stdout] 282 |                 let value = GRAPH_TENSOR_COUNTER.fetch_update(Ordering::Relaxed, Ordering::Relaxed,
[INFO] [stdout]     |                                                  ^^^^^^^^^^^^
[INFO] [stdout]     |
[INFO] [stdout] help: replace the use of the deprecated method
[INFO] [stdout]     |
[INFO] [stdout] 282 -                 let value = GRAPH_TENSOR_COUNTER.fetch_update(Ordering::Relaxed, Ordering::Relaxed,
[INFO] [stdout] 282 +                 let value = GRAPH_TENSOR_COUNTER.try_update(Ordering::Relaxed, Ordering::Relaxed,
[INFO] [stdout]     |
[INFO] [stdout] 
[INFO] [stdout] 
[INFO] [stderr]     Finished `release` profile [optimized] target(s) in 49.41s
[INFO] running `Command { std: "docker" "inspect" "6aec5ac715001c01fb7fcfcdf301ab26b8df856dde9ce082ad94fd5d6b796397", kill_on_drop: false }`
[INFO] running `Command { std: "docker" "exec" "-e" "SOURCE_DIR=/opt/rustwide/workdir" "-e" "CARGO_HOME=/opt/rustwide/cargo-home" "-e" "RUSTUP_HOME=/opt/rustwide/rustup-home" "-e" "CARGO_TARGET_DIR=/opt/rustwide/target" "-e" "CARGO_INCREMENTAL=0" "-e" "RUST_BACKTRACE=full" "-e" "RUSTFLAGS=--cap-lints=warn" "-e" "RUSTDOCFLAGS=--cap-lints=warn" "-w" "/opt/rustwide/workdir" "--user" "0:0" "6aec5ac715001c01fb7fcfcdf301ab26b8df856dde9ce082ad94fd5d6b796397" "/opt/rustwide/cargo-home/bin/cargo" "+1.99.0-beta.8" "test" "--frozen" "--no-run" "--message-format=json" "--release", kill_on_drop: false }`
[INFO] [stdout] warning: use of deprecated method `std::sync::atomic::Atomic::<u64>::fetch_update`: renamed to `try_update` for consistency
[INFO] [stdout]    --> src/runner.rs:269:32
[INFO] [stdout]     |
[INFO] [stdout] 269 |         let id = GRAPH_COUNTER.fetch_update(Ordering::Relaxed, Ordering::Relaxed, |value| value.checked_add(1))
[INFO] [stdout]     |                                ^^^^^^^^^^^^
[INFO] [stdout]     |
[INFO] [stdout]     = note: `#[warn(deprecated)]` on by default
[INFO] [stdout] help: replace the use of the deprecated method
[INFO] [stdout]     |
[INFO] [stdout] 269 -         let id = GRAPH_COUNTER.fetch_update(Ordering::Relaxed, Ordering::Relaxed, |value| value.checked_add(1))
[INFO] [stdout] 269 +         let id = GRAPH_COUNTER.try_update(Ordering::Relaxed, Ordering::Relaxed, |value| value.checked_add(1))
[INFO] [stdout]     |
[INFO] [stdout] 
[INFO] [stdout] 
[INFO] [stdout] warning: use of deprecated method `std::sync::atomic::Atomic::<u64>::fetch_update`: renamed to `try_update` for consistency
[INFO] [stdout]    --> src/runner.rs:282:50
[INFO] [stdout]     |
[INFO] [stdout] 282 |                 let value = GRAPH_TENSOR_COUNTER.fetch_update(Ordering::Relaxed, Ordering::Relaxed,
[INFO] [stdout]     |                                                  ^^^^^^^^^^^^
[INFO] [stdout]     |
[INFO] [stdout] help: replace the use of the deprecated method
[INFO] [stdout]     |
[INFO] [stdout] 282 -                 let value = GRAPH_TENSOR_COUNTER.fetch_update(Ordering::Relaxed, Ordering::Relaxed,
[INFO] [stdout] 282 +                 let value = GRAPH_TENSOR_COUNTER.try_update(Ordering::Relaxed, Ordering::Relaxed,
[INFO] [stdout]     |
[INFO] [stdout] 
[INFO] [stdout] 
[INFO] [stderr]    Compiling ruda-tensor-router v0.21.62 (/opt/rustwide/workdir)
[INFO] [stdout] error[E0432]: unresolved import `ruda_tensor::api`
[INFO] [stdout]    --> src/types.rs:472:22
[INFO] [stdout]     |
[INFO] [stdout] 472 |     use ruda_tensor::api::Tensor;
[INFO] [stdout]     |                      ^^^ could not find `api` in `ruda_tensor`
[INFO] [stdout]     |
[INFO] [stdout] note: found an item that was configured out
[INFO] [stdout]    --> /opt/rustwide/cargo-home/registry/src/index.crates.io-1949cf8c6b5b557f/ruda-tensor-0.21.70/src/lib.rs:115:9
[INFO] [stdout]     |
[INFO] [stdout] 114 | #[cfg(feature = "api")]
[INFO] [stdout]     |       --------------- the item is gated behind the `api` feature
[INFO] [stdout] 115 | pub mod api;
[INFO] [stdout]     |         ^^^
[INFO] [stdout] 
[INFO] [stdout] 
[INFO] [stdout] error[E0432]: unresolved import `ruda_tensor_host`
[INFO] [stdout]  --> src/runner/tests.rs:5:5
[INFO] [stdout]   |
[INFO] [stdout] 5 | use ruda_tensor_host::Host;
[INFO] [stdout]   |     ^^^^^^^^^^^^^^^^ use of unresolved module or unlinked crate `ruda_tensor_host`
[INFO] [stdout]   |
[INFO] [stdout] help: there is a crate or module with a similar name
[INFO] [stdout]   |
[INFO] [stdout] 5 - use ruda_tensor_host::Host;
[INFO] [stdout] 5 + use ruda_tensor::Host;
[INFO] [stdout]   |
[INFO] [stdout] 
[INFO] [stdout] 
[INFO] [stdout] error[E0432]: unresolved import `ruda_tensor_host`
[INFO] [stdout]    --> src/types.rs:496:9
[INFO] [stdout]     |
[INFO] [stdout] 496 |     use ruda_tensor_host::{Host, HostDevice};
[INFO] [stdout]     |         ^^^^^^^^^^^^^^^^ use of unresolved module or unlinked crate `ruda_tensor_host`
[INFO] [stdout]     |
[INFO] [stdout] help: there is a crate or module with a similar name
[INFO] [stdout]     |
[INFO] [stdout] 496 -     use ruda_tensor_host::{Host, HostDevice};
[INFO] [stdout] 496 +     use ruda_tensor::{Host, HostDevice};
[INFO] [stdout]     |
[INFO] [stdout] 
[INFO] [stdout] 
[INFO] [stdout] warning: unused import: `vec::Vec`
[INFO] [stdout]  --> src/runner/tests.rs:2:18
[INFO] [stdout]   |
[INFO] [stdout] 2 | use alloc::{vec, vec::Vec};
[INFO] [stdout]   |                  ^^^^^^^^
[INFO] [stdout]   |
[INFO] [stdout]   = note: `#[warn(unused_imports)]` (part of `#[warn(unused)]`) on by default
[INFO] [stdout] 
[INFO] [stdout] 
[INFO] [stdout] warning: use of deprecated method `std::sync::atomic::Atomic::<u64>::fetch_update`: renamed to `try_update` for consistency
[INFO] [stdout]    --> src/runner.rs:269:32
[INFO] [stdout]     |
[INFO] [stdout] 269 |         let id = GRAPH_COUNTER.fetch_update(Ordering::Relaxed, Ordering::Relaxed, |value| value.checked_add(1))
[INFO] [stdout]     |                                ^^^^^^^^^^^^
[INFO] [stdout]     |
[INFO] [stdout]     = note: `#[warn(deprecated)]` on by default
[INFO] [stdout] help: replace the use of the deprecated method
[INFO] [stdout]     |
[INFO] [stdout] 269 -         let id = GRAPH_COUNTER.fetch_update(Ordering::Relaxed, Ordering::Relaxed, |value| value.checked_add(1))
[INFO] [stdout] 269 +         let id = GRAPH_COUNTER.try_update(Ordering::Relaxed, Ordering::Relaxed, |value| value.checked_add(1))
[INFO] [stdout]     |
[INFO] [stdout] 
[INFO] [stdout] 
[INFO] [stdout] warning: use of deprecated method `std::sync::atomic::Atomic::<u64>::fetch_update`: renamed to `try_update` for consistency
[INFO] [stdout]    --> src/runner.rs:282:50
[INFO] [stdout]     |
[INFO] [stdout] 282 |                 let value = GRAPH_TENSOR_COUNTER.fetch_update(Ordering::Relaxed, Ordering::Relaxed,
[INFO] [stdout]     |                                                  ^^^^^^^^^^^^
[INFO] [stdout]     |
[INFO] [stdout] help: replace the use of the deprecated method
[INFO] [stdout]     |
[INFO] [stdout] 282 -                 let value = GRAPH_TENSOR_COUNTER.fetch_update(Ordering::Relaxed, Ordering::Relaxed,
[INFO] [stdout] 282 +                 let value = GRAPH_TENSOR_COUNTER.try_update(Ordering::Relaxed, Ordering::Relaxed,
[INFO] [stdout]     |
[INFO] [stdout] 
[INFO] [stdout] 
[INFO] [stdout] error[E0433]: cannot find module or crate `ruda_tensor_host` in this scope
[INFO] [stdout]   --> src/lib.rs:56:29
[INFO] [stdout]    |
[INFO] [stdout] 56 |     pub type TestBackend1 = ruda_tensor_host::Host;
[INFO] [stdout]    |                             ^^^^^^^^^^^^^^^^ use of unresolved module or unlinked crate `ruda_tensor_host`
[INFO] [stdout]    |
[INFO] [stdout] help: there is a crate or module with a similar name
[INFO] [stdout]    |
[INFO] [stdout] 56 -     pub type TestBackend1 = ruda_tensor_host::Host;
[INFO] [stdout] 56 +     pub type TestBackend1 = ruda_tensor::Host;
[INFO] [stdout]    |
[INFO] [stdout] 
[INFO] [stdout] 
[INFO] [stdout] error[E0433]: cannot find module or crate `ruda_tensor_wgpu` in this scope
[INFO] [stdout]   --> src/lib.rs:57:29
[INFO] [stdout]    |
[INFO] [stdout] 57 |     pub type TestBackend2 = ruda_tensor_wgpu::Wgpu<f32, i32>;
[INFO] [stdout]    |                             ^^^^^^^^^^^^^^^^ use of unresolved module or unlinked crate `ruda_tensor_wgpu`
[INFO] [stdout]    |
[INFO] [stdout] help: there is a crate or module with a similar name
[INFO] [stdout]    |
[INFO] [stdout] 57 -     pub type TestBackend2 = ruda_tensor_wgpu::Wgpu<f32, i32>;
[INFO] [stdout] 57 +     pub type TestBackend2 = ruda_tensor::Wgpu<f32, i32>;
[INFO] [stdout]    |
[INFO] [stdout] 
[INFO] [stdout] 
[INFO] [stdout] Some errors have detailed explanations: E0432, E0433.
[INFO] [stdout] 
[INFO] [stdout] For more information about an error, try `rustc --explain E0432`.
[INFO] [stdout] 
[INFO] [stderr] error: could not compile `ruda-tensor-router` (lib test) due to 5 previous errors; 3 warnings emitted
[INFO] running `Command { std: "docker" "inspect" "6aec5ac715001c01fb7fcfcdf301ab26b8df856dde9ce082ad94fd5d6b796397", kill_on_drop: false }`
[INFO] running `Command { std: "docker" "rm" "-f" "6aec5ac715001c01fb7fcfcdf301ab26b8df856dde9ce082ad94fd5d6b796397", kill_on_drop: false }`
[INFO] [stdout] 6aec5ac715001c01fb7fcfcdf301ab26b8df856dde9ce082ad94fd5d6b796397
