[INFO] fetching crate ruda-store 0.21.58...
[INFO] testing ruda-store-0.21.58 against 1.99.0-beta.8+cargoflags=--release for beta-release-1.100-2
[INFO] extracting crate ruda-store 0.21.58 into /workspace/builds/worker-2-tc1/source
[INFO] started tweaking crates.io crate ruda-store 0.21.58
[INFO] removed 0 missing examples
[INFO] finished tweaking crates.io crate ruda-store 0.21.58
[INFO] tweaked toml for crates.io crate ruda-store 0.21.58 written to /workspace/builds/worker-2-tc1/source/Cargo.toml
[INFO] validating manifest of crates.io crate ruda-store 0.21.58 on toolchain 1.99.0-beta.8
[INFO] running `Command { std: CARGO_HOME="/workspace/cargo-home" RUSTUP_HOME="/workspace/rustup-home" "/workspace/cargo-home/bin/cargo" "+1.99.0-beta.8" "metadata" "--manifest-path" "Cargo.toml" "--no-deps", kill_on_drop: false }`
[INFO] crate crates.io crate ruda-store 0.21.58 already has a lockfile, it will not be regenerated
[INFO] running `Command { std: CARGO_HOME="/workspace/cargo-home" RUSTUP_HOME="/workspace/rustup-home" "/workspace/cargo-home/bin/cargo" "+1.99.0-beta.8" "fetch" "--manifest-path" "Cargo.toml", kill_on_drop: false }`
[INFO] [stderr]     Updating crates.io index
[INFO] [stderr]  Downloading crates ...
[INFO] [stderr]   Downloaded ruda-tensor-wgpu v0.21.69
[INFO] [stderr]   Downloaded textdistance v1.1.1
[INFO] [stderr]   Downloaded pbkdf2 v0.13.0
[INFO] [stderr]   Downloaded ppmd-rust v1.4.1
[INFO] [stderr]   Downloaded stable-vec v0.4.3
[INFO] [stderr]   Downloaded inflections v1.1.1
[INFO] [stderr]   Downloaded sanitize-filename v0.6.0
[INFO] [stderr]   Downloaded ruda-ir-macros v0.1.2
[INFO] [stderr]   Downloaded md5 v0.8.1
[INFO] [stderr]   Downloaded mlir-sys v0.5.0
[INFO] [stderr]   Downloaded embassy-time-driver v0.2.2
[INFO] [stderr]   Downloaded libredox v0.1.21
[INFO] [stderr]   Downloaded wgpu-naga-bridge v29.0.4
[INFO] [stderr]   Downloaded float8 v0.7.0
[INFO] [stderr]   Downloaded float4 v0.2.0
[INFO] [stderr]   Downloaded embassy-futures v0.1.2
[INFO] [stderr]   Downloaded tynm v0.2.0
[INFO] [stderr]   Downloaded embassy-time v0.5.1
[INFO] [stderr]   Downloaded melior-macro v0.18.1
[INFO] [stderr]   Downloaded tblgen v0.7.2
[INFO] [stderr]   Downloaded ruda-test-runtime v0.1.97
[INFO] [stderr]   Downloaded oneshot v0.2.1
[INFO] [stderr]   Downloaded bytemuck_derive v1.12.0
[INFO] [stderr]   Downloaded melior v0.25.0
[INFO] [stderr]   Downloaded ruda-kernel-macros v0.1.11
[INFO] [stderr]   Downloaded ruda-driver-wgpu v0.1.97
[INFO] [stderr]   Downloaded wgpu-core-deps-apple v29.0.4
[INFO] [stderr]   Downloaded ruRAND v0.1.97
[INFO] [stderr]   Downloaded wgpu-core-deps-windows-linux-android v29.0.4
[INFO] [stderr]   Downloaded wgpu-core-deps-emscripten v29.0.4
[INFO] [stderr]   Downloaded ruda v0.1.45
[INFO] [stderr]   Downloaded ruda-tensor-device v0.21.70
[INFO] [stderr]   Downloaded ruda-driver-cpu v0.1.97
[INFO] [stderr]   Downloaded ruda-tensor-config v0.21.8
[INFO] [stderr]   Downloaded ruda-fft v0.1.97
[INFO] [stderr]   Downloaded ruda-runtime v0.1.30
[INFO] [stderr]   Downloaded ruda-driver-hip v0.1.97
[INFO] [stderr]   Downloaded ruda-tensor-tch v0.21.73
[INFO] [stderr]   Downloaded comrak v0.42.0
[INFO] [stderr]   Downloaded lzma-rust2 v0.16.5
[INFO] [stderr]   Downloaded ruda-core v0.1.10
[INFO] [stderr]   Downloaded wgpu v29.0.4
[INFO] [stderr]   Downloaded ruda-driver-cuda v0.1.97
[INFO] [stderr]   Downloaded ruPRIM v0.1.97
[INFO] [stderr]   Downloaded rublas v0.1.97
[INFO] [stderr]   Downloaded torch-sys v0.22.0
[INFO] [stderr]   Downloaded ruda-kernel v0.1.44
[INFO] [stderr]   Downloaded ruda-compiler v0.1.16
[INFO] [stderr]   Downloaded ruda-tensor v0.21.70
[INFO] [stderr]   Downloaded ruda-fusion v0.21.69
[INFO] [stderr]   Downloaded ruDNN v0.1.97
[INFO] [stderr]   Downloaded safetensors v0.3.3
[INFO] [stderr]   Downloaded ruda-model-macros v0.21.1
[INFO] [stderr]   Downloaded ruda-model-codegen v0.21.1
[INFO] [stderr]   Downloaded ruda-io v0.21.3
[INFO] [stderr]   Downloaded wgpu-hal v29.0.4
[INFO] [stderr]   Downloaded wgpu-core v29.0.4
[INFO] [stderr]   Downloaded ruda-model v0.21.59
[INFO] [stderr]   Downloaded cudarc v0.19.9
[INFO] [stderr]   Downloaded naga v29.0.4
[INFO] [stderr]   Downloaded ruda-hip-sys v7.14.6085000
[INFO] [stderr]   Downloaded tch v0.22.0
[INFO] [stderr]   Downloaded ruda-dataset v0.21.17
[INFO] running `Command { std: "docker" "create" "-v" "/var/lib/crater-agent-workspace/builds/worker-2-tc1/source:/opt/rustwide/workdir:ro,Z" "-v" "/var/lib/crater-agent-workspace/builds/worker-2-tc1/target:/opt/rustwide/target:rw,Z" "-v" "/var/lib/crater-agent-workspace/cargo-home:/opt/rustwide/cargo-home:ro,Z" "-v" "/var/lib/crater-agent-workspace/rustup-home:/opt/rustwide/rustup-home:ro,Z" "-m" "1610612736" "--network" "none" "ghcr.io/rust-lang/crates-build-env/linux@sha256:77db811e55d90add9212f6832c23229e3de5f1c1f9905e8cb07319ea15df73ac" "sleep" "infinity", kill_on_drop: false }`
[INFO] [stdout] 7490e8eda94793d11228d34361ebdf3299167c61236ffa4f968a9cd2d9665ccd
[INFO] running `Command { std: "docker" "start" "7490e8eda94793d11228d34361ebdf3299167c61236ffa4f968a9cd2d9665ccd", kill_on_drop: false }`
[INFO] running `Command { std: "docker" "inspect" "7490e8eda94793d11228d34361ebdf3299167c61236ffa4f968a9cd2d9665ccd", kill_on_drop: false }`
[INFO] running `Command { std: "docker" "exec" "-e" "SOURCE_DIR=/opt/rustwide/workdir" "-e" "CARGO_HOME=/opt/rustwide/cargo-home" "-e" "RUSTUP_HOME=/opt/rustwide/rustup-home" "-e" "CARGO_TARGET_DIR=/opt/rustwide/target" "-w" "/opt/rustwide/workdir" "--user" "0:0" "7490e8eda94793d11228d34361ebdf3299167c61236ffa4f968a9cd2d9665ccd" "/opt/rustwide/cargo-home/bin/cargo" "+1.99.0-beta.8" "metadata" "--no-deps" "--format-version=1", kill_on_drop: false }`
[INFO] running `Command { std: "docker" "inspect" "7490e8eda94793d11228d34361ebdf3299167c61236ffa4f968a9cd2d9665ccd", kill_on_drop: false }`
[INFO] running `Command { std: "docker" "exec" "-e" "SOURCE_DIR=/opt/rustwide/workdir" "-e" "CARGO_HOME=/opt/rustwide/cargo-home" "-e" "RUSTUP_HOME=/opt/rustwide/rustup-home" "-e" "CARGO_TARGET_DIR=/opt/rustwide/target" "-e" "CARGO_INCREMENTAL=0" "-e" "RUST_BACKTRACE=full" "-e" "RUSTFLAGS=--cap-lints=warn" "-e" "RUSTDOCFLAGS=--cap-lints=warn" "-w" "/opt/rustwide/workdir" "--user" "0:0" "7490e8eda94793d11228d34361ebdf3299167c61236ffa4f968a9cd2d9665ccd" "/opt/rustwide/cargo-home/bin/cargo" "+1.99.0-beta.8" "build" "--frozen" "--message-format=json" "--release", kill_on_drop: false }`
[INFO] [stderr]    Compiling serde v1.0.229
[INFO] [stderr]    Compiling num-traits v0.2.19
[INFO] [stderr]    Compiling hybrid-array v0.4.14
[INFO] [stderr]    Compiling cmov v0.5.4
[INFO] [stderr]    Compiling find-msvc-tools v0.1.11
[INFO] [stderr]    Compiling unicode-segmentation v1.13.3
[INFO] [stderr]    Compiling portable-atomic v1.15.0
[INFO] [stderr]    Compiling syn v2.0.119
[INFO] [stderr]    Compiling syn v3.0.4
[INFO] [stderr]    Compiling chacha20 v0.10.2
[INFO] [stderr]    Compiling thiserror v2.0.20
[INFO] [stderr]    Compiling cfg_aliases v0.2.2
[INFO] [stderr]    Compiling winnow v1.0.4
[INFO] [stderr]    Compiling hashbrown v0.16.1
[INFO] [stderr]    Compiling nom v8.0.0
[INFO] [stderr]    Compiling toml_writer v1.1.2+spec-1.1.0
[INFO] [stderr]    Compiling ruda-core v0.1.10
[INFO] [stderr]    Compiling cc v1.4.4
[INFO] [stderr]    Compiling crc32fast v1.5.1
[INFO] [stderr]    Compiling futures-core v0.3.34
[INFO] [stderr]    Compiling ctutils v0.4.2
[INFO] [stderr]    Compiling fastrand v2.5.0
[INFO] [stderr]    Compiling rand v0.10.2
[INFO] [stderr]    Compiling rustc-demangle v0.1.28
[INFO] [stderr]    Compiling convert_case v0.10.0
[INFO] [stderr]    Compiling serde_bytes v0.11.19
[INFO] [stderr]    Compiling web-time v1.1.0
[INFO] [stderr]    Compiling toml_parser v1.1.3+spec-1.1.0
[INFO] [stderr]    Compiling futures-lite v2.6.1
[INFO] [stderr]    Compiling bytes v1.12.1
[INFO] [stderr]    Compiling embassy-futures v0.1.2
[INFO] [stderr]    Compiling simd-adler32 v0.3.10
[INFO] [stderr]    Compiling oneshot v0.2.1
[INFO] [stderr]    Compiling crypto-common v0.2.2
[INFO] [stderr]    Compiling block-buffer v0.12.1
[INFO] [stderr]    Compiling spin v0.10.1
[INFO] [stderr]    Compiling backtrace v0.3.76
[INFO] [stderr]    Compiling zstd-safe v7.3.0
[INFO] [stderr]    Compiling rustix v1.1.4
[INFO] [stderr]    Compiling serde_json v1.0.151
[INFO] [stderr]    Compiling ahash v0.8.12
[INFO] [stderr]    Compiling miniz_oxide v0.9.1
[INFO] [stderr]    Compiling inout v0.2.2
[INFO] [stderr]    Compiling aho-corasick v1.1.5
[INFO] [stderr]    Compiling regex-syntax v0.8.11
[INFO] [stderr]    Compiling rand_distr v0.6.0
[INFO] [stderr]    Compiling toml v1.1.4+spec-1.1.0
[INFO] [stderr]    Compiling rmp v0.8.15
[INFO] [stderr]    Compiling digest v0.11.3
[INFO] [stderr]    Compiling hmac v0.13.0
[INFO] [stderr]    Compiling sha2 v0.11.0
[INFO] [stderr]    Compiling cipher v0.5.2
[INFO] [stderr]    Compiling cpubits v0.1.1
[INFO] [stderr]    Compiling flate2 v1.1.10
[INFO] [stderr]    Compiling time-core v0.1.9
[INFO] [stderr]    Compiling zstd-sys v2.0.16+zstd.1.5.7
[INFO] [stderr]    Compiling num-conv v0.2.2
[INFO] [stderr]    Compiling libbz2-rs-sys v0.2.5
[INFO] [stderr]    Compiling ciborium-io v0.2.2
[INFO] [stderr]    Compiling once_cell v1.21.4
[INFO] [stderr]    Compiling unty v0.0.4
[INFO] [stderr]    Compiling deranged v0.5.8
[INFO] [stderr]    Compiling colored v3.1.1
[INFO] [stderr]    Compiling zopfli v0.8.3
[INFO] [stderr]    Compiling lzma-rust2 v0.16.5
[INFO] [stderr]    Compiling bzip2 v0.6.1
[INFO] [stderr]    Compiling serde_derive v1.0.229
[INFO] [stderr]    Compiling bytemuck_derive v1.12.0
[INFO] [stderr]    Compiling darling_core v0.21.3
[INFO] [stderr]    Compiling thiserror-impl v2.0.20
[INFO] [stderr]    Compiling tynm v0.2.0
[INFO] [stderr]    Compiling regex-automata v0.4.18
[INFO] [stderr]    Compiling bytemuck v1.25.2
[INFO] [stderr]    Compiling time v0.3.55
[INFO] [stderr]    Compiling xattr v1.6.1
[INFO] [stderr]    Compiling indexmap v2.14.1
[INFO] [stderr]    Compiling aes v0.9.3
[INFO] [stderr]    Compiling pbkdf2 v0.13.0
[INFO] [stderr]    Compiling sha1 v0.11.0
[INFO] [stderr]    Compiling filetime v0.2.29
[INFO] [stderr]    Compiling constant_time_eq v0.4.2
[INFO] [stderr]    Compiling typed-path v0.12.3
[INFO] [stderr]    Compiling data-encoding v2.11.1
[INFO] [stderr]    Compiling ppmd-rust v1.4.1
[INFO] [stderr]    Compiling uuid v1.26.0
[INFO] [stderr]    Compiling zerocopy-derive v0.8.56
[INFO] [stderr]    Compiling derive-new v0.7.0
[INFO] [stderr]    Compiling derive_more-impl v2.1.1
[INFO] [stderr]    Compiling deflate64 v0.1.12
[INFO] [stderr]    Compiling tar v0.4.46
[INFO] [stderr]    Compiling ruda-model-codegen v0.21.1
[INFO] [stderr]    Compiling memmap2 v0.9.11
[INFO] [stderr]    Compiling textdistance v1.1.1
[INFO] [stderr]    Compiling darling_macro v0.21.3
[INFO] [stderr]    Compiling darling v0.21.3
[INFO] [stderr]    Compiling enumset_derive v0.15.0
[INFO] [stderr]    Compiling smallvec v1.15.2
[INFO] [stderr]    Compiling parking_lot_core v0.9.12
[INFO] [stderr]    Compiling rmp-serde v1.3.1
[INFO] [stderr]    Compiling zerocopy v0.8.56
[INFO] [stderr]    Compiling bincode v2.0.1
[INFO] [stderr]    Compiling parking_lot v0.12.5
[INFO] [stderr]    Compiling safetensors v0.7.0
[INFO] [stderr]    Compiling enumset v1.1.14
[INFO] [stderr]    Compiling ruda-model-macros v0.21.1
[INFO] [stderr]    Compiling regex v1.13.1
[INFO] [stderr]    Compiling derive_more v2.1.1
[INFO] [stderr]    Compiling half v2.7.1
[INFO] [stderr]    Compiling ciborium-ll v0.2.2
[INFO] [stderr]    Compiling ciborium v0.2.2
[INFO] [stderr]    Compiling ruda-tensor-config v0.21.8
[INFO] [stderr]    Compiling ruDNN v0.1.97
[INFO] [stderr]    Compiling ruda-tensor v0.21.70
[INFO] [stderr]    Compiling ruda-model v0.21.59
[INFO] [stderr]    Compiling zstd v0.13.3
[INFO] [stderr]    Compiling zip v8.6.0
[INFO] [stderr]    Compiling ruda-store v0.21.58 (/opt/rustwide/workdir)
[INFO] [stderr]     Finished `release` profile [optimized] target(s) in 2m 03s
[INFO] running `Command { std: "docker" "inspect" "7490e8eda94793d11228d34361ebdf3299167c61236ffa4f968a9cd2d9665ccd", kill_on_drop: false }`
[INFO] running `Command { std: "docker" "exec" "-e" "SOURCE_DIR=/opt/rustwide/workdir" "-e" "CARGO_HOME=/opt/rustwide/cargo-home" "-e" "RUSTUP_HOME=/opt/rustwide/rustup-home" "-e" "CARGO_TARGET_DIR=/opt/rustwide/target" "-e" "CARGO_INCREMENTAL=0" "-e" "RUST_BACKTRACE=full" "-e" "RUSTFLAGS=--cap-lints=warn" "-e" "RUSTDOCFLAGS=--cap-lints=warn" "-w" "/opt/rustwide/workdir" "--user" "0:0" "7490e8eda94793d11228d34361ebdf3299167c61236ffa4f968a9cd2d9665ccd" "/opt/rustwide/cargo-home/bin/cargo" "+1.99.0-beta.8" "test" "--frozen" "--no-run" "--message-format=json" "--release", kill_on_drop: false }`
[INFO] [stderr]    Compiling rustix v1.1.4
[INFO] [stderr]    Compiling fastrand v2.5.0
[INFO] [stderr]    Compiling ahash v0.8.12
[INFO] [stderr]    Compiling getrandom v0.3.4
[INFO] [stderr]    Compiling divan-macros v0.1.21
[INFO] [stderr]    Compiling condtype v1.3.0
[INFO] [stderr]    Compiling regex-lite v0.1.9
[INFO] [stderr]    Compiling futures-lite v2.6.1
[INFO] [stderr]    Compiling ruda-core v0.1.10
[INFO] [stderr]    Compiling terminal_size v0.4.4
[INFO] [stderr]    Compiling xattr v1.6.1
[INFO] [stderr]    Compiling tempfile v3.27.0
[INFO] [stderr]    Compiling clap_builder v4.6.6
[INFO] [stderr]    Compiling tar v0.4.46
[INFO] [stderr]    Compiling ruDNN v0.1.97
[INFO] [stderr]    Compiling ruda-tensor-config v0.21.8
[INFO] [stderr]    Compiling ruda-tensor v0.21.70
[INFO] [stderr]    Compiling clap v4.6.6
[INFO] [stderr]    Compiling divan v0.1.21
[INFO] [stderr]    Compiling ruda-model v0.21.59
[INFO] [stderr]    Compiling ruda-store v0.21.58 (/opt/rustwide/workdir)
[INFO] [stdout] error[E0433]: cannot find module or crate `ruda_nn` in this scope
[INFO] [stdout]  --> src/pytorch/tests/store/mod.rs:8:5
[INFO] [stdout]   |
[INFO] [stdout] 8 | use ruda_nn::conv::{Conv2d, Conv2dConfig};
[INFO] [stdout]   |     ^^^^^^^ use of unresolved module or unlinked crate `ruda_nn`
[INFO] [stdout]   |
[INFO] [stdout]   = help: if you wanted to use a crate named `ruda_nn`, use `cargo add ruda_nn` to add it to your `Cargo.toml`
[INFO] [stdout] 
[INFO] [stdout] 
[INFO] [stdout] error[E0432]: unresolved import `ruda_nn`
[INFO] [stdout]  --> src/pytorch/tests/store/mod.rs:9:5
[INFO] [stdout]   |
[INFO] [stdout] 9 | use ruda_nn::{Linear, LinearConfig};
[INFO] [stdout]   |     ^^^^^^^ use of unresolved module or unlinked crate `ruda_nn`
[INFO] [stdout]   |
[INFO] [stdout]   = help: if you wanted to use a crate named `ruda_nn`, use `cargo add ruda_nn` to add it to your `Cargo.toml`
[INFO] [stdout] 
[INFO] [stdout] 
[INFO] [stdout] error[E0432]: unresolved import `ruda_nn`
[INFO] [stdout]  --> src/collector/tests.rs:8:9
[INFO] [stdout]   |
[INFO] [stdout] 8 |     use ruda_nn::LinearConfig;
[INFO] [stdout]   |         ^^^^^^^ use of unresolved module or unlinked crate `ruda_nn`
[INFO] [stdout]   |
[INFO] [stdout]   = help: if you wanted to use a crate named `ruda_nn`, use `cargo add ruda_nn` to add it to your `Cargo.toml`
[INFO] [stdout] 
[INFO] [stdout] 
[INFO] [stdout] error[E0432]: unresolved import `ruda_nn`
[INFO] [stdout]    --> src/collector/tests.rs:567:9
[INFO] [stdout]     |
[INFO] [stdout] 567 |     use ruda_nn::Linear;
[INFO] [stdout]     |         ^^^^^^^ use of unresolved module or unlinked crate `ruda_nn`
[INFO] [stdout]     |
[INFO] [stdout]     = help: if you wanted to use a crate named `ruda_nn`, use `cargo add ruda_nn` to add it to your `Cargo.toml`
[INFO] [stdout] 
[INFO] [stdout] 
[INFO] [stdout] error[E0432]: unresolved import `ruda_tensor_host`
[INFO] [stdout]    --> src/pytorch/tests/store/mod.rs:479:9
[INFO] [stdout]     |
[INFO] [stdout] 479 |     use ruda_tensor_host::Host;
[INFO] [stdout]     |         ^^^^^^^^^^^^^^^^ use of unresolved module or unlinked crate `ruda_tensor_host`
[INFO] [stdout]     |
[INFO] [stdout] help: there is a crate or module with a similar name
[INFO] [stdout]     |
[INFO] [stdout] 479 -     use ruda_tensor_host::Host;
[INFO] [stdout] 479 +     use ruda_tensor::Host;
[INFO] [stdout]     |
[INFO] [stdout] 
[INFO] [stdout] 
[INFO] [stdout] error[E0432]: unresolved import `ruda_tensor_host`
[INFO] [stdout]    --> src/pytorch/tests/store/mod.rs:568:9
[INFO] [stdout]     |
[INFO] [stdout] 568 |     use ruda_tensor_host::Host;
[INFO] [stdout]     |         ^^^^^^^^^^^^^^^^ use of unresolved module or unlinked crate `ruda_tensor_host`
[INFO] [stdout]     |
[INFO] [stdout] help: there is a crate or module with a similar name
[INFO] [stdout]     |
[INFO] [stdout] 568 -     use ruda_tensor_host::Host;
[INFO] [stdout] 568 +     use ruda_tensor::Host;
[INFO] [stdout]     |
[INFO] [stdout] 
[INFO] [stdout] 
[INFO] [stdout] error[E0432]: unresolved import `ruda_nn`
[INFO] [stdout]  --> src/safetensors/tests/adapter.rs:6:5
[INFO] [stdout]   |
[INFO] [stdout] 6 | use ruda_nn::{Linear, LinearConfig};
[INFO] [stdout]   |     ^^^^^^^ use of unresolved module or unlinked crate `ruda_nn`
[INFO] [stdout]   |
[INFO] [stdout]   = help: if you wanted to use a crate named `ruda_nn`, use `cargo add ruda_nn` to add it to your `Cargo.toml`
[INFO] [stdout] 
[INFO] [stdout] 
[INFO] [stdout] error[E0432]: unresolved import `ruda_nn`
[INFO] [stdout]  --> src/safetensors/tests/error_handling.rs:2:5
[INFO] [stdout]   |
[INFO] [stdout] 2 | use ruda_nn::LinearConfig;
[INFO] [stdout]   |     ^^^^^^^ use of unresolved module or unlinked crate `ruda_nn`
[INFO] [stdout]   |
[INFO] [stdout]   = help: if you wanted to use a crate named `ruda_nn`, use `cargo add ruda_nn` to add it to your `Cargo.toml`
[INFO] [stdout] 
[INFO] [stdout] 
[INFO] [stdout] error[E0432]: unresolved import `ruda_nn`
[INFO] [stdout]  --> src/safetensors/tests/file_io.rs:4:5
[INFO] [stdout]   |
[INFO] [stdout] 4 | use ruda_nn::{Initializer, LinearConfig};
[INFO] [stdout]   |     ^^^^^^^ use of unresolved module or unlinked crate `ruda_nn`
[INFO] [stdout]   |
[INFO] [stdout]   = help: if you wanted to use a crate named `ruda_nn`, use `cargo add ruda_nn` to add it to your `Cargo.toml`
[INFO] [stdout] 
[INFO] [stdout] 
[INFO] [stdout] error[E0432]: unresolved import `ruda_nn`
[INFO] [stdout]  --> src/safetensors/tests/metadata.rs:2:5
[INFO] [stdout]   |
[INFO] [stdout] 2 | use ruda_nn::LinearConfig;
[INFO] [stdout]   |     ^^^^^^^ use of unresolved module or unlinked crate `ruda_nn`
[INFO] [stdout]   |
[INFO] [stdout]   = help: if you wanted to use a crate named `ruda_nn`, use `cargo add ruda_nn` to add it to your `Cargo.toml`
[INFO] [stdout] 
[INFO] [stdout] 
[INFO] [stdout] error[E0432]: unresolved import `ruda_nn`
[INFO] [stdout]  --> src/safetensors/tests/mixed_datatypes.rs:3:5
[INFO] [stdout]   |
[INFO] [stdout] 3 | use ruda_nn as nn;
[INFO] [stdout]   |     -------^^^^^^
[INFO] [stdout]   |     |
[INFO] [stdout]   |     no external crate `ruda_nn`
[INFO] [stdout] 
[INFO] [stdout] 
[INFO] [stdout] error[E0433]: cannot find module or crate `ruda_nn` in this scope
[INFO] [stdout]  --> src/safetensors/tests/multi_layer_verify.rs:6:5
[INFO] [stdout]   |
[INFO] [stdout] 6 | use ruda_nn::{
[INFO] [stdout]   |     ^^^^^^^ use of unresolved module or unlinked crate `ruda_nn`
[INFO] [stdout]   |
[INFO] [stdout]   = help: if you wanted to use a crate named `ruda_nn`, use `cargo add ruda_nn` to add it to your `Cargo.toml`
[INFO] [stdout] 
[INFO] [stdout] 
[INFO] [stdout] error[E0432]: unresolved import `ruda_nn`
[INFO] [stdout]  --> src/safetensors/tests/multi_layer_verify.rs:6:5
[INFO] [stdout]   |
[INFO] [stdout] 6 | use ruda_nn::{
[INFO] [stdout]   |     ^^^^^^^ use of unresolved module or unlinked crate `ruda_nn`
[INFO] [stdout]   |
[INFO] [stdout]   = help: if you wanted to use a crate named `ruda_nn`, use `cargo add ruda_nn` to add it to your `Cargo.toml`
[INFO] [stdout] 
[INFO] [stdout] 
[INFO] [stdout] error[E0433]: cannot find module or crate `ruda_nn` in this scope
[INFO] [stdout]  --> src/safetensors/tests/pytorch_import.rs:4:5
[INFO] [stdout]   |
[INFO] [stdout] 4 | use ruda_nn::{
[INFO] [stdout]   |     ^^^^^^^ use of unresolved module or unlinked crate `ruda_nn`
[INFO] [stdout]   |
[INFO] [stdout]   = help: if you wanted to use a crate named `ruda_nn`, use `cargo add ruda_nn` to add it to your `Cargo.toml`
[INFO] [stdout] 
[INFO] [stdout] 
[INFO] [stdout] error[E0432]: unresolved import `ruda_nn`
[INFO] [stdout]  --> src/safetensors/tests/pytorch_import.rs:4:5
[INFO] [stdout]   |
[INFO] [stdout] 4 | use ruda_nn::{
[INFO] [stdout]   |     ^^^^^^^ use of unresolved module or unlinked crate `ruda_nn`
[INFO] [stdout]   |
[INFO] [stdout]   = help: if you wanted to use a crate named `ruda_nn`, use `cargo add ruda_nn` to add it to your `Cargo.toml`
[INFO] [stdout] 
[INFO] [stdout] 
[INFO] [stdout] error[E0432]: unresolved import `ruda_nn`
[INFO] [stdout]  --> src/safetensors/tests/round_trip.rs:4:5
[INFO] [stdout]   |
[INFO] [stdout] 4 | use ruda_nn::{Linear, LinearConfig};
[INFO] [stdout]   |     ^^^^^^^ use of unresolved module or unlinked crate `ruda_nn`
[INFO] [stdout]   |
[INFO] [stdout]   = help: if you wanted to use a crate named `ruda_nn`, use `cargo add ruda_nn` to add it to your `Cargo.toml`
[INFO] [stdout] 
[INFO] [stdout] 
[INFO] [stdout] error[E0433]: cannot find module or crate `ruda_nn` in this scope
[INFO] [stdout]   --> src/adapter/tests.rs:11:13
[INFO] [stdout]    |
[INFO] [stdout] 11 |         use ruda_nn::{
[INFO] [stdout]    |             ^^^^^^^ use of unresolved module or unlinked crate `ruda_nn`
[INFO] [stdout]    |
[INFO] [stdout]    = help: if you wanted to use a crate named `ruda_nn`, use `cargo add ruda_nn` to add it to your `Cargo.toml`
[INFO] [stdout] 
[INFO] [stdout] 
[INFO] [stdout] error[E0432]: unresolved import `ruda_nn`
[INFO] [stdout]   --> src/adapter/tests.rs:11:13
[INFO] [stdout]    |
[INFO] [stdout] 11 |         use ruda_nn::{
[INFO] [stdout]    |             ^^^^^^^ use of unresolved module or unlinked crate `ruda_nn`
[INFO] [stdout]    |
[INFO] [stdout]    = help: if you wanted to use a crate named `ruda_nn`, use `cargo add ruda_nn` to add it to your `Cargo.toml`
[INFO] [stdout] 
[INFO] [stdout] 
[INFO] [stdout] error[E0432]: unresolved import `ruda_nn`
[INFO] [stdout]    --> src/safetensors/tests/adapter.rs:264:9
[INFO] [stdout]     |
[INFO] [stdout] 264 |     use ruda_nn::{LayerNorm, LayerNormConfig};
[INFO] [stdout]     |         ^^^^^^^ use of unresolved module or unlinked crate `ruda_nn`
[INFO] [stdout]     |
[INFO] [stdout]     = help: if you wanted to use a crate named `ruda_nn`, use `cargo add ruda_nn` to add it to your `Cargo.toml`
[INFO] [stdout] 
[INFO] [stdout] 
[INFO] [stdout] error[E0432]: unresolved import `ruda_nn`
[INFO] [stdout]    --> src/safetensors/tests/adapter.rs:313:9
[INFO] [stdout]     |
[INFO] [stdout] 313 |     use ruda_nn::{LayerNorm, LayerNormConfig};
[INFO] [stdout]     |         ^^^^^^^ use of unresolved module or unlinked crate `ruda_nn`
[INFO] [stdout]     |
[INFO] [stdout]     = help: if you wanted to use a crate named `ruda_nn`, use `cargo add ruda_nn` to add it to your `Cargo.toml`
[INFO] [stdout] 
[INFO] [stdout] 
[INFO] [stdout] error[E0432]: unresolved import `ruda_nn`
[INFO] [stdout]     --> src/rudapack/tests/store.rs:1066:9
[INFO] [stdout]      |
[INFO] [stdout] 1066 |     use ruda_nn::LinearConfig;
[INFO] [stdout]      |         ^^^^^^^ use of unresolved module or unlinked crate `ruda_nn`
[INFO] [stdout]      |
[INFO] [stdout]      = help: if you wanted to use a crate named `ruda_nn`, use `cargo add ruda_nn` to add it to your `Cargo.toml`
[INFO] [stdout] 
[INFO] [stdout] 
[INFO] [stdout] error[E0432]: unresolved import `ruda_nn`
[INFO] [stdout]     --> src/rudapack/tests/store.rs:1129:9
[INFO] [stdout]      |
[INFO] [stdout] 1129 |     use ruda_nn::{Linear, LinearConfig};
[INFO] [stdout]      |         ^^^^^^^ use of unresolved module or unlinked crate `ruda_nn`
[INFO] [stdout]      |
[INFO] [stdout]      = help: if you wanted to use a crate named `ruda_nn`, use `cargo add ruda_nn` to add it to your `Cargo.toml`
[INFO] [stdout] 
[INFO] [stdout] 
[INFO] [stdout] error[E0432]: unresolved import `ruda_nn`
[INFO] [stdout]     --> src/rudapack/tests/store.rs:1186:9
[INFO] [stdout]      |
[INFO] [stdout] 1186 |     use ruda_nn::{BatchNorm, BatchNormConfig, Linear, LinearConfig};
[INFO] [stdout]      |         ^^^^^^^ use of unresolved module or unlinked crate `ruda_nn`
[INFO] [stdout]      |
[INFO] [stdout]      = help: if you wanted to use a crate named `ruda_nn`, use `cargo add ruda_nn` to add it to your `Cargo.toml`
[INFO] [stdout] 
[INFO] [stdout] 
[INFO] [stdout] error[E0432]: unresolved import `ruda_nn`
[INFO] [stdout]     --> src/rudapack/tests/store.rs:1232:9
[INFO] [stdout]      |
[INFO] [stdout] 1232 |     use ruda_nn::{LayerNorm, LayerNormConfig, Linear, LinearConfig};
[INFO] [stdout]      |         ^^^^^^^ use of unresolved module or unlinked crate `ruda_nn`
[INFO] [stdout]      |
[INFO] [stdout]      = help: if you wanted to use a crate named `ruda_nn`, use `cargo add ruda_nn` to add it to your `Cargo.toml`
[INFO] [stdout] 
[INFO] [stdout] 
[INFO] [stdout] error[E0432]: unresolved import `ruda_nn`
[INFO] [stdout]     --> src/rudapack/tests/store.rs:1278:9
[INFO] [stdout]      |
[INFO] [stdout] 1278 |     use ruda_nn::{Linear, LinearConfig};
[INFO] [stdout]      |         ^^^^^^^ use of unresolved module or unlinked crate `ruda_nn`
[INFO] [stdout]      |
[INFO] [stdout]      = help: if you wanted to use a crate named `ruda_nn`, use `cargo add ruda_nn` to add it to your `Cargo.toml`
[INFO] [stdout] 
[INFO] [stdout] 
[INFO] [stdout] error[E0432]: unresolved import `ruda_nn`
[INFO] [stdout]     --> src/rudapack/tests/store.rs:1319:9
[INFO] [stdout]      |
[INFO] [stdout] 1319 |     use ruda_nn::LinearConfig;
[INFO] [stdout]      |         ^^^^^^^ use of unresolved module or unlinked crate `ruda_nn`
[INFO] [stdout]      |
[INFO] [stdout]      = help: if you wanted to use a crate named `ruda_nn`, use `cargo add ruda_nn` to add it to your `Cargo.toml`
[INFO] [stdout] 
[INFO] [stdout] 
[INFO] [stdout] error[E0432]: unresolved import `ruda_tensor_host`
[INFO] [stdout]   --> examples/rudapack_inspect.rs:18:5
[INFO] [stdout]    |
[INFO] [stdout] 18 | use ruda_tensor_host::Host;
[INFO] [stdout]    |     ^^^^^^^^^^^^^^^^ use of unresolved module or unlinked crate `ruda_tensor_host`
[INFO] [stdout]    |
[INFO] [stdout] help: there is a crate or module with a similar name
[INFO] [stdout]    |
[INFO] [stdout] 18 - use ruda_tensor_host::Host;
[INFO] [stdout] 18 + use ruda_tensor::Host;
[INFO] [stdout]    |
[INFO] [stdout] 
[INFO] [stdout] 
[INFO] [stdout] error[E0432]: unresolved import `ruda_nn`
[INFO] [stdout]   --> examples/rudapack_inspect.rs:19:5
[INFO] [stdout]    |
[INFO] [stdout] 19 | use ruda_nn::{Linear, LinearConfig};
[INFO] [stdout]    |     ^^^^^^^ use of unresolved module or unlinked crate `ruda_nn`
[INFO] [stdout]    |
[INFO] [stdout]    = help: if you wanted to use a crate named `ruda_nn`, use `cargo add ruda_nn` to add it to your `Cargo.toml`
[INFO] [stdout] 
[INFO] [stdout] 
[INFO] [stderr] error: could not compile `ruda-store` (example "rudapack_inspect") due to 2 previous errors
[INFO] [stdout] For more information about this error, try `rustc --explain E0432`.
[INFO] [stdout] 
[INFO] [stderr] warning: build failed, waiting for other jobs to finish...
[INFO] [stdout] error[E0432]: unresolved import `ruda_tensor_host`
[INFO] [stdout]   --> examples/half_precision.rs:11:5
[INFO] [stdout]    |
[INFO] [stdout] 11 | use ruda_tensor_host::Host;
[INFO] [stdout]    |     ^^^^^^^^^^^^^^^^ use of unresolved module or unlinked crate `ruda_tensor_host`
[INFO] [stdout]    |
[INFO] [stdout] help: there is a crate or module with a similar name
[INFO] [stdout]    |
[INFO] [stdout] 11 - use ruda_tensor_host::Host;
[INFO] [stdout] 11 + use ruda_tensor::Host;
[INFO] [stdout]    |
[INFO] [stdout] 
[INFO] [stdout] 
[INFO] [stdout] error[E0432]: unresolved import `ruda_nn`
[INFO] [stdout]   --> examples/half_precision.rs:12:5
[INFO] [stdout]    |
[INFO] [stdout] 12 | use ruda_nn::{LayerNorm, LayerNormConfig, Linear, LinearConfig};
[INFO] [stdout]    |     ^^^^^^^ use of unresolved module or unlinked crate `ruda_nn`
[INFO] [stdout]    |
[INFO] [stdout]    = help: if you wanted to use a crate named `ruda_nn`, use `cargo add ruda_nn` to add it to your `Cargo.toml`
[INFO] [stdout] 
[INFO] [stdout] 
[INFO] [stdout] For more information about this error, try `rustc --explain E0432`.
[INFO] [stdout] 
[INFO] [stderr] error: could not compile `ruda-store` (example "half_precision") due to 2 previous errors
[INFO] [stdout] error[E0433]: cannot find module or crate `ruda_nn` in this scope
[INFO] [stdout]    --> src/rudapack/tests/store.rs:785:22
[INFO] [stdout]     |
[INFO] [stdout] 785 |             linear1: ruda_nn::LinearConfig::new(self.input_size, self.hidden_size)
[INFO] [stdout]     |                      ^^^^^^^ use of unresolved module or unlinked crate `ruda_nn`
[INFO] [stdout]     |
[INFO] [stdout]     = help: if you wanted to use a crate named `ruda_nn`, use `cargo add ruda_nn` to add it to your `Cargo.toml`
[INFO] [stdout] 
[INFO] [stdout] 
[INFO] [stdout] error[E0433]: cannot find module or crate `ruda_nn` in this scope
[INFO] [stdout]    --> src/rudapack/tests/store.rs:788:22
[INFO] [stdout]     |
[INFO] [stdout] 788 |             linear2: ruda_nn::LinearConfig::new(self.hidden_size, self.output_size)
[INFO] [stdout]     |                      ^^^^^^^ use of unresolved module or unlinked crate `ruda_nn`
[INFO] [stdout]     |
[INFO] [stdout]     = help: if you wanted to use a crate named `ruda_nn`, use `cargo add ruda_nn` to add it to your `Cargo.toml`
[INFO] [stdout] 
[INFO] [stdout] 
[INFO] [stdout] error[E0433]: cannot find module or crate `ruda_tensor_host` in this scope
[INFO] [stdout]    --> src/applier.rs:332:24
[INFO] [stdout]     |
[INFO] [stdout] 332 |     type TestBackend = ruda_tensor_host::Host;
[INFO] [stdout]     |                        ^^^^^^^^^^^^^^^^ use of unresolved module or unlinked crate `ruda_tensor_host`
[INFO] [stdout]     |
[INFO] [stdout] help: there is a crate or module with a similar name
[INFO] [stdout]     |
[INFO] [stdout] 332 -     type TestBackend = ruda_tensor_host::Host;
[INFO] [stdout] 332 +     type TestBackend = ruda_tensor::Host;
[INFO] [stdout]     |
[INFO] [stdout] 
[INFO] [stdout] 
[INFO] [stdout] error[E0433]: cannot find module or crate `ruda_tensor_host` in this scope
[INFO] [stdout]  --> src/collector/tests.rs:4:24
[INFO] [stdout]   |
[INFO] [stdout] 4 |     type TestBackend = ruda_tensor_host::Host;
[INFO] [stdout]   |                        ^^^^^^^^^^^^^^^^ use of unresolved module or unlinked crate `ruda_tensor_host`
[INFO] [stdout]   |
[INFO] [stdout] help: there is a crate or module with a similar name
[INFO] [stdout]   |
[INFO] [stdout] 4 -     type TestBackend = ruda_tensor_host::Host;
[INFO] [stdout] 4 +     type TestBackend = ruda_tensor::Host;
[INFO] [stdout]   |
[INFO] [stdout] 
[INFO] [stdout] 
[INFO] [stdout] error[E0433]: cannot find module or crate `ruda_tensor_host` in this scope
[INFO] [stdout]    --> src/tensor_snapshot.rs:308:24
[INFO] [stdout]     |
[INFO] [stdout] 308 |     type TestBackend = ruda_tensor_host::Host;
[INFO] [stdout]     |                        ^^^^^^^^^^^^^^^^ use of unresolved module or unlinked crate `ruda_tensor_host`
[INFO] [stdout]     |
[INFO] [stdout] help: there is a crate or module with a similar name
[INFO] [stdout]     |
[INFO] [stdout] 308 -     type TestBackend = ruda_tensor_host::Host;
[INFO] [stdout] 308 +     type TestBackend = ruda_tensor::Host;
[INFO] [stdout]     |
[INFO] [stdout] 
[INFO] [stdout] 
[INFO] [stdout] error[E0433]: cannot find module or crate `ruda_tensor_host` in this scope
[INFO] [stdout]    --> src/pytorch/tests/store/mod.rs:121:24
[INFO] [stdout]     |
[INFO] [stdout] 121 |     type TestBackend = ruda_tensor_host::Host;
[INFO] [stdout]     |                        ^^^^^^^^^^^^^^^^ use of unresolved module or unlinked crate `ruda_tensor_host`
[INFO] [stdout]     |
[INFO] [stdout] help: there is a crate or module with a similar name
[INFO] [stdout]     |
[INFO] [stdout] 121 -     type TestBackend = ruda_tensor_host::Host;
[INFO] [stdout] 121 +     type TestBackend = ruda_tensor::Host;
[INFO] [stdout]     |
[INFO] [stdout] 
[INFO] [stdout] 
[INFO] [stdout] error[E0433]: cannot find module or crate `ruda_tensor_host` in this scope
[INFO] [stdout]    --> src/pytorch/tests/store/mod.rs:255:24
[INFO] [stdout]     |
[INFO] [stdout] 255 |     type TestBackend = ruda_tensor_host::Host;
[INFO] [stdout]     |                        ^^^^^^^^^^^^^^^^ use of unresolved module or unlinked crate `ruda_tensor_host`
[INFO] [stdout]     |
[INFO] [stdout] help: there is a crate or module with a similar name
[INFO] [stdout]     |
[INFO] [stdout] 255 -     type TestBackend = ruda_tensor_host::Host;
[INFO] [stdout] 255 +     type TestBackend = ruda_tensor::Host;
[INFO] [stdout]     |
[INFO] [stdout] 
[INFO] [stdout] 
[INFO] [stdout] error[E0433]: cannot find module or crate `ruda_tensor_host` in this scope
[INFO] [stdout]    --> src/pytorch/tests/store/mod.rs:316:24
[INFO] [stdout]     |
[INFO] [stdout] 316 |     type TestBackend = ruda_tensor_host::Host;
[INFO] [stdout]     |                        ^^^^^^^^^^^^^^^^ use of unresolved module or unlinked crate `ruda_tensor_host`
[INFO] [stdout]     |
[INFO] [stdout] help: there is a crate or module with a similar name
[INFO] [stdout]     |
[INFO] [stdout] 316 -     type TestBackend = ruda_tensor_host::Host;
[INFO] [stdout] 316 +     type TestBackend = ruda_tensor::Host;
[INFO] [stdout]     |
[INFO] [stdout] 
[INFO] [stdout] 
[INFO] [stdout] error[E0433]: cannot find module or crate `ruda_tensor_host` in this scope
[INFO] [stdout]    --> src/pytorch/tests/store/mod.rs:402:24
[INFO] [stdout]     |
[INFO] [stdout] 402 |     type TestBackend = ruda_tensor_host::Host;
[INFO] [stdout]     |                        ^^^^^^^^^^^^^^^^ use of unresolved module or unlinked crate `ruda_tensor_host`
[INFO] [stdout]     |
[INFO] [stdout] help: there is a crate or module with a similar name
[INFO] [stdout]     |
[INFO] [stdout] 402 -     type TestBackend = ruda_tensor_host::Host;
[INFO] [stdout] 402 +     type TestBackend = ruda_tensor::Host;
[INFO] [stdout]     |
[INFO] [stdout] 
[INFO] [stdout] 
[INFO] [stdout] error[E0433]: cannot find module or crate `ruda_tensor_host` in this scope
[INFO] [stdout]    --> src/pytorch/tests/store/mod.rs:984:24
[INFO] [stdout]     |
[INFO] [stdout] 984 |     type TestBackend = ruda_tensor_host::Host;
[INFO] [stdout]     |                        ^^^^^^^^^^^^^^^^ use of unresolved module or unlinked crate `ruda_tensor_host`
[INFO] [stdout]     |
[INFO] [stdout] help: there is a crate or module with a similar name
[INFO] [stdout]     |
[INFO] [stdout] 984 -     type TestBackend = ruda_tensor_host::Host;
[INFO] [stdout] 984 +     type TestBackend = ruda_tensor::Host;
[INFO] [stdout]     |
[INFO] [stdout] 
[INFO] [stdout] 
[INFO] [stdout] error[E0433]: cannot find module or crate `ruda_tensor_host` in this scope
[INFO] [stdout]   --> src/safetensors/tests/adapter.rs:10:20
[INFO] [stdout]    |
[INFO] [stdout] 10 | type TestBackend = ruda_tensor_host::Host;
[INFO] [stdout]    |                    ^^^^^^^^^^^^^^^^ use of unresolved module or unlinked crate `ruda_tensor_host`
[INFO] [stdout]    |
[INFO] [stdout] help: there is a crate or module with a similar name
[INFO] [stdout]    |
[INFO] [stdout] 10 - type TestBackend = ruda_tensor_host::Host;
[INFO] [stdout] 10 + type TestBackend = ruda_tensor::Host;
[INFO] [stdout]    |
[INFO] [stdout] 
[INFO] [stdout] 
[INFO] [stdout] error[E0433]: cannot find module or crate `ruda_tensor_host` in this scope
[INFO] [stdout]  --> src/safetensors/tests/direct_access.rs:7:20
[INFO] [stdout]   |
[INFO] [stdout] 7 | type TestBackend = ruda_tensor_host::Host;
[INFO] [stdout]   |                    ^^^^^^^^^^^^^^^^ use of unresolved module or unlinked crate `ruda_tensor_host`
[INFO] [stdout]   |
[INFO] [stdout] help: there is a crate or module with a similar name
[INFO] [stdout]   |
[INFO] [stdout] 7 - type TestBackend = ruda_tensor_host::Host;
[INFO] [stdout] 7 + type TestBackend = ruda_tensor::Host;
[INFO] [stdout]   |
[INFO] [stdout] 
[INFO] [stdout] 
[INFO] [stdout] error[E0433]: cannot find module or crate `ruda_tensor_host` in this scope
[INFO] [stdout]  --> src/safetensors/tests/error_handling.rs:4:20
[INFO] [stdout]   |
[INFO] [stdout] 4 | type TestBackend = ruda_tensor_host::Host;
[INFO] [stdout]   |                    ^^^^^^^^^^^^^^^^ use of unresolved module or unlinked crate `ruda_tensor_host`
[INFO] [stdout]   |
[INFO] [stdout] help: there is a crate or module with a similar name
[INFO] [stdout]   |
[INFO] [stdout] 4 - type TestBackend = ruda_tensor_host::Host;
[INFO] [stdout] 4 + type TestBackend = ruda_tensor::Host;
[INFO] [stdout]   |
[INFO] [stdout] 
[INFO] [stdout] 
[INFO] [stdout] error[E0433]: cannot find module or crate `ruda_tensor_host` in this scope
[INFO] [stdout]   --> src/safetensors/tests/file_io.rs:10:20
[INFO] [stdout]    |
[INFO] [stdout] 10 | type TestBackend = ruda_tensor_host::Host;
[INFO] [stdout]    |                    ^^^^^^^^^^^^^^^^ use of unresolved module or unlinked crate `ruda_tensor_host`
[INFO] [stdout]    |
[INFO] [stdout] help: there is a crate or module with a similar name
[INFO] [stdout]    |
[INFO] [stdout] 10 - type TestBackend = ruda_tensor_host::Host;
[INFO] [stdout] 10 + type TestBackend = ruda_tensor::Host;
[INFO] [stdout]    |
[INFO] [stdout] 
[INFO] [stdout] 
[INFO] [stdout] error[E0433]: cannot find module or crate `ruda_nn` in this scope
[INFO] [stdout]   --> src/safetensors/tests/file_io.rs:15:14
[INFO] [stdout]    |
[INFO] [stdout] 15 |     linear1: ruda_nn::Linear<B>,
[INFO] [stdout]    |              ^^^^^^^ use of unresolved module or unlinked crate `ruda_nn`
[INFO] [stdout]    |
[INFO] [stdout]    = help: if you wanted to use a crate named `ruda_nn`, use `cargo add ruda_nn` to add it to your `Cargo.toml`
[INFO] [stdout] 
[INFO] [stdout] 
[INFO] [stdout] error[E0433]: cannot find module or crate `ruda_nn` in this scope
[INFO] [stdout]   --> src/safetensors/tests/file_io.rs:16:14
[INFO] [stdout]    |
[INFO] [stdout] 16 |     linear2: ruda_nn::Linear<B>,
[INFO] [stdout]    |              ^^^^^^^ use of unresolved module or unlinked crate `ruda_nn`
[INFO] [stdout]    |
[INFO] [stdout]    = help: if you wanted to use a crate named `ruda_nn`, use `cargo add ruda_nn` to add it to your `Cargo.toml`
[INFO] [stdout] 
[INFO] [stdout] 
[INFO] [stdout] error[E0433]: cannot find module or crate `ruda_nn` in this scope
[INFO] [stdout]   --> src/safetensors/tests/file_io.rs:13:10
[INFO] [stdout]    |
[INFO] [stdout] 13 | #[derive(Module, Debug)]
[INFO] [stdout]    |          ^^^^^^ use of unresolved module or unlinked crate `ruda_nn`
[INFO] [stdout]    |
[INFO] [stdout]    = help: if you wanted to use a crate named `ruda_nn`, use `cargo add ruda_nn` to add it to your `Cargo.toml`
[INFO] [stdout]    = note: this error originates in the derive macro `::ruda_model::record::Record` (in Nightly builds, run with -Z macro-backtrace for more info)
[INFO] [stdout] 
[INFO] [stdout] 
[INFO] [stdout] error[E0433]: cannot find module or crate `ruda_tensor_host` in this scope
[INFO] [stdout]  --> src/safetensors/tests/filtering.rs:5:20
[INFO] [stdout]   |
[INFO] [stdout] 5 | type TestBackend = ruda_tensor_host::Host;
[INFO] [stdout]   |                    ^^^^^^^^^^^^^^^^ use of unresolved module or unlinked crate `ruda_tensor_host`
[INFO] [stdout]   |
[INFO] [stdout] help: there is a crate or module with a similar name
[INFO] [stdout]   |
[INFO] [stdout] 5 - type TestBackend = ruda_tensor_host::Host;
[INFO] [stdout] 5 + type TestBackend = ruda_tensor::Host;
[INFO] [stdout]   |
[INFO] [stdout] 
[INFO] [stdout] 
[INFO] [stdout] error[E0433]: cannot find module or crate `ruda_tensor_host` in this scope
[INFO] [stdout]  --> src/safetensors/tests/integration.rs:7:20
[INFO] [stdout]   |
[INFO] [stdout] 7 | type TestBackend = ruda_tensor_host::Host;
[INFO] [stdout]   |                    ^^^^^^^^^^^^^^^^ use of unresolved module or unlinked crate `ruda_tensor_host`
[INFO] [stdout]   |
[INFO] [stdout] help: there is a crate or module with a similar name
[INFO] [stdout]   |
[INFO] [stdout] 7 - type TestBackend = ruda_tensor_host::Host;
[INFO] [stdout] 7 + type TestBackend = ruda_tensor::Host;
[INFO] [stdout]   |
[INFO] [stdout] 
[INFO] [stdout] 
[INFO] [stdout] error[E0433]: cannot find module or crate `ruda_tensor_host` in this scope
[INFO] [stdout]  --> src/safetensors/tests/metadata.rs:4:20
[INFO] [stdout]   |
[INFO] [stdout] 4 | type TestBackend = ruda_tensor_host::Host;
[INFO] [stdout]   |                    ^^^^^^^^^^^^^^^^ use of unresolved module or unlinked crate `ruda_tensor_host`
[INFO] [stdout]   |
[INFO] [stdout] help: there is a crate or module with a similar name
[INFO] [stdout]   |
[INFO] [stdout] 4 - type TestBackend = ruda_tensor_host::Host;
[INFO] [stdout] 4 + type TestBackend = ruda_tensor::Host;
[INFO] [stdout]   |
[INFO] [stdout] 
[INFO] [stdout] 
[INFO] [stdout] error[E0433]: cannot find module or crate `ruda_tensor_host` in this scope
[INFO] [stdout]   --> src/safetensors/tests/mixed_datatypes.rs:63:28
[INFO] [stdout]    |
[INFO] [stdout] 63 |         type TestBackend = ruda_tensor_host::Host;
[INFO] [stdout]    |                            ^^^^^^^^^^^^^^^^ use of unresolved module or unlinked crate `ruda_tensor_host`
[INFO] [stdout]    |
[INFO] [stdout] help: there is a crate or module with a similar name
[INFO] [stdout]    |
[INFO] [stdout] 63 -         type TestBackend = ruda_tensor_host::Host;
[INFO] [stdout] 63 +         type TestBackend = ruda_tensor::Host;
[INFO] [stdout]    |
[INFO] [stdout] 
[INFO] [stdout] 
[INFO] [stdout] error[E0433]: cannot find module or crate `ruda_tensor_host` in this scope
[INFO] [stdout]   --> src/safetensors/tests/mixed_datatypes.rs:99:28
[INFO] [stdout]    |
[INFO] [stdout] 99 |         type TestBackend = ruda_tensor_host::Host;
[INFO] [stdout]    |                            ^^^^^^^^^^^^^^^^ use of unresolved module or unlinked crate `ruda_tensor_host`
[INFO] [stdout]    |
[INFO] [stdout] help: there is a crate or module with a similar name
[INFO] [stdout]    |
[INFO] [stdout] 99 -         type TestBackend = ruda_tensor_host::Host;
[INFO] [stdout] 99 +         type TestBackend = ruda_tensor::Host;
[INFO] [stdout]    |
[INFO] [stdout] 
[INFO] [stdout] 
[INFO] [stdout] error[E0433]: cannot find module or crate `ruda_tensor_host` in this scope
[INFO] [stdout]    --> src/safetensors/tests/mixed_datatypes.rs:142:28
[INFO] [stdout]     |
[INFO] [stdout] 142 |         type TestBackend = ruda_tensor_host::Host;
[INFO] [stdout]     |                            ^^^^^^^^^^^^^^^^ use of unresolved module or unlinked crate `ruda_tensor_host`
[INFO] [stdout]     |
[INFO] [stdout] help: there is a crate or module with a similar name
[INFO] [stdout]     |
[INFO] [stdout] 142 -         type TestBackend = ruda_tensor_host::Host;
[INFO] [stdout] 142 +         type TestBackend = ruda_tensor::Host;
[INFO] [stdout]     |
[INFO] [stdout] 
[INFO] [stdout] 
[INFO] [stdout] error[E0433]: cannot find module or crate `ruda_tensor_host` in this scope
[INFO] [stdout]    --> src/safetensors/tests/mixed_datatypes.rs:214:32
[INFO] [stdout]     |
[INFO] [stdout] 214 |             type TestBackend = ruda_tensor_host::Host;
[INFO] [stdout]     |                                ^^^^^^^^^^^^^^^^ use of unresolved module or unlinked crate `ruda_tensor_host`
[INFO] [stdout]     |
[INFO] [stdout] help: there is a crate or module with a similar name
[INFO] [stdout]     |
[INFO] [stdout] 214 -             type TestBackend = ruda_tensor_host::Host;
[INFO] [stdout] 214 +             type TestBackend = ruda_tensor::Host;
[INFO] [stdout]     |
[INFO] [stdout] 
[INFO] [stdout] 
[INFO] [stdout] error[E0433]: cannot find module or crate `ruda_tensor_host` in this scope
[INFO] [stdout]    --> src/safetensors/tests/mixed_datatypes.rs:240:32
[INFO] [stdout]     |
[INFO] [stdout] 240 |             type TestBackend = ruda_tensor_host::Host;
[INFO] [stdout]     |                                ^^^^^^^^^^^^^^^^ use of unresolved module or unlinked crate `ruda_tensor_host`
[INFO] [stdout]     |
[INFO] [stdout] help: there is a crate or module with a similar name
[INFO] [stdout]     |
[INFO] [stdout] 240 -             type TestBackend = ruda_tensor_host::Host;
[INFO] [stdout] 240 +             type TestBackend = ruda_tensor::Host;
[INFO] [stdout]     |
[INFO] [stdout] 
[INFO] [stdout] 
[INFO] [stdout] error[E0433]: cannot find module or crate `ruda_tensor_host` in this scope
[INFO] [stdout]    --> src/safetensors/tests/mixed_datatypes.rs:283:28
[INFO] [stdout]     |
[INFO] [stdout] 283 |         type TestBackend = ruda_tensor_host::Host;
[INFO] [stdout]     |                            ^^^^^^^^^^^^^^^^ use of unresolved module or unlinked crate `ruda_tensor_host`
[INFO] [stdout]     |
[INFO] [stdout] help: there is a crate or module with a similar name
[INFO] [stdout]     |
[INFO] [stdout] 283 -         type TestBackend = ruda_tensor_host::Host;
[INFO] [stdout] 283 +         type TestBackend = ruda_tensor::Host;
[INFO] [stdout]     |
[INFO] [stdout] 
[INFO] [stdout] 
[INFO] [stdout] error[E0433]: cannot find module or crate `ruda_tensor_host` in this scope
[INFO] [stdout]    --> src/safetensors/tests/mixed_datatypes.rs:346:28
[INFO] [stdout]     |
[INFO] [stdout] 346 |         type TestBackend = ruda_tensor_host::Host;
[INFO] [stdout]     |                            ^^^^^^^^^^^^^^^^ use of unresolved module or unlinked crate `ruda_tensor_host`
[INFO] [stdout]     |
[INFO] [stdout] help: there is a crate or module with a similar name
[INFO] [stdout]     |
[INFO] [stdout] 346 -         type TestBackend = ruda_tensor_host::Host;
[INFO] [stdout] 346 +         type TestBackend = ruda_tensor::Host;
[INFO] [stdout]     |
[INFO] [stdout] 
[INFO] [stdout] 
[INFO] [stdout] error[E0433]: cannot find module or crate `ruda_tensor_host` in this scope
[INFO] [stdout]   --> src/safetensors/tests/multi_layer_verify.rs:47:20
[INFO] [stdout]    |
[INFO] [stdout] 47 | type TestBackend = ruda_tensor_host::Host;
[INFO] [stdout]    |                    ^^^^^^^^^^^^^^^^ use of unresolved module or unlinked crate `ruda_tensor_host`
[INFO] [stdout]    |
[INFO] [stdout] help: there is a crate or module with a similar name
[INFO] [stdout]    |
[INFO] [stdout] 47 - type TestBackend = ruda_tensor_host::Host;
[INFO] [stdout] 47 + type TestBackend = ruda_tensor::Host;
[INFO] [stdout]    |
[INFO] [stdout] 
[INFO] [stdout] 
[INFO] [stdout] error[E0433]: cannot find module or crate `ruda_tensor_host` in this scope
[INFO] [stdout]   --> src/safetensors/tests/pytorch_import.rs:11:20
[INFO] [stdout]    |
[INFO] [stdout] 11 | type TestBackend = ruda_tensor_host::Host;
[INFO] [stdout]    |                    ^^^^^^^^^^^^^^^^ use of unresolved module or unlinked crate `ruda_tensor_host`
[INFO] [stdout]    |
[INFO] [stdout] help: there is a crate or module with a similar name
[INFO] [stdout]    |
[INFO] [stdout] 11 - type TestBackend = ruda_tensor_host::Host;
[INFO] [stdout] 11 + type TestBackend = ruda_tensor::Host;
[INFO] [stdout]    |
[INFO] [stdout] 
[INFO] [stdout] 
[INFO] [stdout] error[E0433]: cannot find module or crate `ruda_tensor_host` in this scope
[INFO] [stdout]  --> src/safetensors/tests/round_trip.rs:8:20
[INFO] [stdout]   |
[INFO] [stdout] 8 | type TestBackend = ruda_tensor_host::Host;
[INFO] [stdout]   |                    ^^^^^^^^^^^^^^^^ use of unresolved module or unlinked crate `ruda_tensor_host`
[INFO] [stdout]   |
[INFO] [stdout] help: there is a crate or module with a similar name
[INFO] [stdout]   |
[INFO] [stdout] 8 - type TestBackend = ruda_tensor_host::Host;
[INFO] [stdout] 8 + type TestBackend = ruda_tensor::Host;
[INFO] [stdout]   |
[INFO] [stdout] 
[INFO] [stdout] 
[INFO] [stdout] error[E0433]: cannot find module or crate `ruda_tensor_host` in this scope
[INFO] [stdout]   --> src/rudapack/tests/store.rs:10:20
[INFO] [stdout]    |
[INFO] [stdout] 10 | type TestBackend = ruda_tensor_host::Host;
[INFO] [stdout]    |                    ^^^^^^^^^^^^^^^^ use of unresolved module or unlinked crate `ruda_tensor_host`
[INFO] [stdout]    |
[INFO] [stdout] help: there is a crate or module with a similar name
[INFO] [stdout]    |
[INFO] [stdout] 10 - type TestBackend = ruda_tensor_host::Host;
[INFO] [stdout] 10 + type TestBackend = ruda_tensor::Host;
[INFO] [stdout]    |
[INFO] [stdout] 
[INFO] [stdout] 
[INFO] [stdout] error[E0433]: cannot find module or crate `ruda_nn` in this scope
[INFO] [stdout]    --> src/rudapack/tests/store.rs:762:14
[INFO] [stdout]     |
[INFO] [stdout] 762 |     linear1: ruda_nn::Linear<B>,
[INFO] [stdout]     |              ^^^^^^^ use of unresolved module or unlinked crate `ruda_nn`
[INFO] [stdout]     |
[INFO] [stdout]     = help: if you wanted to use a crate named `ruda_nn`, use `cargo add ruda_nn` to add it to your `Cargo.toml`
[INFO] [stdout] 
[INFO] [stdout] 
[INFO] [stdout] error[E0433]: cannot find module or crate `ruda_nn` in this scope
[INFO] [stdout]    --> src/rudapack/tests/store.rs:763:14
[INFO] [stdout]     |
[INFO] [stdout] 763 |     linear2: ruda_nn::Linear<B>,
[INFO] [stdout]     |              ^^^^^^^ use of unresolved module or unlinked crate `ruda_nn`
[INFO] [stdout]     |
[INFO] [stdout]     = help: if you wanted to use a crate named `ruda_nn`, use `cargo add ruda_nn` to add it to your `Cargo.toml`
[INFO] [stdout] 
[INFO] [stdout] 
[INFO] [stdout] error[E0433]: cannot find module or crate `ruda_nn` in this scope
[INFO] [stdout]    --> src/rudapack/tests/store.rs:760:10
[INFO] [stdout]     |
[INFO] [stdout] 760 | #[derive(Module, Debug)]
[INFO] [stdout]     |          ^^^^^^ use of unresolved module or unlinked crate `ruda_nn`
[INFO] [stdout]     |
[INFO] [stdout]     = help: if you wanted to use a crate named `ruda_nn`, use `cargo add ruda_nn` to add it to your `Cargo.toml`
[INFO] [stdout]     = note: this error originates in the derive macro `::ruda_model::record::Record` (in Nightly builds, run with -Z macro-backtrace for more info)
[INFO] [stdout] 
[INFO] [stdout] 
[INFO] [stdout] error[E0433]: cannot find module or crate `ruda_tensor_host` in this scope
[INFO] [stdout]  --> src/rudapack/tests/zero_copy.rs:9:20
[INFO] [stdout]   |
[INFO] [stdout] 9 | type TestBackend = ruda_tensor_host::Host;
[INFO] [stdout]   |                    ^^^^^^^^^^^^^^^^ use of unresolved module or unlinked crate `ruda_tensor_host`
[INFO] [stdout]   |
[INFO] [stdout] help: there is a crate or module with a similar name
[INFO] [stdout]   |
[INFO] [stdout] 9 - type TestBackend = ruda_tensor_host::Host;
[INFO] [stdout] 9 + type TestBackend = ruda_tensor::Host;
[INFO] [stdout]   |
[INFO] [stdout] 
[INFO] [stdout] 
[INFO] [stdout] Some errors have detailed explanations: E0432, E0433.
[INFO] [stdout] 
[INFO] [stdout] For more information about an error, try `rustc --explain E0432`.
[INFO] [stdout] 
[INFO] [stderr] error: could not compile `ruda-store` (lib test) due to 61 previous errors
[INFO] running `Command { std: "docker" "inspect" "7490e8eda94793d11228d34361ebdf3299167c61236ffa4f968a9cd2d9665ccd", kill_on_drop: false }`
[INFO] running `Command { std: "docker" "rm" "-f" "7490e8eda94793d11228d34361ebdf3299167c61236ffa4f968a9cd2d9665ccd", kill_on_drop: false }`
[INFO] [stdout] 7490e8eda94793d11228d34361ebdf3299167c61236ffa4f968a9cd2d9665ccd
