[INFO] fetching crate ruau-embed-derive 0.3.0...
[INFO] testing ruau-embed-derive-0.3.0 against 1.99.0-beta.8+cargoflags=--release for beta-release-1.100-2
[INFO] extracting crate ruau-embed-derive 0.3.0 into /workspace/builds/worker-5-tc1/source
[INFO] started tweaking crates.io crate ruau-embed-derive 0.3.0
[INFO] removed 0 missing tests
[INFO] finished tweaking crates.io crate ruau-embed-derive 0.3.0
[INFO] tweaked toml for crates.io crate ruau-embed-derive 0.3.0 written to /workspace/builds/worker-5-tc1/source/Cargo.toml
[INFO] validating manifest of crates.io crate ruau-embed-derive 0.3.0 on toolchain 1.99.0-beta.8
[INFO] running `Command { std: CARGO_HOME="/workspace/cargo-home" RUSTUP_HOME="/workspace/rustup-home" "/workspace/cargo-home/bin/cargo" "+1.99.0-beta.8" "metadata" "--manifest-path" "Cargo.toml" "--no-deps", kill_on_drop: false }`
[INFO] crate crates.io crate ruau-embed-derive 0.3.0 already has a lockfile, it will not be regenerated
[INFO] running `Command { std: CARGO_HOME="/workspace/cargo-home" RUSTUP_HOME="/workspace/rustup-home" "/workspace/cargo-home/bin/cargo" "+1.99.0-beta.8" "fetch" "--manifest-path" "Cargo.toml", kill_on_drop: false }`
[INFO] [stderr]  Downloading crates ...
[INFO] [stderr]   Downloaded trybuild v1.0.117
[INFO] running `Command { std: "docker" "create" "-v" "/var/lib/crater-agent-workspace/builds/worker-5-tc1/source:/opt/rustwide/workdir:ro,Z" "-v" "/var/lib/crater-agent-workspace/builds/worker-5-tc1/target:/opt/rustwide/target:rw,Z" "-v" "/var/lib/crater-agent-workspace/cargo-home:/opt/rustwide/cargo-home:ro,Z" "-v" "/var/lib/crater-agent-workspace/rustup-home:/opt/rustwide/rustup-home:ro,Z" "-m" "1610612736" "--network" "none" "ghcr.io/rust-lang/crates-build-env/linux@sha256:77db811e55d90add9212f6832c23229e3de5f1c1f9905e8cb07319ea15df73ac" "sleep" "infinity", kill_on_drop: false }`
[INFO] [stdout] e760700cce6fe84af9ffe2955a32233cda4dc6f76a116a4ecdd6953ac47ac634
[INFO] running `Command { std: "docker" "start" "e760700cce6fe84af9ffe2955a32233cda4dc6f76a116a4ecdd6953ac47ac634", kill_on_drop: false }`
[INFO] running `Command { std: "docker" "inspect" "e760700cce6fe84af9ffe2955a32233cda4dc6f76a116a4ecdd6953ac47ac634", kill_on_drop: false }`
[INFO] running `Command { std: "docker" "exec" "-e" "SOURCE_DIR=/opt/rustwide/workdir" "-e" "CARGO_HOME=/opt/rustwide/cargo-home" "-e" "RUSTUP_HOME=/opt/rustwide/rustup-home" "-e" "CARGO_TARGET_DIR=/opt/rustwide/target" "-w" "/opt/rustwide/workdir" "--user" "0:0" "e760700cce6fe84af9ffe2955a32233cda4dc6f76a116a4ecdd6953ac47ac634" "/opt/rustwide/cargo-home/bin/cargo" "+1.99.0-beta.8" "metadata" "--no-deps" "--format-version=1", kill_on_drop: false }`
[INFO] running `Command { std: "docker" "inspect" "e760700cce6fe84af9ffe2955a32233cda4dc6f76a116a4ecdd6953ac47ac634", kill_on_drop: false }`
[INFO] running `Command { std: "docker" "exec" "-e" "SOURCE_DIR=/opt/rustwide/workdir" "-e" "CARGO_HOME=/opt/rustwide/cargo-home" "-e" "RUSTUP_HOME=/opt/rustwide/rustup-home" "-e" "CARGO_TARGET_DIR=/opt/rustwide/target" "-e" "CARGO_INCREMENTAL=0" "-e" "RUST_BACKTRACE=full" "-e" "RUSTFLAGS=--cap-lints=warn" "-e" "RUSTDOCFLAGS=--cap-lints=warn" "-w" "/opt/rustwide/workdir" "--user" "0:0" "e760700cce6fe84af9ffe2955a32233cda4dc6f76a116a4ecdd6953ac47ac634" "/opt/rustwide/cargo-home/bin/cargo" "+1.99.0-beta.8" "build" "--frozen" "--message-format=json" "--release", kill_on_drop: false }`
[INFO] [stderr]    Compiling proc-macro2 v1.0.106
[INFO] [stderr]    Compiling toml_edit v0.25.12+spec-1.1.0
[INFO] [stderr]    Compiling quote v1.0.46
[INFO] [stderr]    Compiling proc-macro-crate v3.5.0
[INFO] [stderr]    Compiling syn v2.0.118
[INFO] [stderr]    Compiling ruau-embed-derive v0.3.0 (/opt/rustwide/workdir)
[INFO] [stderr]     Finished `release` profile [optimized] target(s) in 9.11s
[INFO] running `Command { std: "docker" "inspect" "e760700cce6fe84af9ffe2955a32233cda4dc6f76a116a4ecdd6953ac47ac634", kill_on_drop: false }`
[INFO] running `Command { std: "docker" "exec" "-e" "SOURCE_DIR=/opt/rustwide/workdir" "-e" "CARGO_HOME=/opt/rustwide/cargo-home" "-e" "RUSTUP_HOME=/opt/rustwide/rustup-home" "-e" "CARGO_TARGET_DIR=/opt/rustwide/target" "-e" "CARGO_INCREMENTAL=0" "-e" "RUST_BACKTRACE=full" "-e" "RUSTFLAGS=--cap-lints=warn" "-e" "RUSTDOCFLAGS=--cap-lints=warn" "-w" "/opt/rustwide/workdir" "--user" "0:0" "e760700cce6fe84af9ffe2955a32233cda4dc6f76a116a4ecdd6953ac47ac634" "/opt/rustwide/cargo-home/bin/cargo" "+1.99.0-beta.8" "test" "--frozen" "--no-run" "--message-format=json" "--release", kill_on_drop: false }`
[INFO] [stderr]    Compiling serde_core v1.0.228
[INFO] [stderr]    Compiling target-triple v1.0.0
[INFO] [stderr]    Compiling serde v1.0.228
[INFO] [stderr]    Compiling winnow v1.0.3
[INFO] [stderr]    Compiling toml_datetime v1.1.1+spec-1.1.0
[INFO] [stderr]    Compiling proc-macro2 v1.0.106
[INFO] [stderr]    Compiling serde_derive v1.0.228
[INFO] [stderr]    Compiling unicode-ident v1.0.24
[INFO] [stderr]    Compiling serde_spanned v1.1.1
[INFO] [stderr]    Compiling serde_json v1.0.150
[INFO] [stderr]    Compiling quote v1.0.46
[INFO] [stderr]    Compiling toml_writer v1.1.1+spec-1.1.0
[INFO] [stderr]    Compiling memchr v2.8.3
[INFO] [stderr]    Compiling glob v0.3.3
[INFO] [stderr]    Compiling termcolor v1.4.1
[INFO] [stderr]    Compiling syn v2.0.118
[INFO] [stderr]    Compiling toml_parser v1.1.2+spec-1.1.0
[INFO] [stderr]    Compiling toml_edit v0.25.12+spec-1.1.0
[INFO] [stderr]    Compiling toml v1.1.2+spec-1.1.0
[INFO] [stderr]    Compiling proc-macro-crate v3.5.0
[INFO] [stderr]    Compiling ruau-embed-derive v0.3.0 (/opt/rustwide/workdir)
[INFO] [stderr]    Compiling trybuild v1.0.117
[INFO] [stdout] error: could not find `ruau-vm` or `ruau` in Cargo.toml; add one as a dependency or use #[ruau(crate = "::path")]
[INFO] [stdout]  --> tests/derive.rs:7:28
[INFO] [stdout]   |
[INFO] [stdout] 7 | #[derive(Debug, PartialEq, IntoLua, FromLua)]
[INFO] [stdout]   |                            ^^^^^^^
[INFO] [stdout]   |
[INFO] [stdout]   = note: this error originates in the derive macro `IntoLua` (in Nightly builds, run with -Z macro-backtrace for more info)
[INFO] [stdout] 
[INFO] [stdout] 
[INFO] [stdout] error: could not find `ruau-vm` or `ruau` in Cargo.toml; add one as a dependency or use #[ruau(crate = "::path")]
[INFO] [stdout]  --> tests/derive.rs:7:37
[INFO] [stdout]   |
[INFO] [stdout] 7 | #[derive(Debug, PartialEq, IntoLua, FromLua)]
[INFO] [stdout]   |                                     ^^^^^^^
[INFO] [stdout]   |
[INFO] [stdout]   = note: this error originates in the derive macro `FromLua` (in Nightly builds, run with -Z macro-backtrace for more info)
[INFO] [stdout] 
[INFO] [stdout] 
[INFO] [stdout] error: could not find `ruau-vm` or `ruau` in Cargo.toml; add one as a dependency or use #[ruau(crate = "::path")]
[INFO] [stdout]   --> tests/derive.rs:17:28
[INFO] [stdout]    |
[INFO] [stdout] 17 | #[derive(Debug, PartialEq, IntoLua, FromLua)]
[INFO] [stdout]    |                            ^^^^^^^
[INFO] [stdout]    |
[INFO] [stdout]    = note: this error originates in the derive macro `IntoLua` (in Nightly builds, run with -Z macro-backtrace for more info)
[INFO] [stdout] 
[INFO] [stdout] 
[INFO] [stdout] error: could not find `ruau-vm` or `ruau` in Cargo.toml; add one as a dependency or use #[ruau(crate = "::path")]
[INFO] [stdout]   --> tests/derive.rs:17:37
[INFO] [stdout]    |
[INFO] [stdout] 17 | #[derive(Debug, PartialEq, IntoLua, FromLua)]
[INFO] [stdout]    |                                     ^^^^^^^
[INFO] [stdout]    |
[INFO] [stdout]    = note: this error originates in the derive macro `FromLua` (in Nightly builds, run with -Z macro-backtrace for more info)
[INFO] [stdout] 
[INFO] [stdout] 
[INFO] [stdout] error[E0432]: unresolved import `ruau_vm`
[INFO] [stdout]  --> tests/derive.rs:5:5
[INFO] [stdout]   |
[INFO] [stdout] 5 | use ruau_vm::{Ambient, IntoLua as _, Limits, RuntimeCapabilities, ScopedValue, Vm};
[INFO] [stdout]   |     ^^^^^^^ use of unresolved module or unlinked crate `ruau_vm`
[INFO] [stdout]   |
[INFO] [stdout]   = help: if you wanted to use a crate named `ruau_vm`, use `cargo add ruau_vm` to add it to your `Cargo.toml`
[INFO] [stdout] 
[INFO] [stdout] 
[INFO] [stdout] error[E0599]: no method named `into_lua` found for struct `Widget` in the current scope
[INFO] [stdout]   --> tests/derive.rs:43:28
[INFO] [stdout]    |
[INFO] [stdout]  8 | struct Widget {
[INFO] [stdout]    | ------------- method `into_lua` not found for this struct
[INFO] [stdout] ...
[INFO] [stdout] 43 |         let value = widget.into_lua(scope)?;
[INFO] [stdout]    |                            ^^^^^^^^
[INFO] [stdout]    |
[INFO] [stdout] help: there is a method `into` with a similar name, but with different arguments
[INFO] [stdout]   --> /rustc/dfb0accb7f508ae8be965d8629557221c889dd98/library/core/src/convert/mod.rs:456:4
[INFO] [stdout] 
[INFO] [stdout] 
[INFO] [stdout] error[E0599]: no method named `into_lua` found for struct `Boxed<T>` in the current scope
[INFO] [stdout]   --> tests/derive.rs:70:45
[INFO] [stdout]    |
[INFO] [stdout] 18 | struct Boxed<T> {
[INFO] [stdout]    | --------------- method `into_lua` not found for this struct
[INFO] [stdout] ...
[INFO] [stdout] 70 |         let value = Boxed { value: 99_i32 }.into_lua(scope)?;
[INFO] [stdout]    |                                             ^^^^^^^^
[INFO] [stdout]    |
[INFO] [stdout] help: there is a method `into` with a similar name, but with different arguments
[INFO] [stdout]   --> /rustc/dfb0accb7f508ae8be965d8629557221c889dd98/library/core/src/convert/mod.rs:456:4
[INFO] [stdout] 
[INFO] [stdout] 
[INFO] [stdout] Some errors have detailed explanations: E0432, E0599.
[INFO] [stdout] 
[INFO] [stdout] For more information about an error, try `rustc --explain E0432`.
[INFO] [stdout] 
[INFO] [stderr] error: could not compile `ruau-embed-derive` (test "derive") due to 7 previous errors
[INFO] running `Command { std: "docker" "inspect" "e760700cce6fe84af9ffe2955a32233cda4dc6f76a116a4ecdd6953ac47ac634", kill_on_drop: false }`
[INFO] running `Command { std: "docker" "rm" "-f" "e760700cce6fe84af9ffe2955a32233cda4dc6f76a116a4ecdd6953ac47ac634", kill_on_drop: false }`
[INFO] [stdout] e760700cce6fe84af9ffe2955a32233cda4dc6f76a116a4ecdd6953ac47ac634
