[INFO] fetching crate rtvm-interpreter 4.0.0...
[INFO] testing rtvm-interpreter-4.0.0 against 1.100.0-beta.1+cargoflags=--release for beta-release-1.100-2
[INFO] extracting crate rtvm-interpreter 4.0.0 into /workspace/builds/worker-4-tc2/source
[INFO] started tweaking crates.io crate rtvm-interpreter 4.0.0
[INFO] removed 0 missing tests
[INFO] finished tweaking crates.io crate rtvm-interpreter 4.0.0
[INFO] tweaked toml for crates.io crate rtvm-interpreter 4.0.0 written to /workspace/builds/worker-4-tc2/source/Cargo.toml
[INFO] validating manifest of crates.io crate rtvm-interpreter 4.0.0 on toolchain 1.100.0-beta.1
[INFO] running `Command { std: CARGO_HOME="/workspace/cargo-home" RUSTUP_HOME="/workspace/rustup-home" "/workspace/cargo-home/bin/cargo" "+1.100.0-beta.1" "metadata" "--manifest-path" "Cargo.toml" "--no-deps", kill_on_drop: false }`
[INFO] running `Command { std: CARGO_HOME="/workspace/cargo-home" RUSTUP_HOME="/workspace/rustup-home" "/workspace/cargo-home/bin/cargo" "+1.100.0-beta.1" "generate-lockfile" "--manifest-path" "Cargo.toml", kill_on_drop: false }`
[INFO] [stderr]     Updating crates.io index
[INFO] [stderr]      Locking 259 packages to highest compatible versions
[INFO] [stderr]       Adding bincode v1.3.3 (available: v3.0.0)
[INFO] [stderr]       Adding crypto-common v0.1.6 (available: v0.1.7)
[INFO] [stderr]       Adding psm v0.1.24 (available: v0.1.32)
[INFO] running `Command { std: CARGO_HOME="/workspace/cargo-home" RUSTUP_HOME="/workspace/rustup-home" "/workspace/cargo-home/bin/cargo" "+1.100.0-beta.1" "fetch" "--manifest-path" "Cargo.toml", kill_on_drop: false }`
[INFO] [stderr]     Blocking waiting for file lock on package cache
[INFO] running `Command { std: "docker" "create" "-v" "/var/lib/crater-agent-workspace/builds/worker-4-tc2/source:/opt/rustwide/workdir:ro,Z" "-v" "/var/lib/crater-agent-workspace/builds/worker-4-tc2/target:/opt/rustwide/target:rw,Z" "-v" "/var/lib/crater-agent-workspace/cargo-home:/opt/rustwide/cargo-home:ro,Z" "-v" "/var/lib/crater-agent-workspace/rustup-home:/opt/rustwide/rustup-home:ro,Z" "-m" "1610612736" "--network" "none" "ghcr.io/rust-lang/crates-build-env/linux@sha256:77db811e55d90add9212f6832c23229e3de5f1c1f9905e8cb07319ea15df73ac" "sleep" "infinity", kill_on_drop: false }`
[INFO] [stdout] ac33f75d25a01f4e0f8f324ef0954322b77f04a8e7207b5af37677bbf82acac3
[INFO] running `Command { std: "docker" "start" "ac33f75d25a01f4e0f8f324ef0954322b77f04a8e7207b5af37677bbf82acac3", kill_on_drop: false }`
[INFO] running `Command { std: "docker" "inspect" "ac33f75d25a01f4e0f8f324ef0954322b77f04a8e7207b5af37677bbf82acac3", kill_on_drop: false }`
[INFO] running `Command { std: "docker" "exec" "-e" "SOURCE_DIR=/opt/rustwide/workdir" "-e" "CARGO_HOME=/opt/rustwide/cargo-home" "-e" "RUSTUP_HOME=/opt/rustwide/rustup-home" "-e" "CARGO_TARGET_DIR=/opt/rustwide/target" "-w" "/opt/rustwide/workdir" "--user" "0:0" "ac33f75d25a01f4e0f8f324ef0954322b77f04a8e7207b5af37677bbf82acac3" "/opt/rustwide/cargo-home/bin/cargo" "+1.100.0-beta.1" "metadata" "--no-deps" "--format-version=1", kill_on_drop: false }`
[INFO] running `Command { std: "docker" "inspect" "ac33f75d25a01f4e0f8f324ef0954322b77f04a8e7207b5af37677bbf82acac3", kill_on_drop: false }`
[INFO] running `Command { std: "docker" "exec" "-e" "SOURCE_DIR=/opt/rustwide/workdir" "-e" "CARGO_HOME=/opt/rustwide/cargo-home" "-e" "RUSTUP_HOME=/opt/rustwide/rustup-home" "-e" "CARGO_TARGET_DIR=/opt/rustwide/target" "-e" "CARGO_INCREMENTAL=0" "-e" "RUST_BACKTRACE=full" "-e" "RUSTFLAGS=--cap-lints=warn" "-e" "RUSTDOCFLAGS=--cap-lints=warn" "-w" "/opt/rustwide/workdir" "--user" "0:0" "ac33f75d25a01f4e0f8f324ef0954322b77f04a8e7207b5af37677bbf82acac3" "/opt/rustwide/cargo-home/bin/cargo" "+1.100.0-beta.1" "build" "--frozen" "--message-format=json" "--release", kill_on_drop: false }`
[INFO] [stderr]    Compiling bytes v1.12.1
[INFO] [stderr]    Compiling once_cell v1.21.4
[INFO] [stderr]    Compiling crunchy v0.2.4
[INFO] [stderr]    Compiling const-hex v1.19.3
[INFO] [stderr]    Compiling hex-literal v0.4.1
[INFO] [stderr]    Compiling zerocopy v0.8.63
[INFO] [stderr]    Compiling syn v2.0.119
[INFO] [stderr]    Compiling syn v3.0.9
[INFO] [stderr]    Compiling bitvec v1.1.1
[INFO] [stderr]    Compiling tiny-keccak v2.0.2
[INFO] [stderr]    Compiling alloy-rlp v0.3.16
[INFO] [stderr]    Compiling ruint v1.20.1
[INFO] [stderr]    Compiling derive_more v0.99.20
[INFO] [stderr]    Compiling enumn v0.1.14
[INFO] [stderr]    Compiling auto_impl v1.4.0
[INFO] [stderr]    Compiling alloy-primitives v0.7.7
[INFO] [stderr]    Compiling ahash v0.8.12
[INFO] [stderr]    Compiling hashbrown v0.14.5
[INFO] [stderr]    Compiling rtvm-primitives v3.1.1
[INFO] [stderr]    Compiling rtvm-interpreter v4.0.0 (/opt/rustwide/workdir)
[INFO] [stderr]     Finished `release` profile [optimized] target(s) in 17.01s
[INFO] running `Command { std: "docker" "inspect" "ac33f75d25a01f4e0f8f324ef0954322b77f04a8e7207b5af37677bbf82acac3", kill_on_drop: false }`
[INFO] running `Command { std: "docker" "exec" "-e" "SOURCE_DIR=/opt/rustwide/workdir" "-e" "CARGO_HOME=/opt/rustwide/cargo-home" "-e" "RUSTUP_HOME=/opt/rustwide/rustup-home" "-e" "CARGO_TARGET_DIR=/opt/rustwide/target" "-e" "CARGO_INCREMENTAL=0" "-e" "RUST_BACKTRACE=full" "-e" "RUSTFLAGS=--cap-lints=warn" "-e" "RUSTDOCFLAGS=--cap-lints=warn" "-w" "/opt/rustwide/workdir" "--user" "0:0" "ac33f75d25a01f4e0f8f324ef0954322b77f04a8e7207b5af37677bbf82acac3" "/opt/rustwide/cargo-home/bin/cargo" "+1.100.0-beta.1" "test" "--frozen" "--no-run" "--message-format=json" "--release", kill_on_drop: false }`
[INFO] [stderr]    Compiling bincode v1.3.3
[INFO] [stderr]    Compiling serde_json v1.0.154
[INFO] [stderr]    Compiling rtvm-interpreter v4.0.0 (/opt/rustwide/workdir)
[INFO] [stdout] error[E0283]: type annotations needed
[INFO] [stdout]    --> src/instructions/data.rs:133:93
[INFO] [stdout]     |
[INFO] [stdout] 133 |             &vec![b256!("0500000000000000000000000000000000000000000000000000000000000000").into()]
[INFO] [stdout]     |                                                                                             ^^^^ cannot infer type for type parameter `T` declared on the trait `Into`
[INFO] [stdout]     |
[INFO] [stdout]     = note: multiple `impl`s satisfying `_: From<FixedBytes<32>>` found in the `alloy_primitives` crate:
[INFO] [stdout]             - impl From<FixedBytes<32>> for Signed<256, 4>;
[INFO] [stdout]             - impl From<FixedBytes<32>> for Uint<256, 4>;
[INFO] [stdout]     = note: required for `FixedBytes<32>` to implement `Into<_>`
[INFO] [stdout] 
[INFO] [stdout] 
[INFO] [stdout] error[E0283]: type annotations needed
[INFO] [stdout]    --> src/instructions/data.rs:141:93
[INFO] [stdout]     |
[INFO] [stdout] 141 |             &vec![b256!("0500000000000000000000000000000000000000000000000000000000000000").into()]
[INFO] [stdout]     |                                                                                             ^^^^ cannot infer type for type parameter `T` declared on the trait `Into`
[INFO] [stdout]     |
[INFO] [stdout]     = note: multiple `impl`s satisfying `_: From<FixedBytes<32>>` found in the `alloy_primitives` crate:
[INFO] [stdout]             - impl From<FixedBytes<32>> for Signed<256, 4>;
[INFO] [stdout]             - impl From<FixedBytes<32>> for Uint<256, 4>;
[INFO] [stdout]     = note: required for `FixedBytes<32>` to implement `Into<_>`
[INFO] [stdout] 
[INFO] [stdout] 
[INFO] [stdout] error[E0282]: type annotations needed
[INFO] [stdout]    --> src/interpreter/stack.rs:387:13
[INFO] [stdout]     |
[INFO] [stdout] 387 |             assert_eq!(stack.data, []);
[INFO] [stdout]     |             ^^^^^^^^^^^^^^^^^^^^^^^^^^ cannot infer type
[INFO] [stdout] 
[INFO] [stdout] 
[INFO] [stdout] warning: value assigned to `opcodes` is never read
[INFO] [stdout]    --> src/opcode.rs:685:9
[INFO] [stdout]     |
[INFO] [stdout] 685 |         opcodes[EXCHANGE as usize] = 1;
[INFO] [stdout]     |         ^^^^^^^^^^^^^^^^^^^^^^^^^^^^^^
[INFO] [stdout]     |
[INFO] [stdout]     = help: maybe it is overwritten before being read?
[INFO] [stdout]     = note: `#[warn(unused_assignments)]` (part of `#[warn(unused)]`) on by default
[INFO] [stdout] 
[INFO] [stdout] 
[INFO] [stdout] Some errors have detailed explanations: E0282, E0283.
[INFO] [stdout] 
[INFO] [stdout] For more information about an error, try `rustc --explain E0282`.
[INFO] [stdout] 
[INFO] [stderr] error: could not compile `rtvm-interpreter` (lib test) due to 3 previous errors; 1 warning emitted
[INFO] running `Command { std: "docker" "inspect" "ac33f75d25a01f4e0f8f324ef0954322b77f04a8e7207b5af37677bbf82acac3", kill_on_drop: false }`
[INFO] running `Command { std: "docker" "rm" "-f" "ac33f75d25a01f4e0f8f324ef0954322b77f04a8e7207b5af37677bbf82acac3", kill_on_drop: false }`
[INFO] [stdout] ac33f75d25a01f4e0f8f324ef0954322b77f04a8e7207b5af37677bbf82acac3
