[INFO] fetching crate rswin32 0.1.0...
[INFO] testing rswin32-0.1.0 against 1.99.0-beta.8+cargoflags=--release for beta-release-1.100-2
[INFO] extracting crate rswin32 0.1.0 into /workspace/builds/worker-7-tc1/source
[INFO] started tweaking crates.io crate rswin32 0.1.0
[INFO] finished tweaking crates.io crate rswin32 0.1.0
[INFO] tweaked toml for crates.io crate rswin32 0.1.0 written to /workspace/builds/worker-7-tc1/source/Cargo.toml
[INFO] validating manifest of crates.io crate rswin32 0.1.0 on toolchain 1.99.0-beta.8
[INFO] running `Command { std: CARGO_HOME="/workspace/cargo-home" RUSTUP_HOME="/workspace/rustup-home" "/workspace/cargo-home/bin/cargo" "+1.99.0-beta.8" "metadata" "--manifest-path" "Cargo.toml" "--no-deps", kill_on_drop: false }`
[INFO] crate crates.io crate rswin32 0.1.0 already has a lockfile, it will not be regenerated
[INFO] running `Command { std: CARGO_HOME="/workspace/cargo-home" RUSTUP_HOME="/workspace/rustup-home" "/workspace/cargo-home/bin/cargo" "+1.99.0-beta.8" "fetch" "--manifest-path" "Cargo.toml", kill_on_drop: false }`
[INFO] [stderr]     Blocking waiting for file lock on package cache
[INFO] [stderr]     Updating crates.io index
[INFO] [stderr]     Blocking waiting for file lock on package cache
[INFO] [stderr]  Downloading crates ...
[INFO] [stderr]   Downloaded ntapi v0.4.1
[INFO] [stderr]   Downloaded anyhow v1.0.98
[INFO] running `Command { std: "docker" "create" "-v" "/var/lib/crater-agent-workspace/builds/worker-7-tc1/source:/opt/rustwide/workdir:ro,Z" "-v" "/var/lib/crater-agent-workspace/builds/worker-7-tc1/target:/opt/rustwide/target:rw,Z" "-v" "/var/lib/crater-agent-workspace/cargo-home:/opt/rustwide/cargo-home:ro,Z" "-v" "/var/lib/crater-agent-workspace/rustup-home:/opt/rustwide/rustup-home:ro,Z" "-m" "1610612736" "--network" "none" "ghcr.io/rust-lang/crates-build-env/linux@sha256:77db811e55d90add9212f6832c23229e3de5f1c1f9905e8cb07319ea15df73ac" "sleep" "infinity", kill_on_drop: false }`
[INFO] [stdout] 3b9bcdc18e6bc37d356b2430c9cb2d442a765f0e1d8d9067bea7b7c443cb1aea
[INFO] running `Command { std: "docker" "start" "3b9bcdc18e6bc37d356b2430c9cb2d442a765f0e1d8d9067bea7b7c443cb1aea", kill_on_drop: false }`
[INFO] running `Command { std: "docker" "inspect" "3b9bcdc18e6bc37d356b2430c9cb2d442a765f0e1d8d9067bea7b7c443cb1aea", kill_on_drop: false }`
[INFO] running `Command { std: "docker" "exec" "-e" "SOURCE_DIR=/opt/rustwide/workdir" "-e" "CARGO_HOME=/opt/rustwide/cargo-home" "-e" "RUSTUP_HOME=/opt/rustwide/rustup-home" "-e" "CARGO_TARGET_DIR=/opt/rustwide/target" "-w" "/opt/rustwide/workdir" "--user" "0:0" "3b9bcdc18e6bc37d356b2430c9cb2d442a765f0e1d8d9067bea7b7c443cb1aea" "/opt/rustwide/cargo-home/bin/cargo" "+1.99.0-beta.8" "metadata" "--no-deps" "--format-version=1", kill_on_drop: false }`
[INFO] running `Command { std: "docker" "inspect" "3b9bcdc18e6bc37d356b2430c9cb2d442a765f0e1d8d9067bea7b7c443cb1aea", kill_on_drop: false }`
[INFO] running `Command { std: "docker" "exec" "-e" "SOURCE_DIR=/opt/rustwide/workdir" "-e" "CARGO_HOME=/opt/rustwide/cargo-home" "-e" "RUSTUP_HOME=/opt/rustwide/rustup-home" "-e" "CARGO_TARGET_DIR=/opt/rustwide/target" "-e" "CARGO_INCREMENTAL=0" "-e" "RUST_BACKTRACE=full" "-e" "RUSTFLAGS=--cap-lints=warn" "-e" "RUSTDOCFLAGS=--cap-lints=warn" "-w" "/opt/rustwide/workdir" "--user" "0:0" "3b9bcdc18e6bc37d356b2430c9cb2d442a765f0e1d8d9067bea7b7c443cb1aea" "/opt/rustwide/cargo-home/bin/cargo" "+1.99.0-beta.8" "build" "--frozen" "--message-format=json" "--release", kill_on_drop: false }`
[INFO] [stderr]    Compiling winapi v0.3.9
[INFO] [stderr]    Compiling anyhow v1.0.98
[INFO] [stderr]    Compiling ntapi v0.4.1
[INFO] [stderr]    Compiling rswin32 v0.1.0 (/opt/rustwide/workdir)
[INFO] [stdout] error[E0432]: unresolved import `winapi::um`
[INFO] [stdout]  --> src/sysinfo.rs:2:13
[INFO] [stdout]   |
[INFO] [stdout] 2 | use winapi::um::sysinfoapi;
[INFO] [stdout]   |             ^^ could not find `um` in `winapi`
[INFO] [stdout] 
[INFO] [stdout] 
[INFO] [stdout] error[E0432]: unresolved import `ntapi::ntexapi`
[INFO] [stdout]  --> src/ntexapi2/internal.rs:8:5
[INFO] [stdout]   |
[INFO] [stdout] 8 | use ntapi::ntexapi;
[INFO] [stdout]   |     ^^^^^^^-------
[INFO] [stdout]   |            |
[INFO] [stdout]   |            no `ntexapi` in the root
[INFO] [stdout] 
[INFO] [stdout] 
[INFO] [stdout] error[E0432]: unresolved import `winapi::shared`
[INFO] [stdout]  --> src/ntexapi2/internal.rs:9:13
[INFO] [stdout]   |
[INFO] [stdout] 9 | use winapi::shared::{minwindef, ntdef, ntstatus};
[INFO] [stdout]   |             ^^^^^^ could not find `shared` in `winapi`
[INFO] [stdout] 
[INFO] [stdout] 
[INFO] [stdout] For more information about this error, try `rustc --explain E0432`.
[INFO] [stdout] 
[INFO] [stderr] error: could not compile `rswin32` (lib) due to 3 previous errors
[INFO] [stderr] warning: build failed, waiting for other jobs to finish...
[INFO] running `Command { std: "docker" "inspect" "3b9bcdc18e6bc37d356b2430c9cb2d442a765f0e1d8d9067bea7b7c443cb1aea", kill_on_drop: false }`
[INFO] running `Command { std: "docker" "rm" "-f" "3b9bcdc18e6bc37d356b2430c9cb2d442a765f0e1d8d9067bea7b7c443cb1aea", kill_on_drop: false }`
[INFO] [stdout] 3b9bcdc18e6bc37d356b2430c9cb2d442a765f0e1d8d9067bea7b7c443cb1aea
